05-27 18:58:42.521   581   581 I SpiService: fgesysctrl_getGPIO_status success val=1
05-27 18:58:42.522   536   536 D commservice260303: msg.id = 1028,1
05-27 18:58:42.522   536   536 D commservice260303: i = 170, msgid = 8A000404
05-27 18:58:42.522   536   536 D commservice260303: msgid = -1979710460,did=138
05-27 18:58:42.522   536   536 D commservice260303: CommProtocolLibCmdBaseI2C::dataproc {"command":{"id":"imu_status","sub":""},"content":{"TimeStamp":11,"FrameCounter":267285,"GD_X":-0.011910883709788322,"GD_Y":0.0059551820158958435,"GD_Z":0.001679039909504354,"AD_X":-0.003575354814529419,"AD_Y":-0.00377951143309474,"AD_Z":-0.1707143783569336,"TempDsp":0,"Status":0,"CalibState":1,"SigAmpInvalid":0}},-1979710460
05-27 18:58:42.522   536   536 D commservice260303: send2Cluster len:315, 7B22636F6D6D616E64223A7B226964223A22696D755F737461747573222C22737562223A22227D2C22636F6E74656E74223A7B2254696D655374616D70223A31312C224672616D65436F756E746572223A3236373238352C2247445F58223A2D302E3031313931303838333730393738383332322C2247445F59223A302E303035393535313832303135383935383433352C2247445F5A223A302E3030313637393033393930393530343335342C2241445F58223A2D302E3030333537353335343831343532393431392C2241445F59223A2D302E30303337373935313134333330393437342C2241445F5A223A2D302E313730373134333738333536393333362C2254656D70447370223A302C22537461747573223A302C2243616C69625374617465223A312C22536967416D70496E76616C6964223A307D7D, 138 
05-27 18:58:42.522   536   536 D commservice260303: Push Message into SendPool fn=139854848
05-27 18:58:42.522   536   536 D commservice260303: ComProtocolLibSend2Cluster::send2ClusterRaw fn=139854848 , len=331
05-27 18:58:42.522   536   536 D commservice260303: sendCmdToPort :331!!!
05-27 18:58:42.522   536   536 D commservice260303: send Cmd To Port ++++5AA501478A01000456086A16CE627B22636F6D6D616E64223A7B226964223A22696D755F737461747573222C22737562223A22227D2C22636F6E74656E74223A7B2254696D655374616D70223A31312C224672616D65436F756E746572223A3236373238352C2247445F58223A2D302E3031313931303838333730393738383332322C2247445F59223A302E303035393535313832303135383935383433352C2247445F5A223A302E3030313637393033393930393530343335342C2241445F58223A2D302E3030333537353335343831343532393431392C2241445F59223A2D302E30303337373935313134333330393437342C2241445F5A223A2D302E313730373134333738333536393333362C2254656D70447370223A302C22537461747573223A302C2243616C69625374617465223A312C22536967416D70496E76616C6964223A307D7D400B
05-27 18:58:42.522   536   536 D commservice260303: bufferevent_write retrun value = 0
05-27 18:58:42.522  1008 30857 D [OMXB]  : usingANWBuffer: handle:0xee742ed0, format:1, w:1920, h:1080
05-27 18:58:42.523 13911 14192 D Sentinelmode_1.2.5.17_sentry: <SentryImuClusterFgeSender>imu_status sent to Linux, frame=267285, tsNs=11389762, tsMs=11, intervalMs=44, ad=(-0.0035753548,-0.0037795114,-0.17071438), gd=(-0.011910884,0.005955182,0.0016790399)
05-27 18:58:42.523   536   560 D commservice260303: client datas send succeed,send finish
05-27 18:58:42.527   581   581 I SpiService: fgesysctrl_getGPIO_status success val=1
05-27 18:58:42.527 13911 14147 I Sentinelmode_1.2.5.17_sentry: <PicketModeManager>统计站岗时长:last_duration = 0synctime = 0 isFirstClose = false errNum = 0
05-27 18:58:42.528   299  1153 D EvsDriver: doneWithFrame
05-27 18:58:42.530 13911 14147 I Sentinelmode_1.2.5.17_sentry: <PicketModeManager>onSettingsPutLong：true name:persist.gard.run.time value:0
05-27 18:58:42.530 13911 14147 D Sentinelmode_1.2.5.17_sentry: <PicketModeManager>mode_entrance_status:14 reqError = 1317
05-27 08:49:51.498   581   581 D spi_rst_gpio_get_output: GPIO 145 value: 1
05-27 08:49:51.498   581   581 D spidev_ioctl: gpio status=1)
05-27 18:58:42.530 13911 14147 I Sentinelmode_1.2.5.17_sentry: <TlvManager>toCloud_RequestGuard isSuccess :2 errorCode : 1317
05-27 18:58:42.530 13911 14147 I Sentinelmode_1.2.5.17_sentry: <TlvManager>toCloud_sentryModeSwitchSts:0
05-27 18:58:42.530 13911 14147 D SentinelCarServiceManager: removeALLMessage
05-27 18:58:42.531 10188 11001 I commit_sys_config_file: [settings-0-0,35]
05-27 18:58:42.532 13911 14183 I SentryImuMcuAngleSender: -179.98248rollDeg
05-27 18:58:42.532 13911 14183 I SentryImuMcuAngleSender: 1,0,0
05-27 18:58:42.533 13911 14163 I Sentinelmode_1.2.5.17_sentry: <SentryMcuTriggerStatus>MCU 0x04 0x13 trigger=false payload=[4, 19, 0]
05-27 18:58:42.533 13911 14163 I McuCommManager: mcuCommSendcmd [4, 19, 0]
05-27 18:58:42.533   581   581 I SpiService: fgesysctrl_getGPIO_status success val=1
05-27 18:58:42.535 13911 14148 I Sentinelmode_1.2.5.17_sentry: <PicketModeManager>setSentryModeAlarm：9:0
05-27 18:58:42.535 13911 14148 I Sentinelmode_1.2.5.17_sentry: <PicketModeManager>setSentryModeAlarm：12:0
05-27 18:58:42.537  1008 30856 D [OMXB]  : usingANWBuffer: handle:0xee743500, format:1, w:1920, h:1080
05-27 18:58:42.537 30773 30789 I dvr_service_: Camera 0: Buffer reuse stats - Total: 227900, Reused: 112760, New: 115140, Rate: 49.5%
05-27 18:58:42.537 13911 14147 I Sentinelmode_1.2.5.17_sentry: <PicketModeManager>onSettingsPutInt：true name:persist.gard.sum.up.show value:1
05-27 18:58:42.538 13911 14147 D Sentinelmode_1.2.5.17_sentry: <PicketModeManager>shakeLevel2:1
05-27 18:58:42.538 13911 14147 I Sentinelmode_1.2.5.17_sentry: <TlvManager>toCloud_GuardSensitivityLocalChange1
05-27 18:58:42.541   581   581 I SpiService: fgesysctrl_getGPIO_status success val=0
05-27 18:58:42.541   481   597 I mcuc    : send SPI:6AA6007D940003041300D56AA6007D950003041300D4
05-27 08:49:51.506   581   581 D spi_rst_gpio_get_output: GPIO 145 value: 0
05-27 08:49:51.506   581   581 D spidev_ioctl: gpio status=0)
05-27 18:58:42.544   536   760 I commservice260303: [mcuCommFunctionTcp::ProtocolCheckConnectTimeOutProc:613] keyID:256,tcpEvent:5,tcpcount:0,heartbeat:1,noHeartBeatNumber:0,endispatch:0,strState:0
05-27 18:58:42.545   536   760 D commservice260303: ProtocolCheckConnectTimeOutProc,629,clear heartbeat
05-27 18:58:42.553 13911 14183 I SentryImuMcuAngleSender: -179.97899rollDeg
05-27 18:58:42.554   299 30841 D EvsDriver: forwardFrame
05-27 18:58:42.554 13911 14183 I SentryImuMcuAngleSender: 1,0,0
05-27 18:58:42.555  1008 30857 D [OMXB]  : usingANWBuffer: handle:0xee7432f0, format:1, w:1920, h:1080
05-27 18:58:42.556 18302 18302 I ADAYO_LOG_TRACE_LOGCAT: executing
05-27 18:58:42.556   581   581 I SpiService: fgesysctrl_getGPIO_status success val=1
05-27 18:58:42.557   299 30844 D EvsDriver: forwardFrame
05-27 08:49:51.521   581   581 D spi_rst_gpio_get_output: GPIO 145 value: 1
05-27 18:58:42.557  1167  1184 D evsmanagerd: /dev/video4 forwarded the buffer #0 to 0xb4000074bf5f6850 from 0xb4000074bf5f41d0
05-27 08:49:51.521   581   581 D spidev_ioctl: gpio status=1)
05-27 18:58:42.558   299 30841 D EvsDriver: Delivered 0xb400007b7ca56a60 as id 0
05-27 18:58:42.561   299  1153 D EvsDriver: doneWithFrame
05-27 18:58:42.561   299 30844 D EvsDriver: Delivered 0xb400007b7ca56900 as id 0
05-27 18:58:42.561  1167  1184 D evsmanagerd: /dev/video6 forwarded the buffer #0 to 0xb4000074bf5f5510 from 0xb4000074bf5f6d90
05-27 18:58:42.562   581   581 I SpiService: fgesysctrl_getGPIO_status success val=1
05-27 18:58:42.564   536   536 D commservice260303: msg.id = 1028,0
05-27 18:58:42.564   536   536 D commservice260303: i = 170, msgid = 8A000404
05-27 18:58:42.564   536   536 D commservice260303: msgid = -1979710460,did=138
05-27 18:58:42.564   536   536 D commservice260303: CommProtocolLibCmdBaseI2C::dataproc {"command":{"id":"imu_status","sub":""},"content":{"TimeStamp":11,"FrameCounter":267286,"GD_X":-0.012063807807862759,"GD_Y":0.004580949433147907,"GD_Z":0.0020608289632946253,"AD_X":-0.0011410117149353027,"AD_Y":-0.004968641325831413,"AD_Z":-0.16949462890625,"TempDsp":0,"Status":0,"CalibState":1,"SigAmpInvalid":0}},-1979710460
05-27 18:58:42.564   536   536 D commservice260303: send2Cluster len:315, 7B22636F6D6D616E64223A7B226964223A22696D755F737461747573222C22737562223A22227D2C22636F6E74656E74223A7B2254696D655374616D70223A31312C224672616D65436F756E746572223A3236373238362C2247445F58223A2D302E3031323036333830373830373836323735392C2247445F59223A302E3030343538303934393433333134373930372C2247445F5A223A302E303032303630383238393633323934363235332C2241445F58223A2D302E303031313431303131373134393335333032372C2241445F59223A2D302E3030343936383634313332353833313431332C2241445F5A223A2D302E31363934393436323839303632352C2254656D70447370223A302C22537461747573223A302C2243616C69625374617465223A312C22536967416D70496E76616C6964223A307D7D, 138 
05-27 18:58:42.565   536   536 D commservice260303: Push Message into SendPool fn=156632064
05-27 18:58:42.565   536   536 D commservice260303: ComProtocolLibSend2Cluster::send2ClusterRaw fn=156632064 , len=331
05-27 18:58:42.565   536   536 D commservice260303: sendCmdToPort :331!!!
05-27 18:58:42.565   536   536 D commservice260303: send Cmd To Port ++++5AA501478A01000456096A16CE627B22636F6D6D616E64223A7B226964223A22696D755F737461747573222C22737562223A22227D2C22636F6E74656E74223A7B2254696D655374616D70223A31312C224672616D65436F756E746572223A3236373238362C2247445F58223A2D302E3031323036333830373830373836323735392C2247445F59223A302E3030343538303934393433333134373930372C2247445F5A223A302E303032303630383238393633323934363235332C2241445F58223A2D302E303031313431303131373134393335333032372C2241445F59223A2D302E3030343936383634313332353833313431332C2241445F5A223A2D302E31363934393436323839303632352C2254656D70447370223A302C22537461747573223A302C2243616C69625374617465223A312C22536967416D70496E76616C6964223A307D7DCB2A
05-27 18:58:42.565   536   536 D commservice260303: bufferevent_write retrun value = 0
05-27 18:58:42.566   536   560 D commservice260303: client datas send succeed,send finish
05-27 18:58:42.568   581   581 I SpiService: fgesysctrl_getGPIO_status success val=1
05-27 18:58:42.572 13911 14192 D Sentinelmode_1.2.5.17_sentry: <SentryImuClusterFgeSender>imu_status sent to Linux, frame=267286, tsNs=11389797, tsMs=11, intervalMs=49, ad=(-0.0011410117,-0.0049686413,-0.16949463), gd=(-0.012063808,0.0045809494,0.002060829)
05-27 18:58:42.572   299  1153 D EvsDriver: doneWithFrame
05-27 18:58:42.574   581   581 I SpiService: fgesysctrl_getGPIO_status success val=1
05-27 18:58:42.575 13911 14183 I SentryImuMcuAngleSender: -179.98248rollDeg
05-27 18:58:42.575 13911 14183 I SentryImuMcuAngleSender: 1,0,0
05-27 18:58:42.578 13911 14147 I SVR_MNG_BaseProxy: isBinderActive: clientBinder is null
05-27 18:58:42.578 13911 14147 D SVR_MNG_SvrMngProxy: getServer: mSvrManger is null
05-27 18:58:42.578 13911 14147 D SVR_MNG_SvrMngProxy: getNewStub: 
05-27 18:58:42.578 13911 14147 D SVR_MNG_SvrMngProxy: getNewStub: getSvrManagerService start
05-27 18:58:42.579 13911 14147 D SVR_MNG_SvrMngProxy: getNewStub: getSvrManagerService end
05-27 18:58:42.579 13911 14147 D SVR_MNG_SvrMngProxy: getServer: svrMngService doesn't start
05-27 18:58:42.579 13911 14147 D SVR_MNG_SvrMngProxy: getClientBinder: binderName = com.incall.network.NETWORK_SERVICE
05-27 18:58:42.579 13911 14147 I SVR_MNG_BaseProxy: getInterface: mInterface = null
05-27 18:58:42.579 13911 14147 I SVR_MNG_BaseProxy: isBinderActive: clientBinder is null
05-27 18:58:42.579 13911 14147 I SVR_MNG_BaseProxy: isBinderActive: clientBinder is null
05-27 18:58:42.580 13911 14147 D SVR_MNG_SvrMngProxy: getServer: mSvrManger is null
05-27 18:58:42.580 13911 14147 D SVR_MNG_SvrMngProxy: getNewStub: 
05-27 18:58:42.580 13911 14147 D SVR_MNG_SvrMngProxy: getNewStub: getSvrManagerService start
05-27 18:58:42.580   581   581 I SpiService: fgesysctrl_getGPIO_status success val=0
05-27 18:58:42.580   299 30841 D EvsDriver: forwardFrame
05-27 18:58:42.581  1167  1184 D evsmanagerd: /dev/video4 forwarded the buffer #0 to 0xb4000074bf5f6850 from 0xb4000074bf5f41d0
05-27 18:58:42.581   299 30841 D EvsDriver: Delivered 0xb400007b7ca56a60 as id 0
05-27 18:58:42.582  1008 30856 D [OMXB]  : usingANWBuffer: handle:0xee742950, format:1, w:1920, h:1080
05-27 18:58:42.582 13911 14147 D SVR_MNG_SvrMngProxy: getNewStub: getSvrManagerService end
05-27 18:58:42.582 13911 14147 D SVR_MNG_SvrMngProxy: getServer: svrMngService doesn't start
05-27 18:58:42.582 13911 14147 D SVR_MNG_SvrMngProxy: getClientBinder: binderName = com.incall.network.NETWORK_SERVICE
05-27 18:58:42.582 13911 14147 I SVR_MNG_BaseProxy: getInterface: mInterface = null
05-27 18:58:42.582 13911 14147 I SVR_MNG_BaseProxy: isBinderActive: clientBinder is null
05-27 18:58:42.582 30773 30782 E dvr_service_: [myNum:0] Received S**** loss
05-27 18:58:42.583   299  1153 D EvsDriver: doneWithFrame
05-27 18:58:42.587   299 30844 D EvsDriver: forwardFrame
05-27 18:58:42.589   299 30844 D EvsDriver: Delivered 0xb400007b7ca56900 as id 0
05-27 18:58:42.589  1167  1184 D evsmanagerd: /dev/video6 forwarded the buffer #0 to 0xb4000074bf5f5510 from 0xb4000074bf5f6d90
05-27 18:58:42.590 30773 30782 E dvr_service_: [myNum:1] Received S**** loss
05-27 18:58:42.590 13911 14147 I PicketModeManager: getProfileDetail: ["{\"name\":\"sentryModeSwitchSts\",\"value\":0,\"timeStamp\":\"1670000000000\"}","{\"name\":\"SentryModeSensitivity\",\"value\":-1,\"timeStamp\":\"1779879522538\"}"]
05-27 18:58:42.591 30773 30786 I dvr_service_: CameraX 0  audioOK: 31938779,audios:500
05-27 18:58:42.591 13911 14147 D Sentinelmode_1.2.5.17_sentry: <PicketModeManager>queryGuardInfo = {access_token=null, lastSyncTimeStramp=1779879522538, profileDetail=["{\"name\":\"sentryModeSwitchSts\",\"value\":0,\"timeStamp\":\"1670000000000\"}","{\"name\":\"SentryModeSensitivity\",\"value\":-1,\"timeStamp\":\"1779879522538\"}"], sign=sign, nonce=FqB5UMwkYc}
05-27 18:58:42.591 13911 14147 I SVR_MNG_BaseProxy: isBinderActive: clientBinder is null
05-27 18:58:42.591 13911 14147 D SVR_MNG_SvrMngProxy: getServer: mSvrManger is null
05-27 18:58:42.591 13911 14147 D SVR_MNG_SvrMngProxy: getNewStub: 
05-27 18:58:42.591 13911 14147 D SVR_MNG_SvrMngProxy: getNewStub: getSvrManagerService start
05-27 18:58:42.592   299  1153 D EvsDriver: doneWithFrame
05-27 18:58:42.593 13911 14147 D SVR_MNG_SvrMngProxy: getNewStub: getSvrManagerService end
05-27 18:58:42.593 13911 14147 D SVR_MNG_SvrMngProxy: getServer: svrMngService doesn't start
05-27 18:58:42.593 13911 14147 D SVR_MNG_SvrMngProxy: getClientBinder: binderName = com.incall.network.NETWORK_SERVICE
05-27 18:58:42.593 13911 14147 I SVR_MNG_BaseProxy: getInterface: mInterface = null
05-27 18:58:42.593 13911 14147 I SVR_MNG_BaseProxy: isBinderActive: clientBinder is null
05-27 18:58:42.593 13911 14147 E Sentinelmode_1.2.5.17_sentry: <PicketModeManager>updateProfileCallBack onError:2817---Remote Service Exception
05-27 18:58:42.593 13911 14147 D Sentinelmode_1.2.5.17_sentry: <PicketModeManager>consumeMsg result = 1000
05-27 18:58:42.593 13911 14147 I SVR_MNG_BaseProxy: isBinderActive: clientBinder is null
05-27 18:58:42.593 13911 14147 D SVR_MNG_SvrMngProxy: getServer: mSvrManger is null
05-27 18:58:42.593 13911 14147 D SVR_MNG_SvrMngProxy: getNewStub: 
05-27 18:58:42.593 13911 14147 D SVR_MNG_SvrMngProxy: getNewStub: getSvrManagerService start
05-27 18:58:42.594 13911 14147 D SVR_MNG_SvrMngProxy: getNewStub: getSvrManagerService end
05-27 18:58:42.594 13911 14147 D SVR_MNG_SvrMngProxy: getServer: svrMngService doesn't start
05-27 18:58:42.594 13911 14147 D SVR_MNG_SvrMngProxy: getClientBinder: binderName = com.incall.network.NETWORK_SERVICE
05-27 18:58:42.594 13911 14147 I SVR_MNG_BaseProxy: getInterface: mInterface = null
05-27 18:58:42.594 13911 14147 I SVR_MNG_BaseProxy: isBinderActive: clientBinder is null
05-27 18:58:42.594 13911 14147 I SVR_MNG_BaseProxy: isBinderActive: clientBinder is null
05-27 18:58:42.594 13911 14147 D SVR_MNG_SvrMngProxy: getServer: mSvrManger is null
05-27 18:58:42.594 13911 14147 D SVR_MNG_SvrMngProxy: getNewStub: 
05-27 18:58:42.594 13911 14147 D SVR_MNG_SvrMngProxy: getNewStub: getSvrManagerService start
05-27 18:58:42.594 13911 14147 D SVR_MNG_SvrMngProxy: getNewStub: getSvrManagerService end
05-27 18:58:42.594 13911 14147 D SVR_MNG_SvrMngProxy: getServer: svrMngService doesn't start
05-27 18:58:42.595 13911 14147 D SVR_MNG_SvrMngProxy: getClientBinder: binderName = com.incall.network.NETWORK_SERVICE
05-27 18:58:42.595   581   581 I SpiService: fgesysctrl_getGPIO_status success val=1
05-27 18:58:42.595 13911 14147 I SVR_MNG_BaseProxy: getInterface: mInterface = null
05-27 18:58:42.595 13911 14147 I SVR_MNG_BaseProxy: isBinderActive: clientBinder is null
05-27 18:58:42.595 13911 14147 I SVR_MNG_BaseProxy: isBinderActive: clientBinder is null
05-27 18:58:42.595 13911 14147 D SVR_MNG_SvrMngProxy: getServer: mSvrManger is null
05-27 18:58:42.595 13911 14147 D SVR_MNG_SvrMngProxy: getNewStub: 
05-27 18:58:42.595 13911 14147 D SVR_MNG_SvrMngProxy: getNewStub: getSvrManagerService start
05-27 18:58:42.595 30773 30785 I dvr_service_: [EncoderHandler::runMediaThread] runMediaThread started:1,state:1, cam2:started:1,state:1, lastSwitch:1, mIsMuxerStart:1,format:0,is_str_ing:0
05-27 18:58:42.595 13911 14147 D SVR_MNG_SvrMngProxy: getNewStub: getSvrManagerService end
05-27 18:58:42.595 13911 14147 D SVR_MNG_SvrMngProxy: getServer: svrMngService doesn't start
05-27 18:58:42.595 13911 14147 D SVR_MNG_SvrMngProxy: getClientBinder: binderName = com.incall.network.NETWORK_SERVICE
05-27 18:58:42.595 13911 14147 I SVR_MNG_BaseProxy: getInterface: mInterface = null
05-27 18:58:42.595 13911 14147 I SVR_MNG_BaseProxy: isBinderActive: clientBinder is null
05-27 18:58:42.595 13911 14147 E Sentinelmode_1.2.5.17_sentry: <PicketModeManager>consumeProfileCallBack onError:2817---Remote Service Exception
05-27 18:58:42.596 13911 14147 I Sentinelmode_1.2.5.17_sentry: <SentinelCarServiceManager>[SentryTrace] getBCM_Status: bodyMix unavailable, fallback=2
05-27 18:58:42.596 13911 14147 D Sentinelmode_1.2.5.17_sentry: <PicketModeManager>BCM_Status1:2
05-27 18:58:42.596 13911 14147 I Sentinelmode_1.2.5.17_sentry: <SentinelCarServiceManager>[SentryTrace] getBCM_Status: bodyMix unavailable, fallback=2
05-27 18:58:42.596 13911 14183 I SentryImuMcuAngleSender: 179.993rollDeg
05-27 18:58:42.596 13911 14183 I SentryImuMcuAngleSender: 1,0,0
05-27 18:58:42.596 13911 14147 I DvrLog_Ser->: (DvrLocalServiceManager.java:setGardModeStatus)1979 setGardModeStatus state = 0
05-27 18:58:42.596 13911 14147 I Sentinelmode_1.2.5.17_sentry: <PicketModeManager>onSettingsPutInt：true name:SENTRY_DELAY_RECORD_NOTIFY value:-1
05-27 18:58:42.596 13911 14147 I Sentinelmode_1.2.5.17_sentry: <PicketModeManager>[SentryDvr] SENTRY_DELAY_RECORD_NOTIFY -> -1 (gard mode off)
05-27 18:58:42.599  1008 30857 D [OMXB]  : usingANWBuffer: handle:0xee746ec0, format:1, w:1920, h:1080
05-27 18:58:42.600   581   581 I SpiService: fgesysctrl_getGPIO_status success val=1
05-27 18:58:42.600 30773 30789 I dvr_service_: Camera 1: MediaOK:31995591, frames:750, isKeyFrame:0,pts:11389713837
05-27 18:58:42.601   572   572 I Sensors : 230 GyroSensor: x:-0.011988,y:0.006108,z:0.001832
05-27 18:58:42.604 18304 18304 I ADAYO_LOG_TRACE_LOGCAT: collect_dest_path:/mnt/log_data/AndroidLog/logcat
05-27 18:58:42.605   536   536 D commservice260303: msg.id = 1028,0
05-27 18:58:42.605   536   536 D commservice260303: i = 170, msgid = 8A000404
05-27 18:58:42.605   536   536 D commservice260303: msgid = -1979710460,did=138
05-27 18:58:42.605   536   536 D commservice260303: CommProtocolLibCmdBaseI2C::dataproc {"command":{"id":"imu_status","sub":""},"content":{"TimeStamp":11,"FrameCounter":267287,"GD_X":-0.011834942735731602,"GD_Y":0.005802778527140617,"GD_Z":0.0019079053308814764,"AD_X":-0.0011562258005142212,"AD_Y":-7.468415424227715E-5,"AD_Z":-0.1719341278076172,"TempDsp":0,"Status":0,"CalibState":1,"SigAmpInvalid":0}},-1979710460
05-27 18:58:42.605   536   536 D commservice260303: send2Cluster len:317, 7B22636F6D6D616E64223A7B226964223A22696D755F737461747573222C22737562223A22227D2C22636F6E74656E74223A7B2254696D655374616D70223A31312C224672616D65436F756E746572223A3236373238372C2247445F58223A2D302E3031313833343934323733353733313630322C2247445F59223A302E3030353830323737383532373134303631372C2247445F5A223A302E303031393037393035333330383831343736342C2241445F58223A2D302E303031313536323235383030353134323231322C2241445F59223A2D372E343638343135343234323237373135452D352C2241445F5A223A2D302E313731393334313237383037363137322C2254656D70447370223A302C22537461747573223A302C2243616C69625374617465223A312C22536967416D70496E76616C6964223A307D7D, 138 
05-27 18:58:42.605   536   536 D commservice260303: Push Message into SendPool fn=173409280
05-27 18:58:42.605   536   536 D commservice260303: ComProtocolLibSend2Cluster::send2ClusterRaw fn=173409280 , len=333
05-27 18:58:42.605   536   536 D commservice260303: sendCmdToPort :333!!!
05-27 18:58:42.605   536   536 D commservice260303: send Cmd To Port ++++5AA501498A010004560A6A16CE627B22636F6D6D616E64223A7B226964223A22696D755F737461747573222C22737562223A22227D2C22636F6E74656E74223A7B2254696D655374616D70223A31312C224672616D65436F756E746572223A3236373238372C2247445F58223A2D302E3031313833343934323733353733313630322C2247445F59223A302E3030353830323737383532373134303631372C2247445F5A223A302E303031393037393035333330383831343736342C2241445F58223A2D302E303031313536323235383030353134323231322C2241445F59223A2D372E343638343135343234323237373135452D352C2241445F5A223A2D302E313731393334313237383037363137322C2254656D70447370223A302C22537461747573223A302C2243616C69625374617465223A312C22536967416D70496E76616C6964223A307D7D85D1
05-27 18:58:42.605   536   536 D commservice260303: bufferevent_write retrun value = 0
05-27 18:58:42.605   536   560 D commservice260303: client datas send succeed,send finish
05-27 18:58:42.605 13911 14192 D Sentinelmode_1.2.5.17_sentry: <SentryImuClusterFgeSender>imu_status sent to Linux, frame=267287, tsNs=11389836, tsMs=11, intervalMs=34, ad=(-0.0011562258,-7.4684154E-5,-0.17193413), gd=(-0.011834943,0.0058027785,0.0019079053)
05-27 18:58:42.606   581   581 I SpiService: fgesysctrl_getGPIO_status success val=1
05-27 18:58:42.608   283   307 I rvcservice: t.code = 1, t.value = -168360
05-27 18:58:42.611   581   581 I SpiService: fgesysctrl_getGPIO_status success val=1
05-27 18:58:42.617   581   581 I SpiService: fgesysctrl_getGPIO_status success val=1
05-27 18:58:42.617   299 30844 D EvsDriver: forwardFrame
05-27 18:58:42.617 13911 14183 I SentryImuMcuAngleSender: 179.97899rollDeg
05-27 18:58:42.617 13911 14183 I SentryImuMcuAngleSender: 1,0,0
05-27 18:58:42.618  1008 30856 D [OMXB]  : usingANWBuffer: handle:0xee746310, format:1, w:1920, h:1080
05-27 18:58:42.619   299 30841 D EvsDriver: forwardFrame
05-27 18:58:42.622   299 30844 D EvsDriver: Delivered 0xb400007b7ca56900 as id 0
05-27 18:58:42.622  1167  1184 D evsmanagerd: /dev/video6 forwarded the buffer #0 to 0xb4000074bf5f5510 from 0xb4000074bf5f6d90
05-27 18:58:42.623   581   581 I SpiService: fgesysctrl_getGPIO_status success val=0
05-27 18:58:42.626  1167  1184 D evsmanagerd: /dev/video4 forwarded the buffer #0 to 0xb4000074bf5f6850 from 0xb4000074bf5f41d0
05-27 18:58:42.627   299 30841 D EvsDriver: Delivered 0xb400007b7ca56a60 as id 0
05-27 18:58:42.628   299  1153 D EvsDriver: doneWithFrame
05-27 18:58:42.629   299  1153 D EvsDriver: doneWithFrame
05-27 18:58:42.636  1008 30857 D [OMXB]  : usingANWBuffer: handle:0xee742320, format:1, w:1920, h:1080
05-27 18:58:42.637   581   581 I SpiService: fgesysctrl_getGPIO_status success val=1
05-27 18:58:42.637 13911 14183 I SentryImuMcuAngleSender: 179.986rollDeg
05-27 18:58:42.638 13911 14183 I SentryImuMcuAngleSender: 1,0,0
05-27 18:58:42.642   536   536 D commservice260303: msg.id = 1028,1
05-27 18:58:42.642   536   536 D commservice260303: i = 170, msgid = 8A000404
05-27 18:58:42.642   536   536 D commservice260303: msgid = -1979710460,did=138
05-27 18:58:42.642   536   536 D commservice260303: CommProtocolLibCmdBaseI2C::dataproc {"command":{"id":"imu_status","sub":""},"content":{"TimeStamp":11,"FrameCounter":267288,"GD_X":-0.011987865902483463,"GD_Y":0.00519212381914258,"GD_Z":0.0019079053308814764,"AD_X":-0.006016090512275696,"AD_Y":0.0011262446641921997,"AD_Z":-0.1719341278076172,"TempDsp":0,"Status":0,"CalibState":1,"SigAmpInvalid":0}},-1979710460
05-27 18:58:42.642   536   536 D commservice260303: send2Cluster len:315, 7B22636F6D6D616E64223A7B226964223A22696D755F737461747573222C22737562223A22227D2C22636F6E74656E74223A7B2254696D655374616D70223A31312C224672616D65436F756E746572223A3236373238382C2247445F58223A2D302E3031313938373836353930323438333436332C2247445F59223A302E30303531393231323338313931343235382C2247445F5A223A302E303031393037393035333330383831343736342C2241445F58223A2D302E3030363031363039303531323237353639362C2241445F59223A302E303031313236323434363634313932313939372C2241445F5A223A2D302E313731393334313237383037363137322C2254656D70447370223A302C22537461747573223A302C2243616C69625374617465223A312C22536967416D70496E76616C6964223A307D7D, 138 
05-27 18:58:42.642   536   536 D commservice260303: Push Message into SendPool fn=190186496
05-27 18:58:42.642   536   536 D commservice260303: ComProtocolLibSend2Cluster::send2ClusterRaw fn=190186496 , len=331
05-27 18:58:42.642   536   536 D commservice260303: sendCmdToPort :331!!!
05-27 18:58:42.642   536   536 D commservice260303: send Cmd To Port ++++5AA501478A010004560B6A16CE627B22636F6D6D616E64223A7B226964223A22696D755F737461747573222C22737562223A22227D2C22636F6E74656E74223A7B2254696D655374616D70223A31312C224672616D65436F756E746572223A3236373238382C2247445F58223A2D302E3031313938373836353930323438333436332C2247445F59223A302E30303531393231323338313931343235382C2247445F5A223A302E303031393037393035333330383831343736342C2241445F58223A2D302E3030363031363039303531323237353639362C2241445F59223A302E303031313236323434363634313932313939372C2241445F5A223A2D302E313731393334313237383037363137322C2254656D70447370223A302C22537461747573223A302C2243616C69625374617465223A312C22536967416D70496E76616C6964223A307D7D4381
05-27 18:58:42.642   536   536 D commservice260303: bufferevent_write retrun value = 0
05-27 18:58:42.642   536   560 D commservice260303: client datas send succeed,send finish
05-27 18:58:42.643   581   581 I SpiService: fgesysctrl_getGPIO_status success val=1
05-27 18:58:42.643 13911 14192 D Sentinelmode_1.2.5.17_sentry: <SentryImuClusterFgeSender>imu_status sent to Linux, frame=267288, tsNs=11389886, tsMs=11, intervalMs=37, ad=(-0.0060160905,0.0011262447,-0.17193413), gd=(-0.011987866,0.005192124,0.0019079053)
05-27 18:58:42.644 30773 30786 I dvr_service_: CameraX 1  audioOK: 31938779,audios:500
05-27 08:49:51.607   581   581 D spi_rst_gpio_get_output: GPIO 145 value: 1
05-27 08:49:51.607   581   581 D spidev_ioctl: gpio status=1)
05-27 18:58:42.648   581   581 I SpiService: fgesysctrl_getGPIO_status success val=1
05-27 18:58:42.654   581   581 I SpiService: fgesysctrl_getGPIO_status success val=1
05-27 18:58:42.656   299 30844 D EvsDriver: forwardFrame
05-27 08:49:51.619   581   581 D spidev_ioctl: gpio status=1)
05-27 18:58:42.658   299 30844 D EvsDriver: Delivered 0xb400007b7ca56900 as id 0
05-27 18:58:42.658  1167  1184 D evsmanagerd: /dev/video6 forwarded the buffer #0 to 0xb4000074bf5f5510 from 0xb4000074bf5f6d90
05-27 18:58:42.658 13911 14183 I SentryImuMcuAngleSender: 180.0rollDeg
05-27 18:58:42.658 13911 14183 I SentryImuMcuAngleSender: 1,0,0
05-27 18:58:42.659   299 30841 D EvsDriver: forwardFrame
05-27 18:58:42.660   581   581 I SpiService: fgesysctrl_getGPIO_status success val=0
05-27 08:49:51.625   581   581 D spi_rst_gpio_get_output: GPIO 145 value: 0
05-27 08:49:51.625   581   581 D spidev_ioctl: gpio status=0)
05-27 18:58:42.663   299 30841 D EvsDriver: Delivered 0xb400007b7ca56a60 as id 0
05-27 18:58:42.663  1167  1184 D evsmanagerd: /dev/video4 forwarded the buffer #0 to 0xb4000074bf5f6850 from 0xb4000074bf5f41d0
05-27 18:58:42.663   299  1153 D EvsDriver: doneWithFrame
05-27 18:58:42.665  6212  6256 D VersionPrinter: com.yadea.setting- VersionName:[1.0.012_2026_0526_1408] - append:[] - active:[]
05-27 18:58:42.668  1008 30856 D [OMXB]  : usingANWBuffer: handle:0xee746c00, format:1, w:1920, h:1080
05-27 18:58:42.673   299  1153 D EvsDriver: doneWithFrame
05-27 18:58:42.678 13911 14183 I SentryImuMcuAngleSender: 179.993rollDeg
05-27 18:58:42.678 13911 14183 I SentryImuMcuAngleSender: 1,0,0
05-27 18:58:42.680   581   581 I SpiService: fgesysctrl_getGPIO_status success val=1
05-27 18:58:42.682   536   536 D commservice260303: msg.id = 1028,1
05-27 18:58:42.682   536   536 D commservice260303: i = 170, msgid = 8A000404
05-27 18:58:42.682   536   536 D commservice260303: msgid = -1979710460,did=138
05-27 18:58:42.682   536   536 D commservice260303: CommProtocolLibCmdBaseI2C::dataproc {"command":{"id":"imu_status","sub":""},"content":{"TimeStamp":11,"FrameCounter":267289,"GD_X":-0.011223767884075642,"GD_Y":0.005802778527140617,"GD_Z":0.0020608289632946253,"AD_X":-0.005998432636260986,"AD_Y":-8.84468900039792E-5,"AD_Z":-0.1731548309326172,"TempDsp":0,"Status":0,"CalibState":1,"SigAmpInvalid":0}},-1979710460
05-27 18:58:42.682   536   536 D commservice260303: send2Cluster len:315, 7B22636F6D6D616E64223A7B226964223A22696D755F737461747573222C22737562223A22227D2C22636F6E74656E74223A7B2254696D655374616D70223A31312C224672616D65436F756E746572223A3236373238392C2247445F58223A2D302E3031313232333736373838343037353634322C2247445F59223A302E3030353830323737383532373134303631372C2247445F5A223A302E303032303630383238393633323934363235332C2241445F58223A2D302E3030353939383433323633363236303938362C2241445F59223A2D382E3834343638393030303339373932452D352C2241445F5A223A2D302E313733313534383330393332363137322C2254656D70447370223A302C22537461747573223A302C2243616C69625374617465223A312C22536967416D70496E76616C6964223A307D7D, 138 
05-27 18:58:42.682   536   536 D commservice260303: Push Message into SendPool fn=206963712
05-27 18:58:42.682   536   536 D commservice260303: ComProtocolLibSend2Cluster::send2ClusterRaw fn=206963712 , len=331
05-27 18:58:42.682   536   536 D commservice260303: sendCmdToPort :331!!!
05-27 18:58:42.682   536   536 D commservice260303: send Cmd To Port ++++5AA501478A010004560C6A16CE627B22636F6D6D616E64223A7B226964223A22696D755F737461747573222C22737562223A22227D2C22636F6E74656E74223A7B2254696D655374616D70223A31312C224672616D65436F756E746572223A3236373238392C2247445F58223A2D302E3031313232333736373838343037353634322C2247445F59223A302E3030353830323737383532373134303631372C2247445F5A223A302E303032303630383238393633323934363235332C2241445F58223A2D302E3030353939383433323633363236303938362C2241445F59223A2D382E3834343638393030303339373932452D352C2241445F5A223A2D302E313733313534383330393332363137322C2254656D70447370223A302C22537461747573223A302C2243616C69625374617465223A312C22536967416D70496E76616C6964223A307D7D6939
05-27 18:58:42.682   536   536 D commservice260303: bufferevent_write retrun value = 0
05-27 18:58:42.683   536   560 D commservice260303: client datas send succeed,send finish
05-27 18:58:42.683 13911 14192 D Sentinelmode_1.2.5.17_sentry: <SentryImuClusterFgeSender>imu_status sent to Linux, frame=267289, tsNs=11389924, tsMs=11, intervalMs=41, ad=(-0.0059984326,-8.844689E-5,-0.17315483), gd=(-0.011223768,0.0058027785,0.002060829)
05-27 18:58:42.685   581   581 I SpiService: fgesysctrl_getGPIO_status success val=1
05-27 18:58:42.686 18308 18308 I ADAYO_LOG_TRACE_LOGCAT: file_path:/mnt/log_data/AndroidLog/logcat/logcat_2026_05_27_18_58_41_759-50.txt
05-27 18:58:42.688  1008 30857 D [OMXB]  : usingANWBuffer: handle:0xee741ae0, format:1, w:1920, h:1080
05-27 18:58:42.691   581   581 I SpiService: fgesysctrl_getGPIO_status success val=1
05-27 18:58:42.691   299 30841 D EvsDriver: forwardFrame
05-27 18:58:42.692   299 30841 D EvsDriver: Delivered 0xb400007b7ca56a60 as id 0
05-27 18:58:42.692  1167  1184 D evsmanagerd: /dev/video4 forwarded the buffer #0 to 0xb4000074bf5f6850 from 0xb4000074bf5f41d0
05-27 18:58:42.695   299  1153 D EvsDriver: doneWithFrame
05-27 18:58:42.695   299 30844 D EvsDriver: forwardFrame
05-27 18:58:42.696   581   581 I SpiService: fgesysctrl_getGPIO_status success val=1
05-27 18:58:42.697   299 30844 D EvsDriver: Delivered 0xb400007b7ca56900 as id 0
05-27 18:58:42.697  1167  1184 D evsmanagerd: /dev/video6 forwarded the buffer #0 to 0xb4000074bf5f5510 from 0xb4000074bf5f6d90
05-27 18:58:42.698 13911 14183 I SentryImuMcuAngleSender: 179.98248rollDeg
05-27 18:58:42.699 13911 14183 I SentryImuMcuAngleSender: 1,0,0
05-27 18:58:42.699   299  1153 D EvsDriver: doneWithFrame
05-27 18:58:42.702   581   581 I SpiService: fgesysctrl_getGPIO_status success val=1
05-27 18:58:42.708   572   572 I Sensors : 230 AccelSensor: x:-0.172630,y:0.002440,z:-9.978380
05-27 18:58:42.708   581   581 I SpiService: fgesysctrl_getGPIO_status success val=0
05-27 18:58:42.708   283   307 I rvcservice: t.code = 3, t.value = 0
05-27 18:58:42.720 13911 14183 I SentryImuMcuAngleSender: 179.986rollDeg
05-27 18:58:42.720 13911 14183 I SentryImuMcuAngleSender: 1,0,0
05-27 18:58:42.722   536   536 D commservice260303: msg.id = 1028,1
05-27 18:58:42.722   536   536 D commservice260303: i = 170, msgid = 8A000404
05-27 18:58:42.722   536   536 D commservice260303: msgid = -1979710460,did=138
05-27 18:58:42.722   536   536 D commservice260303: CommProtocolLibCmdBaseI2C::dataproc {"command":{"id":"imu_status","sub":""},"content":{"TimeStamp":11,"FrameCounter":267290,"GD_X":-0.011300750076770782,"GD_Y":0.004656890872865915,"GD_Z":0.0022902146447449923,"AD_X":-0.005373924970626831,"AD_Y":0.0011218995787203312,"AD_Z":-0.1731548309326172,"TempDsp":0,"Status":0,"CalibState":1,"SigAmpInvalid":0}},-1979710460
05-27 18:58:42.722   536   536 D commservice260303: send2Cluster len:316, 7B22636F6D6D616E64223A7B226964223A22696D755F737461747573222C22737562223A22227D2C22636F6E74656E74223A7B2254696D655374616D70223A31312C224672616D65436F756E746572223A3236373239302C2247445F58223A2D302E3031313330303735303037363737303738322C2247445F59223A302E3030343635363839303837323836353931352C2247445F5A223A302E303032323930323134363434373434393932332C2241445F58223A2D302E3030353337333932343937303632363833312C2241445F59223A302E303031313231383939353738373230333331322C2241445F5A223A2D302E313733313534383330393332363137322C2254656D70447370223A302C22537461747573223A302C2243616C69625374617465223A312C22536967416D70496E76616C6964223A307D7D, 138 
05-27 18:58:42.722   536   536 D commservice260303: Push Message into SendPool fn=223740928
05-27 18:58:42.722   536   536 D commservice260303: ComProtocolLibSend2Cluster::send2ClusterRaw fn=223740928 , len=332
05-27 18:58:42.722  1008 30857 D [OMXB]  : usingANWBuffer: handle:0xee742060, format:1, w:1920, h:1080
05-27 18:58:42.722   536   536 D commservice260303: sendCmdToPort :332!!!
05-27 18:58:42.723   536   536 D commservice260303: send Cmd To Port ++++5AA501488A010004560D6A16CE627B22636F6D6D616E64223A7B226964223A22696D755F737461747573222C22737562223A22227D2C22636F6E74656E74223A7B2254696D655374616D70223A31312C224672616D65436F756E746572223A3236373239302C2247445F58223A2D302E3031313330303735303037363737303738322C2247445F59223A302E3030343635363839303837323836353931352C2247445F5A223A302E303032323930323134363434373434393932332C2241445F58223A2D302E3030353337333932343937303632363833312C2241445F59223A302E303031313231383939353738373230333331322C2241445F5A223A2D302E313733313534383330393332363137322C2254656D70447370223A302C22537461747573223A302C2243616C69625374617465223A312C22536967416D70496E76616C6964223A307D7DF1F1
05-27 18:58:42.723   536   536 D commservice260303: bufferevent_write retrun value = 0
05-27 18:58:42.723   536   560 D commservice260303: client datas send succeed,send finish
05-27 18:58:42.723   581   581 I SpiService: fgesysctrl_getGPIO_status success val=1
05-27 18:58:42.724 13911 14192 D Sentinelmode_1.2.5.17_sentry: <SentryImuClusterFgeSender>imu_status sent to Linux, frame=267290, tsNs=11389958, tsMs=11, intervalMs=40, ad=(-0.005373925,0.0011218996,-0.17315483), gd=(-0.01130075,0.004656891,0.0022902146)
05-27 18:58:42.726 10188 11001 I commit_sys_config_file: [settings-0-0,14]
05-27 18:58:42.728   299 30844 D EvsDriver: forwardFrame
05-27 18:58:42.729   581   581 I SpiService: fgesysctrl_getGPIO_status success val=1
05-27 18:58:42.730   299 30844 D EvsDriver: Delivered 0xb400007b7ca56900 as id 0
05-27 18:58:42.730  1167  1184 D evsmanagerd: /dev/video6 forwarded the buffer #0 to 0xb4000074bf5f5510 from 0xb4000074bf5f6d90
05-27 18:58:42.732   299 30841 D EvsDriver: forwardFrame
05-27 18:58:42.735   299  1153 D EvsDriver: doneWithFrame
05-27 18:58:42.735   299 30841 D EvsDriver: Delivered 0xb400007b7ca56a60 as id 0
05-27 18:58:42.735   581   581 I SpiService: fgesysctrl_getGPIO_status success val=1
05-27 18:58:42.735  1167  1184 D evsmanagerd: /dev/video4 forwarded the buffer #0 to 0xb4000074bf5f6850 from 0xb4000074bf5f41d0
05-27 18:58:42.738   299  1153 D EvsDriver: doneWithFrame
05-27 18:58:42.740 18311 18311 I ADAYO_LOG_TRACE_LOGCAT: folder_size:
05-27 18:58:42.741 13911 14183 I SentryImuMcuAngleSender: 179.986rollDeg
05-27 18:58:42.741   581   581 I SpiService: fgesysctrl_getGPIO_status success val=1
05-27 18:58:42.741 13911 14183 I SentryImuMcuAngleSender: 1,0,0
05-27 08:49:51.706   581   581 D spidev_ioctl: gpio status=1)
05-27 18:58:42.746   581   581 I SpiService: fgesysctrl_getGPIO_status success val=1
05-27 18:58:42.750  1008 30856 D [OMXB]  : usingANWBuffer: handle:0xee740170, format:1, w:1920, h:1080
05-27 18:58:42.751 30773 30789 I dvr_service_: Camera 0: MediaOK:32158575, frames:750, isKeyFrame:0,pts:11389745016
05-27 18:58:42.752   581   581 I SpiService: fgesysctrl_getGPIO_status success val=0
05-27 18:58:42.755   299 30844 D EvsDriver: forwardFrame
05-27 18:58:42.756  1167  1184 D evsmanagerd: /dev/video6 forwarded the buffer #0 to 0xb4000074bf5f5510 from 0xb4000074bf5f6d90
05-27 18:58:42.757   299 30844 D EvsDriver: Delivered 0xb400007b7ca56900 as id 0
05-27 18:58:42.757 30773 30782 E dvr_service_: [myNum:1] Received S**** loss
05-27 18:58:42.759   299 30841 D EvsDriver: forwardFrame
05-27 18:58:42.761   299  1153 D EvsDriver: doneWithFrame
05-27 18:58:42.762   536   536 D commservice260303: msg.id = 1028,1
05-27 18:58:42.762   536   536 D commservice260303: i = 170, msgid = 8A000404
05-27 18:58:42.762  1167  1184 D evsmanagerd: /dev/video4 forwarded the buffer #0 to 0xb4000074bf5f6850 from 0xb4000074bf5f41d0
05-27 18:58:42.762   299 30841 D EvsDriver: Delivered 0xb400007b7ca56a60 as id 0
05-27 18:58:42.763 30773 30782 E dvr_service_: [myNum:0] Received S**** loss
05-27 18:58:42.763 13911 14183 I SentryImuMcuAngleSender: 179.97899rollDeg
05-27 18:58:42.763   536   536 D commservice260303: msgid = -1979710460,did=138
05-27 18:58:42.763   536   536 D commservice260303: CommProtocolLibCmdBaseI2C::dataproc {"command":{"id":"imu_status","sub":""},"content":{"TimeStamp":11,"FrameCounter":267291,"GD_X":-0.011377211660146713,"GD_Y":0.005039200186729431,"GD_Z":0.0021378109231591225,"AD_X":-0.003533601760864258,"AD_Y":0.0023303464986383915,"AD_Z":-0.1731548309326172,"TempDsp":0,"Status":0,"CalibState":1,"SigAmpInvalid":0}},-1979710460
05-27 18:58:42.763 13911 14183 I SentryImuMcuAngleSender: 1,0,0
05-27 18:58:42.764   536   536 D commservice260303: send2Cluster len:316, 7B22636F6D6D616E64223A7B226964223A22696D755F737461747573222C22737562223A22227D2C22636F6E74656E74223A7B2254696D655374616D70223A31312C224672616D65436F756E746572223A3236373239312C2247445F58223A2D302E3031313337373231313636303134363731332C2247445F59223A302E3030353033393230303138363732393433312C2247445F5A223A302E303032313337383130393233313539313232352C2241445F58223A2D302E3030333533333630313736303836343235382C2241445F59223A302E303032333330333436343938363338333931352C2241445F5A223A2D302E313733313534383330393332363137322C2254656D70447370223A302C22537461747573223A302C2243616C69625374617465223A312C22536967416D70496E76616C6964223A307D7D, 138 
05-27 18:58:42.764   536   536 D commservice260303: Push Message into SendPool fn=240518144
05-27 18:58:42.764   536   536 D commservice260303: ComProtocolLibSend2Cluster::send2ClusterRaw fn=240518144 , len=332
05-27 18:58:42.764   536   536 D commservice260303: sendCmdToPort :332!!!
05-27 18:58:42.764   536   536 D commservice260303: send Cmd To Port ++++5AA501488A010004560E6A16CE627B22636F6D6D616E64223A7B226964223A22696D755F737461747573222C22737562223A22227D2C22636F6E74656E74223A7B2254696D655374616D70223A31312C224672616D65436F756E746572223A3236373239312C2247445F58223A2D302E3031313337373231313636303134363731332C2247445F59223A302E3030353033393230303138363732393433312C2247445F5A223A302E303032313337383130393233313539313232352C2241445F58223A2D302E3030333533333630313736303836343235382C2241445F59223A302E303032333330333436343938363338333931352C2241445F5A223A2D302E313733313534383330393332363137322C2254656D70447370223A302C22537461747573223A302C2243616C69625374617465223A312C22536967416D70496E76616C6964223A307D7D5752
05-27 18:58:42.764   536   536 D commservice260303: bufferevent_write retrun value = 0
05-27 18:58:42.765   536   560 D commservice260303: client datas send succeed,send finish
05-27 18:58:42.765 13911 14192 D Sentinelmode_1.2.5.17_sentry: <SentryImuClusterFgeSender>imu_status sent to Linux, frame=267291, tsNs=11389993, tsMs=11, intervalMs=41, ad=(-0.0035336018,0.0023303465,-0.17315483), gd=(-0.011377212,0.0050392,0.002137811)
05-27 18:58:42.766   299  1153 D EvsDriver: doneWithFrame
05-27 18:58:42.766  1044 30796 D BufferPoolAccessor2.0: bufferpool2 0xb400006f82870318 : 1(6144 size) total buffers - 1(6144 size) used buffers - 149474/149476 (recycle/alloc) - 2/149475 (fetch/transfer)
05-27 18:58:42.766   581   581 I SpiService: fgesysctrl_getGPIO_status success val=1
05-27 18:58:42.772   581   581 I SpiService: fgesysctrl_getGPIO_status success val=1
05-27 18:58:42.773  1008 30857 D [OMXB]  : usingANWBuffer: handle:0xee743be0, format:1, w:1920, h:1080
05-27 18:58:42.779   581   581 I SpiService: fgesysctrl_getGPIO_status success val=1
05-27 18:58:42.784 13911 14183 I SentryImuMcuAngleSender: 179.993rollDeg
05-27 18:58:42.784 13911 14183 I SentryImuMcuAngleSender: 1,0,0
05-27 18:58:42.786   581   581 I SpiService: fgesysctrl_getGPIO_status success val=1
05-27 18:58:42.787   299 30841 D EvsDriver: forwardFrame
05-27 18:58:42.788  1167  1184 D evsmanagerd: /dev/video4 forwarded the buffer #0 to 0xb4000074bf5f6850 from 0xb4000074bf5f41d0
05-27 18:58:42.788   299 30841 D EvsDriver: Delivered 0xb400007b7ca56a60 as id 0
05-27 18:58:42.790  1008 30856 D [OMXB]  : usingANWBuffer: handle:0xee744630, format:1, w:1920, h:1080
05-27 18:58:42.790   299  1153 D EvsDriver: doneWithFrame
05-27 18:58:42.791   581   581 I SpiService: fgesysctrl_getGPIO_status success val=1
05-27 18:58:42.791   299 30844 D EvsDriver: forwardFrame
05-27 18:58:42.793   299 30844 D EvsDriver: Delivered 0xb400007b7ca56900 as id 0
05-27 18:58:42.793  1167  1184 D evsmanagerd: /dev/video6 forwarded the buffer #0 to 0xb4000074bf5f5510 from 0xb4000074bf5f6d90
05-27 18:58:42.799   572   622 I Sensors : 230 GyroSensor: x:-0.011835,y:0.005345,z:0.001832
05-27 18:58:42.799   581   581 I SpiService: fgesysctrl_getGPIO_status success val=0
05-27 18:58:42.804 13911 14183 I SentryImuMcuAngleSender: 179.99649rollDeg
05-27 18:58:42.805 13911 14183 I SentryImuMcuAngleSender: 1,0,0
05-27 18:58:42.805   299  1153 D EvsDriver: doneWithFrame
05-27 18:58:42.806   536   536 D commservice260303: msg.id = 1028,1
05-27 18:58:42.806   536   536 D commservice260303: i = 170, msgid = 8A000404
05-27 18:58:42.806   536   536 D commservice260303: msgid = -1979710460,did=138
05-27 18:58:42.806   536   536 D commservice260303: CommProtocolLibCmdBaseI2C::dataproc {"command":{"id":"imu_status","sub":""},"content":{"TimeStamp":11,"FrameCounter":267292,"GD_X":-0.01160607673227787,"GD_Y":0.005573912989348173,"GD_Z":0.0019079053308814764,"AD_X":-0.00110568106174469,"AD_Y":-1.1130236089229584E-4,"AD_Z":-0.1731548309326172,"TempDsp":0,"Status":0,"CalibState":1,"SigAmpInvalid":0}},-1979710460
05-27 18:58:42.806   536   536 D commservice260303: send2Cluster len:315, 7B22636F6D6D616E64223A7B226964223A22696D755F737461747573222C22737562223A22227D2C22636F6E74656E74223A7B2254696D655374616D70223A31312C224672616D65436F756E746572223A3236373239322C2247445F58223A2D302E30313136303630373637333232373738372C2247445F59223A302E3030353537333931323938393334383137332C2247445F5A223A302E303031393037393035333330383831343736342C2241445F58223A2D302E30303131303536383130363137343436392C2241445F59223A2D312E31313330323336303839323239353834452D342C2241445F5A223A2D302E313733313534383330393332363137322C2254656D70447370223A302C22537461747573223A302C2243616C69625374617465223A312C22536967416D70496E76616C6964223A307D7D, 138 
05-27 18:58:42.806   536   536 D commservice260303: Push Message into SendPool fn=257295360
05-27 18:58:42.806   536   536 D commservice260303: ComProtocolLibSend2Cluster::send2ClusterRaw fn=257295360 , len=331
05-27 18:58:42.806   536   536 D commservice260303: sendCmdToPort :331!!!
05-27 18:58:42.806   536   536 D commservice260303: send Cmd To Port ++++5AA501478A010004560F6A16CE627B22636F6D6D616E64223A7B226964223A22696D755F737461747573222C22737562223A22227D2C22636F6E74656E74223A7B2254696D655374616D70223A31312C224672616D65436F756E746572223A3236373239322C2247445F58223A2D302E30313136303630373637333232373738372C2247445F59223A302E3030353537333931323938393334383137332C2247445F5A223A302E303031393037393035333330383831343736342C2241445F58223A2D302E30303131303536383130363137343436392C2241445F59223A2D312E31313330323336303839323239353834452D342C2241445F5A223A2D302E313733313534383330393332363137322C2254656D70447370223A302C22537461747573223A302C2243616C69625374617465223A312C22536967416D70496E76616C6964223A307D7D562D
05-27 18:58:42.807   536   536 D commservice260303: bufferevent_write retrun value = 0
05-27 18:58:42.808   536   560 D commservice260303: client datas send succeed,send finish
05-27 18:58:42.809   283   307 I rvcservice: t.code = 0, t.value = 0
05-27 18:58:42.809 13911 14192 D Sentinelmode_1.2.5.17_sentry: <SentryImuClusterFgeSender>imu_status sent to Linux, frame=267292, tsNs=11390030, tsMs=11, intervalMs=44, ad=(-0.0011056811,-1.1130236E-4,-0.17315483), gd=(-0.011606077,0.005573913,0.0019079053)
05-27 18:58:42.816   581   581 I SpiService: fgesysctrl_getGPIO_status success val=1
05-27 18:58:42.818  1008 30857 D [OMXB]  : usingANWBuffer: handle:0xee743190, format:1, w:1920, h:1080
05-27 18:58:42.822   581   581 I SpiService: fgesysctrl_getGPIO_status success val=1
05-27 18:58:42.826 13911 14183 I SentryImuMcuAngleSender: 179.993rollDeg
05-27 18:58:42.826 13911 14183 I SentryImuMcuAngleSender: 1,0,0
05-27 18:58:42.827   299 30841 D EvsDriver: forwardFrame
05-27 18:58:42.827   581   581 I SpiService: fgesysctrl_getGPIO_status success val=1
05-27 18:58:42.828   299 30844 D EvsDriver: forwardFrame
05-27 18:58:42.830   299 30844 D EvsDriver: Delivered 0xb400007b7ca56900 as id 0
05-27 18:58:42.830  1167  1184 D evsmanagerd: /dev/video6 forwarded the buffer #0 to 0xb4000074bf5f5510 from 0xb4000074bf5f6d90
05-27 18:58:42.831   299 30841 D EvsDriver: Delivered 0xb400007b7ca56a60 as id 0
05-27 18:58:42.831  1167  1184 D evsmanagerd: /dev/video4 forwarded the buffer #0 to 0xb4000074bf5f6850 from 0xb4000074bf5f41d0
05-27 18:58:42.834   581   581 I SpiService: fgesysctrl_getGPIO_status success val=1
05-27 18:58:42.834   299  1153 D EvsDriver: doneWithFrame
05-27 18:58:42.835   299  1153 D EvsDriver: doneWithFrame
05-27 18:58:42.840   581   581 I SpiService: fgesysctrl_getGPIO_status success val=1
05-27 18:58:42.843  1008 30856 D [OMXB]  : usingANWBuffer: handle:0xee744160, format:1, w:1920, h:1080
05-27 18:58:42.845   581   581 I SpiService: fgesysctrl_getGPIO_status success val=0
05-27 18:58:42.846   536   536 D commservice260303: msg.id = 1028,1
05-27 18:58:42.846   536   536 D commservice260303: i = 170, msgid = 8A000404
05-27 18:58:42.846   536   536 D commservice260303: msgid = -1979710460,did=138
05-27 18:58:42.846   536   536 D commservice260303: CommProtocolLibCmdBaseI2C::dataproc {"command":{"id":"imu_status","sub":""},"content":{"TimeStamp":11,"FrameCounter":267293,"GD_X":-0.011147825978696346,"GD_Y":0.0059551820158958435,"GD_Z":0.0021378109231591225,"AD_X":-0.002928599715232849,"AD_Y":-1.0809546802192926E-4,"AD_Z":-0.1707143783569336,"TempDsp":0,"Status":0,"CalibState":1,"SigAmpInvalid":0}},-1979710460
05-27 18:58:42.847   536   536 D commservice260303: send2Cluster len:318, 7B22636F6D6D616E64223A7B226964223A22696D755F737461747573222C22737562223A22227D2C22636F6E74656E74223A7B2254696D655374616D70223A31312C224672616D65436F756E746572223A3236373239332C2247445F58223A2D302E3031313134373832353937383639363334362C2247445F59223A302E303035393535313832303135383935383433352C2247445F5A223A302E303032313337383130393233313539313232352C2241445F58223A2D302E3030323932383539393731353233323834392C2241445F59223A2D312E30383039353436383032313932393236452D342C2241445F5A223A2D302E313730373134333738333536393333362C2254656D70447370223A302C22537461747573223A302C2243616C69625374617465223A312C22536967416D70496E76616C6964223A307D7D, 138 
05-27 18:58:42.847   536   536 D commservice260303: Push Message into SendPool fn=274072576
05-27 18:58:42.847   536   536 D commservice260303: ComProtocolLibSend2Cluster::send2ClusterRaw fn=274072576 , len=334
05-27 18:58:42.847   536   536 D commservice260303: sendCmdToPort :334!!!
05-27 18:58:42.847   536   536 D commservice260303: send Cmd To Port ++++5AA5014A8A01000456106A16CE627B22636F6D6D616E64223A7B226964223A22696D755F737461747573222C22737562223A22227D2C22636F6E74656E74223A7B2254696D655374616D70223A31312C224672616D65436F756E746572223A3236373239332C2247445F58223A2D302E3031313134373832353937383639363334362C2247445F59223A302E303035393535313832303135383935383433352C2247445F5A223A302E303032313337383130393233313539313232352C2241445F58223A2D302E3030323932383539393731353233323834392C2241445F59223A2D312E30383039353436383032313932393236452D342C2241445F5A223A2D302E313730373134333738333536393333362C2254656D70447370223A302C22537461747573223A302C2243616C69625374617465223A312C22536967416D70496E76616C6964223A307D7DC583
05-27 18:58:42.847   536   536 D commservice260303: bufferevent_write retrun value = 0
