05-27 18:58:46.374  1008 30856 D [OMXB]  : usingANWBuffer: handle:0xee7467e0, format:1, w:1920, h:1080
05-27 18:58:46.375 13911 14192 D Sentinelmode_1.2.5.17_sentry: <SentryImuClusterFgeSender>imu_status sent to Linux, frame=267379, tsNs=11393614, tsMs=11, intervalMs=42, ad=(2.8942525E-4,-9.789855E-4,-0.1755991), gd=(-0.010918961,0.005573913,0.0019079053)
05-27 18:58:46.376   581   581 I SpiService: fgesysctrl_getGPIO_status success val=1
05-27 08:49:55.340   581   581 D spi_rst_gpio_get_output: GPIO 145 value: 1
05-27 08:49:55.340   581   581 D spidev_ioctl: gpio status=1)
05-27 18:58:46.381   581   581 I SpiService: fgesysctrl_getGPIO_status success val=1
05-27 18:58:46.384 13911 14183 I SentryImuMcuAngleSender: 179.96844rollDeg
05-27 18:58:46.384 13911 14183 I SentryImuMcuAngleSender: 1,0,0
05-27 18:58:46.385   299 30841 D EvsDriver: forwardFrame
05-27 08:49:55.346   581   581 D spi_rst_gpio_get_output: GPIO 145 value: 1
05-27 08:49:55.346   581   581 D spidev_ioctl: gpio status=1)
05-27 18:58:46.386   299 30841 D EvsDriver: Delivered 0xb400007b7ca56a60 as id 0
05-27 18:58:46.387   299 30844 D EvsDriver: forwardFrame
05-27 18:58:46.388   581   581 I SpiService: fgesysctrl_getGPIO_status success val=1
05-27 18:58:46.388  1167  1479 D evsmanagerd: /dev/video4 forwarded the buffer #0 to 0xb4000074bf5f6850 from 0xb4000074bf5f41d0
05-27 08:49:55.352   581   581 D spi_rst_gpio_get_output: GPIO 145 value: 1
05-27 08:49:55.352   581   581 D spidev_ioctl: gpio status=1)
05-27 18:58:46.389   299 30844 D EvsDriver: Delivered 0xb400007b7ca56900 as id 0
05-27 18:58:46.389  1167  1479 D evsmanagerd: /dev/video6 forwarded the buffer #0 to 0xb4000074bf5f5510 from 0xb4000074bf5f6d90
05-27 18:58:46.391   566 11459 I gps_hdbd: Received: '$GNGGA,011437.000,,,,,0,00,,,M,,M,,*66
'
05-27 18:58:46.392   299  1153 D EvsDriver: doneWithFrame
05-27 18:58:46.392   299  1163 D EvsDriver: doneWithFrame
05-27 18:58:46.393   581   581 I SpiService: fgesysctrl_getGPIO_status success val=0
05-27 18:58:46.394  1008 30857 D [OMXB]  : usingANWBuffer: handle:0xee744210, format:1, w:1920, h:1080
05-27 18:58:46.394   566 11459 I gps_hdbd: Received: '$GNGSA,A,1,,,,,,,,,,,,,,,,1*1D
'
05-27 08:49:55.358   581   581 D spidev_ioctl: gpio status=0)
05-27 18:58:46.403   566 11459 I gps_hdbd: Received: '$GNGSA,A,1,,,,,,,,,,,,,,,,3*1F
'
05-27 18:58:46.405 13911 14183 I SentryImuMcuAngleSender: 179.96844rollDeg
05-27 18:58:46.405 13911 14183 I SentryImuMcuAngleSender: 1,0,0
05-27 18:58:46.406   566 11459 I gps_hdbd: Received: '$GNGSA,A,1,,,,,,,,,,,,,,,,4*18
'
05-27 18:58:46.407   566 11459 I gps_hdbd: Received: '$BDGSV,1,1,00,1*75
'
05-27 18:58:46.407 30773 30786 I dvr_service_: CameraX 0  audioOK: 35778779,audios:560
05-27 18:58:46.408   481   598 I mcuc    : rev,n=1,6AA681E57C000A8900D4010409011234560C
05-27 18:58:46.408  1121  1144 I tboxmids_ap: [2026-05-27 18:58:46.408] [MCU RX] src=MCU dst=ZMQ len=10 type=BINARY data=00 08 D4 01 04 09 01 12 34 56 
05-27 18:58:46.408   351   373 D automotive.vehicle@2.0-adayo-datacomm-mcu: MCUDatacomm sendMessageFromVehicle prop: 0x89, areaId: 0x0, status: 0xd4, timestamp: 0x1
05-27 18:58:46.408   351   373 D automotive.vehicle@2.0-adayo-datacomm-mcu: MCUDatacomm 1sendMessageFromVehicle ---> type = 12 
05-27 18:58:46.409  1008 30856 D [OMXB]  : usingANWBuffer: handle:0xee743ea0, format:1, w:1920, h:1080
05-27 18:58:46.409   566 11459 I gps_hdbd: Received: '$BDGSV,1,1,00,5*71
'
05-27 18:58:46.409   581   581 I SpiService: fgesysctrl_getGPIO_status success val=1
05-27 18:58:46.409   566 11459 I gps_hdbd: Received: '$GPGSV,1,1,01,199,42,165,,1*60
'
05-27 18:58:46.410  1083  1083 I MyAppLog: [2026-05-27 18:58:46.409 I tboxap mcuCommTboxmidsRecvCb:97] [Mcu] [mcuCommTboxmidsRecvCb] recv from tboxmids, size:10
05-27 18:58:46.410  1083  1083 I MyAppLog: [2026-05-27 18:58:46.409 I tboxap mcuCommTboxmidsRecvCb:98] [Mcu] [tboxmids -> tboxap]: :00 08 D4 01 04 09 01 12 34 56
05-27 18:58:46.410  1083  1083 I MyAppLog: [2026-05-27 18:58:46.409 I tboxap mcuPtlParseData:990] [Mcu] [Mcu  Parse]: (cmd):0901 (param):0901123456
05-27 18:58:46.410   566 11459 I gps_hdbd: Received: '$GPGSV,1,1,00,8*6D
'
05-27 18:58:46.411  1083  1083 W MyAppLog: [2026-05-27 18:58:46.409 W tboxap mcuParamDataRevPack:918] [Mcu] mcuParamDataRevPack start pack data!!!
05-27 18:58:46.411  1083  1083 W MyAppLog: [2026-05-27 18:58:46.409 W tboxap mcuSaveQueryData:219] [Mcu] [mcuSaveQueryData] unknown query item:0x56
05-27 18:58:46.411   566 11459 I gps_hdbd: Received: '$GAGSV,1,1,00,7*73
'
05-27 18:58:46.411  1083  1083 W MyAppLog: [2026-05-27 18:58:46.409 W tboxap mcuHandleQueryInd:1700] [Mcu] [mcuHandleQueryInd] unknown query item:0x56
05-27 18:58:46.412  1083  1083 W MyAppLog: [2026-05-27 18:58:46.410 W tboxap mcuHandleQueryInd:1700] [Mcu] [mcuHandleQueryInd] unknown query item:0x56
05-27 18:58:46.412  1083  1083 W MyAppLog: [2026-05-27 18:58:46.410 W tboxap mcuHandleQueryInd:1700] [Mcu] [mcuHandleQueryInd] unknown query item:0x56
05-27 18:58:46.412  1083  1083 W MyAppLog: [2026-05-27 18:58:46.410 W tboxap mcuHandleQueryInd:1700] [Mcu] [mcuHandleQueryInd] unknown query item:0x56
05-27 18:58:46.412   566 11459 I gps_hdbd: Received: '$GAGSV,1,1,00,1*75
'
05-27 18:58:46.412  1083  1083 W MyAppLog: [2026-05-27 18:58:46.410 W tboxap mcuHandleQueryInd:1700] [Mcu] [mcuHandleQueryInd] unknown query item:0x56
05-27 18:58:46.412  1083  1083 W MyAppLog: [2026-05-27 18:58:46.410 W tboxap mcuHandleQueryInd:1700] [Mcu] [mcuHandleQueryInd] unknown query item:0x56
05-27 08:49:55.374   581   581 D spi_rst_gpio_get_output: GPIO 145 value: 1
05-27 08:49:55.374   581   581 D spidev_ioctl: gpio status=1)
05-27 08:49:55.377     0     0 W         : c6 [    C6] Irq_monitor:Irq                                           IPI[1]occur        7992 times interval 1032 ms
05-27 18:58:46.412  1083  1083 W MyAppLog: [2026-05-27 18:58:46.410 W tboxap mcuHandleQueryInd:1700] [Mcu] [mcuHandleQueryInd] unknown query item:0x56
05-27 18:58:46.413  1083  1083 W MyAppLog: [2026-05-27 18:58:46.410 W tboxap mcuHandleQueryInd:1700] [Mcu] [mcuHandleQueryInd] unknown query item:0x56
05-27 08:49:55.380   581   581 D spi_rst_gpio_get_output: GPIO 145 value: 1
05-27 08:49:55.380   581   581 D spidev_ioctl: gpio status=1)
05-27 18:58:46.414  1083  1083 W MyAppLog: [2026-05-27 18:58:46.410 W tboxap mcuHandleQueryInd:1700] [Mcu] [mcuHandleQueryInd] unknown query item:0x56
05-27 18:58:46.414  1083  1083 W MyAppLog: [2026-05-27 18:58:46.410 W tboxap mcuHandleQueryInd:1700] [Mcu] [mcuHandleQueryInd] unknown query item:0x56
05-27 18:58:46.415   581   581 I SpiService: fgesysctrl_getGPIO_status success val=1
05-27 18:58:46.416   536   536 D commservice260303: msg.id = 1028,1
05-27 18:58:46.416   536   536 D commservice260303: i = 170, msgid = 8A000404
05-27 18:58:46.416   536   536 D commservice260303: msgid = -1979710460,did=138
05-27 18:58:46.416   536   536 D commservice260303: CommProtocolLibCmdBaseI2C::dataproc {"command":{"id":"imu_status","sub":""},"content":{"TimeStamp":11,"FrameCounter":267380,"GD_X":-0.010994902811944485,"GD_Y":0.004656890872865915,"GD_Z":0.0023671966046094894,"AD_X":-0.0076184868812561035,"AD_Y":0.0032662420999258757,"AD_Z":-0.16339969635009766,"TempDsp":0,"Status":0,"CalibState":1,"SigAmpInvalid":0}},-1979710460
05-27 18:58:46.416   283   307 I rvcservice: t.code = 1, t.value = -173239
05-27 18:58:46.416   536   536 D commservice260303: send2Cluster len:318, 7B22636F6D6D616E64223A7B226964223A22696D755F737461747573222C22737562223A22227D2C22636F6E74656E74223A7B2254696D655374616D70223A31312C224672616D65436F756E746572223A3236373338302C2247445F58223A2D302E3031303939343930323831313934343438352C2247445F59223A302E3030343635363839303837323836353931352C2247445F5A223A302E303032333637313936363034363039343839342C2241445F58223A2D302E303037363138343836383831323536313033352C2241445F59223A302E303033323636323432303939393235383735372C2241445F5A223A2D302E31363333393936393633353030393736362C2254656D70447370223A302C22537461747573223A302C2243616C69625374617465223A312C22536967416D70496E76616C6964223A307D7D, 138 
05-27 18:58:46.416   536   536 D commservice260303: Push Message into SendPool fn=1767244800
05-27 18:58:46.416   536   536 D commservice260303: ComProtocolLibSend2Cluster::send2ClusterRaw fn=1767244800 , len=334
05-27 18:58:46.416   536   536 D commservice260303: sendCmdToPort :334!!!
05-27 18:58:46.417   536   536 D commservice260303: send Cmd To Port ++++5AA5014A8A01000456696A16CE667B22636F6D6D616E64223A7B226964223A22696D755F737461747573222C22737562223A22227D2C22636F6E74656E74223A7B2254696D655374616D70223A31312C224672616D65436F756E746572223A3236373338302C2247445F58223A2D302E3031303939343930323831313934343438352C2247445F59223A302E3030343635363839303837323836353931352C2247445F5A223A302E303032333637313936363034363039343839342C2241445F58223A2D302E303037363138343836383831323536313033352C2241445F59223A302E303033323636323432303939393235383735372C2241445F5A223A2D302E31363333393936393633353030393736362C2254656D70447370223A302C22537461747573223A302C2243616C69625374617465223A312C22536967416D70496E76616C6964223A307D7DCEFE
05-27 18:58:46.417  1083  1083 W MyAppLog: [2026-05-27 18:58:46.410 W tboxap mcuHandleQueryInd:1700] [Mcu] [mcuHandleQueryInd] unknown query item:0x56
05-27 18:58:46.417   536   536 D commservice260303: bufferevent_write retrun value = 0
05-27 18:58:46.417  1083  1083 W MyAppLog: [2026-05-27 18:58:46.410 W tboxap mcuHandleQueryInd:1700] [Mcu] [mcuHandleQueryInd] unknown query item:0x56
05-27 18:58:46.417   536   560 D commservice260303: client datas send succeed,send finish
05-27 18:58:46.419  1083  1083 W MyAppLog: [2026-05-27 18:58:46.410 W tboxap mcuHandleQueryInd:1700] [Mcu] [mcuHandleQueryInd] unknown query item:0x56
05-27 18:58:46.419  1083  1083 W MyAppLog: [2026-05-27 18:58:46.410 W tboxap mcuHandleQueryInd:1700] [Mcu] [mcuHandleQueryInd] unknown query item:0x56
05-27 18:58:46.419   566 11459 I gps_hdbd: Received: '$GNRMC,011437.000,V,,,,,,,270526,120.0,E,N,V*45
'
05-27 18:58:46.419  1083  1083 W MyAppLog: [2026-05-27 18:58:46.410 W tboxap mcuHandleQueryInd:1700] [Mcu] [mcuHandleQueryInd] unknown query item:0x56
05-27 18:58:46.419  1083  1083 W MyAppLog: [2026-05-27 18:58:46.410 W tboxap mcuHandleQueryInd:1700] [Mcu] [mcuHandleQueryInd] unknown query item:0x56
05-27 18:58:46.419  1083  1083 W MyAppLog: [2026-05-27 18:58:46.410 W tboxap mcuHandleQueryInd:1700] [Mcu] [mcuHandleQueryInd] unknown query item:0x56
05-27 18:58:46.420  1083  1083 W MyAppLog: [2026-05-27 18:58:46.410 W tboxap mcuHandleQueryInd:1700] [Mcu] [mcuHandleQueryInd] unknown query item:0x56
05-27 18:58:46.420  1083  1083 W MyAppLog: [2026-05-27 18:58:46.410 W tboxap mcuHandleQueryInd:1700] [Mcu] [mcuHandleQueryInd] unknown query item:0x56
05-27 18:58:46.420  1083  1083 W MyAppLog: [2026-05-27 18:58:46.410 W tboxap mcuHandleQueryInd:1700] [Mcu] [mcuHandleQueryInd] unknown query item:0x56
05-27 18:58:46.420  1083  1083 W MyAppLog: [2026-05-27 18:58:46.410 W tboxap mcuHandleQueryInd:1700] [Mcu] [mcuHandleQueryInd] unknown query item:0x56
05-27 18:58:46.421   566 11459 I gps_hdbd: RMC : CALL gnss_sv_status_cb, view_in_sat <1>
05-27 18:58:46.421   566 11459 I gps_hdbd: [reportSvStatus]--->PLATFORM_BSP::Enter
05-27 18:58:46.421   581   581 I SpiService: fgesysctrl_getGPIO_status success val=1
05-27 18:58:46.421  1083  1083 W MyAppLog: [2026-05-27 18:58:46.410 W tboxap mcuHandleQueryInd:1700] [Mcu] [mcuHandleQueryInd] unknown query item:0x56
05-27 18:58:46.421  1083  1083 W MyAppLog: [2026-05-27 18:58:46.410 W tboxap mcuHandleQueryInd:1700] [Mcu] [mcuHandleQueryInd] unknown query item:0x56
05-27 18:58:46.421  1083  1083 W MyAppLog: [2026-05-27 18:58:46.410 W tboxap mcuHandleQueryInd:1700] [Mcu] [mcuHandleQueryInd] unknown query item:0x56
05-27 18:58:46.422  1083  1083 W MyAppLog: [2026-05-27 18:58:46.410 W tboxap mcuHandleQueryInd:1700] [Mcu] [mcuHandleQueryInd] unknown query item:0x56
05-27 18:58:46.423   566 11459 I gps_hdbd: hy abnormal deal:hy_cnr30_satellite_cnt=0
05-27 18:58:46.423 13911 14192 D Sentinelmode_1.2.5.17_sentry: <SentryImuClusterFgeSender>imu_status sent to Linux, frame=267380, tsNs=11393658, tsMs=11, intervalMs=48, ad=(-0.007618487,0.003266242,-0.1633997), gd=(-0.010994903,0.004656891,0.0023671966)
05-27 18:58:46.423   566 11459 D gps_hdbd: hy abnormal deal:hy_fixStatus_fail_count=0
05-27 18:58:46.423  1083  1083 W MyAppLog: [2026-05-27 18:58:46.410 W tboxap mcuHandleQueryInd:1700] [Mcu] [mcuHandleQueryInd] unknown query item:0x56
05-27 18:58:46.423  1083  1083 W MyAppLog: [2026-05-27 18:58:46.410 W tboxap mcuHandleQueryInd:1700] [Mcu] [mcuHandleQueryInd] unknown query item:0x56
05-27 18:58:46.424  1083  1083 W MyAppLog: [2026-05-27 18:58:46.410 W tboxap mcuHandleQueryInd:1700] [Mcu] [mcuHandleQueryInd] unknown query item:0x56
05-27 18:58:46.424  1083  1083 W MyAppLog: [2026-05-27 18:58:46.410 W tboxap mcuHandleQueryInd:1700] [Mcu] [mcuHandleQueryInd] unknown query item:0x56
05-27 18:58:46.424  1083  1083 W MyAppLog: [2026-05-27 18:58:46.410 W tboxap mcuHandleQueryInd:1700] [Mcu] [mcuHandleQueryInd] unknown query item:0x56
05-27 18:58:46.424  1083  1083 W MyAppLog: [2026-05-27 18:58:46.410 W tboxap mcuHandleQueryInd:1700] [Mcu] [mcuHandleQueryInd] unknown query item:0x56
05-27 08:49:55.385   581   581 D spi_rst_gpio_get_output: GPIO 145 value: 1
05-27 08:49:55.385   581   581 D spidev_ioctl: gpio status=1)
05-27 18:58:46.424  1083  1083 W MyAppLog: [2026-05-27 18:58:46.410 W tboxap mcuHandleQueryInd:1700] [Mcu] [mcuHandleQueryInd] unknown query item:0x56
05-27 18:58:46.424  1083  1083 W MyAppLog: [2026-05-27 18:58:46.410 W tboxap mcuHandleQueryInd:1700] [Mcu] [mcuHandleQueryInd] unknown query item:0x56
05-27 18:58:46.424   566 11459 I gps_hdbd: Received: '$GNZDA,011437.000,27,05,2026,00,00*4E
'
05-27 18:58:46.424  1083  1083 W MyAppLog: [2026-05-27 18:58:46.410 W tboxap mcuHandleQueryInd:1700] [Mcu] [mcuHandleQueryInd] unknown query item:0x56
05-27 18:58:46.424   299 30844 D EvsDriver: forwardFrame
05-27 18:58:46.425  1083  1083 W MyAppLog: [2026-05-27 18:58:46.410 W tboxap mcuHandleQueryInd:1700] [Mcu] [mcuHandleQueryInd] unknown query item:0x56
05-27 18:58:46.425  1083  1083 W MyAppLog: [2026-05-27 18:58:46.410 W tboxap mcuHandleQueryInd:1700] [Mcu] [mcuHandleQueryInd] unknown query item:0x56
05-27 18:58:46.425   299 30841 D EvsDriver: forwardFrame
05-27 18:58:46.425  1083  1083 W MyAppLog: [2026-05-27 18:58:46.410 W tboxap mcuHandleQueryInd:1700] [Mcu] [mcuHandleQueryInd] unknown query item:0x56
05-27 18:58:46.425  1083  1083 W MyAppLog: [2026-05-27 18:58:46.410 W tboxap mcuHandleQueryInd:1700] [Mcu] [mcuHandleQueryInd] unknown query item:0x56
05-27 18:58:46.425  1083  1083 W MyAppLog: [2026-05-27 18:58:46.410 W tboxap mcuHandleQueryInd:1700] [Mcu] [mcuHandleQueryInd] unknown query item:0x56
05-27 18:58:46.426  1083  1083 W MyAppLog: [2026-05-27 18:58:46.410 W tboxap mcuHandleQueryInd:1700] [Mcu] [mcuHandleQueryInd] unknown query item:0x56
05-27 18:58:46.426   299 30844 D EvsDriver: Delivered 0xb400007b7ca56900 as id 0
05-27 18:58:46.426  1167  1479 D evsmanagerd: /dev/video6 forwarded the buffer #0 to 0xb4000074bf5f5510 from 0xb4000074bf5f6d90
05-27 18:58:46.426   581   581 I SpiService: fgesysctrl_getGPIO_status success val=1
05-27 18:58:46.427  1167  1479 D evsmanagerd: /dev/video4 forwarded the buffer #0 to 0xb4000074bf5f6850 from 0xb4000074bf5f41d0
05-27 18:58:46.427   299 30841 D EvsDriver: Delivered 0xb400007b7ca56a60 as id 0
05-27 18:58:46.427 30773 30782 E dvr_service_: [myNum:1] Received S**** loss
05-27 18:58:46.427 30773 30783 E dvr_service_: [myNum:0] Received S**** loss
05-27 18:58:46.427 13911 14183 I SentryImuMcuAngleSender: 179.97545rollDeg
05-27 18:58:46.427 13911 14183 I SentryImuMcuAngleSender: 1,0,0
05-27 18:58:46.427   299  1153 D EvsDriver: doneWithFrame
05-27 18:58:46.427   299  1163 D EvsDriver: doneWithFrame
05-27 18:58:46.427  1083  1083 W MyAppLog: [2026-05-27 18:58:46.410 W tboxap mcuHandleQueryInd:1700] [Mcu] [mcuHandleQueryInd] unknown query item:0x56
05-27 18:58:46.428  1083  1083 W MyAppLog: [2026-05-27 18:58:46.410 W tboxap mcuHandleQueryInd:1700] [Mcu] [mcuHandleQueryInd] unknown query item:0x56
05-27 08:49:55.391   581   581 D spi_rst_gpio_get_output: GPIO 145 value: 1
05-27 08:49:55.391   581   581 D spidev_ioctl: gpio status=1)
05-27 18:58:46.428  1083  1083 W MyAppLog: [2026-05-27 18:58:46.410 W tboxap mcuHandleQueryInd:1700] [Mcu] [mcuHandleQueryInd] unknown query item:0x56
05-27 18:58:46.428  1083  1083 W MyAppLog: [2026-05-27 18:58:46.410 W tboxap mcuHandleQueryInd:1700] [Mcu] [mcuHandleQueryInd] unknown query item:0x56
05-27 18:58:46.428  1083  1083 W MyAppLog: [2026-05-27 18:58:46.410 W tboxap mcuHandleQueryInd:1700] [Mcu] [mcuHandleQueryInd] unknown query item:0x56
05-27 18:58:46.428  1083  1083 W MyAppLog: [2026-05-27 18:58:46.410 W tboxap mcuHandleQueryInd:1700] [Mcu] [mcuHandleQueryInd] unknown query item:0x56
05-27 18:58:46.428  1083  1083 W MyAppLog: [2026-05-27 18:58:46.410 W tboxap mcuHandleQueryInd:1700] [Mcu] [mcuHandleQueryInd] unknown query item:0x56
05-27 18:58:46.428  1083  1083 W MyAppLog: [2026-05-27 18:58:46.410 W tboxap mcuHandleQueryInd:1700] [Mcu] [mcuHandleQueryInd] unknown query item:0x56
05-27 18:58:46.429  1083  1083 W MyAppLog: [2026-05-27 18:58:46.410 W tboxap mcuHandleQueryInd:1700] [Mcu] [mcuHandleQueryInd] unknown query item:0x56
05-27 18:58:46.429  1083  1083 W MyAppLog: [2026-05-27 18:58:46.410 W tboxap mcuHandleQueryInd:1700] [Mcu] [mcuHandleQueryInd] unknown query item:0x56
05-27 18:58:46.429  1083  1083 W MyAppLog: [2026-05-27 18:58:46.410 W tboxap mcuHandleQueryInd:1700] [Mcu] [mcuHandleQueryInd] unknown query item:0x56
05-27 18:58:46.429  1008 30857 D [OMXB]  : usingANWBuffer: handle:0xee745600, format:1, w:1920, h:1080
05-27 18:58:46.429  1083  1083 W MyAppLog: [2026-05-27 18:58:46.420 W tboxap gpsSyncGpsInfoToDm:361] [Gps] [gpsSyncGpsInfoToDm] fix=0 mode=49 corner:0x01 alt=0.00 sat=0 hdop=0.00 pdop=0.00 vdop=0.00
05-27 18:58:46.432   581   581 I SpiService: fgesysctrl_getGPIO_status success val=0
05-27 18:58:46.432   481   597 I mcuc    : send SPI:6AA602E57C0002890012
05-27 08:49:55.397   581   581 D spi_rst_gpio_get_output: GPIO 145 value: 0
05-27 08:49:55.397   581   581 D spidev_ioctl: gpio status=0)
05-27 18:58:46.446   566 11459 I gps_hdbd: Received: '$GNINS,1,1,TYPE,I,V,011437.000,19988000,FUS,-8,0,0,0,MOT,V,1,PATT,0.00,0.00,0.00,VEL,0.000,0.000,0.000,POS,40.0001330924,116.0001570688,84.176,IIA,1,0.00,0.00,0.00,BGA,0.31,-0.66,-0.13,0.000,0.000,0.000,IGA,0,-1,0,0,-2,98,VG,16c2ff1*19
'
05-27 18:58:46.446  1008 30856 D [OMXB]  : usingANWBuffer: handle:0xee747180, format:1, w:1920, h:1080
05-27 18:58:46.447   581   581 I SpiService: fgesysctrl_getGPIO_status success val=1
05-27 18:58:46.448 13911 14183 I SentryImuMcuAngleSender: -179.958rollDeg
05-27 18:58:46.448 13911 14183 I SentryImuMcuAngleSender: 1,0,0
05-27 08:49:55.411   581   581 D spi_rst_gpio_get_output: GPIO 145 value: 1
05-27 08:49:55.411   581   581 D spidev_ioctl: gpio status=1)
05-27 18:58:46.451   566 11459 I gps_hdbd: Received: '$GNINS,CARSPEED,ADR_STATUS,0,Pulse_count,0,1,0,0,19988000,113730,0.000,0.000,0.000*00
'
05-27 18:58:46.452   581   581 I SpiService: fgesysctrl_getGPIO_status success val=1
05-27 18:58:46.452   299 30844 D EvsDriver: forwardFrame
05-27 08:49:55.417   581   581 D spi_rst_gpio_get_output: GPIO 145 value: 1
05-27 08:49:55.417   581   581 D spidev_ioctl: gpio status=1)
05-27 18:58:46.454   299 30841 D EvsDriver: forwardFrame
05-27 18:58:46.454   299 30844 D EvsDriver: Delivered 0xb400007b7ca56900 as id 0
05-27 18:58:46.454  1167  1479 D evsmanagerd: /dev/video6 forwarded the buffer #0 to 0xb4000074bf5f5510 from 0xb4000074bf5f6d90
05-27 18:58:46.455   536   536 D commservice260303: msg.id = 1028,1
05-27 18:58:46.455   536   536 D commservice260303: i = 170, msgid = 8A000404
05-27 18:58:46.456   536   536 D commservice260303: msgid = -1979710460,did=138
05-27 18:58:46.456   536   536 D commservice260303: CommProtocolLibCmdBaseI2C::dataproc {"command":{"id":"imu_status","sub":""},"content":{"TimeStamp":11,"FrameCounter":267381,"GD_X":-0.01091896090656519,"GD_Y":0.004809814505279064,"GD_Z":0.0019079053308814764,"AD_X":0.0033410340547561646,"AD_Y":-0.008297341875731945,"AD_Z":-0.1768198013305664,"TempDsp":0,"Status":0,"CalibState":1,"SigAmpInvalid":0}},-1979710460
05-27 18:58:46.456   536   536 D commservice260303: send2Cluster len:315, 7B22636F6D6D616E64223A7B226964223A22696D755F737461747573222C22737562223A22227D2C22636F6E74656E74223A7B2254696D655374616D70223A31312C224672616D65436F756E746572223A3236373338312C2247445F58223A2D302E30313039313839363039303635363531392C2247445F59223A302E3030343830393831343530353237393036342C2247445F5A223A302E303031393037393035333330383831343736342C2241445F58223A302E303033333431303334303534373536313634362C2241445F59223A2D302E3030383239373334313837353733313934352C2241445F5A223A2D302E313736383139383031333330353636342C2254656D70447370223A302C22537461747573223A302C2243616C69625374617465223A312C22536967416D70496E76616C6964223A307D7D, 138 
05-27 18:58:46.456   536   536 D commservice260303: Push Message into SendPool fn=1784022016
05-27 18:58:46.456   536   536 D commservice260303: ComProtocolLibSend2Cluster::send2ClusterRaw fn=1784022016 , len=331
05-27 18:58:46.456   536   536 D commservice260303: sendCmdToPort :331!!!
05-27 18:58:46.456   536   536 D commservice260303: send Cmd To Port ++++5AA501478A010004566A6A16CE667B22636F6D6D616E64223A7B226964223A22696D755F737461747573222C22737562223A22227D2C22636F6E74656E74223A7B2254696D655374616D70223A31312C224672616D65436F756E746572223A3236373338312C2247445F58223A2D302E30313039313839363039303635363531392C2247445F59223A302E3030343830393831343530353237393036342C2247445F5A223A302E303031393037393035333330383831343736342C2241445F58223A302E303033333431303334303534373536313634362C2241445F59223A2D302E3030383239373334313837353733313934352C2241445F5A223A2D302E313736383139383031333330353636342C2254656D70447370223A302C22537461747573223A302C2243616C69625374617465223A312C22536967416D70496E76616C6964223A307D7D1609
05-27 18:58:46.456   536   536 D commservice260303: bufferevent_write retrun value = 0
05-27 18:58:46.456   536   560 D commservice260303: client datas send succeed,send finish
05-27 18:58:46.457 13911 14192 D Sentinelmode_1.2.5.17_sentry: <SentryImuClusterFgeSender>imu_status sent to Linux, frame=267381, tsNs=11393679, tsMs=11, intervalMs=33, ad=(0.003341034,-0.008297342,-0.1768198), gd=(-0.010918961,0.0048098145,0.0019079053)
05-27 18:58:46.457   566 11459 I gps_hdbd: Received: '$GNTXT,04,01,04,INS,V,1,,,,FLG,1,000000,1,0,1,0,0,Con,0*71
'
05-27 18:58:46.457   299 30841 D EvsDriver: Delivered 0xb400007b7ca56a60 as id 0
05-27 18:58:46.457  1167  1479 D evsmanagerd: /dev/video4 forwarded the buffer #0 to 0xb4000074bf5f6850 from 0xb4000074bf5f41d0
05-27 18:58:46.458   581   581 I SpiService: fgesysctrl_getGPIO_status success val=1
05-27 08:49:55.422   581   581 D spi_rst_gpio_get_output: GPIO 145 value: 1
05-27 08:49:55.422   581   581 D spidev_ioctl: gpio status=1)
05-27 08:49:55.428   581   581 D spi_rst_gpio_get_output: GPIO 145 value: 1
05-27 08:49:55.428   581   581 D spidev_ioctl: gpio status=1)
05-27 18:58:46.459   299  1163 D EvsDriver: doneWithFrame
05-27 18:58:46.463  1008 30857 D [OMXB]  : usingANWBuffer: handle:0xee7412a0, format:1, w:1920, h:1080
05-27 18:58:46.463   566 11459 I gps_hdbd: Received: '$GNTXT,INSTALL,0.00,0.00,0.00,0.00,0.00,0.00,0*20
'
05-27 18:58:46.464   581   581 I SpiService: fgesysctrl_getGPIO_status success val=1
05-27 18:58:46.464   299  1163 D EvsDriver: doneWithFrame
05-27 18:58:46.464   572   622 I Sensors : 230 AccelSensor: x:-0.162260,y:-0.006100,z:-10.001560
05-27 18:58:46.469 13911 14183 I SentryImuMcuAngleSender: -179.96506rollDeg
05-27 18:58:46.469 13911 14183 I SentryImuMcuAngleSender: 1,0,0
05-27 18:58:46.469   581   581 I SpiService: fgesysctrl_getGPIO_status success val=1
05-27 08:49:55.434   581   581 D spi_rst_gpio_get_output: GPIO 145 value: 1
05-27 08:49:55.434   581   581 D spidev_ioctl: gpio status=1)
05-27 18:58:46.475   581   581 I SpiService: fgesysctrl_getGPIO_status success val=0
05-27 08:49:55.440   581   581 D spi_rst_gpio_get_output: GPIO 145 value: 0
05-27 08:49:55.440   581   581 D spidev_ioctl: gpio status=0)
05-27 18:58:46.479  1008 30856 D [OMXB]  : usingANWBuffer: handle:0xee7421c0, format:1, w:1920, h:1080
05-27 18:58:46.481   299 30844 D EvsDriver: forwardFrame
05-27 18:58:46.483  1167  1184 D evsmanagerd: /dev/video6 forwarded the buffer #0 to 0xb4000074bf5f5510 from 0xb4000074bf5f6d90
05-27 18:58:46.483   299 30844 D EvsDriver: Delivered 0xb400007b7ca56900 as id 0
05-27 18:58:46.484 30773 30786 I dvr_service_: CameraX 1  audioOK: 35778779,audios:560
05-27 18:58:46.486   299 30841 D EvsDriver: forwardFrame
05-27 18:58:46.486   299  1163 D EvsDriver: doneWithFrame
05-27 18:58:46.489 13911 14183 I SentryImuMcuAngleSender: 179.972rollDeg
05-27 18:58:46.489  1167  1184 D evsmanagerd: /dev/video4 forwarded the buffer #0 to 0xb4000074bf5f6850 from 0xb4000074bf5f41d0
05-27 18:58:46.489 13911 14183 I SentryImuMcuAngleSender: 1,0,0
05-27 18:58:46.489   581   581 I SpiService: fgesysctrl_getGPIO_status success val=1
05-27 18:58:46.489   299 30841 D EvsDriver: Delivered 0xb400007b7ca56a60 as id 0
05-27 08:49:55.454   581   581 D spi_rst_gpio_get_output: GPIO 145 value: 1
05-27 08:49:55.454   581   581 D spidev_ioctl: gpio status=1)
05-27 18:58:46.493   299  1163 D EvsDriver: doneWithFrame
05-27 18:58:46.496   581   581 I SpiService: fgesysctrl_getGPIO_status success val=1
05-27 08:49:55.460   581   581 D spi_rst_gpio_get_output: GPIO 145 value: 1
05-27 08:49:55.460   581   581 D spidev_ioctl: gpio status=1)
05-27 18:58:46.497   536   536 D commservice260303: msg.id = 1028,2
05-27 18:58:46.497   536   536 D commservice260303: i = 170, msgid = 8A000404
05-27 18:58:46.497   536   536 D commservice260303: msgid = -1979710460,did=138
05-27 18:58:46.497   536   536 D commservice260303: CommProtocolLibCmdBaseI2C::dataproc {"command":{"id":"imu_status","sub":""},"content":{"TimeStamp":11,"FrameCounter":267382,"GD_X":-0.012139749713242054,"GD_Y":0.006032164208590984,"GD_Z":0.0021378109231591225,"AD_X":-0.006432071328163147,"AD_Y":0.003913968801498413,"AD_Z":-0.1816997528076172,"TempDsp":0,"Status":0,"CalibState":1,"SigAmpInvalid":0}},-1979710460
05-27 18:58:46.498   536   536 D commservice260303: send2Cluster len:315, 7B22636F6D6D616E64223A7B226964223A22696D755F737461747573222C22737562223A22227D2C22636F6E74656E74223A7B2254696D655374616D70223A31312C224672616D65436F756E746572223A3236373338322C2247445F58223A2D302E3031323133393734393731333234323035342C2247445F59223A302E3030363033323136343230383539303938342C2247445F5A223A302E303032313337383130393233313539313232352C2241445F58223A2D302E3030363433323037313332383136333134372C2241445F59223A302E3030333931333936383830313439383431332C2241445F5A223A2D302E313831363939373532383037363137322C2254656D70447370223A302C22537461747573223A302C2243616C69625374617465223A312C22536967416D70496E76616C6964223A307D7D, 138 
05-27 18:58:46.498   536   536 D commservice260303: Push Message into SendPool fn=1800799232
05-27 18:58:46.498   536   536 D commservice260303: ComProtocolLibSend2Cluster::send2ClusterRaw fn=1800799232 , len=331
05-27 18:58:46.498   536   536 D commservice260303: sendCmdToPort :331!!!
05-27 18:58:46.498   536   536 D commservice260303: send Cmd To Port ++++5AA501478A010004566B6A16CE667B22636F6D6D616E64223A7B226964223A22696D755F737461747573222C22737562223A22227D2C22636F6E74656E74223A7B2254696D655374616D70223A31312C224672616D65436F756E746572223A3236373338322C2247445F58223A2D302E3031323133393734393731333234323035342C2247445F59223A302E3030363033323136343230383539303938342C2247445F5A223A302E303032313337383130393233313539313232352C2241445F58223A2D302E3030363433323037313332383136333134372C2241445F59223A302E3030333931333936383830313439383431332C2241445F5A223A2D302E313831363939373532383037363137322C2254656D70447370223A302C22537461747573223A302C2243616C69625374617465223A312C22536967416D70496E76616C6964223A307D7DB545
05-27 18:58:46.498   536   536 D commservice260303: bufferevent_write retrun value = 0
05-27 18:58:46.498   536   560 D commservice260303: client datas send succeed,send finish
05-27 18:58:46.498 13911 14192 D Sentinelmode_1.2.5.17_sentry: <SentryImuClusterFgeSender>imu_status sent to Linux, frame=267382, tsNs=11393739, tsMs=11, intervalMs=42, ad=(-0.0064320713,0.003913969,-0.18169975), gd=(-0.01213975,0.006032164,0.002137811)
05-27 18:58:46.501   581   581 I SpiService: fgesysctrl_getGPIO_status success val=1
05-27 18:58:46.503  1008 30856 D [OMXB]  : usingANWBuffer: handle:0xee743b30, format:1, w:1920, h:1080
05-27 08:49:55.466   581   581 D spi_rst_gpio_get_output: GPIO 145 value: 1
05-27 08:49:55.466   581   581 D spidev_ioctl: gpio status=1)
05-27 18:58:46.507   581   581 I SpiService: fgesysctrl_getGPIO_status success val=1
05-27 08:49:55.472   581   581 D spi_rst_gpio_get_output: GPIO 145 value: 1
05-27 08:49:55.472   581   581 D spidev_ioctl: gpio status=1)
05-27 18:58:46.510 13911 14183 I SentryImuMcuAngleSender: 179.96495rollDeg
05-27 18:58:46.510 13911 14183 I SentryImuMcuAngleSender: 1,0,0
05-27 18:58:46.513   581   581 I SpiService: fgesysctrl_getGPIO_status success val=0
05-27 08:49:55.477   581   581 D spi_rst_gpio_get_output: GPIO 145 value: 0
05-27 08:49:55.477   581   581 D spidev_ioctl: gpio status=0)
05-27 18:58:46.516   283   307 I rvcservice: t.code = 3, t.value = 0
05-27 18:58:46.518  1008 30857 D [OMXB]  : usingANWBuffer: handle:0xee742cc0, format:1, w:1920, h:1080
05-27 18:58:46.520   299 30841 D EvsDriver: forwardFrame
05-27 18:58:46.520   299 30844 D EvsDriver: forwardFrame
05-27 18:58:46.522   299 30841 D EvsDriver: Delivered 0xb400007b7ca56a60 as id 0
05-27 18:58:46.522  1167  1184 D evsmanagerd: /dev/video4 forwarded the buffer #0 to 0xb4000074bf5f6850 from 0xb4000074bf5f41d0
05-27 18:58:46.525  1167  1184 D evsmanagerd: /dev/video6 forwarded the buffer #0 to 0xb4000074bf5f5510 from 0xb4000074bf5f6d90
05-27 18:58:46.525   299 30844 D EvsDriver: Delivered 0xb400007b7ca56900 as id 0
05-27 18:58:46.525   572   622 I Sensors : 230 GyroSensor: x:-0.011301,y:0.005421,z:0.001908
05-27 18:58:46.526   299  1163 D EvsDriver: doneWithFrame
05-27 18:58:46.527   581   581 I SpiService: fgesysctrl_getGPIO_status success val=1
05-27 18:58:46.529   299  1163 D EvsDriver: doneWithFrame
05-27 08:49:55.492   581   581 D spi_rst_gpio_get_output: GPIO 145 value: 1
05-27 08:49:55.492   581   581 D spidev_ioctl: gpio status=1)
05-27 18:58:46.533   581   581 I SpiService: fgesysctrl_getGPIO_status success val=1
05-27 18:58:46.534 13911 14183 I SentryImuMcuAngleSender: 179.97548rollDeg
05-27 18:58:46.534 13911 14183 I SentryImuMcuAngleSender: 1,0,0
05-27 18:58:46.536   536   536 D commservice260303: msg.id = 1028,1
05-27 18:58:46.536   536   536 D commservice260303: i = 170, msgid = 8A000404
05-27 18:58:46.536   536   536 D commservice260303: msgid = -1979710460,did=138
05-27 18:58:46.536   536   536 D commservice260303: CommProtocolLibCmdBaseI2C::dataproc {"command":{"id":"imu_status","sub":""},"content":{"TimeStamp":11,"FrameCounter":267383,"GD_X":-0.011300750076770782,"GD_Y":0.005420989356935024,"GD_Z":0.0019079053308814764,"AD_X":-0.008230656385421753,"AD_Y":0.003278016345575452,"AD_Z":-0.1749897003173828,"TempDsp":0,"Status":0,"CalibState":1,"SigAmpInvalid":0}},-1979710460
05-27 18:58:46.536   536   536 D commservice260303: send2Cluster len:315, 7B22636F6D6D616E64223A7B226964223A22696D755F737461747573222C22737562223A22227D2C22636F6E74656E74223A7B2254696D655374616D70223A31312C224672616D65436F756E746572223A3236373338332C2247445F58223A2D302E3031313330303735303037363737303738322C2247445F59223A302E3030353432303938393335363933353032342C2247445F5A223A302E303031393037393035333330383831343736342C2241445F58223A2D302E3030383233303635363338353432313735332C2241445F59223A302E3030333237383031363334353537353435322C2241445F5A223A2D302E313734393839373030333137333832382C2254656D70447370223A302C22537461747573223A302C2243616C69625374617465223A312C22536967416D70496E76616C6964223A307D7D, 138 
05-27 18:58:46.536   536   536 D commservice260303: Push Message into SendPool fn=1817576448
05-27 18:58:46.536   536   536 D commservice260303: ComProtocolLibSend2Cluster::send2ClusterRaw fn=1817576448 , len=331
05-27 18:58:46.536   536   536 D commservice260303: sendCmdToPort :331!!!
05-27 18:58:46.537   536   536 D commservice260303: send Cmd To Port ++++5AA501478A010004566C6A16CE667B22636F6D6D616E64223A7B226964223A22696D755F737461747573222C22737562223A22227D2C22636F6E74656E74223A7B2254696D655374616D70223A31312C224672616D65436F756E746572223A3236373338332C2247445F58223A2D302E3031313330303735303037363737303738322C2247445F59223A302E3030353432303938393335363933353032342C2247445F5A223A302E303031393037393035333330383831343736342C2241445F58223A2D302E3030383233303635363338353432313735332C2241445F59223A302E3030333237383031363334353537353435322C2241445F5A223A2D302E313734393839373030333137333832382C2254656D70447370223A302C22537461747573223A302C2243616C69625374617465223A312C22536967416D70496E76616C6964223A307D7D95C4
05-27 18:58:46.537   536   536 D commservice260303: bufferevent_write retrun value = 0
05-27 18:58:46.537   536   560 D commservice260303: client datas send succeed,send finish
05-27 08:49:55.498   581   581 D spi_rst_gpio_get_output: GPIO 145 value: 1
05-27 08:49:55.498   581   581 D spidev_ioctl: gpio status=1)
05-27 18:58:46.537 13911 14192 D Sentinelmode_1.2.5.17_sentry: <SentryImuClusterFgeSender>imu_status sent to Linux, frame=267383, tsNs=11393776, tsMs=11, intervalMs=39, ad=(-0.008230656,0.0032780163,-0.1749897), gd=(-0.01130075,0.0054209894,0.0019079053)
05-27 18:58:46.537  1008 30856 D [OMXB]  : usingANWBuffer: handle:0xee742ed0, format:1, w:1920, h:1080
05-27 18:58:46.538   581   581 I SpiService: fgesysctrl_getGPIO_status success val=1
05-27 08:49:55.503   581   581 D spi_rst_gpio_get_output: GPIO 145 value: 1
05-27 08:49:55.503   581   581 D spidev_ioctl: gpio status=1)
05-27 18:58:46.544   581   581 I SpiService: fgesysctrl_getGPIO_status success val=1
05-27 18:58:46.544   536   760 I commservice260303: [mcuCommFunctionTcp::ProtocolCheckConnectTimeOutProc:613] keyID:256,tcpEvent:5,tcpcount:0,heartbeat:1,noHeartBeatNumber:0,endispatch:0,strState:0
05-27 18:58:46.544   536   760 D commservice260303: ProtocolCheckConnectTimeOutProc,629,clear heartbeat
05-27 08:49:55.509   581   581 D spi_rst_gpio_get_output: GPIO 145 value: 1
05-27 08:49:55.509   581   581 D spidev_ioctl: gpio status=1)
05-27 18:58:46.548   299 30844 D EvsDriver: forwardFrame
05-27 18:58:46.548   299 30841 D EvsDriver: forwardFrame
05-27 18:58:46.550   581   581 I SpiService: fgesysctrl_getGPIO_status success val=1
05-27 18:58:46.551   299 30841 D EvsDriver: Delivered 0xb400007b7ca56a60 as id 0
05-27 18:58:46.551  1167  1479 D evsmanagerd: /dev/video4 forwarded the buffer #0 to 0xb4000074bf5f6850 from 0xb4000074bf5f41d0
05-27 18:58:46.552   299 30844 D EvsDriver: Delivered 0xb400007b7ca56900 as id 0
05-27 18:58:46.553  1167  1479 D evsmanagerd: /dev/video6 forwarded the buffer #0 to 0xb4000074bf5f5510 from 0xb4000074bf5f6d90
05-27 08:49:55.515   581   581 D spi_rst_gpio_get_output: GPIO 145 value: 1
05-27 08:49:55.515   581   581 D spidev_ioctl: gpio status=1)
05-27 18:58:46.555   299  1163 D EvsDriver: doneWithFrame
05-27 18:58:46.556 13911 14183 I SentryImuMcuAngleSender: 179.99298rollDeg
05-27 08:49:55.521   581   581 D spi_rst_gpio_get_output: GPIO 145 value: 0
05-27 08:49:55.521   581   581 D spidev_ioctl: gpio status=0)
05-27 18:58:46.556 13911 14183 I SentryImuMcuAngleSender: 1,0,0
05-27 18:58:46.557   581   581 I SpiService: fgesysctrl_getGPIO_status success val=0
05-27 18:58:46.559   299  1163 D EvsDriver: doneWithFrame
05-27 18:58:46.567  1008 30856 D [OMXB]  : usingANWBuffer: handle:0xee742950, format:1, w:1920, h:1080
05-27 18:58:46.572   581   581 I SpiService: fgesysctrl_getGPIO_status success val=1
05-27 08:49:55.537   581   581 D spi_rst_gpio_get_output: GPIO 145 value: 1
05-27 08:49:55.537   581   581 D spidev_ioctl: gpio status=1)
05-27 18:58:46.576   536   536 D commservice260303: msg.id = 1028,1
05-27 18:58:46.576   536   536 D commservice260303: i = 170, msgid = 8A000404
05-27 18:58:46.576   536   536 D commservice260303: msgid = -1979710460,did=138
05-27 18:58:46.576   536   536 D commservice260303: CommProtocolLibCmdBaseI2C::dataproc {"command":{"id":"imu_status","sub":""},"content":{"TimeStamp":11,"FrameCounter":267384,"GD_X":-0.011300750076770782,"GD_Y":0.005268065724521875,"GD_Z":0.0017560218693688512,"AD_X":-9.107589721679688E-4,"AD_Y":-9.899478172883391E-4,"AD_Z":-0.16949939727783203,"TempDsp":0,"Status":0,"CalibState":1,"SigAmpInvalid":0}},-1979710460
05-27 18:58:46.576   536   536 D commservice260303: send2Cluster len:317, 7B22636F6D6D616E64223A7B226964223A22696D755F737461747573222C22737562223A22227D2C22636F6E74656E74223A7B2254696D655374616D70223A31312C224672616D65436F756E746572223A3236373338342C2247445F58223A2D302E3031313330303735303037363737303738322C2247445F59223A302E3030353236383036353732343532313837352C2247445F5A223A302E303031373536303231383639333638383531322C2241445F58223A2D392E313037353839373231363739363838452D342C2241445F59223A2D392E383939343738313732383833333931452D342C2241445F5A223A2D302E31363934393933393732373738333230332C2254656D70447370223A302C22537461747573223A302C2243616C69625374617465223A312C22536967416D70496E76616C6964223A307D7D, 138 
05-27 18:58:46.576   536   536 D commservice260303: Push Message into SendPool fn=1834353664
05-27 18:58:46.576 13911 14183 I SentryImuMcuAngleSender: 180.0rollDeg
05-27 18:58:46.576   536   536 D commservice260303: ComProtocolLibSend2Cluster::send2ClusterRaw fn=1834353664 , len=333
05-27 18:58:46.576   536   536 D commservice260303: sendCmdToPort :333!!!
05-27 18:58:46.576 13911 14183 I SentryImuMcuAngleSender: 1,0,0
05-27 18:58:46.576   536   536 D commservice260303: send Cmd To Port ++++5AA501498A010004566D6A16CE667B22636F6D6D616E64223A7B226964223A22696D755F737461747573222C22737562223A22227D2C22636F6E74656E74223A7B2254696D655374616D70223A31312C224672616D65436F756E746572223A3236373338342C2247445F58223A2D302E3031313330303735303037363737303738322C2247445F59223A302E3030353236383036353732343532313837352C2247445F5A223A302E303031373536303231383639333638383531322C2241445F58223A2D392E313037353839373231363739363838452D342C2241445F59223A2D392E383939343738313732383833333931452D342C2241445F5A223A2D302E31363934393933393732373738333230332C2254656D70447370223A302C22537461747573223A302C2243616C69625374617465223A312C22536967416D70496E76616C6964223A307D7DBEF9
05-27 18:58:46.577   536   536 D commservice260303: bufferevent_write retrun value = 0
05-27 18:58:46.577   536   560 D commservice260303: client datas send succeed,send finish
05-27 18:58:46.577 13911 14192 D Sentinelmode_1.2.5.17_sentry: <SentryImuClusterFgeSender>imu_status sent to Linux, frame=267384, tsNs=11393809, tsMs=11, intervalMs=40, ad=(-9.10759E-4,-9.899478E-4,-0.1694994), gd=(-0.01130075,0.0052680657,0.0017560219)
05-27 18:58:46.578   581   581 I SpiService: fgesysctrl_getGPIO_status success val=1
05-27 18:58:46.579   299 30841 D EvsDriver: forwardFrame
05-27 18:58:46.581   299 30841 D EvsDriver: Delivered 0xb400007b7ca56a60 as id 0
05-27 08:49:55.542   581   581 D spi_rst_gpio_get_output: GPIO 145 value: 1
05-27 18:58:46.581  1167  1479 D evsmanagerd: /dev/video4 forwarded the buffer #0 to 0xb4000074bf5f6850 from 0xb4000074bf5f41d0
05-27 08:49:55.542   581   581 D spidev_ioctl: gpio status=1)
05-27 18:58:46.581 30773 30783 E dvr_service_: [myNum:0] Received S**** loss
05-27 18:58:46.581   299  1163 D EvsDriver: doneWithFrame
05-27 18:58:46.582  1008 30857 D [OMXB]  : usingANWBuffer: handle:0xee742ab0, format:1, w:1920, h:1080
05-27 18:58:46.583 30773 30789 I dvr_service_: Camera 1: MediaOK:35766578, frames:830, isKeyFrame:0,pts:11393484824
05-27 18:58:46.583   581   581 I SpiService: fgesysctrl_getGPIO_status success val=1
05-27 08:49:55.548   581   581 D spi_rst_gpio_get_output: GPIO 145 value: 1
05-27 08:49:55.548   581   581 D spidev_ioctl: gpio status=1)
05-27 18:58:46.587   299 30844 D EvsDriver: forwardFrame
05-27 18:58:46.589   581   581 I SpiService: fgesysctrl_getGPIO_status success val=1
05-27 18:58:46.589   299 30844 D EvsDriver: Delivered 0xb400007b7ca56900 as id 0
05-27 18:58:46.589  1167  1479 D evsmanagerd: /dev/video6 forwarded the buffer #0 to 0xb4000074bf5f5510 from 0xb4000074bf5f6d90
05-27 18:58:46.590 30773 30783 E dvr_service_: [myNum:1] Received S**** loss
05-27 18:58:46.590   299  1163 D EvsDriver: doneWithFrame
05-27 08:49:55.554   581   581 D spi_rst_gpio_get_output: GPIO 145 value: 1
05-27 08:49:55.554   581   581 D spidev_ioctl: gpio status=1)
05-27 18:58:46.594   581   581 I SpiService: fgesysctrl_getGPIO_status success val=0
05-27 18:58:46.597 13911 14183 I SentryImuMcuAngleSender: -179.9895rollDeg
05-27 18:58:46.597 13911 14183 I SentryImuMcuAngleSender: 1,0,0
05-27 18:58:46.614   299 30844 D EvsDriver: Delivered 0xb400007b7ca56900 as id 0
05-27 18:58:46.614  1167  1479 D evsmanagerd: /dev/video6 forwarded the buffer #0 to 0xb4000074bf5f5510 from 0xb4000074bf5f6d90
05-27 18:58:46.615  1008 30857 D [OMXB]  : usingANWBuffer: handle:0xee7407a0, format:1, w:1920, h:1080
05-27 18:58:46.615   536   536 D commservice260303: msg.id = 1028,1
05-27 18:58:46.615   536   536 D commservice260303: i = 170, msgid = 8A000404
05-27 18:58:46.615   536   536 D commservice260303: msgid = -1979710460,did=138
05-27 18:58:46.615   536   536 D commservice260303: CommProtocolLibCmdBaseI2C::dataproc {"command":{"id":"imu_status","sub":""},"content":{"TimeStamp":11,"FrameCounter":267385,"GD_X":-0.011987865902483463,"GD_Y":0.005268065724521875,"GD_Z":0.0020608289632946253,"AD_X":-0.004581525921821594,"AD_Y":0.0014612202066928148,"AD_Z":-0.17071914672851562,"TempDsp":0,"Status":0,"CalibState":1,"SigAmpInvalid":0}},-1979710460
05-27 18:58:46.615   536   536 D commservice260303: send2Cluster len:317, 7B22636F6D6D616E64223A7B226964223A22696D755F737461747573222C22737562223A22227D2C22636F6E74656E74223A7B2254696D655374616D70223A31312C224672616D65436F756E746572223A3236373338352C2247445F58223A2D302E3031313938373836353930323438333436332C2247445F59223A302E3030353236383036353732343532313837352C2247445F5A223A302E303032303630383238393633323934363235332C2241445F58223A2D302E3030343538313532353932313832313539342C2241445F59223A302E303031343631323230323036363932383134382C2241445F5A223A2D302E31373037313931343637323835313536322C2254656D70447370223A302C22537461747573223A302C2243616C69625374617465223A312C22536967416D70496E76616C6964223A307D7D, 138 
05-27 18:58:46.615   536   536 D commservice260303: Push Message into SendPool fn=1851130880
05-27 18:58:46.616   536   536 D commservice260303: ComProtocolLibSend2Cluster::send2ClusterRaw fn=1851130880 , len=333
05-27 08:49:55.579   581   581 D spi_rst_gpio_get_output: GPIO 145 value: 1
05-27 08:49:55.579   581   581 D spidev_ioctl: gpio status=1)
05-27 18:58:46.616   536   536 D commservice260303: sendCmdToPort :333!!!
05-27 18:58:46.616   536   536 D commservice260303: send Cmd To Port ++++5AA501498A010004566E6A16CE667B22636F6D6D616E64223A7B226964223A22696D755F737461747573222C22737562223A22227D2C22636F6E74656E74223A7B2254696D655374616D70223A31312C224672616D65436F756E746572223A3236373338352C2247445F58223A2D302E3031313938373836353930323438333436332C2247445F59223A302E3030353236383036353732343532313837352C2247445F5A223A302E303032303630383238393633323934363235332C2241445F58223A2D302E3030343538313532353932313832313539342C2241445F59223A302E303031343631323230323036363932383134382C2241445F5A223A2D302E31373037313931343637323835313536322C2254656D70447370223A302C22537461747573223A302C2243616C69625374617465223A312C22536967416D70496E76616C6964223A307D7D2D7D
05-27 18:58:46.616   536   536 D commservice260303: bufferevent_write retrun value = 0
05-27 18:58:46.616   536   560 D commservice260303: client datas send succeed,send finish
05-27 18:58:46.616 13911 14192 D Sentinelmode_1.2.5.17_sentry: <SentryImuClusterFgeSender>imu_status sent to Linux, frame=267385, tsNs=11393862, tsMs=11, intervalMs=39, ad=(-0.004581526,0.0014612202,-0.17071915), gd=(-0.011987866,0.0052680657,0.002060829)
05-27 18:58:46.616   283   307 I rvcservice: t.code = 0, t.value = 0
05-27 18:58:46.616   299 30841 D EvsDriver: forwardFrame
05-27 18:58:46.617 13911 14183 I SentryImuMcuAngleSender: 179.986rollDeg
05-27 18:58:46.617 13911 14183 I SentryImuMcuAngleSender: 1,0,0
05-27 18:58:46.618   299 30841 D EvsDriver: Delivered 0xb400007b7ca56a60 as id 0
05-27 18:58:46.618  1167  1479 D evsmanagerd: /dev/video4 forwarded the buffer #0 to 0xb4000074bf5f6850 from 0xb4000074bf5f41d0
05-27 18:58:46.618   299  1163 D EvsDriver: doneWithFrame
05-27 18:58:46.619   581   581 I SpiService: fgesysctrl_getGPIO_status success val=1
05-27 08:49:55.584   581   581 D spi_rst_gpio_get_output: GPIO 145 value: 1
05-27 08:49:55.584   581   581 D spidev_ioctl: gpio status=1)
05-27 18:58:46.623   299  1163 D EvsDriver: doneWithFrame
05-27 18:58:46.625   581   581 I SpiService: fgesysctrl_getGPIO_status success val=1
05-27 08:49:55.590   581   581 D spi_rst_gpio_get_output: GPIO 145 value: 1
05-27 08:49:55.590   581   581 D spidev_ioctl: gpio status=1)
05-27 18:58:46.629   572   622 I Sensors : 230 AccelSensor: x:-0.173239,y:0.005490,z:-9.976550
05-27 18:58:46.631   581   581 I SpiService: fgesysctrl_getGPIO_status success val=1
05-27 08:49:55.595   581   581 D spi_rst_gpio_get_output: GPIO 145 value: 1
05-27 08:49:55.595   581   581 D spidev_ioctl: gpio status=1)
05-27 18:58:46.636   581   581 I SpiService: fgesysctrl_getGPIO_status success val=0
05-27 08:49:55.601   581   581 D spi_rst_gpio_get_output: GPIO 145 value: 0
05-27 08:49:55.601   581   581 D spidev_ioctl: gpio status=0)
05-27 18:58:46.637 13911 14183 I SentryImuMcuAngleSender: 179.96848rollDeg
05-27 18:58:46.637 13911 14183 I SentryImuMcuAngleSender: 1,0,0
05-27 18:58:46.638 18363 18391 D ANWAPI_SECOND: (18363|0x29004CB0)[BTAPI] set_bluetooth_power : open /sys/class/gpio/gpio142/value
05-27 18:58:46.639 18363 18391 D ANWAPI_SECOND: (18363|0x29004CB0)[BTAPI] set_bluetooth_power : open(/sys/class/gpio/gpio142/value) for write failed,fd=-1
05-27 18:58:46.639 18363 18391 D ANWAPI_SECOND: (18363|0x29004CB0)[BTAPI] open set_bluetooth_power : write(No such file or directory) failed,errno = 2
05-27 18:58:46.640  1008 30856 D [OMXB]  : usingANWBuffer: handle:0xee740170, format:1, w:1920, h:1080
05-27 18:58:46.650   581   581 I SpiService: fgesysctrl_getGPIO_status success val=1
05-27 08:49:55.615   581   581 D spi_rst_gpio_get_output: GPIO 145 value: 1
05-27 08:49:55.615   581   581 D spidev_ioctl: gpio status=1)
05-27 18:58:46.653   299 30841 D EvsDriver: forwardFrame
05-27 18:58:46.654   299 30844 D EvsDriver: forwardFrame
05-27 18:58:46.654   299 30841 D EvsDriver: Delivered 0xb400007b7ca56a60 as id 0
05-27 18:58:46.655  1167  1479 D evsmanagerd: /dev/video4 forwarded the buffer #0 to 0xb4000074bf5f6850 from 0xb4000074bf5f41d0
05-27 18:58:46.655   299 30844 D EvsDriver: Delivered 0xb400007b7ca56900 as id 0
05-27 18:58:46.655  1167  1479 D evsmanagerd: /dev/video6 forwarded the buffer #0 to 0xb4000074bf5f5510 from 0xb4000074bf5f6d90
05-27 18:58:46.655   536   536 D commservice260303: msg.id = 1028,0
05-27 18:58:46.656   536   536 D commservice260303: i = 170, msgid = 8A000404
05-27 18:58:46.656   536   536 D commservice260303: msgid = -1979710460,did=138
05-27 18:58:46.656   536   536 D commservice260303: CommProtocolLibCmdBaseI2C::dataproc {"command":{"id":"imu_status","sub":""},"content":{"TimeStamp":11,"FrameCounter":267386,"GD_X":-0.01091896090656519,"GD_Y":0.00519212381914258,"GD_Z":0.0018319635419175029,"AD_X":-0.004567161202430725,"AD_Y":0.0014423045795410872,"AD_Z":-0.17255115509033203,"TempDsp":0,"Status":0,"CalibState":1,"SigAmpInvalid":0}},-1979710460
05-27 18:58:46.656   536   536 D commservice260303: send2Cluster len:315, 7B22636F6D6D616E64223A7B226964223A22696D755F737461747573222C22737562223A22227D2C22636F6E74656E74223A7B2254696D655374616D70223A31312C224672616D65436F756E746572223A3236373338362C2247445F58223A2D302E30313039313839363039303635363531392C2247445F59223A302E30303531393231323338313931343235382C2247445F5A223A302E303031383331393633353431393137353032392C2241445F58223A2D302E3030343536373136313230323433303732352C2241445F59223A302E303031343432333034353739353431303837322C2241445F5A223A2D302E31373235353131353530393033333230332C2254656D70447370223A302C22537461747573223A302C2243616C69625374617465223A312C22536967416D70496E76616C6964223A307D7D, 138 
05-27 18:58:46.656   536   536 D commservice260303: Push Message into SendPool fn=1867908096
05-27 18:58:46.656   536   536 D commservice260303: ComProtocolLibSend2Cluster::send2ClusterRaw fn=1867908096 , len=331
05-27 18:58:46.656   536   536 D commservice260303: sendCmdToPort :331!!!
05-27 18:58:46.656   536   536 D commservice260303: send Cmd To Port ++++5AA501478A010004566F6A16CE667B22636F6D6D616E64223A7B226964223A22696D755F737461747573222C22737562223A22227D2C22636F6E74656E74223A7B2254696D655374616D70223A31312C224672616D65436F756E746572223A3236373338362C2247445F58223A2D302E30313039313839363039303635363531392C2247445F59223A302E30303531393231323338313931343235382C2247445F5A223A302E303031383331393633353431393137353032392C2241445F58223A2D302E3030343536373136313230323433303732352C2241445F59223A302E303031343432333034353739353431303837322C2241445F5A223A2D302E31373235353131353530393033333230332C2254656D70447370223A302C22537461747573223A302C2243616C69625374617465223A312C22536967416D70496E76616C6964223A307D7D740A
05-27 18:58:46.656   536   536 D commservice260303: bufferevent_write retrun value = 0
05-27 18:58:46.656   536   560 D commservice260303: client datas send succeed,send finish
05-27 18:58:46.656   581   581 I SpiService: fgesysctrl_getGPIO_status success val=1
05-27 08:49:55.621   581   581 D spi_rst_gpio_get_output: GPIO 145 value: 1
