05-27 08:49:59.304 10047 10047 W         : AICWFDBG(LOGTRACE)	rwnx_cmd_malloc get cmd_array[0]:000000004c96fbbb
05-27 08:49:59.304     0     0 E         : c1 [    C1] |__c2e     mmc1:  555    0    0    0    0    0    0    0    0    0    0    0    0    0
05-27 08:49:59.304     0     0 E         : c1 [    C1] |__d2e     mmc1:  191    0    0    0    0    0    0    0    0    0    0    0    0    0
05-27 08:49:59.304     0     0 E         : c1 [    C1] |__blocks  mmc1:    0  140   47    0    4    0    0    0    0    0    0    0    0    0
05-27 08:49:59.305     0     0 E         : c1 [    C1] |__speed   mmc1: r= 0.0 M/s, w= 0.0 M/s, r_blk= 0, w_blk= 0
05-27 08:49:59.305   354   354 W         : AICWFDBG(LOGDEBUG)	rwnx_rx_handle_msg msg->id:0x76
05-27 08:49:59.305 10047 10047 W         : AICWFDBG(LOGTRACE)	rwnx_cmd_free cmd_array[0]:000000004c96fbbb
05-27 08:49:59.305 10047 10047 W         : AICWFDBG(LOGDEBUG)	rwnx_fill_station_info ModTx(2):5 TxIndex:8 ModRx(0):0 RxHTIndex:0 RxVHTIndex:0 RxHEIndex:0 RSSI:-39
05-27 18:58:50.344   481   598 I mcuc    : rev,n=1,6AA6827DAB000209014A
05-27 18:58:50.345   299 30841 D EvsDriver: forwardFrame
05-27 18:58:50.346   581   581 I SpiService: fgesysctrl_getGPIO_status success val=1
05-27 18:58:50.347 13911 14183 I SentryImuMcuAngleSender: -179.9895rollDeg
05-27 18:58:50.347 13911 14183 I SentryImuMcuAngleSender: 1,0,0
05-27 18:58:50.347   536   536 D commservice260303: msg.id = 1028,0
05-27 18:58:50.347   536   536 D commservice260303: i = 170, msgid = 8A000404
05-27 18:58:50.347   536   536 D commservice260303: msgid = -1979710460,did=138
05-27 18:58:50.347   536   536 D commservice260303: CommProtocolLibCmdBaseI2C::dataproc {"command":{"id":"imu_status","sub":""},"content":{"TimeStamp":11,"FrameCounter":267477,"GD_X":-0.011223767884075642,"GD_Y":0.005573912989348173,"GD_Z":0.0020608289632946253,"AD_X":-0.0027314424514770508,"AD_Y":-0.0025219121016561985,"AD_Z":-0.1755990982055664,"TempDsp":0,"Status":0,"CalibState":1,"SigAmpInvalid":0}},-1979710460
05-27 18:58:50.347   536   536 D commservice260303: send2Cluster len:318, 7B22636F6D6D616E64223A7B226964223A22696D755F737461747573222C22737562223A22227D2C22636F6E74656E74223A7B2254696D655374616D70223A31312C224672616D65436F756E746572223A3236373437372C2247445F58223A2D302E3031313232333736373838343037353634322C2247445F59223A302E3030353537333931323938393334383137332C2247445F5A223A302E303032303630383238393633323934363235332C2241445F58223A2D302E303032373331343432343531343737303530382C2241445F59223A2D302E303032353231393132313031363536313938352C2241445F5A223A2D302E313735353939303938323035353636342C2254656D70447370223A302C22537461747573223A302C2243616C69625374617465223A312C22536967416D70496E76616C6964223A307D7D, 138 
05-27 18:58:50.347   536   536 D commservice260303: Push Message into SendPool fn=-866778112
05-27 18:58:50.348   536   536 D commservice260303: ComProtocolLibSend2Cluster::send2ClusterRaw fn=-866778112 , len=334
05-27 18:58:50.348   536   536 D commservice260303: sendCmdToPort :334!!!
05-27 18:58:50.348   536   536 D commservice260303: send Cmd To Port ++++5AA5014A8A01000456CC6A16CE6A7B22636F6D6D616E64223A7B226964223A22696D755F737461747573222C22737562223A22227D2C22636F6E74656E74223A7B2254696D655374616D70223A31312C224672616D65436F756E746572223A3236373437372C2247445F58223A2D302E3031313232333736373838343037353634322C2247445F59223A302E3030353537333931323938393334383137332C2247445F5A223A302E303032303630383238393633323934363235332C2241445F58223A2D302E303032373331343432343531343737303530382C2241445F59223A2D302E303032353231393132313031363536313938352C2241445F5A223A2D302E313735353939303938323035353636342C2254656D70447370223A302C22537461747573223A302C2243616C69625374617465223A312C22536967416D70496E76616C6964223A307D7D604C
05-27 18:58:50.348   536   536 D commservice260303: bufferevent_write retrun value = 0
05-27 18:58:50.348   536   560 D commservice260303: client datas send succeed,send finish
05-27 18:58:50.348   299 30841 D EvsDriver: Delivered 0xb400007b7ca56a60 as id 0
05-27 18:58:50.348  1167  1479 D evsmanagerd: /dev/video4 forwarded the buffer #0 to 0xb4000074bf5f6850 from 0xb4000074bf5f41d0
05-27 18:58:50.348 13911 14192 D Sentinelmode_1.2.5.17_sentry: <SentryImuClusterFgeSender>imu_status sent to Linux, frame=267477, tsNs=11397589, tsMs=11, intervalMs=41, ad=(-0.0027314425,-0.002521912,-0.1755991), gd=(-0.011223768,0.005573913,0.002060829)
05-27 08:49:59.311   581   581 D spi_rst_gpio_get_output: GPIO 145 value: 1
05-27 08:49:59.311   581   581 D spidev_ioctl: gpio status=1)
05-27 18:58:50.351   299  1153 D EvsDriver: doneWithFrame
05-27 18:58:50.352   581   581 I SpiService: fgesysctrl_getGPIO_status success val=1
05-27 08:49:59.317   581   581 D spi_rst_gpio_get_output: GPIO 145 value: 1
05-27 08:49:59.317   581   581 D spidev_ioctl: gpio status=1)
05-27 18:58:50.354   299 30844 D EvsDriver: forwardFrame
05-27 18:58:50.355   299 30844 D EvsDriver: Delivered 0xb400007b7ca56900 as id 0
05-27 18:58:50.355   572   622 I Sensors : 230 AccelSensor: x:-0.170190,y:0.002440,z:-9.978380
05-27 18:58:50.355  1167  1479 D evsmanagerd: /dev/video6 forwarded the buffer #0 to 0xb4000074bf5f5510 from 0xb4000074bf5f6d90
05-27 18:58:50.358   581   581 I SpiService: fgesysctrl_getGPIO_status success val=1
05-27 18:58:50.358   299  1153 D EvsDriver: doneWithFrame
05-27 08:49:59.323   581   581 D spi_rst_gpio_get_output: GPIO 145 value: 1
05-27 08:49:59.323   581   581 D spidev_ioctl: gpio status=1)
05-27 18:58:50.361  1008 30857 D [OMXB]  : usingANWBuffer: handle:0xee740e80, format:1, w:1920, h:1080
05-27 18:58:50.363   581   581 I SpiService: fgesysctrl_getGPIO_status success val=1
05-27 08:49:59.328   581   581 D spi_rst_gpio_get_output: GPIO 145 value: 1
05-27 08:49:59.328   581   581 D spidev_ioctl: gpio status=1)
05-27 18:58:50.367 13911 14183 I SentryImuMcuAngleSender: 179.986rollDeg
05-27 18:58:50.367 13911 14183 I SentryImuMcuAngleSender: 1,0,0
05-27 18:58:50.367   536   560 D commservice260303: recv len:77, 5AA500490600000042B96A16CE6A7B22636F6D6D616E64223A7B226964223A226473695F6C7578222C22737562223A22227D2C22636F6E74656E74223A7B2276616C7565223A3230307D7D7F78 from server
05-27 18:58:50.367   536  2578 D commservice260303: mcuDataAnalyzeHandle templen:77,len:77,pos:0, 5AA500490600000042B96A16CE6A7B22636F6D6D616E64223A7B226964223A226473695F6C7578222C22737562223A22227D2C22636F6E74656E74223A7B2276616C7565223A3230307D7D7F78 
05-27 18:58:50.367   536  2578 I commservice260303: checksumCal = 32632
05-27 18:58:50.367   536  2578 D commservice260303: CommProtocolLibCmdBaseC2I::dataproc {"command":{"id":"dsi_lux","sub":""},"content":{"value":200}},6
05-27 18:58:50.368   536  2578 D commservice260303: mcuCommMessageManager::notifyMsgToClient hwbinder OK
05-27 18:58:50.368   536  2578 D commservice260303: McuProtocolLibSend2Service::send2Service ret=1
05-27 18:58:50.368 12246 12440 D ivicomm_CommManager: fgeComServiceCallback: {"command":{"id":"dsi_lux","sub":""},"content":{"value":200}}
05-27 18:58:50.368 12246 12440 D ivicomm_CallbackManager: registerCallback DSI_LUX: {"value":200} mCommStateCallbackMap size:4
05-27 18:58:50.368 11579 11719 D NSLogUtils_VehicleService: L2A comm state: id=dsi_lux, value=200
05-27 18:58:50.369   581   581 I SpiService: fgesysctrl_getGPIO_status success val=1
05-27 18:58:50.369 11344  6594 D SystemUI_SystemSettingsControllerService: onCommState: commandID = dsi_lux; value = 200
05-27 08:49:59.333   581   581 D spi_rst_gpio_get_output: GPIO 145 value: 1
05-27 08:49:59.333   581   581 D spidev_ioctl: gpio status=1)
05-27 18:58:50.374   581   581 I SpiService: fgesysctrl_getGPIO_status success val=0
05-27 18:58:50.375  1008 30856 D [OMXB]  : usingANWBuffer: handle:0xee7428a0, format:1, w:1920, h:1080
05-27 08:49:59.339   581   581 D spi_rst_gpio_get_output: GPIO 145 value: 0
05-27 08:49:59.339   581   581 D spidev_ioctl: gpio status=0)
05-27 18:58:50.382   299 30844 D EvsDriver: forwardFrame
05-27 18:58:50.384   299 30844 D EvsDriver: Delivered 0xb400007b7ca56900 as id 0
05-27 18:58:50.384  1167  1479 D evsmanagerd: /dev/video6 forwarded the buffer #0 to 0xb4000074bf5f5510 from 0xb4000074bf5f6d90
05-27 18:58:50.388   299 30841 D EvsDriver: forwardFrame
05-27 18:58:50.388   566 11459 I gps_hdbd: Received: '$GNGGA,011441.000,,,,,0,00,,,M,,M,,*67
'
05-27 18:58:50.388 13911 14183 I SentryImuMcuAngleSender: 179.98248rollDeg
05-27 18:58:50.388   299  1153 D EvsDriver: doneWithFrame
05-27 18:58:50.388 13911 14183 I SentryImuMcuAngleSender: 1,0,0
05-27 18:58:50.390   581   581 I SpiService: fgesysctrl_getGPIO_status success val=1
05-27 18:58:50.390   299 30841 D EvsDriver: Delivered 0xb400007b7ca56a60 as id 0
05-27 18:58:50.391  1167  1479 D evsmanagerd: /dev/video4 forwarded the buffer #0 to 0xb4000074bf5f6850 from 0xb4000074bf5f41d0
05-27 18:58:50.392   536   536 D commservice260303: msg.id = 1028,3
05-27 18:58:50.392   536   536 D commservice260303: i = 170, msgid = 8A000404
05-27 18:58:50.392   536   536 D commservice260303: msgid = -1979710460,did=138
05-27 18:58:50.392   536   536 D commservice260303: CommProtocolLibCmdBaseI2C::dataproc {"command":{"id":"imu_status","sub":""},"content":{"TimeStamp":11,"FrameCounter":267478,"GD_X":-0.012063807807862759,"GD_Y":0.00519212381914258,"GD_Z":0.0020608289632946253,"AD_X":-0.003948241472244263,"AD_Y":0.002344681415706873,"AD_Z":-0.17193889617919922,"TempDsp":0,"Status":0,"CalibState":1,"SigAmpInvalid":0}},-1979710460
05-27 18:58:50.393   536   536 D commservice260303: send2Cluster len:315, 7B22636F6D6D616E64223A7B226964223A22696D755F737461747573222C22737562223A22227D2C22636F6E74656E74223A7B2254696D655374616D70223A31312C224672616D65436F756E746572223A3236373437382C2247445F58223A2D302E3031323036333830373830373836323735392C2247445F59223A302E30303531393231323338313931343235382C2247445F5A223A302E303032303630383238393633323934363235332C2241445F58223A2D302E3030333934383234313437323234343236332C2241445F59223A302E3030323334343638313431353730363837332C2241445F5A223A2D302E31373139333838393631373931393932322C2254656D70447370223A302C22537461747573223A302C2243616C69625374617465223A312C22536967416D70496E76616C6964223A307D7D, 138 
05-27 18:58:50.393   536   536 D commservice260303: Push Message into SendPool fn=-850000896
05-27 18:58:50.393   536   536 D commservice260303: ComProtocolLibSend2Cluster::send2ClusterRaw fn=-850000896 , len=331
05-27 18:58:50.393   536   536 D commservice260303: sendCmdToPort :331!!!
05-27 18:58:50.393   536   536 D commservice260303: send Cmd To Port ++++5AA501478A01000456CD6A16CE6A7B22636F6D6D616E64223A7B226964223A22696D755F737461747573222C22737562223A22227D2C22636F6E74656E74223A7B2254696D655374616D70223A31312C224672616D65436F756E746572223A3236373437382C2247445F58223A2D302E3031323036333830373830373836323735392C2247445F59223A302E30303531393231323338313931343235382C2247445F5A223A302E303032303630383238393633323934363235332C2241445F58223A2D302E3030333934383234313437323234343236332C2241445F59223A302E3030323334343638313431353730363837332C2241445F5A223A2D302E31373139333838393631373931393932322C2254656D70447370223A302C22537461747573223A302C2243616C69625374617465223A312C22536967416D70496E76616C6964223A307D7DAE48
05-27 18:58:50.393   536   536 D commservice260303: bufferevent_write retrun value = 0
05-27 18:58:50.394   536   560 D commservice260303: client datas send succeed,send finish
05-27 18:58:50.394 13911 14192 D Sentinelmode_1.2.5.17_sentry: <SentryImuClusterFgeSender>imu_status sent to Linux, frame=267478, tsNs=11397629, tsMs=11, intervalMs=46, ad=(-0.0039482415,0.0023446814,-0.1719389), gd=(-0.012063808,0.005192124,0.002060829)
05-27 08:49:59.354   581   581 D spi_rst_gpio_get_output: GPIO 145 value: 1
05-27 08:49:59.354   581   581 D spidev_ioctl: gpio status=1)
05-27 08:49:59.360   581   581 D spi_rst_gpio_get_output: GPIO 145 value: 1
05-27 08:49:59.360   581   581 D spidev_ioctl: gpio status=1)
05-27 18:58:50.395   566 11459 I gps_hdbd: Received: '$GNGSA,A,1,,,,,,,,,,,,,,,,1*1D
'
05-27 18:58:50.395   299  1153 D EvsDriver: doneWithFrame
05-27 18:58:50.396   581   581 I SpiService: fgesysctrl_getGPIO_status success val=1
05-27 18:58:50.397   566 11459 I gps_hdbd: Received: '$GNGSA,A,1,,,,,,,,,,,,,,,,3*1F
'
05-27 18:58:50.399   566 11459 I gps_hdbd: Received: '$GNGSA,A,1,,,,,,,,,,,,,,,,4*18
'
05-27 18:58:50.399   566 11459 I gps_hdbd: Received: '$BDGSV,1,1,00,1*75
'
05-27 18:58:50.401   581   581 I SpiService: fgesysctrl_getGPIO_status success val=1
05-27 18:58:50.401  1008 30857 D [OMXB]  : usingANWBuffer: handle:0xee743be0, format:1, w:1920, h:1080
05-27 18:58:50.403 18434 18464 D ANWAPI_SECOND: (18434|0x295D6CB0)[BTAPI] set_bluetooth_power : open /sys/class/gpio/gpio142/value
05-27 18:58:50.403 18434 18464 D ANWAPI_SECOND: (18434|0x295D6CB0)[BTAPI] set_bluetooth_power : open(/sys/class/gpio/gpio142/value) for write failed,fd=-1
05-27 18:58:50.403 18434 18464 D ANWAPI_SECOND: (18434|0x295D6CB0)[BTAPI] open set_bluetooth_power : write(No such file or directory) failed,errno = 2
05-27 08:49:59.366   581   581 D spi_rst_gpio_get_output: GPIO 145 value: 1
05-27 08:49:59.366   581   581 D spidev_ioctl: gpio status=1)
05-27 18:58:50.406   566 11459 I gps_hdbd: Received: '$BDGSV,1,1,00,5*71
'
05-27 18:58:50.407   581   581 I SpiService: fgesysctrl_getGPIO_status success val=1
05-27 18:58:50.407   566 11459 I gps_hdbd: Received: '$GPGSV,1,1,01,199,42,165,,1*60
'
05-27 18:58:50.408 13911 14183 I SentryImuMcuAngleSender: 179.993rollDeg
05-27 18:58:50.408 13911 14183 I SentryImuMcuAngleSender: 1,0,0
05-27 08:49:59.371   581   581 D spi_rst_gpio_get_output: GPIO 145 value: 1
05-27 08:49:59.371   581   581 D spidev_ioctl: gpio status=1)
05-27 18:58:50.411   566 11459 I gps_hdbd: Received: '$GPGSV,1,1,00,8*6D
'
05-27 18:58:50.411   566 11459 I gps_hdbd: Received: '$GAGSV,1,1,00,7*73
'
05-27 18:58:50.411   299 30844 D EvsDriver: forwardFrame
05-27 18:58:50.412   581   581 I SpiService: fgesysctrl_getGPIO_status success val=1
05-27 08:49:59.377   581   581 D spi_rst_gpio_get_output: GPIO 145 value: 1
05-27 08:49:59.377   581   581 D spidev_ioctl: gpio status=1)
05-27 18:58:50.413   299 30844 D EvsDriver: Delivered 0xb400007b7ca56900 as id 0
05-27 18:58:50.413  1167  1479 D evsmanagerd: /dev/video6 forwarded the buffer #0 to 0xb4000074bf5f5510 from 0xb4000074bf5f6d90
05-27 18:58:50.414 30773 30783 E dvr_service_: [myNum:1] Received S**** loss
05-27 18:58:50.414   299 30841 D EvsDriver: forwardFrame
05-27 18:58:50.414   299  1153 D EvsDriver: doneWithFrame
05-27 18:58:50.415   299 30841 D EvsDriver: Delivered 0xb400007b7ca56a60 as id 0
05-27 18:58:50.415  1167  1479 D evsmanagerd: /dev/video4 forwarded the buffer #0 to 0xb4000074bf5f6850 from 0xb4000074bf5f41d0
05-27 18:58:50.415 30773 30783 E dvr_service_: [myNum:0] Received S**** loss
05-27 18:58:50.415   299  1153 D EvsDriver: doneWithFrame
05-27 18:58:50.416   566 11459 I gps_hdbd: Received: '$GAGSV,1,1,00,1*75
'
05-27 18:58:50.417   566 11459 I gps_hdbd: Received: '$GNRMC,011441.000,V,,,,,,,270526,120.0,E,N,V*44
'
05-27 18:58:50.417  1008 30856 D [OMXB]  : usingANWBuffer: handle:0xee7432f0, format:1, w:1920, h:1080
05-27 18:58:50.417   566 11459 I gps_hdbd: RMC : CALL gnss_sv_status_cb, view_in_sat <1>
05-27 18:58:50.417   566 11459 I gps_hdbd: [reportSvStatus]--->PLATFORM_BSP::Enter
05-27 18:58:50.417   566 11459 I gps_hdbd: hy abnormal deal:hy_cnr30_satellite_cnt=0
05-27 18:58:50.417   566 11459 D gps_hdbd: hy abnormal deal:hy_fixStatus_fail_count=0
05-27 18:58:50.418  1083  1083 W MyAppLog: [2026-05-27 18:58:50.417 W tboxap gpsSyncGpsInfoToDm:361] [Gps] [gpsSyncGpsInfoToDm] fix=0 mode=49 corner:0x01 alt=0.00 sat=0 hdop=0.00 pdop=0.00 vdop=0.00
05-27 18:58:50.418   581   581 I SpiService: fgesysctrl_getGPIO_status success val=0
05-27 08:49:59.383   581   581 D spi_rst_gpio_get_output: GPIO 145 value: 0
05-27 08:49:59.383   581   581 D spidev_ioctl: gpio status=0)
05-27 18:58:50.422   566 11459 I gps_hdbd: Received: '$GNZDA,011441.000,27,05,2026,00,00*4F
'
05-27 18:58:50.428 13911 14183 I SentryImuMcuAngleSender: -179.993rollDeg
05-27 18:58:50.428 13911 14183 I SentryImuMcuAngleSender: 1,0,0
05-27 18:58:50.432   581   581 I SpiService: fgesysctrl_getGPIO_status success val=1
05-27 18:58:50.433   536   536 D commservice260303: msg.id = 1028,0
05-27 18:58:50.433   536   536 D commservice260303: i = 170, msgid = 8A000404
05-27 18:58:50.433   536   536 D commservice260303: msgid = -1979710460,did=138
05-27 18:58:50.433   536   536 D commservice260303: CommProtocolLibCmdBaseI2C::dataproc {"command":{"id":"imu_status","sub":""},"content":{"TimeStamp":11,"FrameCounter":267479,"GD_X":-0.01091896090656519,"GD_Y":0.0048857564106583595,"GD_Z":0.0019848872907459736,"AD_X":-0.004544779658317566,"AD_Y":-0.001921245246194303,"AD_Z":-0.17071914672851562,"TempDsp":0,"Status":0,"CalibState":1,"SigAmpInvalid":0}},-1979710460
05-27 18:58:50.433   536   536 D commservice260303: send2Cluster len:317, 7B22636F6D6D616E64223A7B226964223A22696D755F737461747573222C22737562223A22227D2C22636F6E74656E74223A7B2254696D655374616D70223A31312C224672616D65436F756E746572223A3236373437392C2247445F58223A2D302E30313039313839363039303635363531392C2247445F59223A302E303034383835373536343130363538333539352C2247445F5A223A302E303031393834383837323930373435393733362C2241445F58223A2D302E3030343534343737393635383331373536362C2241445F59223A2D302E3030313932313234353234363139343330332C2241445F5A223A2D302E31373037313931343637323835313536322C2254656D70447370223A302C22537461747573223A302C2243616C69625374617465223A312C22536967416D70496E76616C6964223A307D7D, 138 
05-27 18:58:50.433   283   307 I rvcservice: t.code = 0, t.value = 0
05-27 08:49:59.396   581   581 D spi_rst_gpio_get_output: GPIO 145 value: 1
05-27 08:49:59.396   581   581 D spidev_ioctl: gpio status=1)
05-27 18:58:50.433   536   536 D commservice260303: Push Message into SendPool fn=-833223680
05-27 18:58:50.433   536   536 D commservice260303: ComProtocolLibSend2Cluster::send2ClusterRaw fn=-833223680 , len=333
05-27 18:58:50.433   536   536 D commservice260303: sendCmdToPort :333!!!
05-27 18:58:50.433   536   536 D commservice260303: send Cmd To Port ++++5AA501498A01000456CE6A16CE6A7B22636F6D6D616E64223A7B226964223A22696D755F737461747573222C22737562223A22227D2C22636F6E74656E74223A7B2254696D655374616D70223A31312C224672616D65436F756E746572223A3236373437392C2247445F58223A2D302E30313039313839363039303635363531392C2247445F59223A302E303034383835373536343130363538333539352C2247445F5A223A302E303031393834383837323930373435393733362C2241445F58223A2D302E3030343534343737393635383331373536362C2241445F59223A2D302E3030313932313234353234363139343330332C2241445F5A223A2D302E31373037313931343637323835313536322C2254656D70447370223A302C22537461747573223A302C2243616C69625374617465223A312C22536967416D70496E76616C6964223A307D7D5515
05-27 18:58:50.433   536   536 D commservice260303: bufferevent_write retrun value = 0
05-27 18:58:50.433   536   560 D commservice260303: client datas send succeed,send finish
05-27 18:58:50.434 13911 14192 D Sentinelmode_1.2.5.17_sentry: <SentryImuClusterFgeSender>imu_status sent to Linux, frame=267479, tsNs=11397662, tsMs=11, intervalMs=39, ad=(-0.0045447797,-0.0019212452,-0.17071915), gd=(-0.010918961,0.0048857564,0.0019848873)
05-27 18:58:50.435  1008 30857 D [OMXB]  : usingANWBuffer: handle:0xee743b30, format:1, w:1920, h:1080
05-27 18:58:50.437   581   581 I SpiService: fgesysctrl_getGPIO_status success val=1
05-27 08:49:59.402   581   581 D spi_rst_gpio_get_output: GPIO 145 value: 1
05-27 08:49:59.402   581   581 D spidev_ioctl: gpio status=1)
05-27 18:58:50.443   581   581 I SpiService: fgesysctrl_getGPIO_status success val=1
05-27 08:49:59.407   581   581 D spi_rst_gpio_get_output: GPIO 145 value: 1
05-27 08:49:59.408   581   581 D spidev_ioctl: gpio status=1)
05-27 18:58:50.445   566 11459 I gps_hdbd: Received: '$GNINS,1,1,TYPE,I,V,011441.000,19992000,FUS,-15,0,0,0,MOT,V,1,PATT,0.00,0.00,0.00,VEL,0.000,0.000,0.000,POS,40.0001330924,116.0001570688,84.176,IIA,1,0.00,0.00,0.00,BGA,0.31,-0.66,-0.13,0.000,0.000,0.000,IGA,0,-1,0,0,-2,98,VG,16c2ff1*2F
'
05-27 18:58:50.446   299 30844 D EvsDriver: forwardFrame
05-27 18:58:50.448  1167  1479 D evsmanagerd: /dev/video6 forwarded the buffer #0 to 0xb4000074bf5f5510 from 0xb4000074bf5f6d90
05-27 08:49:59.413   581   581 D spi_rst_gpio_get_output: GPIO 145 value: 1
05-27 08:49:59.413   581   581 D spidev_ioctl: gpio status=1)
05-27 18:58:50.448   299 30844 D EvsDriver: Delivered 0xb400007b7ca56900 as id 0
05-27 18:58:50.449   581   581 I SpiService: fgesysctrl_getGPIO_status success val=1
05-27 18:58:50.449 13911 14183 I SentryImuMcuAngleSender: -179.993rollDeg
05-27 18:58:50.449 13911 14183 I SentryImuMcuAngleSender: 1,0,0
05-27 18:58:50.449   299 30841 D EvsDriver: forwardFrame
05-27 18:58:50.452   299 30841 D EvsDriver: Delivered 0xb400007b7ca56a60 as id 0
05-27 18:58:50.452  1167  1184 D evsmanagerd: /dev/video4 forwarded the buffer #0 to 0xb4000074bf5f6850 from 0xb4000074bf5f41d0
05-27 18:58:50.452   299  1153 D EvsDriver: doneWithFrame
05-27 18:58:50.453   566 11459 I gps_hdbd: Received: '$GNINS,CARSPEED,ADR_STATUS,0,Pulse_count,0,1,0,0,19992000,113770,0.000,0.000,0.000*0F
'
05-27 18:58:50.454   581   581 I SpiService: fgesysctrl_getGPIO_status success val=1
05-27 18:58:50.455   299  1153 D EvsDriver: doneWithFrame
05-27 08:49:59.419   581   581 D spi_rst_gpio_get_output: GPIO 145 value: 1
05-27 08:49:59.419   581   581 D spidev_ioctl: gpio status=1)
05-27 18:58:50.458   566 11459 I gps_hdbd: Received: '$GNTXT,04,01,04,INS,V,1,,,,FLG,1,000000,1,0,1,0,0,Con,0*71
'
05-27 18:58:50.460   581   581 I SpiService: fgesysctrl_getGPIO_status success val=0
05-27 18:58:50.460  1008 30856 D [OMXB]  : usingANWBuffer: handle:0xee746c00, format:1, w:1920, h:1080
05-27 08:49:59.424   581   581 D spi_rst_gpio_get_output: GPIO 145 value: 0
05-27 08:49:59.424   581   581 D spidev_ioctl: gpio status=0)
05-27 18:58:50.463   566 11459 I gps_hdbd: Received: '$GNTXT,INSTALL,0.00,0.00,0.00,0.00,0.00,0.00,0*20
'
05-27 18:58:50.469   572   622 I Sensors : 230 GyroSensor: x:-0.012370,y:0.005268,z:0.002061
05-27 18:58:50.469 13911 14183 I SentryImuMcuAngleSender: -179.986rollDeg
05-27 18:58:50.469 13911 14183 I SentryImuMcuAngleSender: 1,0,0
05-27 18:58:50.473   536   536 D commservice260303: msg.id = 1028,0
05-27 18:58:50.474   566 11459 I gps_hdbd: nmea_cs <0> != calc_cs <f8>, return -1
05-27 18:58:50.474   581   581 I SpiService: fgesysctrl_getGPIO_status success val=1
05-27 18:58:50.474   536   536 D commservice260303: i = 170, msgid = 8A000404
05-27 18:58:50.474   536   536 D commservice260303: msgid = -1979710460,did=138
05-27 18:58:50.474   536   536 D commservice260303: CommProtocolLibCmdBaseI2C::dataproc {"command":{"id":"imu_status","sub":""},"content":{"TimeStamp":11,"FrameCounter":267480,"GD_X":-0.012370175682008266,"GD_Y":0.005268065724521875,"GD_Z":0.0020608289632946253,"AD_X":-0.003927305340766907,"AD_Y":5.359427887015045E-4,"AD_Z":-0.17132949829101562,"TempDsp":0,"Status":0,"CalibState":1,"SigAmpInvalid":0}},-1979710460
05-27 18:58:50.475   536   536 D commservice260303: send2Cluster len:316, 7B22636F6D6D616E64223A7B226964223A22696D755F737461747573222C22737562223A22227D2C22636F6E74656E74223A7B2254696D655374616D70223A31312C224672616D65436F756E746572223A3236373438302C2247445F58223A2D302E3031323337303137353638323030383236362C2247445F59223A302E3030353236383036353732343532313837352C2247445F5A223A302E303032303630383238393633323934363235332C2241445F58223A2D302E3030333932373330353334303736363930372C2241445F59223A352E333539343237383837303135303435452D342C2241445F5A223A2D302E31373133323934393832393130313536322C2254656D70447370223A302C22537461747573223A302C2243616C69625374617465223A312C22536967416D70496E76616C6964223A307D7D, 138 
05-27 18:58:50.475   536   536 D commservice260303: Push Message into SendPool fn=-816446464
05-27 18:58:50.475   536   536 D commservice260303: ComProtocolLibSend2Cluster::send2ClusterRaw fn=-816446464 , len=332
05-27 18:58:50.475   536   536 D commservice260303: sendCmdToPort :332!!!
05-27 18:58:50.475   536   536 D commservice260303: send Cmd To Port ++++5AA501488A01000456CF6A16CE6A7B22636F6D6D616E64223A7B226964223A22696D755F737461747573222C22737562223A22227D2C22636F6E74656E74223A7B2254696D655374616D70223A31312C224672616D65436F756E746572223A3236373438302C2247445F58223A2D302E3031323337303137353638323030383236362C2247445F59223A302E3030353236383036353732343532313837352C2247445F5A223A302E303032303630383238393633323934363235332C2241445F58223A2D302E3030333932373330353334303736363930372C2241445F59223A352E333539343237383837303135303435452D342C2241445F5A223A2D302E31373133323934393832393130313536322C2254656D70447370223A302C22537461747573223A302C2243616C69625374617465223A312C22536967416D70496E76616C6964223A307D7D4B07
05-27 18:58:50.475   536   536 D commservice260303: bufferevent_write retrun value = 0
05-27 18:58:50.475   536   560 D commservice260303: client datas send succeed,send finish
05-27 18:58:50.475 13911 14192 D Sentinelmode_1.2.5.17_sentry: <SentryImuClusterFgeSender>imu_status sent to Linux, frame=267480, tsNs=11397719, tsMs=11, intervalMs=42, ad=(-0.0039273053,5.359428E-4,-0.1713295), gd=(-0.012370176,0.0052680657,0.002060829)
05-27 18:58:50.477  1008 30857 D [OMXB]  : usingANWBuffer: handle:0xee747180, format:1, w:1920, h:1080
05-27 08:49:59.438   581   581 D spi_rst_gpio_get_output: GPIO 145 value: 1
05-27 08:49:59.438   581   581 D spidev_ioctl: gpio status=1)
05-27 18:58:50.480   581   581 I SpiService: fgesysctrl_getGPIO_status success val=1
05-27 08:49:59.444   581   581 D spi_rst_gpio_get_output: GPIO 145 value: 1
05-27 08:49:59.444   581   581 D spidev_ioctl: gpio status=1)
05-27 18:58:50.481   299 30844 D EvsDriver: forwardFrame
05-27 18:58:50.484  1167  1184 D evsmanagerd: /dev/video6 forwarded the buffer #0 to 0xb4000074bf5f5510 from 0xb4000074bf5f6d90
05-27 18:58:50.484   299 30844 D EvsDriver: Delivered 0xb400007b7ca56900 as id 0
05-27 18:58:50.485   581   581 I SpiService: fgesysctrl_getGPIO_status success val=1
05-27 18:58:50.487   299  1153 D EvsDriver: doneWithFrame
05-27 08:49:59.450   581   581 D spi_rst_gpio_get_output: GPIO 145 value: 1
05-27 08:49:59.450   581   581 D spidev_ioctl: gpio status=1)
05-27 18:58:50.489 13911 14183 I SentryImuMcuAngleSender: 179.98248rollDeg
05-27 18:58:50.489 13911 14183 I SentryImuMcuAngleSender: 1,0,0
05-27 18:58:50.491   581   581 I SpiService: fgesysctrl_getGPIO_status success val=1
05-27 08:49:59.456   581   581 D spi_rst_gpio_get_output: GPIO 145 value: 1
05-27 08:49:59.456   581   581 D spidev_ioctl: gpio status=1)
05-27 18:58:50.494   299 30841 D EvsDriver: forwardFrame
05-27 18:58:50.495   299 30841 D EvsDriver: Delivered 0xb400007b7ca56a60 as id 0
05-27 18:58:50.495  1167  1184 D evsmanagerd: /dev/video4 forwarded the buffer #0 to 0xb4000074bf5f6850 from 0xb4000074bf5f41d0
05-27 18:58:50.497   581   581 I SpiService: fgesysctrl_getGPIO_status success val=1
05-27 18:58:50.497   299  1153 D EvsDriver: doneWithFrame
05-27 18:58:50.499  1008 30856 D [OMXB]  : usingANWBuffer: handle:0xee742060, format:1, w:1920, h:1080
05-27 08:49:59.461   581   581 D spi_rst_gpio_get_output: GPIO 145 value: 1
05-27 08:49:59.461   581   581 D spidev_ioctl: gpio status=1)
05-27 18:58:50.502   581   581 I SpiService: fgesysctrl_getGPIO_status success val=0
05-27 08:49:59.467   581   581 D spi_rst_gpio_get_output: GPIO 145 value: 0
05-27 08:49:59.467   581   581 D spidev_ioctl: gpio status=0)
05-27 08:49:59.469     0     0 W         : c6 [    C6] Irq_monitor:Irq                                           IPI[1]occur        7434 times interval 1020 ms
05-27 18:58:50.509 13911 14183 I SentryImuMcuAngleSender: 179.97899rollDeg
05-27 18:58:50.509 13911 14183 I SentryImuMcuAngleSender: 1,0,0
05-27 18:58:50.512   536   536 D commservice260303: msg.id = 1028,1
05-27 18:58:50.512   536   536 D commservice260303: i = 170, msgid = 8A000404
05-27 18:58:50.512   536   536 D commservice260303: msgid = -1979710460,did=138
05-27 18:58:50.512   536   536 D commservice260303: CommProtocolLibCmdBaseI2C::dataproc {"command":{"id":"imu_status","sub":""},"content":{"TimeStamp":11,"FrameCounter":267481,"GD_X":-0.011300750076770782,"GD_Y":0.005268065724521875,"GD_Z":0.0020608289632946253,"AD_X":-0.002099454402923584,"AD_Y":0.002957724966108799,"AD_Z":-0.1755990982055664,"TempDsp":0,"Status":0,"CalibState":1,"SigAmpInvalid":0}},-1979710460
05-27 18:58:50.513   536   536 D commservice260303: send2Cluster len:315, 7B22636F6D6D616E64223A7B226964223A22696D755F737461747573222C22737562223A22227D2C22636F6E74656E74223A7B2254696D655374616D70223A31312C224672616D65436F756E746572223A3236373438312C2247445F58223A2D302E3031313330303735303037363737303738322C2247445F59223A302E3030353236383036353732343532313837352C2247445F5A223A302E303032303630383238393633323934363235332C2241445F58223A2D302E3030323039393435343430323932333538342C2241445F59223A302E3030323935373732343936363130383739392C2241445F5A223A2D302E313735353939303938323035353636342C2254656D70447370223A302C22537461747573223A302C2243616C69625374617465223A312C22536967416D70496E76616C6964223A307D7D, 138 
05-27 18:58:50.513   536   536 D commservice260303: Push Message into SendPool fn=-799669248
05-27 18:58:50.513   536   536 D commservice260303: ComProtocolLibSend2Cluster::send2ClusterRaw fn=-799669248 , len=331
05-27 18:58:50.513   536   536 D commservice260303: sendCmdToPort :331!!!
05-27 18:58:50.513   536   536 D commservice260303: send Cmd To Port ++++5AA501478A01000456D06A16CE6A7B22636F6D6D616E64223A7B226964223A22696D755F737461747573222C22737562223A22227D2C22636F6E74656E74223A7B2254696D655374616D70223A31312C224672616D65436F756E746572223A3236373438312C2247445F58223A2D302E3031313330303735303037363737303738322C2247445F59223A302E3030353236383036353732343532313837352C2247445F5A223A302E303032303630383238393633323934363235332C2241445F58223A2D302E3030323039393435343430323932333538342C2241445F59223A302E3030323935373732343936363130383739392C2241445F5A223A2D302E313735353939303938323035353636342C2254656D70447370223A302C22537461747573223A302C2243616C69625374617465223A312C22536967416D70496E76616C6964223A307D7D4E4A
05-27 18:58:50.513   536   536 D commservice260303: bufferevent_write retrun value = 0
05-27 18:58:50.513   536   560 D commservice260303: client datas send succeed,send finish
05-27 18:58:50.513 13911 14192 D Sentinelmode_1.2.5.17_sentry: <SentryImuClusterFgeSender>imu_status sent to Linux, frame=267481, tsNs=11397749, tsMs=11, intervalMs=38, ad=(-0.0020994544,0.002957725,-0.1755991), gd=(-0.01130075,0.0052680657,0.002060829)
05-27 18:58:50.516  1008 30857 D [OMXB]  : usingANWBuffer: handle:0xee741da0, format:1, w:1920, h:1080
05-27 08:49:59.481   581   581 D spi_rst_gpio_get_output: GPIO 145 value: 1
05-27 08:49:59.481   581   581 D spidev_ioctl: gpio status=1)
05-27 18:58:50.517   581   581 I SpiService: fgesysctrl_getGPIO_status success val=1
05-27 18:58:50.518   299 30844 D EvsDriver: forwardFrame
05-27 18:58:50.520  1167  1184 D evsmanagerd: /dev/video6 forwarded the buffer #0 to 0xb4000074bf5f5510 from 0xb4000074bf5f6d90
05-27 18:58:50.520   299 30844 D EvsDriver: Delivered 0xb400007b7ca56900 as id 0
05-27 18:58:50.522   299 30841 D EvsDriver: forwardFrame
05-27 18:58:50.522   299  1153 D EvsDriver: doneWithFrame
05-27 18:58:50.522   581   581 I SpiService: fgesysctrl_getGPIO_status success val=1
05-27 18:58:50.523   299 30841 D EvsDriver: Delivered 0xb400007b7ca56a60 as id 0
05-27 18:58:50.523  1167  1184 D evsmanagerd: /dev/video4 forwarded the buffer #0 to 0xb4000074bf5f6850 from 0xb4000074bf5f41d0
05-27 08:49:59.487   581   581 D spi_rst_gpio_get_output: GPIO 145 value: 1
05-27 08:49:59.487   581   581 D spidev_ioctl: gpio status=1)
05-27 18:58:50.528   581   581 I SpiService: fgesysctrl_getGPIO_status success val=1
05-27 18:58:50.528   299  1153 D EvsDriver: doneWithFrame
05-27 08:49:59.493   581   581 D spi_rst_gpio_get_output: GPIO 145 value: 1
05-27 08:49:59.493   581   581 D spidev_ioctl: gpio status=1)
05-27 18:58:50.530 13911 14183 I SentryImuMcuAngleSender: 179.9895rollDeg
05-27 18:58:50.530 13911 14183 I SentryImuMcuAngleSender: 1,0,0
05-27 18:58:50.533   283   307 I rvcservice: t.code = 3, t.value = 0
05-27 18:58:50.534   581   581 I SpiService: fgesysctrl_getGPIO_status success val=1
05-27 08:49:59.498   581   581 D spi_rst_gpio_get_output: GPIO 145 value: 1
05-27 08:49:59.498   581   581 D spidev_ioctl: gpio status=1)
05-27 18:58:50.539   581   581 I SpiService: fgesysctrl_getGPIO_status success val=0
05-27 08:49:59.504   581   581 D spi_rst_gpio_get_output: GPIO 145 value: 0
05-27 08:49:59.504   581   581 D spidev_ioctl: gpio status=0)
05-27 18:58:50.541  1008 30856 D [OMXB]  : usingANWBuffer: handle:0xee741b90, format:1, w:1920, h:1080
05-27 18:58:50.544   536   760 I commservice260303: [mcuCommFunctionTcp::ProtocolCheckConnectTimeOutProc:613] keyID:256,tcpEvent:5,tcpcount:0,heartbeat:1,noHeartBeatNumber:0,endispatch:0,strState:0
05-27 18:58:50.545   536   760 D commservice260303: ProtocolCheckConnectTimeOutProc,629,clear heartbeat
05-27 18:58:50.550 13911 14183 I SentryImuMcuAngleSender: -179.986rollDeg
05-27 18:58:50.550 13911 14183 I SentryImuMcuAngleSender: 1,0,0
05-27 18:58:50.551   572   622 I Sensors : 230 AccelSensor: x:-0.170190,y:-0.003659,z:-9.980821
05-27 18:58:50.552   536   536 D commservice260303: msg.id = 1028,0
05-27 18:58:50.552   536   536 D commservice260303: i = 170, msgid = 8A000404
05-27 18:58:50.552   536   536 D commservice260303: msgid = -1979710460,did=138
05-27 18:58:50.552   536   536 D commservice260303: CommProtocolLibCmdBaseI2C::dataproc {"command":{"id":"imu_status","sub":""},"content":{"TimeStamp":11,"FrameCounter":267482,"GD_X":-0.011910883709788322,"GD_Y":0.00519212381914258,"GD_Z":0.0019848872907459736,"AD_X":-0.0027163028717041016,"AD_Y":-0.004340228624641895,"AD_Z":-0.1755990982055664,"TempDsp":0,"Status":0,"CalibState":1,"SigAmpInvalid":0}},-1979710460
05-27 18:58:50.552   536   536 D commservice260303: send2Cluster len:316, 7B22636F6D6D616E64223A7B226964223A22696D755F737461747573222C22737562223A22227D2C22636F6E74656E74223A7B2254696D655374616D70223A31312C224672616D65436F756E746572223A3236373438322C2247445F58223A2D302E3031313931303838333730393738383332322C2247445F59223A302E30303531393231323338313931343235382C2247445F5A223A302E303031393834383837323930373435393733362C2241445F58223A2D302E303032373136333032383731373034313031362C2241445F59223A2D302E3030343334303232383632343634313839352C2241445F5A223A2D302E313735353939303938323035353636342C2254656D70447370223A302C22537461747573223A302C2243616C69625374617465223A312C22536967416D70496E76616C6964223A307D7D, 138 
05-27 18:58:50.552   536   536 D commservice260303: Push Message into SendPool fn=-782892032
05-27 18:58:50.552   536   536 D commservice260303: ComProtocolLibSend2Cluster::send2ClusterRaw fn=-782892032 , len=332
05-27 18:58:50.552   536   536 D commservice260303: sendCmdToPort :332!!!
05-27 18:58:50.552   536   536 D commservice260303: send Cmd To Port ++++5AA501488A01000456D16A16CE6A7B22636F6D6D616E64223A7B226964223A22696D755F737461747573222C22737562223A22227D2C22636F6E74656E74223A7B2254696D655374616D70223A31312C224672616D65436F756E746572223A3236373438322C2247445F58223A2D302E3031313931303838333730393738383332322C2247445F59223A302E30303531393231323338313931343235382C2247445F5A223A302E303031393834383837323930373435393733362C2241445F58223A2D302E303032373136333032383731373034313031362C2241445F59223A2D302E3030343334303232383632343634313839352C2241445F5A223A2D302E313735353939303938323035353636342C2254656D70447370223A302C22537461747573223A302C2243616C69625374617465223A312C22536967416D70496E76616C6964223A307D7D24D3
05-27 18:58:50.552   536   536 D commservice260303: bufferevent_write retrun value = 0
05-27 18:58:50.553   536   560 D commservice260303: client datas send succeed,send finish
05-27 18:58:50.553 13911 14192 D Sentinelmode_1.2.5.17_sentry: <SentryImuClusterFgeSender>imu_status sent to Linux, frame=267482, tsNs=11397802, tsMs=11, intervalMs=39, ad=(-0.0027163029,-0.0043402286,-0.1755991), gd=(-0.011910884,0.005192124,0.0019848873)
05-27 18:58:50.553   581   581 I SpiService: fgesysctrl_getGPIO_status success val=1
05-27 18:58:50.554   299 30844 D EvsDriver: forwardFrame
05-27 18:58:50.555   299 30841 D EvsDriver: forwardFrame
05-27 18:58:50.556   299 30844 D EvsDriver: Delivered 0xb400007b7ca56900 as id 0
05-27 18:58:50.556  1167  1184 D evsmanagerd: /dev/video6 forwarded the buffer #0 to 0xb4000074bf5f5510 from 0xb4000074bf5f6d90
05-27 08:49:59.518   581   581 D spi_rst_gpio_get_output: GPIO 145 value: 1
05-27 18:58:50.556   299 30841 D EvsDriver: Delivered 0xb400007b7ca56a60 as id 0
05-27 08:49:59.518   581   581 D spidev_ioctl: gpio status=1)
05-27 18:58:50.556  1167  1479 D evsmanagerd: /dev/video4 forwarded the buffer #0 to 0xb4000074bf5f6850 from 0xb4000074bf5f41d0
05-27 08:49:59.524   581   581 D spi_rst_gpio_get_output: GPIO 145 value: 1
05-27 08:49:59.524   581   581 D spidev_ioctl: gpio status=1)
05-27 18:58:50.560   581   581 I SpiService: fgesysctrl_getGPIO_status success val=1
05-27 18:58:50.560   299  1163 D EvsDriver: doneWithFrame
05-27 18:58:50.564   299  1153 D EvsDriver: doneWithFrame
05-27 18:58:50.565   581   581 I SpiService: fgesysctrl_getGPIO_status success val=1
05-27 18:58:50.566  1008 30857 D [OMXB]  : usingANWBuffer: handle:0xee741ae0, format:1, w:1920, h:1080
05-27 18:58:50.566 30773 30789 I dvr_service_: Camera 1: MediaOK:39924934, frames:930, isKeyFrame:0,pts:11397643180
05-27 08:49:59.530   581   581 D spi_rst_gpio_get_output: GPIO 145 value: 1
05-27 08:49:59.530   581   581 D spidev_ioctl: gpio status=1)
05-27 18:58:50.571 13911 14183 I SentryImuMcuAngleSender: -179.97899rollDeg
05-27 18:58:50.571 13911 14183 I SentryImuMcuAngleSender: 1,0,0
05-27 18:58:50.571   581   581 I SpiService: fgesysctrl_getGPIO_status success val=1
05-27 08:49:59.536   581   581 D spi_rst_gpio_get_output: GPIO 145 value: 1
05-27 08:49:59.536   581   581 D spidev_ioctl: gpio status=1)
05-27 18:58:50.575  1008 30856 D [OMXB]  : usingANWBuffer: handle:0xee7435b0, format:1, w:1920, h:1080
05-27 18:58:50.578   581   581 I SpiService: fgesysctrl_getGPIO_status success val=0
05-27 08:49:59.542   581   581 D spi_rst_gpio_get_output: GPIO 145 value: 0
05-27 08:49:59.542   581   581 D spidev_ioctl: gpio status=0)
05-27 18:58:50.586   299 30844 D EvsDriver: forwardFrame
05-27 18:58:50.586   299 30841 D EvsDriver: forwardFrame
05-27 18:58:50.589   299 30841 D EvsDriver: Delivered 0xb400007b7ca56a60 as id 0
05-27 18:58:50.589   299 30844 D EvsDriver: Delivered 0xb400007b7ca56900 as id 0
05-27 18:58:50.589  1167  1479 D evsmanagerd: /dev/video4 forwarded the buffer #0 to 0xb4000074bf5f6850 from 0xb4000074bf5f41d0
05-27 18:58:50.589  1167  1184 D evsmanagerd: /dev/video6 forwarded the buffer #0 to 0xb4000074bf5f5510 from 0xb4000074bf5f6d90
05-27 18:58:50.590 30773 30782 E dvr_service_: [myNum:1] Received S**** loss
05-27 18:58:50.590 30773 30783 E dvr_service_: [myNum:0] Received S**** loss
05-27 18:58:50.590   299  1153 D EvsDriver: doneWithFrame
05-27 18:58:50.590   299  1163 D EvsDriver: doneWithFrame
05-27 18:58:50.592 13911 14183 I SentryImuMcuAngleSender: 179.97899rollDeg
05-27 18:58:50.592 13911 14183 I SentryImuMcuAngleSender: 1,0,0
05-27 18:58:50.593  1008 30857 D [OMXB]  : usingANWBuffer: handle:0xee7440b0, format:1, w:1920, h:1080
05-27 18:58:50.593   581   581 I SpiService: fgesysctrl_getGPIO_status success val=1
05-27 18:58:50.595   536   536 D commservice260303: msg.id = 1028,0
05-27 18:58:50.595   536   536 D commservice260303: i = 170, msgid = 8A000404
05-27 18:58:50.595   536   536 D commservice260303: msgid = -1979710460,did=138
05-27 18:58:50.595   536   536 D commservice260303: CommProtocolLibCmdBaseI2C::dataproc {"command":{"id":"imu_status","sub":""},"content":{"TimeStamp":11,"FrameCounter":267483,"GD_X":-0.011682018637657166,"GD_Y":0.006108105648308992,"GD_Z":0.0011448472505435348,"AD_X":-0.005754977464675903,"AD_Y":0.002970714122056961,"AD_Z":-0.17193889617919922,"TempDsp":0,"Status":0,"CalibState":1,"SigAmpInvalid":0}},-1979710460
05-27 18:58:50.595   536   536 D commservice260303: send2Cluster len:316, 7B22636F6D6D616E64223A7B226964223A22696D755F737461747573222C22737562223A22227D2C22636F6E74656E74223A7B2254696D655374616D70223A31312C224672616D65436F756E746572223A3236373438332C2247445F58223A2D302E3031313638323031383633373635373136362C2247445F59223A302E3030363130383130353634383330383939322C2247445F5A223A302E303031313434383437323530353433353334382C2241445F58223A2D302E3030353735343937373436343637353930332C2241445F59223A302E3030323937303731343132323035363936312C2241445F5A223A2D302E31373139333838393631373931393932322C2254656D70447370223A302C22537461747573223A302C2243616C69625374617465223A312C22536967416D70496E76616C6964223A307D7D, 138 
05-27 18:58:50.595   536   536 D commservice260303: Push Message into SendPool fn=-766114816
05-27 18:58:50.595   536   536 D commservice260303: ComProtocolLibSend2Cluster::send2ClusterRaw fn=-766114816 , len=332
05-27 18:58:50.595   536   536 D commservice260303: sendCmdToPort :332!!!
05-27 18:58:50.596   536   536 D commservice260303: send Cmd To Port ++++5AA501488A01000456D26A16CE6A7B22636F6D6D616E64223A7B226964223A22696D755F737461747573222C22737562223A22227D2C22636F6E74656E74223A7B2254696D655374616D70223A31312C224672616D65436F756E746572223A3236373438332C2247445F58223A2D302E3031313638323031383633373635373136362C2247445F59223A302E3030363130383130353634383330383939322C2247445F5A223A302E303031313434383437323530353433353334382C2241445F58223A2D302E3030353735343937373436343637353930332C2241445F59223A302E3030323937303731343132323035363936312C2241445F5A223A2D302E31373139333838393631373931393932322C2254656D70447370223A302C22537461747573223A302C2243616C69625374617465223A312C22536967416D70496E76616C6964223A307D7D456E
05-27 18:58:50.596   536   536 D commservice260303: bufferevent_write retrun value = 0
05-27 18:58:50.596   536   560 D commservice260303: client datas send succeed,send finish
05-27 18:58:50.596 13911 14192 D Sentinelmode_1.2.5.17_sentry: <SentryImuClusterFgeSender>imu_status sent to Linux, frame=267483, tsNs=11397840, tsMs=11, intervalMs=44, ad=(-0.0057549775,0.0029707141,-0.1719389), gd=(-0.011682019,0.0061081056,0.0011448473)
05-27 08:49:59.558   581   581 D spi_rst_gpio_get_output: GPIO 145 value: 1
05-27 08:49:59.558   581   581 D spidev_ioctl: gpio status=1)
05-27 18:58:50.599   581   581 I SpiService: fgesysctrl_getGPIO_status success val=1
05-27 08:49:59.563   581   581 D spi_rst_gpio_get_output: GPIO 145 value: 1
05-27 08:49:59.563   581   581 D spidev_ioctl: gpio status=1)
05-27 18:58:50.604   581   581 I SpiService: fgesysctrl_getGPIO_status success val=1
05-27 08:49:59.569   581   581 D spi_rst_gpio_get_output: GPIO 145 value: 1
05-27 08:49:59.569   581   581 D spidev_ioctl: gpio status=1)
05-27 18:58:50.608  1008 30856 D [OMXB]  : usingANWBuffer: handle:0xee7412a0, format:1, w:1920, h:1080
05-27 18:58:50.609 30773 30789 I dvr_service_: Camera 0: MediaOK:40163640, frames:930, isKeyFrame:0,pts:11397750081
05-27 18:58:50.610   581   581 I SpiService: fgesysctrl_getGPIO_status success val=1
05-27 18:58:50.612 13911 14183 I SentryImuMcuAngleSender: 179.986rollDeg
05-27 18:58:50.612 13911 14183 I SentryImuMcuAngleSender: 1,0,0
05-27 08:49:59.575   581   581 D spi_rst_gpio_get_output: GPIO 145 value: 1
05-27 08:49:59.575   581   581 D spidev_ioctl: gpio status=1)
05-27 18:58:50.613   299 30841 D EvsDriver: forwardFrame
05-27 18:58:50.613   299 30844 D EvsDriver: forwardFrame
05-27 18:58:50.615   299 30841 D EvsDriver: Delivered 0xb400007b7ca56a60 as id 0
05-27 18:58:50.615  1167  1184 D evsmanagerd: /dev/video6 forwarded the buffer #0 to 0xb4000074bf5f5510 from 0xb4000074bf5f6d90
05-27 18:58:50.615  1167  1479 D evsmanagerd: /dev/video4 forwarded the buffer #0 to 0xb4000074bf5f6850 from 0xb4000074bf5f41d0
05-27 18:58:50.616   581   581 I SpiService: fgesysctrl_getGPIO_status success val=1
05-27 18:58:50.615   299 30844 D EvsDriver: Delivered 0xb400007b7ca56900 as id 0
05-27 08:49:59.580   581   581 D spi_rst_gpio_get_output: GPIO 145 value: 1
05-27 08:49:59.580   581   581 D spidev_ioctl: gpio status=1)
05-27 18:58:50.620   299  1153 D EvsDriver: doneWithFrame
05-27 18:58:50.620   299  1163 D EvsDriver: doneWithFrame
05-27 18:58:50.621   581   581 I SpiService: fgesysctrl_getGPIO_status success val=0
05-27 08:49:59.586   581   581 D spi_rst_gpio_get_output: GPIO 145 value: 0
05-27 08:49:59.586   581   581 D spidev_ioctl: gpio status=0)
05-27 18:58:50.629  1008 30857 D [OMXB]  : usingANWBuffer: handle:0xee7444d0, format:1, w:1920, h:1080
05-27 18:58:50.633 13911 14183 I SentryImuMcuAngleSender: 179.993rollDeg
05-27 18:58:50.633 13911 14183 I SentryImuMcuAngleSender: 1,0,0
05-27 18:58:50.633   283   307 I rvcservice: t.code = 4, t.value = 0
05-27 18:58:50.633   536   536 D commservice260303: msg.id = 1028,0
05-27 18:58:50.634   536   536 D commservice260303: i = 170, msgid = 8A000404
05-27 18:58:50.634   536   536 D commservice260303: msgid = -1979710460,did=138
05-27 18:58:50.634   536   536 D commservice260303: CommProtocolLibCmdBaseI2C::dataproc {"command":{"id":"imu_status","sub":""},"content":{"TimeStamp":11,"FrameCounter":267484,"GD_X":-0.010841978713870049,"GD_Y":0.005345047451555729,"GD_Z":0.0019848872907459736,"AD_X":-0.00330507755279541,"AD_Y":5.248974775895476E-4,"AD_Z":-0.17315959930419922,"TempDsp":0,"Status":0,"CalibState":1,"SigAmpInvalid":0}},-1979710460
05-27 18:58:50.634   536   536 D commservice260303: send2Cluster len:315, 7B22636F6D6D616E64223A7B226964223A22696D755F737461747573222C22737562223A22227D2C22636F6E74656E74223A7B2254696D655374616D70223A31312C224672616D65436F756E746572223A3236373438342C2247445F58223A2D302E3031303834313937383731333837303034392C2247445F59223A302E3030353334353034373435313535353732392C2247445F5A223A302E303031393834383837323930373435393733362C2241445F58223A2D302E30303333303530373735353237393534312C2241445F59223A352E323438393734373735383935343736452D342C2241445F5A223A2D302E31373331353935393933303431393932322C2254656D70447370223A302C22537461747573223A302C2243616C69625374617465223A312C22536967416D70496E76616C6964223A307D7D, 138 
05-27 18:58:50.634   536   536 D commservice260303: Push Message into SendPool fn=-749337600
05-27 18:58:50.634   536   536 D commservice260303: ComProtocolLibSend2Cluster::send2ClusterRaw fn=-749337600 , len=331
05-27 18:58:50.634   536   536 D commservice260303: sendCmdToPort :331!!!
05-27 18:58:50.634   536   536 D commservice260303: send Cmd To Port ++++5AA501478A01000456D36A16CE6A7B22636F6D6D616E64223A7B226964223A22696D755F737461747573222C22737562223A22227D2C22636F6E74656E74223A7B2254696D655374616D70223A31312C224672616D65436F756E746572223A3236373438342C2247445F58223A2D302E3031303834313937383731333837303034392C2247445F59223A302E3030353334353034373435313535353732392C2247445F5A223A302E303031393834383837323930373435393733362C2241445F58223A2D302E30303333303530373735353237393534312C2241445F59223A352E323438393734373735383935343736452D342C2241445F5A223A2D302E31373331353935393933303431393932322C2254656D70447370223A302C22537461747573223A302C2243616C69625374617465223A312C22536967416D70496E76616C6964223A307D7D3DF8
05-27 18:58:50.634   536   536 D commservice260303: bufferevent_write retrun value = 0
05-27 18:58:50.634   536   560 D commservice260303: client datas send succeed,send finish
05-27 18:58:50.634 13911 14192 D Sentinelmode_1.2.5.17_sentry: <SentryImuClusterFgeSender>imu_status sent to Linux, frame=267484, tsNs=11397874, tsMs=11, intervalMs=38, ad=(-0.0033050776,5.248975E-4,-0.1731596), gd=(-0.010841979,0.0053450475,0.0019848873)
05-27 18:58:50.636   581   581 I SpiService: fgesysctrl_getGPIO_status success val=1
05-27 08:49:59.600   581   581 D spi_rst_gpio_get_output: GPIO 145 value: 1
05-27 08:49:59.600   581   581 D spidev_ioctl: gpio status=1)
05-27 18:58:50.641   581   581 I SpiService: fgesysctrl_getGPIO_status success val=1
05-27 18:58:50.641   572   572 I Sensors : 230 GyroSensor: x:-0.011377,y:0.005879,z:0.002061
05-27 18:58:50.642 15863 16069 D AIN-HttpHealthPolicy: call() called start, host=www.kuaishou.com
05-27 18:58:50.644 10046 18472 D resolv  : GetAddrInfoHandler::run: {103 786535 103 983143 1000 0}
05-27 18:58:50.644 10046 18472 D resolv  : resolv_getaddrinfo: explore_fqdn(): ai_family=0 ai_socktype=1 ai_protocol=6
05-27 08:49:59.606   581   581 D spi_rst_gpio_get_output: GPIO 145 value: 1
05-27 08:49:59.606   581   581 D spidev_ioctl: gpio status=1)
05-27 18:58:50.646 10046 18473 D resolv  : doQuery: (1, 1)
05-27 18:58:50.646 10046 18473 D resolv  : res_nmkquery: (QUERY, IN, A)
05-27 18:58:50.646 10046 18473 D resolv  : res_nsend
05-27 18:58:50.646 10046 18473 I resolv  : resolv_cache_lookup: lookup
05-27 18:58:50.646 10046 18473 I resolv  : resolv_cache_lookup: FOUND IN CACHE entry=0xb4000072a546c9f0
05-27 18:58:50.646 10046 18473 D resolv  : doQuery: rcode=0, ancount=4
05-27 18:58:50.647   581   581 I SpiService: fgesysctrl_getGPIO_status success val=1
05-27 08:49:59.611   581   581 D spi_rst_gpio_get_output: GPIO 145 value: 1
05-27 08:49:59.611   581   581 D spidev_ioctl: gpio status=1)
05-27 18:58:50.648 15863 16069 D TrafficStats: tagSocket(164) with statsTag=0xffffffff, statsUid=-1
05-27 18:58:50.652   581   581 I SpiService: fgesysctrl_getGPIO_status success val=1
05-27 08:49:59.617   581   581 D spi_rst_gpio_get_output: GPIO 145 value: 1
05-27 08:49:59.617   581   581 D spidev_ioctl: gpio status=1)
05-27 18:58:50.653 13911 14183 I SentryImuMcuAngleSender: -179.993rollDeg
05-27 18:58:50.653 13911 14183 I SentryImuMcuAngleSender: 1,0,0
05-27 18:58:50.655   299 30844 D EvsDriver: forwardFrame
05-27 18:58:50.655  1008 30856 D [OMXB]  : usingANWBuffer: handle:0xee742950, format:1, w:1920, h:1080
05-27 18:58:50.655   299 30841 D EvsDriver: forwardFrame
05-27 18:58:50.658   581   581 I SpiService: fgesysctrl_getGPIO_status success val=1
05-27 08:49:59.623   581   581 D spi_rst_gpio_get_output: GPIO 145 value: 1
