05-27 18:58:49.636   581   581 I SpiService: fgesysctrl_getGPIO_status success val=1
05-27 08:49:58.601   581   581 D spi_rst_gpio_get_output: GPIO 145 value: 1
05-27 08:49:58.601   581   581 D spidev_ioctl: gpio status=1)
05-27 18:58:49.642   581   581 I SpiService: fgesysctrl_getGPIO_status success val=1
05-27 18:58:49.643 13911 14183 I SentryImuMcuAngleSender: 179.97899rollDeg
05-27 18:58:49.644 13911 14183 I SentryImuMcuAngleSender: 1,0,0
05-27 08:49:58.606   581   581 D spi_rst_gpio_get_output: GPIO 145 value: 1
05-27 08:49:58.606   581   581 D spidev_ioctl: gpio status=1)
05-27 18:58:49.647   581   581 I SpiService: fgesysctrl_getGPIO_status success val=0
05-27 18:58:49.648  1008 30856 D [OMXB]  : usingANWBuffer: handle:0xee744630, format:1, w:1920, h:1080
05-27 08:49:58.612   581   581 D spi_rst_gpio_get_output: GPIO 145 value: 0
05-27 08:49:58.612   581   581 D spidev_ioctl: gpio status=0)
05-27 18:58:49.653   299 30844 D EvsDriver: forwardFrame
05-27 18:58:49.653   299 30841 D EvsDriver: forwardFrame
05-27 18:58:49.655   536   536 D commservice260303: msg.id = 1028,1
05-27 18:58:49.655   536   536 D commservice260303: i = 170, msgid = 8A000404
05-27 18:58:49.655   536   536 D commservice260303: msgid = -1979710460,did=138
05-27 18:58:49.655   536   536 D commservice260303: CommProtocolLibCmdBaseI2C::dataproc {"command":{"id":"imu_status","sub":""},"content":{"TimeStamp":11,"FrameCounter":267460,"GD_X":-0.01160607673227787,"GD_Y":0.0057257963344454765,"GD_Z":0.002519079949706793,"AD_X":-0.003926903009414673,"AD_Y":-0.006947791203856468,"AD_Z":-0.1737689971923828,"TempDsp":0,"Status":0,"CalibState":1,"SigAmpInvalid":0}},-1979710460
05-27 18:58:49.655   536   536 D commservice260303: send2Cluster len:315, 7B22636F6D6D616E64223A7B226964223A22696D755F737461747573222C22737562223A22227D2C22636F6E74656E74223A7B2254696D655374616D70223A31312C224672616D65436F756E746572223A3236373436302C2247445F58223A2D302E30313136303630373637333232373738372C2247445F59223A302E303035373235373936333334343435343736352C2247445F5A223A302E3030323531393037393934393730363739332C2241445F58223A2D302E3030333932363930333030393431343637332C2241445F59223A2D302E3030363934373739313230333835363436382C2241445F5A223A2D302E313733373638393937313932333832382C2254656D70447370223A302C22537461747573223A302C2243616C69625374617465223A312C22536967416D70496E76616C6964223A307D7D, 138 
05-27 18:58:49.655   536   536 D commservice260303: Push Message into SendPool fn=-1151990784
05-27 18:58:49.655   536   536 D commservice260303: ComProtocolLibSend2Cluster::send2ClusterRaw fn=-1151990784 , len=331
05-27 18:58:49.655   536   536 D commservice260303: sendCmdToPort :331!!!
05-27 18:58:49.655   536   536 D commservice260303: send Cmd To Port ++++5AA501478A01000456BB6A16CE697B22636F6D6D616E64223A7B226964223A22696D755F737461747573222C22737562223A22227D2C22636F6E74656E74223A7B2254696D655374616D70223A31312C224672616D65436F756E746572223A3236373436302C2247445F58223A2D302E30313136303630373637333232373738372C2247445F59223A302E303035373235373936333334343435343736352C2247445F5A223A302E3030323531393037393934393730363739332C2241445F58223A2D302E3030333932363930333030393431343637332C2241445F59223A2D302E3030363934373739313230333835363436382C2241445F5A223A2D302E313733373638393937313932333832382C2254656D70447370223A302C22537461747573223A302C2243616C69625374617465223A312C22536967416D70496E76616C6964223A307D7DAC4C
05-27 18:58:49.655   536   536 D commservice260303: bufferevent_write retrun value = 0
05-27 18:58:49.656 13911 14192 D Sentinelmode_1.2.5.17_sentry: <SentryImuClusterFgeSender>imu_status sent to Linux, frame=267460, tsNs=11396893, tsMs=11, intervalMs=42, ad=(-0.003926903,-0.006947791,-0.173769), gd=(-0.011606077,0.0057257963,0.00251908)
05-27 18:58:49.657   536   560 D commservice260303: client datas send succeed,send finish
05-27 18:58:49.657   299 30841 D EvsDriver: Delivered 0xb400007b7ca56a60 as id 0
05-27 18:58:49.658  1167  1479 D evsmanagerd: /dev/video4 forwarded the buffer #0 to 0xb4000074bf5f6850 from 0xb4000074bf5f41d0
05-27 18:58:49.661  1167  1479 D evsmanagerd: /dev/video6 forwarded the buffer #0 to 0xb4000074bf5f5510 from 0xb4000074bf5f6d90
05-27 18:58:49.661   572   572 I Sensors : 230 GyroSensor: x:-0.011530,y:0.005421,z:0.001908
05-27 18:58:49.662   299 30844 D EvsDriver: Delivered 0xb400007b7ca56900 as id 0
05-27 18:58:49.664   581   581 I SpiService: fgesysctrl_getGPIO_status success val=1
05-27 18:58:49.664 13911 14183 I SentryImuMcuAngleSender: -179.95097rollDeg
05-27 18:58:49.664   299  1153 D EvsDriver: doneWithFrame
05-27 18:58:49.664   299  1163 D EvsDriver: doneWithFrame
05-27 18:58:49.664 13911 14183 I SentryImuMcuAngleSender: 1,0,0
05-27 08:49:58.628   581   581 D spi_rst_gpio_get_output: GPIO 145 value: 1
05-27 08:49:58.628   581   581 D spidev_ioctl: gpio status=1)
05-27 18:58:49.667  1008 30857 D [OMXB]  : usingANWBuffer: handle:0xee743be0, format:1, w:1920, h:1080
05-27 18:58:49.669   581   581 I SpiService: fgesysctrl_getGPIO_status success val=1
05-27 08:49:58.634   581   581 D spi_rst_gpio_get_output: GPIO 145 value: 1
05-27 08:49:58.634   581   581 D spidev_ioctl: gpio status=1)
05-27 18:58:49.675   581   581 I SpiService: fgesysctrl_getGPIO_status success val=1
05-27 08:49:58.640   581   581 D spi_rst_gpio_get_output: GPIO 145 value: 1
05-27 08:49:58.640   581   581 D spidev_ioctl: gpio status=1)
05-27 18:58:49.681   299 30844 D EvsDriver: forwardFrame
05-27 18:58:49.681   299 30841 D EvsDriver: forwardFrame
05-27 18:58:49.681   581   581 I SpiService: fgesysctrl_getGPIO_status success val=1
05-27 18:58:49.683   299 30841 D EvsDriver: Delivered 0xb400007b7ca56a60 as id 0
05-27 18:58:49.683   299 30844 D EvsDriver: Delivered 0xb400007b7ca56900 as id 0
05-27 18:58:49.683  1167  1184 D evsmanagerd: /dev/video4 forwarded the buffer #0 to 0xb4000074bf5f6850 from 0xb4000074bf5f41d0
05-27 18:58:49.684  1167  1479 D evsmanagerd: /dev/video6 forwarded the buffer #0 to 0xb4000074bf5f5510 from 0xb4000074bf5f6d90
05-27 18:58:49.684 13911 14183 I SentryImuMcuAngleSender: -179.986rollDeg
05-27 08:49:58.646   581   581 D spi_rst_gpio_get_output: GPIO 145 value: 1
05-27 08:49:58.646   581   581 D spidev_ioctl: gpio status=1)
05-27 18:58:49.685 13911 14183 I SentryImuMcuAngleSender: 1,0,0
05-27 18:58:49.687   581   581 I SpiService: fgesysctrl_getGPIO_status success val=0
05-27 18:58:49.687   299  1163 D EvsDriver: doneWithFrame
05-27 18:58:49.689   299  1153 D EvsDriver: doneWithFrame
05-27 18:58:49.691  1008 30856 D [OMXB]  : usingANWBuffer: handle:0xee742ab0, format:1, w:1920, h:1080
05-27 18:58:49.692 30773 30786 I dvr_service_: CameraX 1  audioOK: 38978779,audios:610
05-27 08:49:58.652   581   581 D spi_rst_gpio_get_output: GPIO 145 value: 0
05-27 08:49:58.652   581   581 D spidev_ioctl: gpio status=0)
05-27 18:58:49.706   581   581 I SpiService: fgesysctrl_getGPIO_status success val=1
05-27 18:58:49.706 13911 14183 I SentryImuMcuAngleSender: 1,0,0
05-27 18:58:49.707  1008 30857 D [OMXB]  : usingANWBuffer: handle:0xee7432f0, format:1, w:1920, h:1080
05-27 08:49:58.670   581   581 D spi_rst_gpio_get_output: GPIO 145 value: 1
05-27 08:49:58.670   581   581 D spidev_ioctl: gpio status=1)
05-27 18:58:49.712   581   581 I SpiService: fgesysctrl_getGPIO_status success val=1
05-27 08:49:58.676   581   581 D spi_rst_gpio_get_output: GPIO 145 value: 1
05-27 08:49:58.676   581   581 D spidev_ioctl: gpio status=1)
05-27 18:58:49.714   299 30841 D EvsDriver: forwardFrame
05-27 18:58:49.716   299 30841 D EvsDriver: Delivered 0xb400007b7ca56a60 as id 0
05-27 18:58:49.717  1167  1184 D evsmanagerd: /dev/video4 forwarded the buffer #0 to 0xb4000074bf5f6850 from 0xb4000074bf5f41d0
05-27 18:58:49.718   581   581 I SpiService: fgesysctrl_getGPIO_status success val=1
05-27 18:58:49.719   299  1153 D EvsDriver: doneWithFrame
05-27 08:49:58.682   581   581 D spi_rst_gpio_get_output: GPIO 145 value: 1
05-27 08:49:58.682   581   581 D spidev_ioctl: gpio status=1)
05-27 18:58:49.724   299 30844 D EvsDriver: forwardFrame
05-27 18:58:49.724   581   581 I SpiService: fgesysctrl_getGPIO_status success val=1
05-27 08:49:58.688   581   581 D spi_rst_gpio_get_output: GPIO 145 value: 1
05-27 08:49:58.688   581   581 D spidev_ioctl: gpio status=1)
05-27 18:58:49.725   299 30844 D EvsDriver: Delivered 0xb400007b7ca56900 as id 0
05-27 18:58:49.725 13911 14183 I SentryImuMcuAngleSender: 179.93697rollDeg
05-27 18:58:49.725 13911 14183 I SentryImuMcuAngleSender: 1,0,0
05-27 18:58:49.725  1167  1184 D evsmanagerd: /dev/video6 forwarded the buffer #0 to 0xb4000074bf5f5510 from 0xb4000074bf5f6d90
05-27 18:58:49.727  1008 30856 D [OMXB]  : usingANWBuffer: handle:0xee7421c0, format:1, w:1920, h:1080
05-27 18:58:49.728   299  1153 D EvsDriver: doneWithFrame
05-27 18:58:49.730   581   581 I SpiService: fgesysctrl_getGPIO_status success val=1
05-27 18:58:49.732   283   307 I rvcservice: t.code = 3, t.value = 0
05-27 08:49:58.694   581   581 D spi_rst_gpio_get_output: GPIO 145 value: 1
05-27 08:49:58.694   581   581 D spidev_ioctl: gpio status=1)
05-27 18:58:49.737   581   581 I SpiService: fgesysctrl_getGPIO_status success val=0
05-27 18:58:49.737   536   536 D commservice260303: msg.id = 1028,0
05-27 18:58:49.737   536   536 D commservice260303: i = 170, msgid = 8A000404
05-27 18:58:49.737   536   536 D commservice260303: msgid = -1979710460,did=138
05-27 18:58:49.737   536   536 D commservice260303: CommProtocolLibCmdBaseI2C::dataproc {"command":{"id":"imu_status","sub":""},"content":{"TimeStamp":11,"FrameCounter":267462,"GD_X":-0.011300750076770782,"GD_Y":0.005039200186729431,"GD_Z":0.0019848872907459736,"AD_X":-0.004553943872451782,"AD_Y":0.0027860570698976517,"AD_Z":-0.1755990982055664,"TempDsp":0,"Status":0,"CalibState":1,"SigAmpInvalid":0}},-1979710460
05-27 18:58:49.737   536   536 D commservice260303: send2Cluster len:316, 7B22636F6D6D616E64223A7B226964223A22696D755F737461747573222C22737562223A22227D2C22636F6E74656E74223A7B2254696D655374616D70223A31312C224672616D65436F756E746572223A3236373436322C2247445F58223A2D302E3031313330303735303037363737303738322C2247445F59223A302E3030353033393230303138363732393433312C2247445F5A223A302E303031393834383837323930373435393733362C2241445F58223A2D302E3030343535333934333837323435313738322C2241445F59223A302E303032373836303537303639383937363531372C2241445F5A223A2D302E313735353939303938323035353636342C2254656D70447370223A302C22537461747573223A302C2243616C69625374617465223A312C22536967416D70496E76616C6964223A307D7D, 138 
05-27 18:58:49.737   536   536 D commservice260303: Push Message into SendPool fn=-1118436352
05-27 18:58:49.738   536   536 D commservice260303: ComProtocolLibSend2Cluster::send2ClusterRaw fn=-1118436352 , len=332
05-27 18:58:49.738   536   536 D commservice260303: sendCmdToPort :332!!!
05-27 18:58:49.738   536   536 D commservice260303: send Cmd To Port ++++5AA501488A01000456BD6A16CE697B22636F6D6D616E64223A7B226964223A22696D755F737461747573222C22737562223A22227D2C22636F6E74656E74223A7B2254696D655374616D70223A31312C224672616D65436F756E746572223A3236373436322C2247445F58223A2D302E3031313330303735303037363737303738322C2247445F59223A302E3030353033393230303138363732393433312C2247445F5A223A302E303031393834383837323930373435393733362C2241445F58223A2D302E3030343535333934333837323435313738322C2241445F59223A302E303032373836303537303639383937363531372C2241445F5A223A2D302E313735353939303938323035353636342C2254656D70447370223A302C22537461747573223A302C2243616C69625374617465223A312C22536967416D70496E76616C6964223A307D7D6056
05-27 18:58:49.738   536   536 D commservice260303: bufferevent_write retrun value = 0
05-27 18:58:49.738   536   560 D commservice260303: client datas send succeed,send finish
05-27 08:49:58.701   581   581 D spi_rst_gpio_get_output: GPIO 145 value: 0
05-27 08:49:58.701   581   581 D spidev_ioctl: gpio status=0)
05-27 18:58:49.738 13911 14192 D Sentinelmode_1.2.5.17_sentry: <SentryImuClusterFgeSender>imu_status sent to Linux, frame=267462, tsNs=11396982, tsMs=11, intervalMs=38, ad=(-0.004553944,0.002786057,-0.1755991), gd=(-0.01130075,0.0050392,0.0019848873)
05-27 18:58:49.741  1008 30857 D [OMXB]  : usingANWBuffer: handle:0xee7435b0, format:1, w:1920, h:1080
05-27 18:58:49.746 13911 14183 I SentryImuMcuAngleSender: 179.97899rollDeg
05-27 18:58:49.746 13911 14183 I SentryImuMcuAngleSender: 1,0,0
05-27 18:58:49.747   299 30844 D EvsDriver: forwardFrame
05-27 18:58:49.749   299 30844 D EvsDriver: Delivered 0xb400007b7ca56900 as id 0
05-27 18:58:49.749  1167  1184 D evsmanagerd: /dev/video6 forwarded the buffer #0 to 0xb4000074bf5f5510 from 0xb4000074bf5f6d90
05-27 18:58:49.749 30773 30783 E dvr_service_: [myNum:1] Received S**** loss
05-27 18:58:49.750   299  1153 D EvsDriver: doneWithFrame
05-27 18:58:49.751   581   581 I SpiService: fgesysctrl_getGPIO_status success val=1
05-27 18:58:49.752   299 30841 D EvsDriver: forwardFrame
05-27 08:49:58.716   581   581 D spi_rst_gpio_get_output: GPIO 145 value: 1
05-27 08:49:58.716   581   581 D spidev_ioctl: gpio status=1)
05-27 18:58:49.753   299 30841 D EvsDriver: Delivered 0xb400007b7ca56a60 as id 0
05-27 18:58:49.753  1167  1184 D evsmanagerd: /dev/video4 forwarded the buffer #0 to 0xb4000074bf5f6850 from 0xb4000074bf5f41d0
05-27 18:58:49.753 30773 30783 E dvr_service_: [myNum:0] Received S**** loss
05-27 18:58:49.753   299  1153 D EvsDriver: doneWithFrame
05-27 18:58:49.757   581   581 I SpiService: fgesysctrl_getGPIO_status success val=1
05-27 08:49:58.721   581   581 D spi_rst_gpio_get_output: GPIO 145 value: 1
05-27 08:49:58.721   581   581 D spidev_ioctl: gpio status=1)
05-27 18:58:49.759  1008 30856 D [OMXB]  : usingANWBuffer: handle:0xee747180, format:1, w:1920, h:1080
05-27 18:58:49.762   581   581 I SpiService: fgesysctrl_getGPIO_status success val=1
05-27 08:49:58.727   581   581 D spi_rst_gpio_get_output: GPIO 145 value: 1
05-27 08:49:58.727   581   581 D spidev_ioctl: gpio status=1)
05-27 18:58:49.767 13911 14183 I SentryImuMcuAngleSender: -179.97899rollDeg
05-27 18:58:49.767 13911 14183 I SentryImuMcuAngleSender: 1,0,0
05-27 18:58:49.768   572   622 I Sensors : 230 AccelSensor: x:-0.167140,y:-0.004880,z:-9.980821
05-27 18:58:49.768   581   581 I SpiService: fgesysctrl_getGPIO_status success val=1
05-27 08:49:58.732   581   581 D spi_rst_gpio_get_output: GPIO 145 value: 1
05-27 08:49:58.732   581   581 D spidev_ioctl: gpio status=1)
05-27 18:58:49.773   581   581 I SpiService: fgesysctrl_getGPIO_status success val=0
05-27 18:58:49.776  1008 30857 D [OMXB]  : usingANWBuffer: handle:0xee741da0, format:1, w:1920, h:1080
05-27 08:49:58.738   581   581 D spi_rst_gpio_get_output: GPIO 145 value: 0
05-27 08:49:58.738   581   581 D spidev_ioctl: gpio status=0)
05-27 18:58:49.778 30773 30789 I dvr_service_: Camera 1: MediaOK:39084016, frames:910, isKeyFrame:0,pts:11396802262
05-27 18:58:49.779   536   536 D commservice260303: msg.id = 1028,1
05-27 18:58:49.780   536   536 D commservice260303: i = 170, msgid = 8A000404
05-27 18:58:49.780   536   536 D commservice260303: msgid = -1979710460,did=138
05-27 18:58:49.780   536   536 D commservice260303: CommProtocolLibCmdBaseI2C::dataproc {"command":{"id":"imu_status","sub":""},"content":{"TimeStamp":11,"FrameCounter":267463,"GD_X":-0.011834942735731602,"GD_Y":0.00549693126231432,"GD_Z":0.0021378109231591225,"AD_X":3.1116604804992676E-4,"AD_Y":-0.005720050539821386,"AD_Z":-0.1755990982055664,"TempDsp":0,"Status":0,"CalibState":1,"SigAmpInvalid":0}},-1979710460
05-27 18:58:49.780   536   536 D commservice260303: send2Cluster len:315, 7B22636F6D6D616E64223A7B226964223A22696D755F737461747573222C22737562223A22227D2C22636F6E74656E74223A7B2254696D655374616D70223A31312C224672616D65436F756E746572223A3236373436332C2247445F58223A2D302E3031313833343934323733353733313630322C2247445F59223A302E30303534393639333132363233313433322C2247445F5A223A302E303032313337383130393233313539313232352C2241445F58223A332E31313136363034383034393932363736452D342C2241445F59223A2D302E3030353732303035303533393832313338362C2241445F5A223A2D302E313735353939303938323035353636342C2254656D70447370223A302C22537461747573223A302C2243616C69625374617465223A312C22536967416D70496E76616C6964223A307D7D, 138 
05-27 18:58:49.780   536   536 D commservice260303: Push Message into SendPool fn=-1101659136
05-27 18:58:49.780   536   536 D commservice260303: ComProtocolLibSend2Cluster::send2ClusterRaw fn=-1101659136 , len=331
05-27 18:58:49.780   536   536 D commservice260303: sendCmdToPort :331!!!
05-27 18:58:49.780   536   536 D commservice260303: send Cmd To Port ++++5AA501478A01000456BE6A16CE697B22636F6D6D616E64223A7B226964223A22696D755F737461747573222C22737562223A22227D2C22636F6E74656E74223A7B2254696D655374616D70223A31312C224672616D65436F756E746572223A3236373436332C2247445F58223A2D302E3031313833343934323733353733313630322C2247445F59223A302E30303534393639333132363233313433322C2247445F5A223A302E303032313337383130393233313539313232352C2241445F58223A332E31313136363034383034393932363736452D342C2241445F59223A2D302E3030353732303035303533393832313338362C2241445F5A223A2D302E313735353939303938323035353636342C2254656D70447370223A302C22537461747573223A302C2243616C69625374617465223A312C22536967416D70496E76616C6964223A307D7D809B
05-27 18:58:49.781   536   536 D commservice260303: bufferevent_write retrun value = 0
05-27 18:58:49.781   536   560 D commservice260303: client datas send succeed,send finish
05-27 18:58:49.781 13911 14192 D Sentinelmode_1.2.5.17_sentry: <SentryImuClusterFgeSender>imu_status sent to Linux, frame=267463, tsNs=11397018, tsMs=11, intervalMs=43, ad=(3.1116605E-4,-0.0057200505,-0.1755991), gd=(-0.011834943,0.0054969313,0.002137811)
05-27 18:58:49.783   299 30844 D EvsDriver: forwardFrame
05-27 18:58:49.785 15863 15863 D AIN-NaviLocationPresenter: ACC is OFF, skip upload location
05-27 18:58:49.787   299 30844 D EvsDriver: Delivered 0xb400007b7ca56900 as id 0
05-27 18:58:49.787  1167  1184 D evsmanagerd: /dev/video6 forwarded the buffer #0 to 0xb4000074bf5f5510 from 0xb4000074bf5f6d90
05-27 18:58:49.788   581   581 I SpiService: fgesysctrl_getGPIO_status success val=1
05-27 18:58:49.788 13911 14183 I SentryImuMcuAngleSender: -179.986rollDeg
05-27 18:58:49.788 13911 14183 I SentryImuMcuAngleSender: 1,0,0
05-27 08:49:58.752   581   581 D spi_rst_gpio_get_output: GPIO 145 value: 1
05-27 08:49:58.752   581   581 D spidev_ioctl: gpio status=1)
05-27 18:58:49.790   299  1153 D EvsDriver: doneWithFrame
05-27 18:58:49.791   299 30841 D EvsDriver: forwardFrame
05-27 18:58:49.793   299 30841 D EvsDriver: Delivered 0xb400007b7ca56a60 as id 0
05-27 18:58:49.793  1167  1184 D evsmanagerd: /dev/video4 forwarded the buffer #0 to 0xb4000074bf5f6850 from 0xb4000074bf5f41d0
05-27 18:58:49.793  1008 30856 D [OMXB]  : usingANWBuffer: handle:0xee741b90, format:1, w:1920, h:1080
05-27 18:58:49.794   581   581 I SpiService: fgesysctrl_getGPIO_status success val=1
05-27 18:58:49.799   299  1153 D EvsDriver: doneWithFrame
05-27 08:49:58.758   581   581 D spidev_ioctl: gpio status=1)
05-27 08:49:58.764   581   581 D spi_rst_gpio_get_output: GPIO 145 value: 1
05-27 08:49:58.764   581   581 D spidev_ioctl: gpio status=1)
05-27 18:58:49.800   581   581 I SpiService: fgesysctrl_getGPIO_status success val=1
05-27 18:58:49.806   581   581 I SpiService: fgesysctrl_getGPIO_status success val=1
05-27 18:58:49.808 13911 14183 I SentryImuMcuAngleSender: 179.97899rollDeg
05-27 18:58:49.809 13911 14183 I SentryImuMcuAngleSender: 1,0,0
05-27 08:49:58.771   581   581 D spi_rst_gpio_get_output: GPIO 145 value: 1
05-27 08:49:58.771   581   581 D spidev_ioctl: gpio status=1)
05-27 18:58:49.812   581   581 I SpiService: fgesysctrl_getGPIO_status success val=1
05-27 08:49:58.777   581   581 D spi_rst_gpio_get_output: GPIO 145 value: 1
05-27 08:49:58.777   581   581 D spidev_ioctl: gpio status=1)
05-27 18:58:49.813  1008 30857 D [OMXB]  : usingANWBuffer: handle:0xee7427f0, format:1, w:1920, h:1080
05-27 18:58:49.817   581   581 I SpiService: fgesysctrl_getGPIO_status success val=0
05-27 18:58:49.818   536   536 D commservice260303: msg.id = 1028,1
05-27 18:58:49.818   536   536 D commservice260303: i = 170, msgid = 8A000404
05-27 18:58:49.818   536   536 D commservice260303: msgid = -1979710460,did=138
05-27 18:58:49.818   536   536 D commservice260303: CommProtocolLibCmdBaseI2C::dataproc {"command":{"id":"imu_status","sub":""},"content":{"TimeStamp":11,"FrameCounter":267464,"GD_X":-0.011223767884075642,"GD_Y":0.005345047451555729,"GD_Z":0.0022902146447449923,"AD_X":-0.0021416693925857544,"AD_Y":0.002820156514644623,"AD_Z":-0.17315959930419922,"TempDsp":0,"Status":0,"CalibState":1,"SigAmpInvalid":0}},-1979710460
05-27 18:58:49.818   536   536 D commservice260303: send2Cluster len:317, 7B22636F6D6D616E64223A7B226964223A22696D755F737461747573222C22737562223A22227D2C22636F6E74656E74223A7B2254696D655374616D70223A31312C224672616D65436F756E746572223A3236373436342C2247445F58223A2D302E3031313232333736373838343037353634322C2247445F59223A302E3030353334353034373435313535353732392C2247445F5A223A302E303032323930323134363434373434393932332C2241445F58223A2D302E303032313431363639333932353835373534342C2241445F59223A302E3030323832303135363531343634343632332C2241445F5A223A2D302E31373331353935393933303431393932322C2254656D70447370223A302C22537461747573223A302C2243616C69625374617465223A312C22536967416D70496E76616C6964223A307D7D, 138 
05-27 18:58:49.818   536   536 D commservice260303: Push Message into SendPool fn=-1084881920
05-27 18:58:49.818   536   536 D commservice260303: ComProtocolLibSend2Cluster::send2ClusterRaw fn=-1084881920 , len=333
05-27 18:58:49.818   536   536 D commservice260303: sendCmdToPort :333!!!
05-27 18:58:49.818   536   536 D commservice260303: send Cmd To Port ++++5AA501498A01000456BF6A16CE697B22636F6D6D616E64223A7B226964223A22696D755F737461747573222C22737562223A22227D2C22636F6E74656E74223A7B2254696D655374616D70223A31312C224672616D65436F756E746572223A3236373436342C2247445F58223A2D302E3031313232333736373838343037353634322C2247445F59223A302E3030353334353034373435313535353732392C2247445F5A223A302E303032323930323134363434373434393932332C2241445F58223A2D302E303032313431363639333932353835373534342C2241445F59223A302E3030323832303135363531343634343632332C2241445F5A223A2D302E31373331353935393933303431393932322C2254656D70447370223A302C22537461747573223A302C2243616C69625374617465223A312C22536967416D70496E76616C6964223A307D7D9833
05-27 18:58:49.818   536   536 D commservice260303: bufferevent_write retrun value = 0
05-27 18:58:49.818   536   560 D commservice260303: client datas send succeed,send finish
05-27 18:58:49.818 13911 14192 D Sentinelmode_1.2.5.17_sentry: <SentryImuClusterFgeSender>imu_status sent to Linux, frame=267464, tsNs=11397055, tsMs=11, intervalMs=37, ad=(-0.0021416694,0.0028201565,-0.1731596), gd=(-0.011223768,0.0053450475,0.0022902146)
05-27 18:58:49.820   299 30844 D EvsDriver: forwardFrame
05-27 18:58:49.820   299 30841 D EvsDriver: forwardFrame
05-27 08:49:58.782   581   581 D spi_rst_gpio_get_output: GPIO 145 value: 0
05-27 08:49:58.782   581   581 D spidev_ioctl: gpio status=0)
05-27 18:58:49.823  1167  1184 D evsmanagerd: /dev/video4 forwarded the buffer #0 to 0xb4000074bf5f6850 from 0xb4000074bf5f41d0
05-27 18:58:49.824   299 30841 D EvsDriver: Delivered 0xb400007b7ca56a60 as id 0
05-27 18:58:49.824   299 30844 D EvsDriver: Delivered 0xb400007b7ca56900 as id 0
05-27 18:58:49.824  1167  1184 D evsmanagerd: /dev/video6 forwarded the buffer #0 to 0xb4000074bf5f5510 from 0xb4000074bf5f6d90
05-27 18:58:49.831 13911 14183 I SentryImuMcuAngleSender: 179.97899rollDeg
05-27 18:58:49.831   299  1153 D EvsDriver: doneWithFrame
05-27 18:58:49.831   299  1163 D EvsDriver: doneWithFrame
05-27 18:58:49.831 13911 14183 I SentryImuMcuAngleSender: 1,0,0
05-27 18:58:49.832   283   307 I rvcservice: t.code = 0, t.value = 0
05-27 18:58:49.834  1008 30856 D [OMXB]  : usingANWBuffer: handle:0xee744000, format:1, w:1920, h:1080
05-27 18:58:49.835 30773 30789 I dvr_service_: Camera 0: MediaOK:39331583, frames:910, isKeyFrame:0,pts:11396918024
05-27 18:58:49.836   581   581 I SpiService: fgesysctrl_getGPIO_status success val=1
05-27 08:49:58.797 11060 11060 E Time_printk_thread: 2026-05-27 18:58:49
05-27 08:49:58.801   581   581 D spi_rst_gpio_get_output: GPIO 145 value: 1
05-27 08:49:58.801   581   581 D spidev_ioctl: gpio status=1)
05-27 18:58:49.839 30773 30785 I dvr_service_: [EncoderHandler::runMediaThread] runMediaThread started:1,state:1, cam2:started:1,state:1, lastSwitch:1, mIsMuxerStart:1,format:0,is_str_ing:0
05-27 18:58:49.842   581   581 I SpiService: fgesysctrl_getGPIO_status success val=1
05-27 08:49:58.806   581   581 D spi_rst_gpio_get_output: GPIO 145 value: 1
05-27 08:49:58.806   581   581 D spidev_ioctl: gpio status=1)
05-27 18:58:49.847   351   351 D DefaultVehicleHal: setProperty setValues start
05-27 18:58:49.847   299 30844 D EvsDriver: forwardFrame
05-27 18:58:49.847   299 30841 D EvsDriver: forwardFrame
05-27 18:58:49.847   581   581 I SpiService: fgesysctrl_getGPIO_status success val=1
05-27 18:58:49.847   351   351 D 2026-5-19:FakeVehicleHardware: setProperty FakeVehicleHardware  ID: 0x11500f31
05-27 18:58:49.847   351   351 D 2026-5-19:FakeVehicleHardware: setProperty id:0x11500f31,value:11397097
05-27 18:58:49.848   351   368 D 2026-5-19:FakeVehicleHardware: setProperty FakeVehicleHardware  setValue START
05-27 18:58:49.848   351   351 D DefaultVehicleHal: setProperty setValues end
05-27 18:58:49.848   351   368 D 2026-5-19:FakeVehicleHardware: setProperty FakeVehicleHardware  setValue end
05-27 08:49:58.812   581   581 D spi_rst_gpio_get_output: GPIO 145 value: 1
05-27 08:49:58.812   581   581 D spidev_ioctl: gpio status=1)
05-27 18:58:49.850   299 30841 D EvsDriver: Delivered 0xb400007b7ca56a60 as id 0
05-27 18:58:49.850   299 30844 D EvsDriver: Delivered 0xb400007b7ca56900 as id 0
05-27 18:58:49.850  1167  1184 D evsmanagerd: /dev/video4 forwarded the buffer #0 to 0xb4000074bf5f6850 from 0xb4000074bf5f41d0
05-27 18:58:49.850  1167  1479 D evsmanagerd: /dev/video6 forwarded the buffer #0 to 0xb4000074bf5f5510 from 0xb4000074bf5f6d90
05-27 18:58:49.852 13911 14183 I SentryImuMcuAngleSender: 179.95097rollDeg
05-27 18:58:49.852 13911 14183 I SentryImuMcuAngleSender: 1,0,0
05-27 18:58:49.853   581   581 I SpiService: fgesysctrl_getGPIO_status success val=0
05-27 18:58:49.854   299  1153 D EvsDriver: doneWithFrame
05-27 18:58:49.855   299  1153 D EvsDriver: doneWithFrame
05-27 08:49:58.818   581   581 D spi_rst_gpio_get_output: GPIO 145 value: 0
05-27 08:49:58.818   581   581 D spidev_ioctl: gpio status=0)
05-27 18:58:49.849 13549 13549 I auditd  : type=1400 audit(0.0:72979): avc: denied { search } for comm="CACHEABLE" name="/" dev="vda93" ino=2 scontext=u:r:system_app:s0 tcontext=u:object_r:log_data_file:s0 tclass=dir permissive=1
05-27 18:58:49.849 13549 13549 I CACHEABLE: type=1400 audit(0.0:72979): avc: denied { search } for name="/" dev="vda93" ino=2 scontext=u:r:system_app:s0 tcontext=u:object_r:log_data_file:s0 tclass=dir permissive=1
05-27 18:58:49.849 13549 13549 I auditd  : type=1400 audit(0.0:72980): avc: denied { getattr } for comm="CACHEABLE" path="/mnt/log_data/AndroidLog/logcat" dev="vda93" ino=180226 scontext=u:r:system_app:s0 tcontext=u:object_r:log_data_file:s0 tclass=dir permissive=1
05-27 18:58:49.849 13549 13549 I CACHEABLE: type=1400 audit(0.0:72980): avc: denied { getattr } for path="/mnt/log_data/AndroidLog/logcat" dev="vda93" ino=180226 scontext=u:r:system_app:s0 tcontext=u:object_r:log_data_file:s0 tclass=dir permissive=1
05-27 18:58:49.857   572   622 I Sensors : 230 GyroSensor: x:-0.011911,y:0.005650,z:0.002367
05-27 18:58:49.849 13549 13549 I auditd  : type=1400 audit(0.0:72981): avc: denied { read } for comm="CACHEABLE" name="logcat" dev="vda93" ino=180226 scontext=u:r:system_app:s0 tcontext=u:object_r:log_data_file:s0 tclass=dir permissive=1
05-27 18:58:49.849 13549 13549 I CACHEABLE: type=1400 audit(0.0:72981): avc: denied { read } for name="logcat" dev="vda93" ino=180226 scontext=u:r:system_app:s0 tcontext=u:object_r:log_data_file:s0 tclass=dir permissive=1
05-27 18:58:49.849 13549 13549 I auditd  : type=1400 audit(0.0:72982): avc: denied { open } for comm="CACHEABLE" path="/mnt/log_data/AndroidLog/logcat" dev="vda93" ino=180226 scontext=u:r:system_app:s0 tcontext=u:object_r:log_data_file:s0 tclass=dir permissive=1
05-27 18:58:49.849 13549 13549 I CACHEABLE: type=1400 audit(0.0:72982): avc: denied { open } for path="/mnt/log_data/AndroidLog/logcat" dev="vda93" ino=180226 scontext=u:r:system_app:s0 tcontext=u:object_r:log_data_file:s0 tclass=dir permissive=1
05-27 18:58:49.862   536   536 D commservice260303: msg.id = 1028,1
05-27 18:58:49.862   536   536 D commservice260303: i = 170, msgid = 8A000404
05-27 18:58:49.862   536   536 D commservice260303: msgid = -1979710460,did=138
05-27 18:58:49.862   536   536 D commservice260303: CommProtocolLibCmdBaseI2C::dataproc {"command":{"id":"imu_status","sub":""},"content":{"TimeStamp":11,"FrameCounter":267465,"GD_X":-0.011834942735731602,"GD_Y":0.005345047451555729,"GD_Z":0.0020608289632946253,"AD_X":-0.003961041569709778,"AD_Y":0.0076464214362204075,"AD_Z":-0.1755990982055664,"TempDsp":0,"Status":0,"CalibState":1,"SigAmpInvalid":0}},-1979710460
05-27 18:58:49.862   536   536 D commservice260303: send2Cluster len:316, 7B22636F6D6D616E64223A7B226964223A22696D755F737461747573222C22737562223A22227D2C22636F6E74656E74223A7B2254696D655374616D70223A31312C224672616D65436F756E746572223A3236373436352C2247445F58223A2D302E3031313833343934323733353733313630322C2247445F59223A302E3030353334353034373435313535353732392C2247445F5A223A302E303032303630383238393633323934363235332C2241445F58223A2D302E3030333936313034313536393730393737382C2241445F59223A302E303037363436343231343336323230343037352C2241445F5A223A2D302E313735353939303938323035353636342C2254656D70447370223A302C22537461747573223A302C2243616C69625374617465223A312C22536967416D70496E76616C6964223A307D7D, 138 
05-27 18:58:49.863   536   536 D commservice260303: Push Message into SendPool fn=-1068104704
05-27 18:58:49.863   536   536 D commservice260303: ComProtocolLibSend2Cluster::send2ClusterRaw fn=-1068104704 , len=332
05-27 18:58:49.863   536   536 D commservice260303: sendCmdToPort :332!!!
05-27 18:58:49.863   536   536 D commservice260303: send Cmd To Port ++++5AA501488A01000456C06A16CE697B22636F6D6D616E64223A7B226964223A22696D755F737461747573222C22737562223A22227D2C22636F6E74656E74223A7B2254696D655374616D70223A31312C224672616D65436F756E746572223A3236373436352C2247445F58223A2D302E3031313833343934323733353733313630322C2247445F59223A302E3030353334353034373435313535353732392C2247445F5A223A302E303032303630383238393633323934363235332C2241445F58223A2D302E3030333936313034313536393730393737382C2241445F59223A302E303037363436343231343336323230343037352C2241445F5A223A2D302E313735353939303938323035353636342C2254656D70447370223A302C22537461747573223A302C2243616C69625374617465223A312C22536967416D70496E76616C6964223A307D7DDF8A
05-27 18:58:49.863   536   536 D commservice260303: bufferevent_write retrun value = 0
05-27 18:58:49.863   536   560 D commservice260303: client datas send succeed,send finish
05-27 18:58:49.863 13911 14192 D Sentinelmode_1.2.5.17_sentry: <SentryImuClusterFgeSender>imu_status sent to Linux, frame=267465, tsNs=11397089, tsMs=11, intervalMs=45, ad=(-0.0039610416,0.0076464214,-0.1755991), gd=(-0.011834943,0.0053450475,0.002060829)
05-27 18:58:49.861  1044  1044 I auditd  : type=1400 audit(0.0:72983): avc: denied { use } for comm="oid.aac.encoder" path="/dmabuf:" dev="dmabuf" ino=776943 scontext=u:r:mediaswcodec:s0 tcontext=u:r:adayo_dvr_service:s0 tclass=fd permissive=1
05-27 18:58:49.861  1044  1044 I oid.aac.encoder: type=1400 audit(0.0:72983): avc: denied { use } for path="/dmabuf:" dev="dmabuf" ino=776943 scontext=u:r:mediaswcodec:s0 tcontext=u:r:adayo_dvr_service:s0 tclass=fd permissive=1
05-27 18:58:49.868   581   581 I SpiService: fgesysctrl_getGPIO_status success val=1
05-27 08:49:58.833   581   581 D spi_rst_gpio_get_output: GPIO 145 value: 1
05-27 08:49:58.833   581   581 D spidev_ioctl: gpio status=1)
05-27 18:58:49.870  1008 30856 D [OMXB]  : usingANWBuffer: handle:0xee7440b0, format:1, w:1920, h:1080
05-27 18:58:49.872 13911 14183 I SentryImuMcuAngleSender: 180.0rollDeg
05-27 18:58:49.872 13911 14183 I SentryImuMcuAngleSender: 1,0,0
05-27 18:58:49.874   581   581 I SpiService: fgesysctrl_getGPIO_status success val=1
05-27 08:49:58.839   581   581 D spi_rst_gpio_get_output: GPIO 145 value: 1
05-27 08:49:58.839   581   581 D spidev_ioctl: gpio status=1)
05-27 18:58:49.879  1008 30857 D [OMXB]  : usingANWBuffer: handle:0xee741ae0, format:1, w:1920, h:1080
05-27 18:58:49.880   581   581 I SpiService: fgesysctrl_getGPIO_status success val=1
05-27 08:49:58.844   581   581 D spi_rst_gpio_get_output: GPIO 145 value: 1
05-27 08:49:58.844   581   581 D spidev_ioctl: gpio status=1)
05-27 18:58:49.885   581   581 I SpiService: fgesysctrl_getGPIO_status success val=1
05-27 18:58:49.885   299 30841 D EvsDriver: forwardFrame
05-27 18:58:49.886   299 30841 D EvsDriver: Delivered 0xb400007b7ca56a60 as id 0
05-27 18:58:49.887   299 30844 D EvsDriver: forwardFrame
05-27 18:58:49.887  1167  1479 D evsmanagerd: /dev/video4 forwarded the buffer #0 to 0xb4000074bf5f6850 from 0xb4000074bf5f41d0
05-27 18:58:49.888   299 30844 D EvsDriver: Delivered 0xb400007b7ca56900 as id 0
05-27 18:58:49.888  1167  1479 D evsmanagerd: /dev/video6 forwarded the buffer #0 to 0xb4000074bf5f5510 from 0xb4000074bf5f6d90
05-27 08:49:58.850   581   581 D spi_rst_gpio_get_output: GPIO 145 value: 1
05-27 08:49:58.850   581   581 D spidev_ioctl: gpio status=1)
05-27 08:49:58.855   581   581 D spi_rst_gpio_get_output: GPIO 145 value: 1
05-27 08:49:58.855   581   581 D spidev_ioctl: gpio status=1)
05-27 08:49:58.861   581   581 D spi_rst_gpio_get_output: GPIO 145 value: 0
05-27 18:58:49.891   581   581 I SpiService: fgesysctrl_getGPIO_status success val=1
05-27 18:58:49.892   299  1153 D EvsDriver: doneWithFrame
05-27 18:58:49.892   299  1153 D EvsDriver: doneWithFrame
05-27 18:58:49.895 13911 14183 I SentryImuMcuAngleSender: -179.96498rollDeg
05-27 18:58:49.895 13911 14183 I SentryImuMcuAngleSender: 1,0,0
05-27 18:58:49.896   581   581 I SpiService: fgesysctrl_getGPIO_status success val=0
05-27 18:58:49.898   351   515 W automotive.vehicle@2.0-adayo-func-bcm: BCMFunc sendMessageFromClient_l sendMessage prop: 0x11500f31 not in table
05-27 18:58:49.900  1008 30856 D [OMXB]  : usingANWBuffer: handle:0xee742cc0, format:1, w:1920, h:1080
05-27 18:58:49.902   536   536 D commservice260303: i = 170, msgid = 8A000404
05-27 18:58:49.902   536   536 D commservice260303: msgid = -1979710460,did=138
05-27 18:58:49.902   536   536 D commservice260303: CommProtocolLibCmdBaseI2C::dataproc {"command":{"id":"imu_status","sub":""},"content":{"TimeStamp":11,"FrameCounter":267466,"GD_X":-0.011759000830352306,"GD_Y":0.005420989356935024,"GD_Z":0.002213752595707774,"AD_X":0.0014801770448684692,"AD_Y":-0.007554712705314159,"AD_Z":-0.17559432983398438,"TempDsp":0,"Status":0,"CalibState":1,"SigAmpInvalid":0}},-1979710460
05-27 18:58:49.902   536   536 D commservice260303: send2Cluster len:316, 7B22636F6D6D616E64223A7B226964223A22696D755F737461747573222C22737562223A22227D2C22636F6E74656E74223A7B2254696D655374616D70223A31312C224672616D65436F756E746572223A3236373436362C2247445F58223A2D302E3031313735393030303833303335323330362C2247445F59223A302E3030353432303938393335363933353032342C2247445F5A223A302E3030323231333735323539353730373737342C2241445F58223A302E303031343830313737303434383638343639322C2241445F59223A2D302E3030373535343731323730353331343135392C2241445F5A223A2D302E31373535393433323938333339383433382C2254656D70447370223A302C22537461747573223A302C2243616C69625374617465223A312C22536967416D70496E76616C6964223A307D7D, 138 
05-27 18:58:49.902   536   536 D commservice260303: Push Message into SendPool fn=-1051327488
05-27 18:58:49.902   536   536 D commservice260303: ComProtocolLibSend2Cluster::send2ClusterRaw fn=-1051327488 , len=332
05-27 18:58:49.902   536   536 D commservice260303: sendCmdToPort :332!!!
05-27 18:58:49.902   536   536 D commservice260303: send Cmd To Port ++++5AA501488A01000456C16A16CE697B22636F6D6D616E64223A7B226964223A22696D755F737461747573222C22737562223A22227D2C22636F6E74656E74223A7B2254696D655374616D70223A31312C224672616D65436F756E746572223A3236373436362C2247445F58223A2D302E3031313735393030303833303335323330362C2247445F59223A302E3030353432303938393335363933353032342C2247445F5A223A302E3030323231333735323539353730373737342C2241445F58223A302E303031343830313737303434383638343639322C2241445F59223A2D302E3030373535343731323730353331343135392C2241445F5A223A2D302E31373535393433323938333339383433382C2254656D70447370223A302C22537461747573223A302C2243616C69625374617465223A312C22536967416D70496E76616C6964223A307D7D2DCC
05-27 18:58:49.902   536   536 D commservice260303: bufferevent_write retrun value = 0
05-27 18:58:49.902   536   560 D commservice260303: client datas send succeed,send finish
05-27 18:58:49.903 13911 14192 D Sentinelmode_1.2.5.17_sentry: <SentryImuClusterFgeSender>imu_status sent to Linux, frame=267466, tsNs=11397143, tsMs=11, intervalMs=39, ad=(0.001480177,-0.0075547127,-0.17559433), gd=(-0.011759001,0.0054209894,0.0022137526)
05-27 18:58:49.911   581   581 I SpiService: fgesysctrl_getGPIO_status success val=1
05-27 08:49:58.875   581   581 D spi_rst_gpio_get_output: GPIO 145 value: 1
05-27 08:49:58.875   581   581 D spidev_ioctl: gpio status=1)
05-27 18:58:49.914   299 30841 D EvsDriver: forwardFrame
05-27 18:58:49.916   299 30844 D EvsDriver: forwardFrame
05-27 18:58:49.916 13911 14183 I SentryImuMcuAngleSender: -179.986rollDeg
05-27 18:58:49.916 13911 14183 I SentryImuMcuAngleSender: 1,0,0
05-27 18:58:49.916   299 30841 D EvsDriver: Delivered 0xb400007b7ca56a60 as id 0
05-27 18:58:49.916  1167  1479 D evsmanagerd: /dev/video4 forwarded the buffer #0 to 0xb4000074bf5f6850 from 0xb4000074bf5f41d0
05-27 18:58:49.917 30773 30782 E dvr_service_: [myNum:0] Received S**** loss
05-27 18:58:49.917   581   581 I SpiService: fgesysctrl_getGPIO_status success val=1
05-27 18:58:49.917   299 30844 D EvsDriver: Delivered 0xb400007b7ca56900 as id 0
05-27 18:58:49.917  1167  1479 D evsmanagerd: /dev/video6 forwarded the buffer #0 to 0xb4000074bf5f5510 from 0xb4000074bf5f6d90
05-27 18:58:49.917   299  1153 D EvsDriver: doneWithFrame
05-27 18:58:49.917 30773 30782 E dvr_service_: [myNum:1] Received S**** loss
05-27 18:58:49.918   299  1153 D EvsDriver: doneWithFrame
05-27 08:49:58.882   581   581 D spi_rst_gpio_get_output: GPIO 145 value: 1
05-27 08:49:58.882   581   581 D spidev_ioctl: gpio status=1)
05-27 18:58:49.922   581   581 I SpiService: fgesysctrl_getGPIO_status success val=1
05-27 18:58:49.923  1008 30857 D [OMXB]  : usingANWBuffer: handle:0xee7444d0, format:1, w:1920, h:1080
05-27 08:49:58.887   581   581 D spi_rst_gpio_get_output: GPIO 145 value: 1
05-27 08:49:58.887   581   581 D spidev_ioctl: gpio status=1)
05-27 18:58:49.928   581   581 I SpiService: fgesysctrl_getGPIO_status success val=1
05-27 08:49:58.892   581   581 D spi_rst_gpio_get_output: GPIO 145 value: 1
05-27 08:49:58.892   581   581 D spidev_ioctl: gpio status=1)
05-27 18:58:49.932   283   307 I rvcservice: t.code = 3, t.value = 0
05-27 18:58:49.933   581   581 I SpiService: fgesysctrl_getGPIO_status success val=1
05-27 18:58:49.936 13911 14183 I SentryImuMcuAngleSender: 179.97198rollDeg
05-27 18:58:49.936 13911 14183 I SentryImuMcuAngleSender: 1,0,0
05-27 08:49:58.898   581   581 D spi_rst_gpio_get_output: GPIO 145 value: 1
05-27 08:49:58.898   581   581 D spidev_ioctl: gpio status=1)
05-27 18:58:49.938   581   581 I SpiService: fgesysctrl_getGPIO_status success val=0
05-27 08:49:58.903   581   581 D spi_rst_gpio_get_output: GPIO 145 value: 0
05-27 08:49:58.903   581   581 D spidev_ioctl: gpio status=0)
05-27 18:58:49.941  1008 30856 D [OMXB]  : usingANWBuffer: handle:0xee742950, format:1, w:1920, h:1080
05-27 18:58:49.943   536   536 D commservice260303: msg.id = 1028,1
05-27 18:58:49.943   536   536 D commservice260303: i = 170, msgid = 8A000404
05-27 18:58:49.943   536   536 D commservice260303: msgid = -1979710460,did=138
05-27 18:58:49.943   536   536 D commservice260303: CommProtocolLibCmdBaseI2C::dataproc {"command":{"id":"imu_status","sub":""},"content":{"TimeStamp":11,"FrameCounter":267467,"GD_X":-0.012370175682008266,"GD_Y":0.005268065724521875,"GD_Z":0.0023671966046094894,"AD_X":-0.007649600505828857,"AD_Y":0.004032885655760765,"AD_Z":-0.17315959930419922,"TempDsp":0,"Status":0,"CalibState":1,"SigAmpInvalid":0}},-1979710460
05-27 18:58:49.944   536   536 D commservice260303: send2Cluster len:316, 7B22636F6D6D616E64223A7B226964223A22696D755F737461747573222C22737562223A22227D2C22636F6E74656E74223A7B2254696D655374616D70223A31312C224672616D65436F756E746572223A3236373436372C2247445F58223A2D302E3031323337303137353638323030383236362C2247445F59223A302E3030353236383036353732343532313837352C2247445F5A223A302E303032333637313936363034363039343839342C2241445F58223A2D302E3030373634393630303530353832383835372C2241445F59223A302E3030343033323838353635353736303736352C2241445F5A223A2D302E31373331353935393933303431393932322C2254656D70447370223A302C22537461747573223A302C2243616C69625374617465223A312C22536967416D70496E76616C6964223A307D7D, 138 
05-27 18:58:49.944   536   536 D commservice260303: Push Message into SendPool fn=-1034550272
05-27 18:58:49.944   536   536 D commservice260303: ComProtocolLibSend2Cluster::send2ClusterRaw fn=-1034550272 , len=332
05-27 18:58:49.944   536   536 D commservice260303: sendCmdToPort :332!!!
05-27 18:58:49.944   536   536 D commservice260303: send Cmd To Port ++++5AA501488A01000456C26A16CE697B22636F6D6D616E64223A7B226964223A22696D755F737461747573222C22737562223A22227D2C22636F6E74656E74223A7B2254696D655374616D70223A31312C224672616D65436F756E746572223A3236373436372C2247445F58223A2D302E3031323337303137353638323030383236362C2247445F59223A302E3030353236383036353732343532313837352C2247445F5A223A302E303032333637313936363034363039343839342C2241445F58223A2D302E3030373634393630303530353832383835372C2241445F59223A302E3030343033323838353635353736303736352C2241445F5A223A2D302E31373331353935393933303431393932322C2254656D70447370223A302C22537461747573223A302C2243616C69625374617465223A312C22536967416D70496E76616C6964223A307D7DC7E1
05-27 18:58:49.944   536   536 D commservice260303: bufferevent_write retrun value = 0
05-27 18:58:49.944   536   560 D commservice260303: client datas send succeed,send finish
05-27 18:58:49.945 13911 14192 D Sentinelmode_1.2.5.17_sentry: <SentryImuClusterFgeSender>imu_status sent to Linux, frame=267467, tsNs=11397178, tsMs=11, intervalMs=43, ad=(-0.0076496005,0.0040328857,-0.1731596), gd=(-0.012370176,0.0052680657,0.0023671966)
05-27 18:58:49.950   299 30844 D EvsDriver: forwardFrame
05-27 18:58:49.950   299 30841 D EvsDriver: forwardFrame
05-27 18:58:49.952   299 30841 D EvsDriver: Delivered 0xb400007b7ca56a60 as id 0
05-27 18:58:49.952   299 30844 D EvsDriver: Delivered 0xb400007b7ca56900 as id 0
05-27 18:58:49.953  1167  1184 D evsmanagerd: /dev/video6 forwarded the buffer #0 to 0xb4000074bf5f5510 from 0xb4000074bf5f6d90
05-27 18:58:49.953  1167  1479 D evsmanagerd: /dev/video4 forwarded the buffer #0 to 0xb4000074bf5f6850 from 0xb4000074bf5f41d0
05-27 18:58:49.953   581   581 I SpiService: fgesysctrl_getGPIO_status success val=1
05-27 18:58:49.956   299  1153 D EvsDriver: doneWithFrame
05-27 18:58:49.957 13911 14183 I SentryImuMcuAngleSender: 179.96149rollDeg
05-27 18:58:49.957 13911 14183 I SentryImuMcuAngleSender: 1,0,0
05-27 18:58:49.957  1008 30857 D [OMXB]  : usingANWBuffer: handle:0xee742530, format:1, w:1920, h:1080
05-27 18:58:49.958   299  1153 D EvsDriver: doneWithFrame
05-27 18:58:49.959   581   581 I SpiService: fgesysctrl_getGPIO_status success val=1
05-27 08:49:58.918   581   581 D spi_rst_gpio_get_output: GPIO 145 value: 1
05-27 08:49:58.918   581   581 D spidev_ioctl: gpio status=1)
05-27 08:49:58.923   581   581 D spi_rst_gpio_get_output: GPIO 145 value: 1
05-27 08:49:58.923   581   581 D spidev_ioctl: gpio status=1)
05-27 18:58:49.963   572   622 I Sensors : 230 AccelSensor: x:-0.169580,y:0.000000,z:-9.984479
05-27 18:58:49.964   581   581 I SpiService: fgesysctrl_getGPIO_status success val=1
05-27 08:49:58.929   581   581 D spi_rst_gpio_get_output: GPIO 145 value: 1
05-27 08:49:58.929   581   581 D spidev_ioctl: gpio status=1)
05-27 18:58:49.970   581   581 I SpiService: fgesysctrl_getGPIO_status success val=1
05-27 08:49:58.934   581   581 D spi_rst_gpio_get_output: GPIO 145 value: 1
05-27 08:49:58.934   581   581 D spidev_ioctl: gpio status=1)
05-27 18:58:49.973 13911 14183 I SentryImuMcuAngleSender: [4, 18, 1, 0, 0],5
05-27 18:58:49.973 13911 14183 I McuCommManager: mcuCommSendcmd [4, 18, 1, 0, 0]
05-27 18:58:49.974 13911 14183 I SentryImuMcuAngleSender: true
05-27 18:58:49.974 13911 14183 W Sentinelmode_1.2.5.17_sentry: <SentryImuMcuAngleSender>MCU IMU send interval abnormal: 1001ms
05-27 18:58:49.975   581   581 I SpiService: fgesysctrl_getGPIO_status success val=1
05-27 18:58:49.976 13911 14183 I SentryImuMcuAngleSender: 180.0rollDeg
05-27 18:58:49.976 13911 14183 I SentryImuMcuAngleSender: 1,0,0
05-27 08:49:58.940   581   581 D spi_rst_gpio_get_output: GPIO 145 value: 1
05-27 08:49:58.940   581   581 D spidev_ioctl: gpio status=1)
05-27 18:58:49.980   581   581 I SpiService: fgesysctrl_getGPIO_status success val=0
05-27 18:58:49.980   481   597 I mcuc    : send SPI:6AA6007DA900050412010000BE
05-27 08:49:58.945   581   581 D spi_rst_gpio_get_output: GPIO 145 value: 0
05-27 08:49:58.945   581   581 D spidev_ioctl: gpio status=0)
05-27 18:58:49.983  1008 30856 D [OMXB]  : usingANWBuffer: handle:0xee743b30, format:1, w:1920, h:1080
05-27 18:58:49.983   536   536 D commservice260303: msg.id = 1028,0
05-27 18:58:49.983   536   536 D commservice260303: i = 170, msgid = 8A000404
05-27 18:58:49.983   536   536 D commservice260303: msgid = -1979710460,did=138
05-27 18:58:49.983   536   536 D commservice260303: CommProtocolLibCmdBaseI2C::dataproc {"command":{"id":"imu_status","sub":""},"content":{"TimeStamp":11,"FrameCounter":267468,"GD_X":-0.01091896090656519,"GD_Y":0.005420989356935024,"GD_Z":0.0017560218693688512,"AD_X":0.0014940500259399414,"AD_Y":-0.00876310933381319,"AD_Z":-0.17803478240966797,"TempDsp":0,"Status":0,"CalibState":1,"SigAmpInvalid":0}},-1979710460
05-27 18:58:49.983   536   536 D commservice260303: send2Cluster len:315, 7B22636F6D6D616E64223A7B226964223A22696D755F737461747573222C22737562223A22227D2C22636F6E74656E74223A7B2254696D655374616D70223A31312C224672616D65436F756E746572223A3236373436382C2247445F58223A2D302E30313039313839363039303635363531392C2247445F59223A302E3030353432303938393335363933353032342C2247445F5A223A302E303031373536303231383639333638383531322C2241445F58223A302E303031343934303530303235393339393431342C2241445F59223A2D302E30303837363331303933333338313331392C2241445F5A223A2D302E31373830333437383234303936363739372C2254656D70447370223A302C22537461747573223A302C2243616C69625374617465223A312C22536967416D70496E76616C6964223A307D7D, 138 
05-27 18:58:49.983   536   536 D commservice260303: Push Message into SendPool fn=-1017773056
05-27 18:58:49.983   536   536 D commservice260303: ComProtocolLibSend2Cluster::send2ClusterRaw fn=-1017773056 , len=331
05-27 18:58:49.983   536   536 D commservice260303: sendCmdToPort :331!!!
05-27 18:58:49.984   536   536 D commservice260303: send Cmd To Port ++++5AA501478A01000456C36A16CE697B22636F6D6D616E64223A7B226964223A22696D755F737461747573222C22737562223A22227D2C22636F6E74656E74223A7B2254696D655374616D70223A31312C224672616D65436F756E746572223A3236373436382C2247445F58223A2D302E30313039313839363039303635363531392C2247445F59223A302E3030353432303938393335363933353032342C2247445F5A223A302E303031373536303231383639333638383531322C2241445F58223A302E303031343934303530303235393339393431342C2241445F59223A2D302E30303837363331303933333338313331392C2241445F5A223A2D302E31373830333437383234303936363739372C2254656D70447370223A302C22537461747573223A302C2243616C69625374617465223A312C22536967416D70496E76616C6964223A307D7DC650
05-27 18:58:49.984   536   536 D commservice260303: bufferevent_write retrun value = 0
05-27 18:58:49.984   536   560 D commservice260303: client datas send succeed,send finish
05-27 18:58:49.986 13911 14192 D Sentinelmode_1.2.5.17_sentry: <SentryImuClusterFgeSender>imu_status sent to Linux, frame=267468, tsNs=11397232, tsMs=11, intervalMs=41, ad=(0.00149405,-0.008763109,-0.17803478), gd=(-0.010918961,0.0054209894,0.0017560219)
05-27 18:58:49.987   299 30844 D EvsDriver: forwardFrame
05-27 18:58:49.988   299 30841 D EvsDriver: forwardFrame
05-27 08:49:58.960   581   581 D spi_rst_gpio_get_output: GPIO 145 value: 1
05-27 08:49:58.960   581   581 D spidev_ioctl: gpio status=1)
05-27 18:58:49.988   299 30844 D EvsDriver: Delivered 0xb400007b7ca56900 as id 0
05-27 18:58:49.989  1167  1479 D evsmanagerd: /dev/video6 forwarded the buffer #0 to 0xb4000074bf5f5510 from 0xb4000074bf5f6d90
05-27 18:58:49.992   299 30841 D EvsDriver: Delivered 0xb400007b7ca56a60 as id 0
05-27 18:58:49.993  1167  1479 D evsmanagerd: /dev/video4 forwarded the buffer #0 to 0xb4000074bf5f6850 from 0xb4000074bf5f41d0
05-27 18:58:49.995   299  1153 D EvsDriver: doneWithFrame
05-27 18:58:49.995   581   581 I SpiService: fgesysctrl_getGPIO_status success val=1
05-27 18:58:49.996 13911 14183 I SentryImuMcuAngleSender: -179.9545rollDeg
05-27 18:58:49.996 13911 14183 I SentryImuMcuAngleSender: 1,0,0
05-27 18:58:49.997  1008 30857 D [OMXB]  : usingANWBuffer: handle:0xee742ed0, format:1, w:1920, h:1080
05-27 18:58:49.999   299  1153 D EvsDriver: doneWithFrame
05-27 18:58:50.001   581   581 I SpiService: fgesysctrl_getGPIO_status success val=1
05-27 08:49:58.965   581   581 D spi_rst_gpio_get_output: GPIO 145 value: 1
05-27 08:49:58.965   581   581 D spidev_ioctl: gpio status=1)
05-27 18:58:50.007   581   581 I SpiService: fgesysctrl_getGPIO_status success val=1
