05-27 18:58:50.965  1167  1184 D evsmanagerd: /dev/video4 forwarded the buffer #0 to 0xb4000074bf5f6850 from 0xb4000074bf5f41d0
05-27 08:49:59.926   581   581 D spi_rst_gpio_get_output: GPIO 145 value: 1
05-27 08:49:59.926   581   581 D spidev_ioctl: gpio status=1)
05-27 18:58:50.968   581   581 I SpiService: fgesysctrl_getGPIO_status success val=1
05-27 08:49:59.932   581   581 D spi_rst_gpio_get_output: GPIO 145 value: 1
05-27 08:49:59.932   581   581 D spidev_ioctl: gpio status=1)
05-27 18:58:50.970   299  1153 D EvsDriver: doneWithFrame
05-27 18:58:50.974   581   581 I SpiService: fgesysctrl_getGPIO_status success val=1
05-27 18:58:50.974 13911 14183 I SentryImuMcuAngleSender: [4, 18, 1, 0, 0],5
05-27 18:58:50.974 13911 14183 I McuCommManager: mcuCommSendcmd [4, 18, 1, 0, 0]
05-27 18:58:50.974 13911 14183 I SentryImuMcuAngleSender: true
05-27 18:58:50.974 13911 14183 W Sentinelmode_1.2.5.17_sentry: <SentryImuMcuAngleSender>MCU IMU send interval abnormal: 1000ms
05-27 08:49:59.938   581   581 D spi_rst_gpio_get_output: GPIO 145 value: 1
05-27 08:49:59.938   581   581 D spidev_ioctl: gpio status=1)
05-27 18:58:50.979   581   581 I SpiService: fgesysctrl_getGPIO_status success val=1
05-27 08:49:59.944   581   581 D spi_rst_gpio_get_output: GPIO 145 value: 1
05-27 08:49:59.944   581   581 D spidev_ioctl: gpio status=1)
05-27 18:58:50.982  1008 30856 D [OMXB]  : usingANWBuffer: handle:0xee7433a0, format:1, w:1920, h:1080
05-27 18:58:50.983 13911 14183 I SentryImuMcuAngleSender: 179.99649rollDeg
05-27 18:58:50.983 13911 14183 I SentryImuMcuAngleSender: 1,0,0
05-27 08:49:59.949   581   581 D spi_rst_gpio_get_output: GPIO 145 value: 1
05-27 08:49:59.949   581   581 D spidev_ioctl: gpio status=1)
05-27 18:58:50.985   581   581 I SpiService: fgesysctrl_getGPIO_status success val=1
05-27 18:58:50.985   299 30844 D EvsDriver: forwardFrame
05-27 18:58:50.988   299 30841 D EvsDriver: forwardFrame
05-27 18:58:50.989   299 30844 D EvsDriver: Delivered 0xb400007b7ca56900 as id 0
05-27 18:58:50.989  1167  1184 D evsmanagerd: /dev/video6 forwarded the buffer #0 to 0xb4000074bf5f5510 from 0xb4000074bf5f6d90
05-27 18:58:50.991   581   581 I SpiService: fgesysctrl_getGPIO_status success val=0
05-27 18:58:50.991   481   597 I mcuc    : send SPI:6AA6007DAD00050412010000BA
05-27 18:58:50.992   299 30841 D EvsDriver: Delivered 0xb400007b7ca56a60 as id 0
05-27 18:58:50.993  1167  1184 D evsmanagerd: /dev/video4 forwarded the buffer #0 to 0xb4000074bf5f6850 from 0xb4000074bf5f41d0
05-27 18:58:50.993   299  1153 D EvsDriver: doneWithFrame
05-27 08:49:59.955   581   581 D spi_rst_gpio_get_output: GPIO 145 value: 0
05-27 08:49:59.955   581   581 D spidev_ioctl: gpio status=0)
05-27 18:58:50.996   536   536 D commservice260303: msg.id = 1028,1
05-27 18:58:50.996   536   536 D commservice260303: i = 170, msgid = 8A000404
05-27 18:58:50.996   536   536 D commservice260303: msgid = -1979710460,did=138
05-27 18:58:50.996   536   536 D commservice260303: CommProtocolLibCmdBaseI2C::dataproc {"command":{"id":"imu_status","sub":""},"content":{"TimeStamp":11,"FrameCounter":267493,"GD_X":-0.011300750076770782,"GD_Y":0.004809814505279064,"GD_Z":0.002443138277158141,"AD_X":-0.0021032989025115967,"AD_Y":-9.104167111217976E-5,"AD_Z":-0.17255115509033203,"TempDsp":0,"Status":0,"CalibState":1,"SigAmpInvalid":0}},-1979710460
05-27 18:58:50.996   536   536 D commservice260303: send2Cluster len:317, 7B22636F6D6D616E64223A7B226964223A22696D755F737461747573222C22737562223A22227D2C22636F6E74656E74223A7B2254696D655374616D70223A31312C224672616D65436F756E746572223A3236373439332C2247445F58223A2D302E3031313330303735303037363737303738322C2247445F59223A302E3030343830393831343530353237393036342C2247445F5A223A302E3030323434333133383237373135383134312C2241445F58223A2D302E303032313033323938393032353131353936372C2241445F59223A2D392E313034313637313131323137393736452D352C2241445F5A223A2D302E31373235353131353530393033333230332C2254656D70447370223A302C22537461747573223A302C2243616C69625374617465223A312C22536967416D70496E76616C6964223A307D7D, 138 
05-27 18:58:50.996   536   536 D commservice260303: Push Message into SendPool fn=-598342656
05-27 18:58:50.996   536   536 D commservice260303: ComProtocolLibSend2Cluster::send2ClusterRaw fn=-598342656 , len=333
05-27 18:58:50.996   536   536 D commservice260303: sendCmdToPort :333!!!
05-27 18:58:50.996   536   536 D commservice260303: send Cmd To Port ++++5AA501498A01000456DC6A16CE6A7B22636F6D6D616E64223A7B226964223A22696D755F737461747573222C22737562223A22227D2C22636F6E74656E74223A7B2254696D655374616D70223A31312C224672616D65436F756E746572223A3236373439332C2247445F58223A2D302E3031313330303735303037363737303738322C2247445F59223A302E3030343830393831343530353237393036342C2247445F5A223A302E3030323434333133383237373135383134312C2241445F58223A2D302E303032313033323938393032353131353936372C2241445F59223A2D392E313034313637313131323137393736452D352C2241445F5A223A2D302E31373235353131353530393033333230332C2254656D70447370223A302C22537461747573223A302C2243616C69625374617465223A312C22536967416D70496E76616C6964223A307D7D2678
05-27 18:58:50.997   536   536 D commservice260303: bufferevent_write retrun value = 0
05-27 18:58:50.997   536   560 D commservice260303: client datas send succeed,send finish
05-27 18:58:50.997 13911 14192 D Sentinelmode_1.2.5.17_sentry: <SentryImuClusterFgeSender>imu_status sent to Linux, frame=267493, tsNs=11398230, tsMs=11, intervalMs=41, ad=(-0.002103299,-9.104167E-5,-0.17255116), gd=(-0.01130075,0.0048098145,0.0024431383)
05-27 18:58:50.998   299  1153 D EvsDriver: doneWithFrame
05-27 18:58:50.998  1008 30857 D [OMXB]  : usingANWBuffer: handle:0xee743ea0, format:1, w:1920, h:1080
05-27 18:58:51.003  1982  1982 E health_guardian: UID for PID 11579 is 1000
05-27 18:58:51.003  1982  1982 E health_guardian: The 1000 process is system app,I refused to kill it,try next one!
05-27 18:58:51.003  1982  1982 E health_guardian: UID for PID 13435 is 1000
05-27 18:58:51.003  1982  1982 E health_guardian: The 1000 process is system app,I refused to kill it,try next one!
05-27 18:58:51.003  1982  1982 E health_guardian: UID for PID 6212 is 1000
05-27 18:58:51.003  1982  1982 E health_guardian: The 1000 process is system app,I refused to kill it,try next one!
05-27 18:58:51.004 13911 14183 I SentryImuMcuAngleSender: -179.993rollDeg
05-27 18:58:51.004 30773 30786 I dvr_service_: CameraX 1  audioOK: 40258779,audios:630
05-27 18:58:51.005 13911 14183 I SentryImuMcuAngleSender: 1,0,0
05-27 18:58:51.007   581   581 I SpiService: fgesysctrl_getGPIO_status success val=1
05-27 08:49:59.972   581   581 D spi_rst_gpio_get_output: GPIO 145 value: 1
05-27 08:49:59.972   581   581 D spidev_ioctl: gpio status=1)
05-27 18:58:51.009   269   269 D libvintf: HalManifest::getHidlTransport(framework): Cannot find android.hardware.usb@1.0::IUsb/default
05-27 18:58:51.010   269   269 D libvintf: HalManifest::getHidlTransport(device): Cannot find android.hardware.usb@1.0::IUsb/default
05-27 18:58:51.010   269   269 I hwservicemanager: getTransport: Cannot find entry android.hardware.usb@1.0::IUsb/default in either framework or device VINTF manifest.
05-27 18:58:51.010 12348 12448 E ExtUsbManager: UsbHalController: android.hardware.usb.V1_0.IUsb getService failed!
05-27 18:58:51.010 12348 12448 E ExtUsbManager: java.util.NoSuchElementException
05-27 18:58:51.010 12348 12448 E ExtUsbManager: 	at android.os.HwBinder.getService(Native Method)
05-27 18:58:51.010 12348 12448 E ExtUsbManager: 	at android.os.HwBinder.getService(HwBinder.java:81)
05-27 18:58:51.010 12348 12448 E ExtUsbManager: 	at android.hardware.usb.V1_0.IUsb.getService(IUsb.java:74)
05-27 18:58:51.010 12348 12448 E ExtUsbManager: 	at android.hardware.usb.V1_0.IUsb.getService(IUsb.java:84)
05-27 18:58:51.010 12348 12448 E ExtUsbManager: 	at ts.car.usb.UsbHalController.createService(UsbHalController.java:37)
05-27 18:58:51.010 12348 12448 E ExtUsbManager: 	at ts.car.usb.UsbHalController.createService(UsbHalController.java:18)
05-27 18:58:51.010 12348 12448 E ExtUsbManager: 	at ts.car.usb.utils.AutoServiceConnector4Hidl.autoConnect(AutoServiceConnector4Hidl.java:47)
05-27 18:58:51.010 12348 12448 E ExtUsbManager: 	at ts.car.usb.utils.AutoServiceConnector4Hidl$$ExternalSyntheticLambda0.run(Unknown Source:2)
05-27 18:58:51.010 12348 12448 E ExtUsbManager: 	at android.os.Handler.handleCallback(Handler.java:942)
05-27 18:58:51.010 12348 12448 E ExtUsbManager: 	at android.os.Handler.dispatchMessage(Handler.java:99)
05-27 18:58:51.010 12348 12448 E ExtUsbManager: 	at android.os.Looper.loopOnce(Looper.java:201)
05-27 18:58:51.010 12348 12448 E ExtUsbManager: 	at android.os.Looper.loop(Looper.java:288)
05-27 18:58:51.010 12348 12448 E ExtUsbManager: 	at android.os.HandlerThread.run(HandlerThread.java:67)
05-27 18:58:51.013   581   581 I SpiService: fgesysctrl_getGPIO_status success val=1
05-27 18:58:51.014   269   269 D libvintf: HalManifest::getHidlTransport(framework): Cannot find vendor.ts.usbext@1.0::IUsbext/default
05-27 18:58:51.014   269   269 D libvintf: HalManifest::getHidlTransport(device): Cannot find vendor.ts.usbext@1.0::IUsbext/default
05-27 18:58:51.014   269   269 I hwservicemanager: getTransport: Cannot find entry vendor.ts.usbext@1.0::IUsbext/default in either framework or device VINTF manifest.
05-27 18:58:51.015 12348 12448 E ExtUsbManager: UsbHalExtController: vendor.ts.usbext.V1_0.IUsbext getService failed!
05-27 18:58:51.015 12348 12448 E ExtUsbManager: java.util.NoSuchElementException
05-27 18:58:51.015 12348 12448 E ExtUsbManager: 	at android.os.HwBinder.getService(Native Method)
05-27 18:58:51.015 12348 12448 E ExtUsbManager: 	at android.os.HwBinder.getService(HwBinder.java:81)
05-27 18:58:51.015 12348 12448 E ExtUsbManager: 	at vendor.ts.usbext.V1_0.IUsbext.getService(IUsbext.java:74)
05-27 18:58:51.015 12348 12448 E ExtUsbManager: 	at vendor.ts.usbext.V1_0.IUsbext.getService(IUsbext.java:84)
05-27 18:58:51.015 12348 12448 E ExtUsbManager: 	at ts.car.usb.UsbHalExtController.createService(UsbHalExtController.java:37)
05-27 18:58:51.015 12348 12448 E ExtUsbManager: 	at ts.car.usb.UsbHalExtController.createService(UsbHalExtController.java:18)
05-27 18:58:51.015 12348 12448 E ExtUsbManager: 	at ts.car.usb.utils.AutoServiceConnector4Hidl.autoConnect(AutoServiceConnector4Hidl.java:47)
05-27 18:58:51.015 12348 12448 E ExtUsbManager: 	at ts.car.usb.utils.AutoServiceConnector4Hidl$$ExternalSyntheticLambda0.run(Unknown Source:2)
05-27 18:58:51.015 12348 12448 E ExtUsbManager: 	at android.os.Handler.handleCallback(Handler.java:942)
05-27 18:58:51.015 12348 12448 E ExtUsbManager: 	at android.os.Handler.dispatchMessage(Handler.java:99)
05-27 18:58:51.015 12348 12448 E ExtUsbManager: 	at android.os.Looper.loopOnce(Looper.java:201)
05-27 18:58:51.015 12348 12448 E ExtUsbManager: 	at android.os.Looper.loop(Looper.java:288)
05-27 18:58:51.015 12348 12448 E ExtUsbManager: 	at android.os.HandlerThread.run(HandlerThread.java:67)
05-27 18:58:51.016  1008 30856 D [OMXB]  : usingANWBuffer: handle:0xee740170, format:1, w:1920, h:1080
05-27 08:49:59.978   581   581 D spi_rst_gpio_get_output: GPIO 145 value: 1
05-27 08:49:59.978   581   581 D spidev_ioctl: gpio status=1)
05-27 18:58:51.017 30773 30789 I dvr_service_: Camera 0: MediaOK:40568584, frames:940, isKeyFrame:0,pts:11398155025
05-27 18:58:51.018   269   269 D libvintf: HalManifest::getHidlTransport(framework): Cannot find android.hardware.usb.gadget@1.0::IUsbGadget/default
05-27 18:58:51.018   269   269 D libvintf: HalManifest::getHidlTransport(device): Cannot find android.hardware.usb.gadget@1.0::IUsbGadget/default
05-27 18:58:51.018   269   269 I hwservicemanager: getTransport: Cannot find entry android.hardware.usb.gadget@1.0::IUsbGadget/default in either framework or device VINTF manifest.
05-27 18:58:51.019   581   581 I SpiService: fgesysctrl_getGPIO_status success val=1
05-27 18:58:51.019 12348 12448 E ExtUsbManager: UsbGadgetController: android.hardware.usb.gadget.V1_0.IUsbGadget getService failed!
05-27 18:58:51.019 12348 12448 E ExtUsbManager: java.util.NoSuchElementException
05-27 18:58:51.019 12348 12448 E ExtUsbManager: 	at android.os.HwBinder.getService(Native Method)
05-27 18:58:51.019 12348 12448 E ExtUsbManager: 	at android.os.HwBinder.getService(HwBinder.java:81)
05-27 18:58:51.019 12348 12448 E ExtUsbManager: 	at android.hardware.usb.gadget.V1_0.IUsbGadget.getService(IUsbGadget.java:74)
05-27 18:58:51.019 12348 12448 E ExtUsbManager: 	at android.hardware.usb.gadget.V1_0.IUsbGadget.getService(IUsbGadget.java:84)
05-27 18:58:51.019 12348 12448 E ExtUsbManager: 	at ts.car.usb.UsbGadgetController.createService(UsbGadgetController.java:36)
05-27 18:58:51.019 12348 12448 E ExtUsbManager: 	at ts.car.usb.UsbGadgetController.createService(UsbGadgetController.java:17)
05-27 18:58:51.019 12348 12448 E ExtUsbManager: 	at ts.car.usb.utils.AutoServiceConnector4Hidl.autoConnect(AutoServiceConnector4Hidl.java:47)
05-27 18:58:51.019 12348 12448 E ExtUsbManager: 	at ts.car.usb.utils.AutoServiceConnector4Hidl$$ExternalSyntheticLambda0.run(Unknown Source:2)
05-27 18:58:51.019 12348 12448 E ExtUsbManager: 	at android.os.Handler.handleCallback(Handler.java:942)
05-27 18:58:51.019 12348 12448 E ExtUsbManager: 	at android.os.Handler.dispatchMessage(Handler.java:99)
05-27 18:58:51.019 12348 12448 E ExtUsbManager: 	at android.os.Looper.loopOnce(Looper.java:201)
05-27 18:58:51.019 12348 12448 E ExtUsbManager: 	at android.os.Looper.loop(Looper.java:288)
05-27 18:58:51.019 12348 12448 E ExtUsbManager: 	at android.os.HandlerThread.run(HandlerThread.java:67)
05-27 08:49:59.983   581   581 D spi_rst_gpio_get_output: GPIO 145 value: 1
05-27 08:49:59.983   581   581 D spidev_ioctl: gpio status=1)
05-27 18:58:51.022   299 30841 D EvsDriver: forwardFrame
05-27 18:58:51.022   299 30844 D EvsDriver: forwardFrame
05-27 18:58:51.024 13911 14183 I SentryImuMcuAngleSender: -179.99649rollDeg
05-27 18:58:51.024   581   581 I SpiService: fgesysctrl_getGPIO_status success val=1
05-27 08:49:59.989   581   581 D spi_rst_gpio_get_output: GPIO 145 value: 1
05-27 08:49:59.989   581   581 D spidev_ioctl: gpio status=1)
05-27 18:58:51.025   299 30844 D EvsDriver: Delivered 0xb400007b7ca56900 as id 0
05-27 18:58:51.025   299 30841 D EvsDriver: Delivered 0xb400007b7ca56a60 as id 0
05-27 18:58:51.025 13911 14183 I SentryImuMcuAngleSender: 1,0,0
05-27 18:58:51.025  1167  1184 D evsmanagerd: /dev/video6 forwarded the buffer #0 to 0xb4000074bf5f5510 from 0xb4000074bf5f6d90
05-27 18:58:51.025  1167  1479 D evsmanagerd: /dev/video4 forwarded the buffer #0 to 0xb4000074bf5f6850 from 0xb4000074bf5f41d0
05-27 18:58:51.029   299  1153 D EvsDriver: doneWithFrame
05-27 18:58:51.030   299  1163 D EvsDriver: doneWithFrame
05-27 18:58:51.030   581   581 I SpiService: fgesysctrl_getGPIO_status success val=0
05-27 08:49:59.995   581   581 D spi_rst_gpio_get_output: GPIO 145 value: 0
05-27 08:49:59.995   581   581 D spidev_ioctl: gpio status=0)
05-27 18:58:51.035   283   307 I rvcservice: t.code = 0, t.value = 0
05-27 18:58:51.036   536   536 D commservice260303: msg.id = 1028,1
05-27 18:58:51.036   536   536 D commservice260303: i = 170, msgid = 8A000404
05-27 18:58:51.036   536   536 D commservice260303: msgid = -1979710460,did=138
05-27 18:58:51.036   536   536 D commservice260303: CommProtocolLibCmdBaseI2C::dataproc {"command":{"id":"imu_status","sub":""},"content":{"TimeStamp":11,"FrameCounter":267494,"GD_X":-0.011300750076770782,"GD_Y":0.0057257963344454765,"GD_Z":0.0020608289632946253,"AD_X":-0.003320440649986267,"AD_Y":-0.0013012061826884747,"AD_Z":-0.1743793487548828,"TempDsp":0,"Status":0,"CalibState":1,"SigAmpInvalid":0}},-1979710460
05-27 18:58:51.036   572   572 I Sensors : 230 GyroSensor: x:-0.011071,y:0.004963,z:0.001985
05-27 18:58:51.036   536   536 D commservice260303: send2Cluster len:318, 7B22636F6D6D616E64223A7B226964223A22696D755F737461747573222C22737562223A22227D2C22636F6E74656E74223A7B2254696D655374616D70223A31312C224672616D65436F756E746572223A3236373439342C2247445F58223A2D302E3031313330303735303037363737303738322C2247445F59223A302E303035373235373936333334343435343736352C2247445F5A223A302E303032303630383238393633323934363235332C2241445F58223A2D302E3030333332303434303634393938363236372C2241445F59223A2D302E303031333031323036313832363838343734372C2241445F5A223A2D302E313734333739333438373534383832382C2254656D70447370223A302C22537461747573223A302C2243616C69625374617465223A312C22536967416D70496E76616C6964223A307D7D, 138 
05-27 18:58:51.036   536   536 D commservice260303: Push Message into SendPool fn=-581565440
05-27 18:58:51.036   536   536 D commservice260303: ComProtocolLibSend2Cluster::send2ClusterRaw fn=-581565440 , len=334
05-27 18:58:51.036   536   536 D commservice260303: sendCmdToPort :334!!!
05-27 18:58:51.036   536   536 D commservice260303: send Cmd To Port ++++5AA5014A8A01000456DD6A16CE6B7B22636F6D6D616E64223A7B226964223A22696D755F737461747573222C22737562223A22227D2C22636F6E74656E74223A7B2254696D655374616D70223A31312C224672616D65436F756E746572223A3236373439342C2247445F58223A2D302E3031313330303735303037363737303738322C2247445F59223A302E303035373235373936333334343435343736352C2247445F5A223A302E303032303630383238393633323934363235332C2241445F58223A2D302E3030333332303434303634393938363236372C2241445F59223A2D302E303031333031323036313832363838343734372C2241445F5A223A2D302E313734333739333438373534383832382C2254656D70447370223A302C22537461747573223A302C2243616C69625374617465223A312C22536967416D70496E76616C6964223A307D7DE0C0
05-27 18:58:51.036   536   536 D commservice260303: bufferevent_write retrun value = 0
05-27 18:58:51.037 13911 14192 D Sentinelmode_1.2.5.17_sentry: <SentryImuClusterFgeSender>imu_status sent to Linux, frame=267494, tsNs=11398266, tsMs=11, intervalMs=39, ad=(-0.0033204406,-0.0013012062,-0.17437935), gd=(-0.01130075,0.0057257963,0.002060829)
05-27 18:58:51.037   536   560 D commservice260303: client datas send succeed,send finish
05-27 18:58:51.040  1008 30857 D [OMXB]  : usingANWBuffer: handle:0xee7427f0, format:1, w:1920, h:1080
05-27 18:58:51.045   581   581 I SpiService: fgesysctrl_getGPIO_status success val=1
05-27 18:58:51.045 13911 14183 I SentryImuMcuAngleSender: 179.99649rollDeg
05-27 18:58:51.045 13911 14183 I SentryImuMcuAngleSender: 1,0,0
05-27 18:58:51.046   481   598 I mcuc    : rev,n=1,6AA681E593006B8900D60600030A4000003419400000000040000005354000000000400059231C4000004000000000000000000000000000000000000100000000000000000000000000000000000000000000000000000000000000000000000000000000000000000000000000000000004A
05-27 18:58:51.047   351   373 D automotive.vehicle@2.0-adayo-datacomm-mcu: MCUDatacomm sendMessageFromVehicle prop: 0x89, areaId: 0x0, status: 0xd6, timestamp: 0x6
05-27 18:58:51.047   351   373 D automotive.vehicle@2.0-adayo-datacomm-mcu: MCUDatacomm 1sendMessageFromVehicle ---> type = 3 
05-27 18:58:51.047   351   373 D automotive.vehicle@2.0-adayo-func-bcm: sendMessageFromVehicle sendMessageFromVehicle
05-27 18:58:51.047   351   516 D automotive.vehicle@2.0-adayo-func-bcm: jjfan1 ______procotolSize :38
05-27 18:58:51.047   351   516 D automotive.vehicle@2.0-adayo-func-bcm: BCMFunc sendMessageFromVehicle_l dataType: 12,mByte=7,propid=0x2140006b
05-27 18:58:51.047   351   516 D automotive.vehicle@2.0-adayo-func-bcm: BCMFunc sendMessageFromVehicle_l msgBuff[7]=0x40,start:0,len:6,temp:6,
05-27 18:58:51.047   351   516 D automotive.vehicle@2.0-adayo-func-bcm: BCMFunc sendMessageFromVehicle_l prop: 0x2140006b ,areaId: 0x0  SPLITE_BIT_DATA_INTEGER : 0
05-27 18:58:51.047   351   516 D automotive.vehicle@2.0-adayo-func-bcm: BCMFunc sendMessageFromVehicle_l id:557842539, area:0 not report! 
05-27 18:58:51.047   351   516 D automotive.vehicle@2.0-adayo-func-bcm: BCMFunc sendMessageFromVehicle_l dataType: 12,mByte=7,propid=0x2140006c
05-27 18:58:51.047   351   516 D automotive.vehicle@2.0-adayo-func-bcm: BCMFunc sendMessageFromVehicle_l msgBuff[7]=0x40,start:6,len:2,temp:2,
05-27 18:58:51.047   351   516 D automotive.vehicle@2.0-adayo-func-bcm: BCMFunc sendMessageFromVehicle_l prop: 0x2140006c ,areaId: 0x0  SPLITE_BIT_DATA_INTEGER : 1
05-27 18:58:51.047   351   516 D automotive.vehicle@2.0-adayo-func-bcm: BCMFunc sendMessageFromVehicle_l id:557842540, area:0 not report! 
05-27 18:58:51.047   351   516 D automotive.vehicle@2.0-adayo-func-bcm: BCMFunc sendMessageFromVehicle_l dataType: 12,mByte=11,propid=0x2140004a
05-27 18:58:51.047   351   516 D automotive.vehicle@2.0-adayo-func-bcm: BCMFunc sendMessageFromVehicle_l msgBuff[11]=0x19,start:0,len:32,temp:8,
05-27 18:58:51.047   351   516 D automotive.vehicle@2.0-adayo-func-bcm: BCMFunc sendMessageFromVehicle_l msgBuff[10]=0x34,start:0,len:24,temp:8,
05-27 18:58:51.047   351   516 D automotive.vehicle@2.0-adayo-func-bcm: BCMFunc sendMessageFromVehicle_l msgBuff[9]=0x0,start:0,len:16,temp:8,
05-27 18:58:51.047   351   516 D automotive.vehicle@2.0-adayo-func-bcm: BCMFunc sendMessageFromVehicle_l msgBuff[8]=0x0,start:0,len:8,temp:8,
05-27 18:58:51.047   351   516 D automotive.vehicle@2.0-adayo-func-bcm: BCMFunc sendMessageFromVehicle_l prop: 0x2140004a ,areaId: 0x0  SPLITE_BIT_DATA_INTEGER : 13337
05-27 18:58:51.047   351   516 D automotive.vehicle@2.0-adayo-func-bcm: BCMFunc sendMessageFromVehicle_l id:557842506, area:0 not report! 
05-27 18:58:51.047   351   516 D automotive.vehicle@2.0-adayo-func-bcm: BCMFunc sendMessageFromVehicle_l dataType: 12,mByte=12,propid=0x2140006d
05-27 18:58:51.047   351   516 D automotive.vehicle@2.0-adayo-func-bcm: BCMFunc sendMessageFromVehicle_l msgBuff[12]=0x40,start:0,len:6,temp:6,
05-27 18:58:51.047   351   516 D automotive.vehicle@2.0-adayo-func-bcm: BCMFunc sendMessageFromVehicle_l prop: 0x2140006d ,areaId: 0x0  SPLITE_BIT_DATA_INTEGER : 0
05-27 18:58:51.047   351   516 D automotive.vehicle@2.0-adayo-func-bcm: BCMFunc sendMessageFromVehicle_l id:557842541, area:0 not report! 
05-27 18:58:51.047   351   516 D automotive.vehicle@2.0-adayo-func-bcm: BCMFunc sendMessageFromVehicle_l dataType: 12,mByte=12,propid=0x2140006e
05-27 18:58:51.047   351   516 D automotive.vehicle@2.0-adayo-func-bcm: BCMFunc sendMessageFromVehicle_l msgBuff[12]=0x40,start:6,len:2,temp:2,
05-27 18:58:51.047   351   516 D automotive.vehicle@2.0-adayo-func-bcm: BCMFunc sendMessageFromVehicle_l prop: 0x2140006e ,areaId: 0x0  SPLITE_BIT_DATA_INTEGER : 1
05-27 18:58:51.048   351   516 D automotive.vehicle@2.0-adayo-func-bcm: BCMFunc sendMessageFromVehicle_l id:557842542, area:0 not report! 
05-27 18:58:51.048   351   516 D automotive.vehicle@2.0-adayo-func-bcm: BCMFunc sendMessageFromVehicle_l dataType: 12,mByte=16,propid=0x21600040
05-27 18:58:51.048   351   516 D automotive.vehicle@2.0-adayo-func-bcm: BCMFunc sendMessageFromVehicle_l msgBuff[16]=0x0,start:0,len:32,temp:8,
05-27 18:58:51.048   351   516 D automotive.vehicle@2.0-adayo-func-bcm: BCMFunc sendMessageFromVehicle_l msgBuff[15]=0x0,start:0,len:24,temp:8,
05-27 18:58:51.048   351   516 D automotive.vehicle@2.0-adayo-func-bcm: BCMFunc sendMessageFromVehicle_l msgBuff[14]=0x0,start:0,len:16,temp:8,
05-27 18:58:51.048   351   516 D automotive.vehicle@2.0-adayo-func-bcm: BCMFunc sendMessageFromVehicle_l msgBuff[13]=0x0,start:0,len:8,temp:8,
05-27 18:58:51.048   351   516 D automotive.vehicle@2.0-adayo-func-bcm: BCMFunc sendMessageFromVehicle_l prop: 0x21600040 , SPLITE_BIT_DATA_INTEGER1 data:0
05-27 18:58:51.048   351   516 D automotive.vehicle@2.0-adayo-func-bcm: BCMFunc sendMessageFromVehicle_l prop: 0x21600040 , SPLITE_BIT_DATA_INTEGER4 procotol.calc[0]:0.100000,procotol.calc[1]:0.000000
05-27 18:58:51.048   351   516 D automotive.vehicle@2.0-adayo-func-bcm: BCMFunc sendMessageFromVehicle_l prop: 0x21600040 ,areaId: 0x0  SPLITE_BIT_DATA_INTEGER : 0.000000,calc[0]:0.100000,calc[1]:0.000000
05-27 18:58:51.048   351   516 D automotive.vehicle@2.0-adayo-func-bcm: BCMFunc sendMessageFromVehicle_l id:559939648, area:0 not report! 
05-27 18:58:51.048   351   516 D automotive.vehicle@2.0-adayo-func-bcm: BCMFunc sendMessageFromVehicle_l dataType: 12,mByte=17,propid=0x2140006f
05-27 18:58:51.048   351   516 D automotive.vehicle@2.0-adayo-func-bcm: BCMFunc sendMessageFromVehicle_l msgBuff[17]=0x40,start:0,len:6,temp:6,
05-27 18:58:51.048   351   516 D automotive.vehicle@2.0-adayo-func-bcm: BCMFunc sendMessageFromVehicle_l prop: 0x2140006f ,areaId: 0x0  SPLITE_BIT_DATA_INTEGER : 0
05-27 18:58:51.048   351   516 D automotive.vehicle@2.0-adayo-func-bcm: BCMFunc sendMessageFromVehicle_l id:557842543, area:0 not report! 
05-27 18:58:51.048   351   516 D automotive.vehicle@2.0-adayo-func-bcm: BCMFunc sendMessageFromVehicle_l dataType: 12,mByte=17,propid=0x21400070
05-27 18:58:51.048   351   516 D automotive.vehicle@2.0-adayo-func-bcm: BCMFunc sendMessageFromVehicle_l msgBuff[17]=0x40,start:6,len:2,temp:2,
05-27 18:58:51.048   351   516 D automotive.vehicle@2.0-adayo-func-bcm: BCMFunc sendMessageFromVehicle_l prop: 0x21400070 ,areaId: 0x0  SPLITE_BIT_DATA_INTEGER : 1
05-27 08:50:00.010   581   581 D spi_rst_gpio_get_output: GPIO 145 value: 1
05-27 08:50:00.010   581   581 D spidev_ioctl: gpio status=1)
05-27 18:58:51.048   351   516 D automotive.vehicle@2.0-adayo-func-bcm: BCMFunc sendMessageFromVehicle_l id:557842544, area:0 not report! 
05-27 18:58:51.048   351   516 D automotive.vehicle@2.0-adayo-func-bcm: BCMFunc sendMessageFromVehicle_l dataType: 12,mByte=21,propid=0x2160004c
05-27 18:58:51.048   351   516 D automotive.vehicle@2.0-adayo-func-bcm: BCMFunc sendMessageFromVehicle_l msgBuff[21]=0x35,start:0,len:32,temp:8,
05-27 18:58:51.048   351   516 D automotive.vehicle@2.0-adayo-func-bcm: BCMFunc sendMessageFromVehicle_l msgBuff[20]=0x5,start:0,len:24,temp:8,
05-27 18:58:51.048   351   516 D automotive.vehicle@2.0-adayo-func-bcm: BCMFunc sendMessageFromVehicle_l msgBuff[19]=0x0,start:0,len:16,temp:8,
05-27 18:58:51.048   351   516 D automotive.vehicle@2.0-adayo-func-bcm: BCMFunc sendMessageFromVehicle_l msgBuff[18]=0x0,start:0,len:8,temp:8,
05-27 18:58:51.048   351   516 D automotive.vehicle@2.0-adayo-func-bcm: BCMFunc sendMessageFromVehicle_l prop: 0x2160004c , SPLITE_BIT_DATA_INTEGER1 data:1333
05-27 18:58:51.048   351   516 D automotive.vehicle@2.0-adayo-func-bcm: BCMFunc sendMessageFromVehicle_l prop: 0x2160004c , SPLITE_BIT_DATA_INTEGER4 procotol.calc[0]:0.100000,procotol.calc[1]:0.000000
05-27 18:58:51.048   351   516 D automotive.vehicle@2.0-adayo-func-bcm: BCMFunc sendMessageFromVehicle_l prop: 0x2160004c ,areaId: 0x0  SPLITE_BIT_DATA_INTEGER : 133.300003,calc[0]:0.100000,calc[1]:0.000000
05-27 18:58:51.048   351   516 D automotive.vehicle@2.0-adayo-func-bcm: BCMFunc sendMessageFromVehicle_l id:559939660, area:0 not report! 
05-27 18:58:51.048   351   516 D automotive.vehicle@2.0-adayo-func-bcm: BCMFunc sendMessageFromVehicle_l dataType: 12,mByte=22,propid=0x21400071
05-27 18:58:51.048   351   516 D automotive.vehicle@2.0-adayo-func-bcm: BCMFunc sendMessageFromVehicle_l msgBuff[22]=0x40,start:0,len:6,temp:6,
05-27 18:58:51.048   351   516 D automotive.vehicle@2.0-adayo-func-bcm: BCMFunc sendMessageFromVehicle_l prop: 0x21400071 ,areaId: 0x0  SPLITE_BIT_DATA_INTEGER : 0
05-27 18:58:51.048   351   516 D automotive.vehicle@2.0-adayo-func-bcm: BCMFunc sendMessageFromVehicle_l id:557842545, area:0 not report! 
05-27 18:58:51.048   351   516 D automotive.vehicle@2.0-adayo-func-bcm: BCMFunc sendMessageFromVehicle_l dataType: 12,mByte=22,propid=0x21400072
05-27 18:58:51.048   351   516 D automotive.vehicle@2.0-adayo-func-bcm: BCMFunc sendMessageFromVehicle_l msgBuff[22]=0x40,start:6,len:2,temp:2,
05-27 18:58:51.048   351   516 D automotive.vehicle@2.0-adayo-func-bcm: BCMFunc sendMessageFromVehicle_l prop: 0x21400072 ,areaId: 0x0  SPLITE_BIT_DATA_INTEGER : 1
05-27 18:58:51.048   351   516 D automotive.vehicle@2.0-adayo-func-bcm: BCMFunc sendMessageFromVehicle_l id:557842546, area:0 not report! 
05-27 18:58:51.048   351   516 D automotive.vehicle@2.0-adayo-func-bcm: BCMFunc sendMessageFromVehicle_l dataType: 12,mByte=24,propid=0x21400050
05-27 18:58:51.048   351   516 D automotive.vehicle@2.0-adayo-func-bcm: BCMFunc sendMessageFromVehicle_l msgBuff[24]=0x0,start:0,len:16,temp:8,
05-27 18:58:51.048   351   516 D automotive.vehicle@2.0-adayo-func-bcm: BCMFunc sendMessageFromVehicle_l msgBuff[23]=0x0,start:0,len:8,temp:8,
05-27 18:58:51.048   351   516 D automotive.vehicle@2.0-adayo-func-bcm: BCMFunc sendMessageFromVehicle_l prop: 0x21400050 ,areaId: 0x0  SPLITE_BIT_DATA_INTEGER : 0
05-27 18:58:51.048   351   516 D automotive.vehicle@2.0-adayo-func-bcm: BCMFunc sendMessageFromVehicle_l id:557842512, area:0 not report! 
05-27 18:58:51.048   351   516 D automotive.vehicle@2.0-adayo-func-bcm: BCMFunc sendMessageFromVehicle_l dataType: 12,mByte=25,propid=0x21400051
05-27 18:58:51.048   351   516 D automotive.vehicle@2.0-adayo-func-bcm: BCMFunc sendMessageFromVehicle_l msgBuff[25]=0x0,start:0,len:8,temp:8,
05-27 18:58:51.048   351   516 D automotive.vehicle@2.0-adayo-func-bcm: BCMFunc sendMessageFromVehicle_l prop: 0x21400051 ,areaId: 0x0  SPLITE_BIT_DATA_INTEGER : 0
05-27 18:58:51.049   351   516 D automotive.vehicle@2.0-adayo-func-bcm: BCMFunc sendMessageFromVehicle_l id:557842513, area:0 not report! 
05-27 18:58:51.049   566  1173 D gps_hdbd: [request_agps_thread 979] get sys.gps.agnssd:1
05-27 18:58:51.049   351   516 D automotive.vehicle@2.0-adayo-func-bcm: BCMFunc sendMessageFromVehicle_l dataType: 12,mByte=26,propid=0x21400052
05-27 18:58:51.049   351   516 D automotive.vehicle@2.0-adayo-func-bcm: BCMFunc sendMessageFromVehicle_l msgBuff[26]=0x0,start:0,len:8,temp:8,
05-27 18:58:51.049   351   516 D automotive.vehicle@2.0-adayo-func-bcm: BCMFunc sendMessageFromVehicle_l prop: 0x21400052 ,areaId: 0x0  SPLITE_BIT_DATA_INTEGER : 0
05-27 18:58:51.049   351   516 D automotive.vehicle@2.0-adayo-func-bcm: BCMFunc sendMessageFromVehicle_l id:557842514, area:0 not report! 
05-27 18:58:51.049   351   516 D automotive.vehicle@2.0-adayo-func-bcm: BCMFunc sendMessageFromVehicle_l dataType: 12,mByte=27,propid=0x21400073
05-27 18:58:51.049   351   516 D automotive.vehicle@2.0-adayo-func-bcm: BCMFunc sendMessageFromVehicle_l msgBuff[27]=0x40,start:0,len:6,temp:6,
05-27 18:58:51.049   351   516 D automotive.vehicle@2.0-adayo-func-bcm: BCMFunc sendMessageFromVehicle_l prop: 0x21400073 ,areaId: 0x0  SPLITE_BIT_DATA_INTEGER : 0
05-27 18:58:51.049   351   516 D automotive.vehicle@2.0-adayo-func-bcm: BCMFunc sendMessageFromVehicle_l id:557842547, area:0 not report! 
05-27 18:58:51.049   351   516 D automotive.vehicle@2.0-adayo-func-bcm: BCMFunc sendMessageFromVehicle_l dataType: 12,mByte=27,propid=0x21400074
05-27 18:58:51.049   351   516 D automotive.vehicle@2.0-adayo-func-bcm: BCMFunc sendMessageFromVehicle_l msgBuff[27]=0x40,start:6,len:2,temp:2,
05-27 18:58:51.049   351   516 D automotive.vehicle@2.0-adayo-func-bcm: BCMFunc sendMessageFromVehicle_l prop: 0x21400074 ,areaId: 0x0  SPLITE_BIT_DATA_INTEGER : 1
05-27 18:58:51.049   351   516 D automotive.vehicle@2.0-adayo-func-bcm: BCMFunc sendMessageFromVehicle_l id:557842548, area:0 not report! 
05-27 18:58:51.049   351   516 D automotive.vehicle@2.0-adayo-func-bcm: BCMFunc sendMessageFromVehicle_l dataType: 12,mByte=29,propid=0x21400053
05-27 18:58:51.049   351   516 D automotive.vehicle@2.0-adayo-func-bcm: BCMFunc sendMessageFromVehicle_l msgBuff[29]=0x59,start:0,len:16,temp:8,
05-27 18:58:51.049   351   516 D automotive.vehicle@2.0-adayo-func-bcm: BCMFunc sendMessageFromVehicle_l msgBuff[28]=0x0,start:0,len:8,temp:8,
05-27 18:58:51.049   351   516 D automotive.vehicle@2.0-adayo-func-bcm: BCMFunc sendMessageFromVehicle_l prop: 0x21400053 ,areaId: 0x0  SPLITE_BIT_DATA_INTEGER : 89
05-27 18:58:51.049   351   516 D automotive.vehicle@2.0-adayo-func-bcm: BCMFunc sendMessageFromVehicle_l id:557842515, area:0 not report! 
05-27 18:58:51.049   351   516 D automotive.vehicle@2.0-adayo-func-bcm: BCMFunc sendMessageFromVehicle_l dataType: 12,mByte=30,propid=0x21400054
05-27 18:58:51.049   351   516 D automotive.vehicle@2.0-adayo-func-bcm: BCMFunc sendMessageFromVehicle_l msgBuff[30]=0x23,start:0,len:8,temp:8,
05-27 08:50:00.015   581   581 D spi_rst_gpio_get_output: GPIO 145 value: 1
05-27 08:50:00.015   581   581 D spidev_ioctl: gpio status=1)
05-27 18:58:51.049   351   516 D automotive.vehicle@2.0-adayo-func-bcm: BCMFunc sendMessageFromVehicle_l prop: 0x21400054 ,areaId: 0x0  SPLITE_BIT_DATA_INTEGER : 35
05-27 18:58:51.049   351   516 D automotive.vehicle@2.0-adayo-func-bcm: BCMFunc sendMessageFromVehicle_l id:557842516, area:0 not report! 
05-27 18:58:51.049   351   516 D automotive.vehicle@2.0-adayo-func-bcm: BCMFunc sendMessageFromVehicle_l dataType: 12,mByte=31,propid=0x21400055
05-27 18:58:51.049   351   516 D automotive.vehicle@2.0-adayo-func-bcm: BCMFunc sendMessageFromVehicle_l msgBuff[31]=0x1c,start:0,len:8,temp:8,
05-27 18:58:51.049   351   516 D automotive.vehicle@2.0-adayo-func-bcm: BCMFunc sendMessageFromVehicle_l prop: 0x21400055 ,areaId: 0x0  SPLITE_BIT_DATA_INTEGER : 28
05-27 18:58:51.049   351   516 D automotive.vehicle@2.0-adayo-func-bcm: BCMFunc sendMessageFromVehicle_l id:557842517, area:0 not report! 
05-27 18:58:51.049   351   516 D automotive.vehicle@2.0-adayo-func-bcm: BCMFunc sendMessageFromVehicle_l dataType: 12,mByte=32,propid=0x21400075
05-27 18:58:51.049   351   516 D automotive.vehicle@2.0-adayo-func-bcm: BCMFunc sendMessageFromVehicle_l msgBuff[32]=0x40,start:0,len:6,temp:6,
05-27 18:58:51.049   351   516 D automotive.vehicle@2.0-adayo-func-bcm: BCMFunc sendMessageFromVehicle_l prop: 0x21400075 ,areaId: 0x0  SPLITE_BIT_DATA_INTEGER : 0
05-27 18:58:51.049   351   516 D automotive.vehicle@2.0-adayo-func-bcm: BCMFunc sendMessageFromVehicle_l id:557842549, area:0 not report! 
05-27 18:58:51.049   351   516 D automotive.vehicle@2.0-adayo-func-bcm: BCMFunc sendMessageFromVehicle_l dataType: 12,mByte=32,propid=0x21400076
05-27 18:58:51.049   351   516 D automotive.vehicle@2.0-adayo-func-bcm: BCMFunc sendMessageFromVehicle_l msgBuff[32]=0x40,start:6,len:2,temp:2,
05-27 18:58:51.049   351   516 D automotive.vehicle@2.0-adayo-func-bcm: BCMFunc sendMessageFromVehicle_l prop: 0x21400076 ,areaId: 0x0  SPLITE_BIT_DATA_INTEGER : 1
05-27 18:58:51.049   351   516 D automotive.vehicle@2.0-adayo-func-bcm: BCMFunc sendMessageFromVehicle_l id:557842550, area:0 not report! 
05-27 18:58:51.049   351   516 D automotive.vehicle@2.0-adayo-func-bcm: BCMFunc sendMessageFromVehicle_l dataType: 12,mByte=34,propid=0x2140004b
05-27 18:58:51.049   351   516 D automotive.vehicle@2.0-adayo-func-bcm: BCMFunc sendMessageFromVehicle_l msgBuff[34]=0x0,start:0,len:16,temp:8,
05-27 18:58:51.049   351   516 D automotive.vehicle@2.0-adayo-func-bcm: BCMFunc sendMessageFromVehicle_l msgBuff[33]=0x0,start:0,len:8,temp:8,
05-27 18:58:51.049   351   516 D automotive.vehicle@2.0-adayo-func-bcm: BCMFunc sendMessageFromVehicle_l prop: 0x2140004b ,areaId: 0x0  SPLITE_BIT_DATA_INTEGER : 0
05-27 18:58:51.049   351   516 D automotive.vehicle@2.0-adayo-func-bcm: BCMFunc sendMessageFromVehicle_l id:557842507, area:0 not report! 
05-27 18:58:51.049   351   516 D automotive.vehicle@2.0-adayo-func-bcm: BCMFunc sendMessageFromVehicle_l dataType: 12,mByte=35,propid=0x21400077
05-27 18:58:51.049   351   516 D automotive.vehicle@2.0-adayo-func-bcm: BCMFunc sendMessageFromVehicle_l msgBuff[35]=0x40,start:0,len:6,temp:6,
05-27 18:58:51.049   351   516 D automotive.vehicle@2.0-adayo-func-bcm: BCMFunc sendMessageFromVehicle_l prop: 0x21400077 ,areaId: 0x0  SPLITE_BIT_DATA_INTEGER : 0
05-27 18:58:51.050   351   516 D automotive.vehicle@2.0-adayo-func-bcm: BCMFunc sendMessageFromVehicle_l id:557842551, area:0 not report! 
05-27 18:58:51.050   351   516 D automotive.vehicle@2.0-adayo-func-bcm: BCMFunc sendMessageFromVehicle_l dataType: 12,mByte=35,propid=0x21400078
05-27 18:58:51.050   351   516 D automotive.vehicle@2.0-adayo-func-bcm: BCMFunc sendMessageFromVehicle_l msgBuff[35]=0x40,start:6,len:2,temp:2,
05-27 18:58:51.050   351   516 D automotive.vehicle@2.0-adayo-func-bcm: BCMFunc sendMessageFromVehicle_l prop: 0x21400078 ,areaId: 0x0  SPLITE_BIT_DATA_INTEGER : 1
05-27 18:58:51.050   351   516 D automotive.vehicle@2.0-adayo-func-bcm: BCMFunc sendMessageFromVehicle_l id:557842552, area:0 not report! 
05-27 18:58:51.050   351   516 D automotive.vehicle@2.0-adayo-func-bcm: BCMFunc sendMessageFromVehicle_l dataType: 12,mByte=37,propid=0x2140004c
05-27 18:58:51.050   351   516 D automotive.vehicle@2.0-adayo-func-bcm: BCMFunc sendMessageFromVehicle_l msgBuff[37]=0x0,start:0,len:16,temp:8,
05-27 18:58:51.050   351   516 D automotive.vehicle@2.0-adayo-func-bcm: BCMFunc sendMessageFromVehicle_l msgBuff[36]=0x0,start:0,len:8,temp:8,
05-27 18:58:51.050   351   516 D automotive.vehicle@2.0-adayo-func-bcm: BCMFunc sendMessageFromVehicle_l prop: 0x2140004c ,areaId: 0x0  SPLITE_BIT_DATA_INTEGER : 0
05-27 18:58:51.050   351   516 D automotive.vehicle@2.0-adayo-func-bcm: BCMFunc sendMessageFromVehicle_l id:557842508, area:0 not report! 
05-27 18:58:51.050   351   516 D automotive.vehicle@2.0-adayo-func-bcm: BCMFunc sendMessageFromVehicle_l dataType: 12,mByte=38,propid=0x2140009b
05-27 18:58:51.050   351   516 D automotive.vehicle@2.0-adayo-func-bcm: BCMFunc sendMessageFromVehicle_l msgBuff[38]=0x0,start:0,len:8,temp:8,
05-27 18:58:51.050   351   516 D automotive.vehicle@2.0-adayo-func-bcm: BCMFunc sendMessageFromVehicle_l prop: 0x2140009b ,areaId: 0x0  SPLITE_BIT_DATA_INTEGER : 0
05-27 18:58:51.050   351   516 D automotive.vehicle@2.0-adayo-func-bcm: BCMFunc sendMessageFromVehicle_l id:557842587, area:0 not report! 
05-27 18:58:51.050   351   516 D automotive.vehicle@2.0-adayo-func-bcm: BCMFunc sendMessageFromVehicle_l dataType: 12,mByte=39,propid=0x2140009c
05-27 18:58:51.050   351   516 D automotive.vehicle@2.0-adayo-func-bcm: BCMFunc sendMessageFromVehicle_l msgBuff[39]=0x0,start:0,len:8,temp:8,
05-27 18:58:51.050   351   516 D automotive.vehicle@2.0-adayo-func-bcm: BCMFunc sendMessageFromVehicle_l prop: 0x2140009c ,areaId: 0x0  SPLITE_BIT_DATA_INTEGER : 0
05-27 18:58:51.050   351   516 D automotive.vehicle@2.0-adayo-func-bcm: BCMFunc sendMessageFromVehicle_l id:557842588, area:0 not report! 
05-27 18:58:51.050   351   516 D automotive.vehicle@2.0-adayo-func-bcm: BCMFunc sendMessageFromVehicle_l dataType: 12,mByte=40,propid=0x2140009d
05-27 18:58:51.050   351   516 D automotive.vehicle@2.0-adayo-func-bcm: BCMFunc sendMessageFromVehicle_l msgBuff[40]=0x0,start:0,len:8,temp:8,
05-27 18:58:51.050   351   516 D automotive.vehicle@2.0-adayo-func-bcm: BCMFunc sendMessageFromVehicle_l prop: 0x2140009d ,areaId: 0x0  SPLITE_BIT_DATA_INTEGER : 0
05-27 18:58:51.050   351   516 D automotive.vehicle@2.0-adayo-func-bcm: BCMFunc sendMessageFromVehicle_l id:557842589, area:0 not report! 
05-27 18:58:51.050   351   516 D automotive.vehicle@2.0-adayo-func-bcm: BCMFunc sendMessageFromVehicle_l dataType: 12,mByte=41,propid=0x2140009e
05-27 18:58:51.050   351   516 D automotive.vehicle@2.0-adayo-func-bcm: BCMFunc sendMessageFromVehicle_l msgBuff[41]=0x0,start:0,len:8,temp:8,
05-27 18:58:51.050   351   516 D automotive.vehicle@2.0-adayo-func-bcm: BCMFunc sendMessageFromVehicle_l prop: 0x2140009e ,areaId: 0x0  SPLITE_BIT_DATA_INTEGER : 0
05-27 18:58:51.050   351   516 D automotive.vehicle@2.0-adayo-func-bcm: BCMFunc sendMessageFromVehicle_l id:557842590, area:0 not report! 
05-27 18:58:51.050   351   516 D automotive.vehicle@2.0-adayo-func-bcm: BCMFunc sendMessageFromVehicle_l dataType: 12,mByte=43,propid=0x2160009f
05-27 18:58:51.050   351   516 D automotive.vehicle@2.0-adayo-func-bcm: BCMFunc sendMessageFromVehicle_l msgBuff[43]=0x0,start:0,len:16,temp:8,
05-27 18:58:51.050   351   516 D automotive.vehicle@2.0-adayo-func-bcm: BCMFunc sendMessageFromVehicle_l msgBuff[42]=0x0,start:0,len:8,temp:8,
05-27 18:58:51.050   351   516 D automotive.vehicle@2.0-adayo-func-bcm: BCMFunc sendMessageFromVehicle_l prop: 0x2160009f , SPLITE_BIT_DATA_INTEGER1 data:0
05-27 18:58:51.050   351   516 D automotive.vehicle@2.0-adayo-func-bcm: BCMFunc sendMessageFromVehicle_l prop: 0x2160009f , SPLITE_BIT_DATA_INTEGER4 procotol.calc[0]:0.100000,procotol.calc[1]:0.000000
05-27 18:58:51.050   351   516 D automotive.vehicle@2.0-adayo-func-bcm: BCMFunc sendMessageFromVehicle_l prop: 0x2160009f ,areaId: 0x0  SPLITE_BIT_DATA_INTEGER : 0.000000,calc[0]:0.100000,calc[1]:0.000000
05-27 08:50:00.021   581   581 D spi_rst_gpio_get_output: GPIO 145 value: 1
05-27 18:58:51.050   351   516 D automotive.vehicle@2.0-adayo-func-bcm: BCMFunc sendMessageFromVehicle_l id:559939743, area:0 not report! 
05-27 08:50:00.021   581   581 D spidev_ioctl: gpio status=1)
05-27 18:58:51.050   351   516 D automotive.vehicle@2.0-adayo-func-bcm: BCMFunc sendMessageFromVehicle_l dataType: 12,mByte=45,propid=0x216000f3
05-27 18:58:51.050   351   516 D automotive.vehicle@2.0-adayo-func-bcm: BCMFunc sendMessageFromVehicle_l msgBuff[45]=0x0,start:0,len:16,temp:8,
05-27 18:58:51.050   351   516 D automotive.vehicle@2.0-adayo-func-bcm: BCMFunc sendMessageFromVehicle_l msgBuff[44]=0x0,start:0,len:8,temp:8,
05-27 18:58:51.050   351   516 D automotive.vehicle@2.0-adayo-func-bcm: BCMFunc sendMessageFromVehicle_l prop: 0x216000f3 , SPLITE_BIT_DATA_INTEGER1 data:0
05-27 18:58:51.050   351   516 D automotive.vehicle@2.0-adayo-func-bcm: BCMFunc sendMessageFromVehicle_l prop: 0x216000f3 , SPLITE_BIT_DATA_INTEGER4 procotol.calc[0]:0.100000,procotol.calc[1]:0.000000
05-27 18:58:51.050   351   516 D automotive.vehicle@2.0-adayo-func-bcm: BCMFunc sendMessageFromVehicle_l prop: 0x216000f3 ,areaId: 0x0  SPLITE_BIT_DATA_INTEGER : 0.000000,calc[0]:0.100000,calc[1]:0.000000
05-27 18:58:51.050   351   516 D automotive.vehicle@2.0-adayo-func-bcm: BCMFunc sendMessageFromVehicle_l id:559939827, area:0 not report! 
05-27 18:58:51.050   351   516 D automotive.vehicle@2.0-adayo-func-bcm: BCMFunc sendMessageFromVehicle_l dataType: 12,mByte=47,propid=0x214000f4
05-27 18:58:51.050   351   516 D automotive.vehicle@2.0-adayo-func-bcm: BCMFunc sendMessageFromVehicle_l msgBuff[47]=0x0,start:0,len:16,temp:8,
05-27 18:58:51.050   351   516 D automotive.vehicle@2.0-adayo-func-bcm: BCMFunc sendMessageFromVehicle_l msgBuff[46]=0x0,start:0,len:8,temp:8,
05-27 18:58:51.051   351   516 D automotive.vehicle@2.0-adayo-func-bcm: BCMFunc sendMessageFromVehicle_l prop: 0x214000f4 ,areaId: 0x0  SPLITE_BIT_DATA_INTEGER : 0
05-27 18:58:51.051   351   516 D automotive.vehicle@2.0-adayo-func-bcm: BCMFunc sendMessageFromVehicle_l id:557842676, area:0 not report! 
05-27 18:58:51.051   351   516 D automotive.vehicle@2.0-adayo-func-bcm: BCMFunc sendMessageFromVehicle_l dataType: 12,mByte=48,propid=0x214000fe
05-27 18:58:51.051   351   516 D automotive.vehicle@2.0-adayo-func-bcm: BCMFunc sendMessageFromVehicle_l msgBuff[48]=0x0,start:0,len:8,temp:8,
05-27 18:58:51.051   351   516 D automotive.vehicle@2.0-adayo-func-bcm: BCMFunc sendMessageFromVehicle_l prop: 0x214000fe ,areaId: 0x0  SPLITE_BIT_DATA_INTEGER : 0
05-27 18:58:51.051   351   516 D automotive.vehicle@2.0-adayo-func-bcm: BCMFunc sendMessageFromVehicle_l id:557842686, area:0 not report! 
05-27 18:58:51.051   351   516 D automotive.vehicle@2.0-adayo-func-bcm: BCMFunc sendMessageFromVehicle_l dataType: 12,mByte=49,propid=0x21400100
05-27 18:58:51.051   351   516 D automotive.vehicle@2.0-adayo-func-bcm: BCMFunc sendMessageFromVehicle_l msgBuff[49]=0x0,start:0,len:8,temp:8,
05-27 18:58:51.051   351   516 D automotive.vehicle@2.0-adayo-func-bcm: BCMFunc sendMessageFromVehicle_l prop: 0x21400100 ,areaId: 0x0  SPLITE_BIT_DATA_INTEGER : 0
05-27 18:58:51.051   581   581 I SpiService: fgesysctrl_getGPIO_status success val=1
05-27 18:58:51.051   351   516 D automotive.vehicle@2.0-adayo-func-bcm: BCMFunc sendMessageFromVehicle_l id:557842688, area:0 not report! 
05-27 18:58:51.051   351   516 D automotive.vehicle@2.0-adayo-func-bcm: BCMFunc sendMessageFromVehicle_l dataType: 12,mByte=50,propid=0x214000fa
05-27 18:58:51.051   351   516 D automotive.vehicle@2.0-adayo-func-bcm: BCMFunc sendMessageFromVehicle_l msgBuff[50]=0x0,start:0,len:8,temp:8,
05-27 18:58:51.051   351   516 D automotive.vehicle@2.0-adayo-func-bcm: BCMFunc sendMessageFromVehicle_l prop: 0x214000fa ,areaId: 0x0  SPLITE_BIT_DATA_INTEGER : 0
05-27 18:58:51.051   351   516 D automotive.vehicle@2.0-adayo-func-bcm: BCMFunc sendMessageFromVehicle_l id:557842682, area:0 not report! 
05-27 18:58:51.051   351   516 D automotive.vehicle@2.0-adayo-func-bcm: BCMFunc sendMessageFromVehicle_l dataType: 12,mByte=51,propid=0x214000fb
05-27 18:58:51.051   351   516 D automotive.vehicle@2.0-adayo-func-bcm: BCMFunc sendMessageFromVehicle_l msgBuff[51]=0x0,start:0,len:8,temp:8,
05-27 18:58:51.051   351   516 D automotive.vehicle@2.0-adayo-func-bcm: BCMFunc sendMessageFromVehicle_l prop: 0x214000fb ,areaId: 0x0  SPLITE_BIT_DATA_INTEGER : 0
05-27 18:58:51.051   351   516 D automotive.vehicle@2.0-adayo-func-bcm: BCMFunc sendMessageFromVehicle_l id:557842683, area:0 not report! 
05-27 18:58:51.051   351   516 D automotive.vehicle@2.0-adayo-func-bcm: BCMFunc sendMessageFromVehicle_l dataType: 12,mByte=52,propid=0x214000fc
05-27 18:58:51.051   351   516 D automotive.vehicle@2.0-adayo-func-bcm: BCMFunc sendMessageFromVehicle_l msgBuff[52]=0x0,start:0,len:8,temp:8,
05-27 18:58:51.051   351   516 D automotive.vehicle@2.0-adayo-func-bcm: BCMFunc sendMessageFromVehicle_l prop: 0x214000fc ,areaId: 0x0  SPLITE_BIT_DATA_INTEGER : 0
05-27 18:58:51.051   351   516 D automotive.vehicle@2.0-adayo-func-bcm: BCMFunc sendMessageFromVehicle_l id:557842684, area:0 not report! 
05-27 18:58:51.051   351   516 D automotive.vehicle@2.0-adayo-func-bcm: BCMFunc sendMessageFromVehicle_l dataType: 12,mByte=53,propid=0x21400106
05-27 18:58:51.051   351   516 D automotive.vehicle@2.0-adayo-func-bcm: BCMFunc sendMessageFromVehicle_l msgBuff[53]=0x1,start:0,len:8,temp:8,
05-27 18:58:51.051   351   516 D automotive.vehicle@2.0-adayo-func-bcm: BCMFunc sendMessageFromVehicle_l prop: 0x21400106 ,areaId: 0x0  SPLITE_BIT_DATA_INTEGER : 1
05-27 18:58:51.051   351   516 D automotive.vehicle@2.0-adayo-func-bcm: BCMFunc sendMessageFromVehicle_l id:557842694, area:0 not report! 
05-27 18:58:51.052   299 30841 D EvsDriver: forwardFrame
05-27 18:58:51.054   299 30841 D EvsDriver: Delivered 0xb400007b7ca56a60 as id 0
05-27 18:58:51.054  1167  1184 D evsmanagerd: /dev/video4 forwarded the buffer #0 to 0xb4000074bf5f6850 from 0xb4000074bf5f41d0
05-27 18:58:51.054   299 30844 D EvsDriver: forwardFrame
05-27 18:58:51.055   299 30844 D EvsDriver: Delivered 0xb400007b7ca56900 as id 0
05-27 18:58:51.055  1167  1184 D evsmanagerd: /dev/video6 forwarded the buffer #0 to 0xb4000074bf5f5510 from 0xb4000074bf5f6d90
05-27 18:58:51.056   581   581 I SpiService: fgesysctrl_getGPIO_status success val=1
05-27 18:58:51.058   299  1163 D EvsDriver: doneWithFrame
05-27 18:58:51.058   299  1163 D EvsDriver: doneWithFrame
05-27 18:58:51.060  1008 30856 D [OMXB]  : usingANWBuffer: handle:0xee742480, format:1, w:1920, h:1080
05-27 18:58:51.062   581   581 I SpiService: fgesysctrl_getGPIO_status success val=1
05-27 08:50:00.027   581   581 D spi_rst_gpio_get_output: GPIO 145 value: 1
05-27 08:50:00.027   581   581 D spidev_ioctl: gpio status=1)
05-27 18:58:51.066 13911 14183 I SentryImuMcuAngleSender: 179.986rollDeg
05-27 18:58:51.066 13911 14183 I SentryImuMcuAngleSender: 1,0,0
05-27 08:50:00.035   581   581 D spi_rst_gpio_get_output: GPIO 145 value: 0
05-27 08:50:00.035   581   581 D spidev_ioctl: gpio status=0)
05-27 18:58:51.070   581   581 I SpiService: fgesysctrl_getGPIO_status success val=0
05-27 18:58:51.070   481   597 I mcuc    : send SPI:6AA602E59300028900FB
05-27 18:58:51.075   536   536 D commservice260303: msg.id = 1028,1
05-27 18:58:51.075   536   536 D commservice260303: i = 170, msgid = 8A000404
05-27 18:58:51.075  1008 30857 D [OMXB]  : usingANWBuffer: handle:0xee7467e0, format:1, w:1920, h:1080
05-27 18:58:51.075   536   536 D commservice260303: msgid = -1979710460,did=138
05-27 18:58:51.076   536   536 D commservice260303: CommProtocolLibCmdBaseI2C::dataproc {"command":{"id":"imu_status","sub":""},"content":{"TimeStamp":11,"FrameCounter":267495,"GD_X":-0.01160607673227787,"GD_Y":0.004963258747011423,"GD_Z":0.001679039909504354,"AD_X":-0.0027139633893966675,"AD_Y":-6.939460290595889E-4,"AD_Z":-0.1755990982055664,"TempDsp":0,"Status":0,"CalibState":1,"SigAmpInvalid":0}},-1979710460
05-27 18:58:51.076   536   536 D commservice260303: send2Cluster len:315, 7B22636F6D6D616E64223A7B226964223A22696D755F737461747573222C22737562223A22227D2C22636F6E74656E74223A7B2254696D655374616D70223A31312C224672616D65436F756E746572223A3236373439352C2247445F58223A2D302E30313136303630373637333232373738372C2247445F59223A302E3030343936333235383734373031313432332C2247445F5A223A302E3030313637393033393930393530343335342C2241445F58223A2D302E303032373133393633333839333936363637352C2241445F59223A2D362E393339343630323930353935383839452D342C2241445F5A223A2D302E313735353939303938323035353636342C2254656D70447370223A302C22537461747573223A302C2243616C69625374617465223A312C22536967416D70496E76616C6964223A307D7D, 138 
05-27 18:58:51.076   536   536 D commservice260303: Push Message into SendPool fn=-564788224
05-27 18:58:51.076   536   536 D commservice260303: ComProtocolLibSend2Cluster::send2ClusterRaw fn=-564788224 , len=331
05-27 18:58:51.076   536   536 D commservice260303: sendCmdToPort :331!!!
05-27 18:58:51.076   536   536 D commservice260303: send Cmd To Port ++++5AA501478A01000456DE6A16CE6B7B22636F6D6D616E64223A7B226964223A22696D755F737461747573222C22737562223A22227D2C22636F6E74656E74223A7B2254696D655374616D70223A31312C224672616D65436F756E746572223A3236373439352C2247445F58223A2D302E30313136303630373637333232373738372C2247445F59223A302E3030343936333235383734373031313432332C2247445F5A223A302E3030313637393033393930393530343335342C2241445F58223A2D302E303032373133393633333839333936363637352C2241445F59223A2D362E393339343630323930353935383839452D342C2241445F5A223A2D302E313735353939303938323035353636342C2254656D70447370223A302C22537461747573223A302C2243616C69625374617465223A312C22536967416D70496E76616C6964223A307D7D0E33
