05-27 08:49:59.623   581   581 D spidev_ioctl: gpio status=1)
05-27 18:58:50.662  1167  1479 D evsmanagerd: /dev/video4 forwarded the buffer #0 to 0xb4000074bf5f6850 from 0xb4000074bf5f41d0
05-27 18:58:50.662  1167  1184 D evsmanagerd: /dev/video6 forwarded the buffer #0 to 0xb4000074bf5f5510 from 0xb4000074bf5f6d90
05-27 18:58:50.662   299 30844 D EvsDriver: Delivered 0xb400007b7ca56900 as id 0
05-27 18:58:50.663   299 30841 D EvsDriver: Delivered 0xb400007b7ca56a60 as id 0
05-27 18:58:50.664   581   581 I SpiService: fgesysctrl_getGPIO_status success val=0
05-27 08:49:59.629   581   581 D spi_rst_gpio_get_output: GPIO 145 value: 0
05-27 08:49:59.629   581   581 D spidev_ioctl: gpio status=0)
05-27 18:58:50.666   299  1153 D EvsDriver: doneWithFrame
05-27 18:58:50.671   299  1153 D EvsDriver: doneWithFrame
05-27 18:58:50.674 13911 14183 I SentryImuMcuAngleSender: -179.9895rollDeg
05-27 18:58:50.674 13911 14183 I SentryImuMcuAngleSender: 1,0,0
05-27 18:58:50.674   536   536 D commservice260303: msg.id = 1028,1
05-27 18:58:50.674   536   536 D commservice260303: i = 170, msgid = 8A000404
05-27 18:58:50.674   536   536 D commservice260303: msgid = -1979710460,did=138
05-27 18:58:50.674   536   536 D commservice260303: CommProtocolLibCmdBaseI2C::dataproc {"command":{"id":"imu_status","sub":""},"content":{"TimeStamp":11,"FrameCounter":267485,"GD_X":-0.012139749713242054,"GD_Y":0.005420989356935024,"GD_Z":0.0022902146447449923,"AD_X":-0.005733132362365723,"AD_Y":-0.002510989084839821,"AD_Z":-0.1743793487548828,"TempDsp":0,"Status":0,"CalibState":1,"SigAmpInvalid":0}},-1979710460
05-27 18:58:50.674   536   536 D commservice260303: send2Cluster len:316, 7B22636F6D6D616E64223A7B226964223A22696D755F737461747573222C22737562223A22227D2C22636F6E74656E74223A7B2254696D655374616D70223A31312C224672616D65436F756E746572223A3236373438352C2247445F58223A2D302E3031323133393734393731333234323035342C2247445F59223A302E3030353432303938393335363933353032342C2247445F5A223A302E303032323930323134363434373434393932332C2241445F58223A2D302E3030353733333133323336323336353732332C2241445F59223A2D302E3030323531303938393038343833393832312C2241445F5A223A2D302E313734333739333438373534383832382C2254656D70447370223A302C22537461747573223A302C2243616C69625374617465223A312C22536967416D70496E76616C6964223A307D7D, 138 
05-27 18:58:50.674   536   536 D commservice260303: Push Message into SendPool fn=-732560384
05-27 18:58:50.674   536   536 D commservice260303: ComProtocolLibSend2Cluster::send2ClusterRaw fn=-732560384 , len=332
05-27 18:58:50.675   536   536 D commservice260303: sendCmdToPort :332!!!
05-27 18:58:50.675   536   536 D commservice260303: send Cmd To Port ++++5AA501488A01000456D46A16CE6A7B22636F6D6D616E64223A7B226964223A22696D755F737461747573222C22737562223A22227D2C22636F6E74656E74223A7B2254696D655374616D70223A31312C224672616D65436F756E746572223A3236373438352C2247445F58223A2D302E3031323133393734393731333234323035342C2247445F59223A302E3030353432303938393335363933353032342C2247445F5A223A302E303032323930323134363434373434393932332C2241445F58223A2D302E3030353733333133323336323336353732332C2241445F59223A2D302E3030323531303938393038343833393832312C2241445F5A223A2D302E313734333739333438373534383832382C2254656D70447370223A302C22537461747573223A302C2243616C69625374617465223A312C22536967416D70496E76616C6964223A307D7D3E8D
05-27 18:58:50.675  1008 30857 D [OMXB]  : usingANWBuffer: handle:0xee742530, format:1, w:1920, h:1080
05-27 18:58:50.675   536   536 D commservice260303: bufferevent_write retrun value = 0
05-27 18:58:50.675   536   560 D commservice260303: client datas send succeed,send finish
05-27 18:58:50.675 13911 14192 D Sentinelmode_1.2.5.17_sentry: <SentryImuClusterFgeSender>imu_status sent to Linux, frame=267485, tsNs=11397909, tsMs=11, intervalMs=41, ad=(-0.0057331324,-0.002510989,-0.17437935), gd=(-0.01213975,0.0054209894,0.0022902146)
05-27 18:58:50.676 30773 30789 I dvr_service_: Camera 1: Buffer reuse stats - Total: 228100, Reused: 113185, New: 114915, Rate: 49.6%
05-27 18:58:50.680   581   581 I SpiService: fgesysctrl_getGPIO_status success val=1
05-27 08:49:59.645   581   581 D spi_rst_gpio_get_output: GPIO 145 value: 1
05-27 08:49:59.645   581   581 D spidev_ioctl: gpio status=1)
05-27 18:58:50.684   299 30844 D EvsDriver: forwardFrame
05-27 18:58:50.686   299 30841 D EvsDriver: forwardFrame
05-27 18:58:50.686   581   581 I SpiService: fgesysctrl_getGPIO_status success val=1
05-27 18:58:50.687  1167  1479 D evsmanagerd: /dev/video6 forwarded the buffer #0 to 0xb4000074bf5f5510 from 0xb4000074bf5f6d90
05-27 18:58:50.687  1008 30856 D [OMXB]  : usingANWBuffer: handle:0xee742ed0, format:1, w:1920, h:1080
05-27 18:58:50.687   299 30841 D EvsDriver: Delivered 0xb400007b7ca56a60 as id 0
05-27 18:58:50.687  1167  1479 D evsmanagerd: /dev/video4 forwarded the buffer #0 to 0xb4000074bf5f6850 from 0xb4000074bf5f41d0
05-27 08:49:59.650   581   581 D spi_rst_gpio_get_output: GPIO 145 value: 1
05-27 08:49:59.650   581   581 D spidev_ioctl: gpio status=1)
05-27 18:58:50.690   299  1153 D EvsDriver: doneWithFrame
05-27 18:58:50.691   581   581 I SpiService: fgesysctrl_getGPIO_status success val=1
05-27 08:49:59.656   581   581 D spi_rst_gpio_get_output: GPIO 145 value: 1
05-27 08:49:59.656   581   581 D spidev_ioctl: gpio status=1)
05-27 18:58:50.695 13911 14183 I SentryImuMcuAngleSender: 179.993rollDeg
05-27 18:58:50.695 13911 14183 I SentryImuMcuAngleSender: 1,0,0
05-27 08:49:59.662   581   581 D spi_rst_gpio_get_output: GPIO 145 value: 1
05-27 08:49:59.662   581   581 D spidev_ioctl: gpio status=1)
05-27 18:58:50.698   581   581 I SpiService: fgesysctrl_getGPIO_status success val=1
05-27 18:58:50.699   299  1153 D EvsDriver: doneWithFrame
05-27 18:58:50.687   299 30844 D EvsDriver: Delivered 0xb400007b7ca56900 as id 0
05-27 18:58:50.703   566  1171 I gps_hdbd: [gps_upgrade_thread 3506]Enter
05-27 18:58:50.703   566  1171 I gps_hdbd: [gps_upgrade_thread 3535] sys.gps.update:0 ,file:not ,upgrate_ing:0
05-27 18:58:50.703   581   581 I SpiService: fgesysctrl_getGPIO_status success val=0
05-27 08:49:59.668   581   581 D spi_rst_gpio_get_output: GPIO 145 value: 0
05-27 08:49:59.668   581   581 D spidev_ioctl: gpio status=0)
05-27 18:58:50.712 15112 16863 D okhttp.TaskRunner: Q10000 scheduled after   0 µs: OkHttp ConnectionPool
05-27 18:58:50.712 15112 15604 D okhttp.TaskRunner: Q10000 starting              : OkHttp ConnectionPool
05-27 18:58:50.712 15112 15604 D okhttp.TaskRunner: Q10000 run again after 272 s : OkHttp ConnectionPool
05-27 18:58:50.712 15112 15604 D okhttp.TaskRunner: Q10000 finished run in 184 µs: OkHttp ConnectionPool
05-27 18:58:50.713  1008 30857 D [OMXB]  : usingANWBuffer: handle:0xee744210, format:1, w:1920, h:1080
05-27 18:58:50.715   536   536 D commservice260303: msg.id = 1028,2
05-27 18:58:50.715   536   536 D commservice260303: i = 170, msgid = 8A000404
05-27 18:58:50.715   536   536 D commservice260303: msgid = -1979710460,did=138
05-27 18:58:50.715 13911 14183 I SentryImuMcuAngleSender: 179.97899rollDeg
05-27 18:58:50.715   536   536 D commservice260303: CommProtocolLibCmdBaseI2C::dataproc {"command":{"id":"imu_status","sub":""},"content":{"TimeStamp":11,"FrameCounter":267486,"GD_X":-0.011223767884075642,"GD_Y":0.005345047451555729,"GD_Z":0.0018319635419175029,"AD_X":-0.004502847790718079,"AD_Y":0.00296655111014843,"AD_Z":-0.17255115509033203,"TempDsp":0,"Status":0,"CalibState":1,"SigAmpInvalid":0}},-1979710460
05-27 18:58:50.715 13911 14183 I SentryImuMcuAngleSender: 1,0,0
05-27 18:58:50.715   536   536 D commservice260303: send2Cluster len:315, 7B22636F6D6D616E64223A7B226964223A22696D755F737461747573222C22737562223A22227D2C22636F6E74656E74223A7B2254696D655374616D70223A31312C224672616D65436F756E746572223A3236373438362C2247445F58223A2D302E3031313232333736373838343037353634322C2247445F59223A302E3030353334353034373435313535353732392C2247445F5A223A302E303031383331393633353431393137353032392C2241445F58223A2D302E3030343530323834373739303731383037392C2241445F59223A302E30303239363635353131313031343834332C2241445F5A223A2D302E31373235353131353530393033333230332C2254656D70447370223A302C22537461747573223A302C2243616C69625374617465223A312C22536967416D70496E76616C6964223A307D7D, 138 
05-27 18:58:50.715   536   536 D commservice260303: Push Message into SendPool fn=-715783168
05-27 18:58:50.715   536   536 D commservice260303: ComProtocolLibSend2Cluster::send2ClusterRaw fn=-715783168 , len=331
05-27 18:58:50.716   536   536 D commservice260303: sendCmdToPort :331!!!
05-27 18:58:50.716   536   536 D commservice260303: send Cmd To Port ++++5AA501478A01000456D56A16CE6A7B22636F6D6D616E64223A7B226964223A22696D755F737461747573222C22737562223A22227D2C22636F6E74656E74223A7B2254696D655374616D70223A31312C224672616D65436F756E746572223A3236373438362C2247445F58223A2D302E3031313232333736373838343037353634322C2247445F59223A302E3030353334353034373435313535353732392C2247445F5A223A302E303031383331393633353431393137353032392C2241445F58223A2D302E3030343530323834373739303731383037392C2241445F59223A302E30303239363635353131313031343834332C2241445F5A223A2D302E31373235353131353530393033333230332C2254656D70447370223A302C22537461747573223A302C2243616C69625374617465223A312C22536967416D70496E76616C6964223A307D7DE237
05-27 18:58:50.716   536   536 D commservice260303: bufferevent_write retrun value = 0
05-27 18:58:50.716   299 30844 D EvsDriver: forwardFrame
05-27 18:58:50.717 13911 14192 D Sentinelmode_1.2.5.17_sentry: <SentryImuClusterFgeSender>imu_status sent to Linux, frame=267486, tsNs=11397946, tsMs=11, intervalMs=41, ad=(-0.004502848,0.002966551,-0.17255116), gd=(-0.011223768,0.0053450475,0.0018319635)
05-27 18:58:50.718   581   581 I SpiService: fgesysctrl_getGPIO_status success val=1
05-27 18:58:50.719   536   560 D commservice260303: client datas send succeed,send finish
05-27 18:58:50.719   299 30844 D EvsDriver: Delivered 0xb400007b7ca56900 as id 0
05-27 18:58:50.720  1167  1479 D evsmanagerd: /dev/video6 forwarded the buffer #0 to 0xb4000074bf5f5510 from 0xb4000074bf5f6d90
05-27 08:49:59.683   581   581 D spi_rst_gpio_get_output: GPIO 145 value: 1
05-27 08:49:59.683   581   581 D spidev_ioctl: gpio status=1)
05-27 18:58:50.724   299  1153 D EvsDriver: doneWithFrame
05-27 18:58:50.724   581   581 I SpiService: fgesysctrl_getGPIO_status success val=1
05-27 08:49:59.689   581   581 D spi_rst_gpio_get_output: GPIO 145 value: 1
05-27 08:49:59.689   581   581 D spidev_ioctl: gpio status=1)
05-27 18:58:50.726   299 30841 D EvsDriver: forwardFrame
05-27 18:58:50.728   299 30841 D EvsDriver: Delivered 0xb400007b7ca56a60 as id 0
05-27 18:58:50.728  1167  1479 D evsmanagerd: /dev/video4 forwarded the buffer #0 to 0xb4000074bf5f6850 from 0xb4000074bf5f41d0
05-27 18:58:50.730   581   581 I SpiService: fgesysctrl_getGPIO_status success val=1
05-27 18:58:50.732  1008 30856 D [OMXB]  : usingANWBuffer: handle:0xee742ab0, format:1, w:1920, h:1080
05-27 08:49:59.695   581   581 D spi_rst_gpio_get_output: GPIO 145 value: 1
05-27 08:49:59.695   581   581 D spidev_ioctl: gpio status=1)
05-27 18:58:50.734   283   307 I rvcservice: t.code = 3, t.value = 0
05-27 18:58:50.734   299  1153 D EvsDriver: doneWithFrame
05-27 18:58:50.736 13911 14183 I SentryImuMcuAngleSender: 180.0rollDeg
05-27 18:58:50.737 13911 14183 I SentryImuMcuAngleSender: 1,0,0
05-27 18:58:50.737   581   581 I SpiService: fgesysctrl_getGPIO_status success val=1
05-27 08:49:59.701   581   581 D spi_rst_gpio_get_output: GPIO 145 value: 1
05-27 08:49:59.701   581   581 D spidev_ioctl: gpio status=1)
05-27 18:58:50.743   581   581 I SpiService: fgesysctrl_getGPIO_status success val=0
05-27 18:58:50.744 30773 30785 I dvr_service_: [EncoderHandler::runMediaThread] runMediaThread started:1,state:1, cam2:started:1,state:1, lastSwitch:1, mIsMuxerStart:1,format:0,is_str_ing:0
05-27 08:49:59.707   581   581 D spi_rst_gpio_get_output: GPIO 145 value: 0
05-27 08:49:59.707   581   581 D spidev_ioctl: gpio status=0)
05-27 18:58:50.749   572   572 I Sensors : 230 AccelSensor: x:-0.167140,y:-0.002440,z:-9.974720
05-27 18:58:50.750 13911 13911 I Sentinelmode_1.2.5.17_sentry: <SentinelCarServiceManager>sensorType:291504647
05-27 18:58:50.750  1008 30857 D [OMXB]  : usingANWBuffer: handle:0xee742270, format:1, w:1920, h:1080
05-27 18:58:50.751   299 30844 D EvsDriver: forwardFrame
05-27 18:58:50.754   299 30844 D EvsDriver: Delivered 0xb400007b7ca56900 as id 0
05-27 18:58:50.754  1167  1479 D evsmanagerd: /dev/video6 forwarded the buffer #0 to 0xb4000074bf5f5510 from 0xb4000074bf5f6d90
05-27 18:58:50.755 30773 30783 E dvr_service_: [myNum:1] Received S**** loss
05-27 18:58:50.755   299  1153 D EvsDriver: doneWithFrame
05-27 18:58:50.756   536   536 D commservice260303: msg.id = 1028,1
05-27 18:58:50.756   536   536 D commservice260303: i = 170, msgid = 8A000404
05-27 18:58:50.756   481   598 I mcuc    : rev,n=1,6AA681E58F000B8300E000000000000000009D
05-27 18:58:50.757   536   536 D commservice260303: msgid = -1979710460,did=138
05-27 18:58:50.757   536   536 D commservice260303: CommProtocolLibCmdBaseI2C::dataproc {"command":{"id":"imu_status","sub":""},"content":{"TimeStamp":11,"FrameCounter":267487,"GD_X":-0.010690094903111458,"GD_Y":0.004809814505279064,"GD_Z":0.0016030981205403805,"AD_X":3.6747753620147705E-4,"AD_Y":-0.003129432676360011,"AD_Z":-0.16949939727783203,"TempDsp":0,"Status":0,"CalibState":1,"SigAmpInvalid":0}},-1979710460
05-27 18:58:50.757   351   373 D automotive.vehicle@2.0-adayo-datacomm-mcu: MCUDatacomm sendMessageFromVehicle prop: 0x83, areaId: 0x0, status: 0x0, timestamp: 0x0
05-27 18:58:50.757 13911 14183 I SentryImuMcuAngleSender: -179.986rollDeg
05-27 18:58:50.757   351   373 D automotive.vehicle@2.0-adayo-datacomm-mcu: MCUDatacomm 1sendMessageFromVehicle ---> type = 7 
05-27 18:58:50.757   351   373 I automotive.vehicle@2.0-adayo-func-mcu: MCUFunc :sendMessageFromVehicle  msgBuff[0] = 131 
05-27 18:58:50.757 13911 14183 I SentryImuMcuAngleSender: 1,0,0
05-27 18:58:50.757   351   373 I automotive.vehicle@2.0-adayo-func-mcu: MCUFunc :sendMessageFromVehicle  msgBuff[1] = 0 
05-27 18:58:50.757   351   373 I automotive.vehicle@2.0-adayo-func-mcu: MCUFunc :sendMessageFromVehicle  msgBuff[2] = 0 
05-27 18:58:50.757   351   373 I automotive.vehicle@2.0-adayo-func-mcu: MCUFunc :sendMessageFromVehicle  msgBuff[3] = 0 
05-27 18:58:50.757   351   373 I automotive.vehicle@2.0-adayo-func-mcu: MCUFunc :sendMessageFromVehicle  msgBuff[4] = 3 
05-27 18:58:50.757   351   373 I automotive.vehicle@2.0-adayo-func-mcu: MCUFunc :sendMessageFromVehicle  msgBuff[5] = 1 
05-27 18:58:50.757   536   536 D commservice260303: send2Cluster len:317, 7B22636F6D6D616E64223A7B226964223A22696D755F737461747573222C22737562223A22227D2C22636F6E74656E74223A7B2254696D655374616D70223A31312C224672616D65436F756E746572223A3236373438372C2247445F58223A2D302E3031303639303039343930333131313435382C2247445F59223A302E3030343830393831343530353237393036342C2247445F5A223A302E303031363033303938313230353430333830352C2241445F58223A332E36373437373533363230313437373035452D342C2241445F59223A2D302E3030333132393433323637363336303031312C2241445F5A223A2D302E31363934393933393732373738333230332C2254656D70447370223A302C22537461747573223A302C2243616C69625374617465223A312C22536967416D70496E76616C6964223A307D7D, 138 
05-27 18:58:50.757   351   373 I automotive.vehicle@2.0-adayo-func-mcu: MCUFunc :sendMessageFromVehicle  msgBuff[6] = 0 
05-27 18:58:50.757   351   373 I automotive.vehicle@2.0-adayo-func-mcu: MCUFunc :sendMessageFromVehicle  msgBuff[7] = 0 
05-27 18:58:50.757   536   536 D commservice260303: Push Message into SendPool fn=-699005952
05-27 18:58:50.757   351   373 I automotive.vehicle@2.0-adayo-func-mcu: MCUFunc :sendMessageFromVehicle  msgBuff[8] = 0 
05-27 18:58:50.757   351   373 I automotive.vehicle@2.0-adayo-func-mcu: MCUFunc :sendMessageFromVehicle  msgBuff[9] = 0 
05-27 18:58:50.757   536   536 D commservice260303: ComProtocolLibSend2Cluster::send2ClusterRaw fn=-699005952 , len=333
05-27 18:58:50.757   351   373 I automotive.vehicle@2.0-adayo-func-mcu: MCUFunc :sendMessageFromVehicle  msgBuff[10] = 0 
05-27 18:58:50.757   536   536 D commservice260303: sendCmdToPort :333!!!
05-27 18:58:50.757   351   373 I automotive.vehicle@2.0-adayo-func-mcu: MCUFunc :sendMessageFromVehicle  msgBuff[11] = 0 
05-27 18:58:50.757   351   373 I automotive.vehicle@2.0-adayo-func-mcu: MCUFunc :sendMessageFromVehicle  msgBuff[12] = 0 
05-27 18:58:50.757   351   373 I automotive.vehicle@2.0-adayo-func-mcu: MCUFunc :sendMessageFromVehicle  msgBuff[13] = 0 
05-27 18:58:50.757   351   373 I automotive.vehicle@2.0-adayo-func-mcu: MCUFunc :sendMessageFromVehicle  msgBuff[14] = 0 
05-27 18:58:50.757   351   373 I automotive.vehicle@2.0-adayo-func-mcu: MCUFunc :sendMessageFromVehicle  msgBuff[15] = 0 
05-27 18:58:50.757   351   373 I automotive.vehicle@2.0-adayo-func-mcu: MCUFunc :sendMessageFromVehicle  msgBuff[16] = 0 
05-27 18:58:50.757   536   536 D commservice260303: send Cmd To Port ++++5AA501498A01000456D66A16CE6A7B22636F6D6D616E64223A7B226964223A22696D755F737461747573222C22737562223A22227D2C22636F6E74656E74223A7B2254696D655374616D70223A31312C224672616D65436F756E746572223A3236373438372C2247445F58223A2D302E3031303639303039343930333131313435382C2247445F59223A302E3030343830393831343530353237393036342C2247445F5A223A302E303031363033303938313230353430333830352C2241445F58223A332E36373437373533363230313437373035452D342C2241445F59223A2D302E3030333132393433323637363336303031312C2241445F5A223A2D302E31363934393933393732373738333230332C2254656D70447370223A302C22537461747573223A302C2243616C69625374617465223A312C22536967416D70496E76616C6964223A307D7DD4C9
05-27 18:58:50.758   536   536 D commservice260303: bufferevent_write retrun value = 0
05-27 18:58:50.758   536   560 D commservice260303: client datas send succeed,send finish
05-27 18:58:50.758 13911 14192 D Sentinelmode_1.2.5.17_sentry: <SentryImuClusterFgeSender>imu_status sent to Linux, frame=267487, tsNs=11397999, tsMs=11, intervalMs=42, ad=(3.6747754E-4,-0.0031294327,-0.1694994), gd=(-0.010690095,0.0048098145,0.0016030981)
05-27 18:58:50.758   581   581 I SpiService: fgesysctrl_getGPIO_status success val=1
05-27 18:58:50.759   481   598 I mcuc    : rev,n=2,6AA681E59000038415006E
05-27 08:49:59.723   581   581 D spi_rst_gpio_get_output: GPIO 145 value: 1
05-27 08:49:59.723   581   581 D spidev_ioctl: gpio status=1)
05-27 18:58:50.761   481   598 I mcuc    : rev,n=3,6AA681E591008C8305000055000000B000000000000100010000709908B1BA8BA608BB08BAC59808BA117608BBB22BA897DF575500000000040000B3000000000000000000000000000000B44300000000000300000000000000AA000000E40701010000000000000000BB06050507EA051B000008009403CB00CC000000000000000000000000000000B500000000000000009D
05-27 18:58:50.761   351   373 D automotive.vehicle@2.0-adayo-datacomm-mcu: MCUDatacomm sendMessageFromVehicle prop: 0x83, areaId: 0x5, status: 0x0, timestamp: 0x0
05-27 18:58:50.761   351   373 D automotive.vehicle@2.0-adayo-datacomm-mcu: MCUDatacomm 1sendMessageFromVehicle ---> type = 7 
05-27 18:58:50.761   351   373 I automotive.vehicle@2.0-adayo-func-mcu: MCUFunc :sendMessageFromVehicle  msgBuff[0] = 131 
05-27 18:58:50.761   351   373 I automotive.vehicle@2.0-adayo-func-mcu: MCUFunc :sendMessageFromVehicle  msgBuff[1] = 5 
05-27 18:58:50.761   351   373 I automotive.vehicle@2.0-adayo-func-mcu: MCUFunc :sendMessageFromVehicle  msgBuff[2] = 0 
05-27 18:58:50.761   351   373 I automotive.vehicle@2.0-adayo-func-mcu: MCUFunc :sendMessageFromVehicle  msgBuff[3] = 0 
05-27 18:58:50.761   351   373 I automotive.vehicle@2.0-adayo-func-mcu: MCUFunc :sendMessageFromVehicle  msgBuff[4] = 85 
05-27 18:58:50.761   351   373 I automotive.vehicle@2.0-adayo-func-mcu: MCUFunc :sendMessageFromVehicle  msgBuff[5] = 0 
05-27 18:58:50.762   299 30841 D EvsDriver: forwardFrame
05-27 18:58:50.764   581   581 I SpiService: fgesysctrl_getGPIO_status success val=1
05-27 18:58:50.764   299 30841 D EvsDriver: Delivered 0xb400007b7ca56a60 as id 0
05-27 18:58:50.764  1167  1479 D evsmanagerd: /dev/video4 forwarded the buffer #0 to 0xb4000074bf5f6850 from 0xb4000074bf5f41d0
05-27 18:58:50.764 30773 30783 E dvr_service_: [myNum:0] Received S**** loss
05-27 18:58:50.765   299  1153 D EvsDriver: doneWithFrame
05-27 08:49:59.728   581   581 D spi_rst_gpio_get_output: GPIO 145 value: 1
05-27 08:49:59.728   581   581 D spidev_ioctl: gpio status=1)
05-27 18:58:50.766  1008 30856 D [OMXB]  : usingANWBuffer: handle:0xee744630, format:1, w:1920, h:1080
05-27 18:58:50.769   581   581 I SpiService: fgesysctrl_getGPIO_status success val=1
05-27 08:49:59.734   581   581 D spi_rst_gpio_get_output: GPIO 145 value: 1
05-27 08:49:59.734   581   581 D spidev_ioctl: gpio status=1)
05-27 18:58:50.775   581   581 I SpiService: fgesysctrl_getGPIO_status success val=1
05-27 08:49:59.739   581   581 D spi_rst_gpio_get_output: GPIO 145 value: 1
05-27 08:49:59.739   581   581 D spidev_ioctl: gpio status=1)
05-27 18:58:50.777 13911 14183 I SentryImuMcuAngleSender: 180.0rollDeg
05-27 18:58:50.777 13911 14183 I SentryImuMcuAngleSender: 1,0,0
05-27 18:58:50.780   581   581 I SpiService: fgesysctrl_getGPIO_status success val=0
05-27 18:58:50.780   481   597 I mcuc    : send SPI:6AA602E58F00028300056AA602E59000028415EE6AA602E59100028305FE
05-27 08:49:59.745   581   581 D spi_rst_gpio_get_output: GPIO 145 value: 0
05-27 08:49:59.745   581   581 D spidev_ioctl: gpio status=0)
05-27 18:58:50.783  1008 30857 D [OMXB]  : usingANWBuffer: handle:0xee742a00, format:1, w:1920, h:1080
05-27 18:58:50.786   299 30844 D EvsDriver: forwardFrame
05-27 18:58:50.789   299 30844 D EvsDriver: Delivered 0xb400007b7ca56900 as id 0
05-27 18:58:50.789  1167  1479 D evsmanagerd: /dev/video6 forwarded the buffer #0 to 0xb4000074bf5f5510 from 0xb4000074bf5f6d90
05-27 18:58:50.792   299  1153 D EvsDriver: doneWithFrame
05-27 18:58:50.794   299 30841 D EvsDriver: forwardFrame
05-27 18:58:50.794   481   598 I mcuc    : rev,n=1,6AA681E592000A8900DF01040921123456CB
05-27 18:58:50.795  1121  1144 I tboxmids_ap: [2026-05-27 18:58:50.795] [MCU RX] src=MCU dst=ZMQ len=10 type=BINARY data=00 08 DF 01 04 09 21 12 34 56 
05-27 18:58:50.795   351   373 D automotive.vehicle@2.0-adayo-datacomm-mcu: MCUDatacomm sendMessageFromVehicle prop: 0x89, areaId: 0x0, status: 0xdf, timestamp: 0x1
05-27 18:58:50.795   351   373 D automotive.vehicle@2.0-adayo-datacomm-mcu: MCUDatacomm 1sendMessageFromVehicle ---> type = 12 
05-27 18:58:50.795   581   581 I SpiService: fgesysctrl_getGPIO_status success val=1
05-27 18:58:50.797   536   536 D commservice260303: msg.id = 1028,0
05-27 18:58:50.797   536   536 D commservice260303: i = 170, msgid = 8A000404
05-27 18:58:50.797   536   536 D commservice260303: msgid = -1979710460,did=138
05-27 18:58:50.797   536   536 D commservice260303: CommProtocolLibCmdBaseI2C::dataproc {"command":{"id":"imu_status","sub":""},"content":{"TimeStamp":11,"FrameCounter":267488,"GD_X":-0.010841978713870049,"GD_Y":0.0051151420921087265,"GD_Z":0.0020608289632946253,"AD_X":-0.0020856112241744995,"AD_Y":0.0011385612888261676,"AD_Z":-0.17315959930419922,"TempDsp":0,"Status":0,"CalibState":1,"SigAmpInvalid":0}},-1979710460
05-27 18:58:50.797  1083  1083 I MyAppLog: [2026-05-27 18:58:50.796 I tboxap mcuCommTboxmidsRecvCb:97] [Mcu] [mcuCommTboxmidsRecvCb] recv from tboxmids, size:10
05-27 18:58:50.797   536   536 D commservice260303: send2Cluster len:319, 7B22636F6D6D616E64223A7B226964223A22696D755F737461747573222C22737562223A22227D2C22636F6E74656E74223A7B2254696D655374616D70223A31312C224672616D65436F756E746572223A3236373438382C2247445F58223A2D302E3031303834313937383731333837303034392C2247445F59223A302E303035313135313432303932313038373236352C2247445F5A223A302E303032303630383238393633323934363235332C2241445F58223A2D302E303032303835363131323234313734343939352C2241445F59223A302E303031313338353631323838383236313637362C2241445F5A223A2D302E31373331353935393933303431393932322C2254656D70447370223A302C22537461747573223A302C2243616C69625374617465223A312C22536967416D70496E76616C6964223A307D7D, 138 
05-27 08:49:59.760   581   581 D spi_rst_gpio_get_output: GPIO 145 value: 1
05-27 18:58:50.797   536   536 D commservice260303: Push Message into SendPool fn=-682228736
05-27 18:58:50.797  1083  1083 I MyAppLog: [2026-05-27 18:58:50.796 I tboxap mcuCommTboxmidsRecvCb:98] [Mcu] [tboxmids -> tboxap]: :00 08 DF 01 04 09 21 12 34 56
05-27 18:58:50.797   536   536 D commservice260303: ComProtocolLibSend2Cluster::send2ClusterRaw fn=-682228736 , len=335
05-27 08:49:59.760   581   581 D spidev_ioctl: gpio status=1)
05-27 18:58:50.797   536   536 D commservice260303: sendCmdToPort :335!!!
05-27 18:58:50.797  1083  1083 I MyAppLog: [2026-05-27 18:58:50.796 I tboxap mcuPtlParseData:990] [Mcu] [Mcu  Parse]: (cmd):0921 (param):0921123456
05-27 18:58:50.797   536   536 D commservice260303: send Cmd To Port ++++5AA5014B8A01000456D76A16CE6A7B22636F6D6D616E64223A7B226964223A22696D755F737461747573222C22737562223A22227D2C22636F6E74656E74223A7B2254696D655374616D70223A31312C224672616D65436F756E746572223A3236373438382C2247445F58223A2D302E3031303834313937383731333837303034392C2247445F59223A302E303035313135313432303932313038373236352C2247445F5A223A302E303032303630383238393633323934363235332C2241445F58223A2D302E303032303835363131323234313734343939352C2241445F59223A302E303031313338353631323838383236313637362C2241445F5A223A2D302E31373331353935393933303431393932322C2254656D70447370223A302C22537461747573223A302C2243616C69625374617465223A312C22536967416D70496E76616C6964223A307D7DB7DC
05-27 18:58:50.797   536   536 D commservice260303: bufferevent_write retrun value = 0
05-27 18:58:50.798  1083  1083 W MyAppLog: [2026-05-27 18:58:50.796 W tboxap mcuParamDataRevPack:918] [Mcu] mcuParamDataRevPack start pack data!!!
05-27 18:58:50.798   536   560 D commservice260303: client datas send succeed,send finish
05-27 18:58:50.798  1083  1083 W MyAppLog: [2026-05-27 18:58:50.796 W tboxap mcuHandleFaultCodeInd:1947] [Mcu] [mcuHandleFaultCodeInd] recv 0x0921 fault count:18 stored:2 firstCode:0x34
05-27 18:58:50.798  1083  1083 I MyAppLog: [2026-05-27 18:58:50.796 I tboxap mcuSendYadiTransfer:196] [Mcu] [mcuYadiSend]: :00 06 36 04 01 09 A1 01
05-27 18:58:50.798  1083  1083 W MyAppLog: [2026-05-27 18:58:50.797 W tboxap tsp_ExternalEvent:109] [Tsp] [tsp_ExternalEvent] recv ExternalEvent = 55, size:2
05-27 18:58:50.798 13911 14192 D Sentinelmode_1.2.5.17_sentry: <SentryImuClusterFgeSender>imu_status sent to Linux, frame=267488, tsNs=11398034, tsMs=11, intervalMs=39, ad=(-0.0020856112,0.0011385613,-0.1731596), gd=(-0.010841979,0.005115142,0.002060829)
05-27 18:58:50.798 13911 14183 I SentryImuMcuAngleSender: 179.9895rollDeg
05-27 18:58:50.798 13911 14183 I SentryImuMcuAngleSender: 1,0,0
05-27 18:58:50.799   299 30841 D EvsDriver: Delivered 0xb400007b7ca56a60 as id 0
05-27 18:58:50.799  1167  1479 D evsmanagerd: /dev/video4 forwarded the buffer #0 to 0xb4000074bf5f6850 from 0xb4000074bf5f41d0
05-27 18:58:50.800   481   599 I mcuc    : start timer OK = 32172 
05-27 18:58:50.801   581   581 I SpiService: fgesysctrl_getGPIO_status success val=1
05-27 18:58:50.803   299  1153 D EvsDriver: doneWithFrame
05-27 08:49:59.766   581   581 D spi_rst_gpio_get_output: GPIO 145 value: 1
05-27 08:49:59.766   581   581 D spidev_ioctl: gpio status=1)
05-27 18:58:50.807   581   581 I SpiService: fgesysctrl_getGPIO_status success val=1
05-27 08:49:59.772   581   581 D spi_rst_gpio_get_output: GPIO 145 value: 1
05-27 08:49:59.772   581   581 D spidev_ioctl: gpio status=1)
05-27 18:58:50.812   299 30841 D EvsDriver: forwardFrame
05-27 18:58:50.813   581   581 I SpiService: fgesysctrl_getGPIO_status success val=1
05-27 08:49:59.777   581   581 D spi_rst_gpio_get_output: GPIO 145 value: 1
05-27 08:49:59.777   581   581 D spidev_ioctl: gpio status=1)
05-27 18:58:50.814  1008 30856 D [OMXB]  : usingANWBuffer: handle:0xee7407a0, format:1, w:1920, h:1080
05-27 18:58:50.814   299 30841 D EvsDriver: Delivered 0xb400007b7ca56a60 as id 0
05-27 18:58:50.814  1167  1479 D evsmanagerd: /dev/video4 forwarded the buffer #0 to 0xb4000074bf5f6850 from 0xb4000074bf5f41d0
05-27 18:58:50.817   299  1153 D EvsDriver: doneWithFrame
05-27 18:58:50.818 13911 14183 I SentryImuMcuAngleSender: 179.986rollDeg
05-27 18:58:50.818 13911 14183 I SentryImuMcuAngleSender: 1,0,0
05-27 18:58:50.818   581   581 I SpiService: fgesysctrl_getGPIO_status success val=1
05-27 18:58:50.819   299 30844 D EvsDriver: forwardFrame
05-27 08:49:59.783   581   581 D spi_rst_gpio_get_output: GPIO 145 value: 1
05-27 08:49:59.783   581   581 D spidev_ioctl: gpio status=1)
05-27 18:58:50.822  1167  1479 D evsmanagerd: /dev/video6 forwarded the buffer #0 to 0xb4000074bf5f5510 from 0xb4000074bf5f6d90
05-27 18:58:50.822   299 30844 D EvsDriver: Delivered 0xb400007b7ca56900 as id 0
05-27 18:58:50.823  1008 30857 D [OMXB]  : usingANWBuffer: handle:0xee742f80, format:1, w:1920, h:1080
05-27 18:58:50.824   581   581 I SpiService: fgesysctrl_getGPIO_status success val=0
05-27 18:58:50.824   481   597 I mcuc    : send SPI:6AA602E59200028900FC6AA6017DAC00F8090136040109A101000000000000000000000000000000000000000000000000000000000000000000000000000000000000000000000000000000000000000000000000000000000000000000000000000000000000000000000000000000000000000000000000000000000000000000000000000000000000000000000000000000000000000000000000000000000000000000000000000000000000000000000000000000000000000000000000000000000000000000000000000000000000000000000000000000000000000000000000000000000000000000000000000000000000000000000000000000000000000000000000EE
05-27 18:58:50.825   299  1153 D EvsDriver: doneWithFrame
05-27 08:49:59.789   581   581 D spi_rst_gpio_get_output: GPIO 145 value: 0
05-27 08:49:59.789   581   581 D spidev_ioctl: gpio status=0)
05-27 18:58:50.834   283   307 I rvcservice: t.code = 1, t.value = -173239
05-27 18:58:50.836   536   536 D commservice260303: msg.id = 1028,0
05-27 18:58:50.836   536   536 D commservice260303: i = 170, msgid = 8A000404
05-27 18:58:50.836   536   536 D commservice260303: msgid = -1979710460,did=138
05-27 18:58:50.836   536   536 D commservice260303: CommProtocolLibCmdBaseI2C::dataproc {"command":{"id":"imu_status","sub":""},"content":{"TimeStamp":11,"FrameCounter":267489,"GD_X":-0.011300750076770782,"GD_Y":0.005420989356935024,"GD_Z":0.002519079949706793,"AD_X":-0.0045105814933776855,"AD_Y":5.22351823747158E-4,"AD_Z":-0.1743793487548828,"TempDsp":0,"Status":0,"CalibState":1,"SigAmpInvalid":0}},-1979710460
05-27 18:58:50.836   536   536 D commservice260303: send2Cluster len:314, 7B22636F6D6D616E64223A7B226964223A22696D755F737461747573222C22737562223A22227D2C22636F6E74656E74223A7B2254696D655374616D70223A31312C224672616D65436F756E746572223A3236373438392C2247445F58223A2D302E3031313330303735303037363737303738322C2247445F59223A302E3030353432303938393335363933353032342C2247445F5A223A302E3030323531393037393934393730363739332C2241445F58223A2D302E303034353130353831343933333737363835352C2241445F59223A352E3232333531383233373437313538452D342C2241445F5A223A2D302E313734333739333438373534383832382C2254656D70447370223A302C22537461747573223A302C2243616C69625374617465223A312C22536967416D70496E76616C6964223A307D7D, 138 
05-27 18:58:50.836   536   536 D commservice260303: Push Message into SendPool fn=-665451520
05-27 18:58:50.836   536   536 D commservice260303: ComProtocolLibSend2Cluster::send2ClusterRaw fn=-665451520 , len=330
05-27 18:58:50.836   536   536 D commservice260303: sendCmdToPort :330!!!
05-27 18:58:50.836   536   536 D commservice260303: send Cmd To Port ++++5AA501468A01000456D86A16CE6A7B22636F6D6D616E64223A7B226964223A22696D755F737461747573222C22737562223A22227D2C22636F6E74656E74223A7B2254696D655374616D70223A31312C224672616D65436F756E746572223A3236373438392C2247445F58223A2D302E3031313330303735303037363737303738322C2247445F59223A302E3030353432303938393335363933353032342C2247445F5A223A302E3030323531393037393934393730363739332C2241445F58223A2D302E303034353130353831343933333737363835352C2241445F59223A352E3232333531383233373437313538452D342C2241445F5A223A2D302E313734333739333438373534383832382C2254656D70447370223A302C22537461747573223A302C2243616C69625374617465223A312C22536967416D70496E76616C6964223A307D7D4DB0
05-27 18:58:50.837   536   536 D commservice260303: bufferevent_write retrun value = 0
05-27 18:58:50.837   536   560 D commservice260303: client datas send succeed,send finish
05-27 18:58:50.837 15863 16069 D AIN-HttpHealthPolicy: response: 200, cost=195
05-27 18:58:50.837 13911 14192 D Sentinelmode_1.2.5.17_sentry: <SentryImuClusterFgeSender>imu_status sent to Linux, frame=267489, tsNs=11398070, tsMs=11, intervalMs=39, ad=(-0.0045105815,5.223518E-4,-0.17437935), gd=(-0.01130075,0.0054209894,0.00251908)
05-27 18:58:50.837 15863 16068 D AIN-PingWorker: updateHost: result=true,host=www.kuaishou.com,delay=195
05-27 18:58:50.837 15863 16068 D AIN-NetCheckerOutputer: onHealthy
05-27 18:58:50.837 15863 16068 D AIN-ServiceHub: getService with: name = service_tracker
05-27 18:58:50.837   572   572 I Sensors : 230 GyroSensor: x:-0.011148,y:0.005192,z:0.001985
05-27 18:58:50.838 13911 14183 I SentryImuMcuAngleSender: -179.993rollDeg
05-27 18:58:50.838 13911 14183 I SentryImuMcuAngleSender: 1,0,0
05-27 18:58:50.839   581   581 I SpiService: fgesysctrl_getGPIO_status success val=1
05-27 08:49:59.803   581   581 D spi_rst_gpio_get_output: GPIO 145 value: 1
05-27 08:49:59.803   581   581 D spidev_ioctl: gpio status=1)
05-27 18:58:50.844   581   581 I SpiService: fgesysctrl_getGPIO_status success val=1
05-27 08:49:59.809   581   581 D spi_rst_gpio_get_output: GPIO 145 value: 1
05-27 08:49:59.809   581   581 D spidev_ioctl: gpio status=1)
05-27 18:58:50.848  1008 30857 D [OMXB]  : usingANWBuffer: handle:0xee7439d0, format:1, w:1920, h:1080
05-27 18:58:50.850   581   581 I SpiService: fgesysctrl_getGPIO_status success val=1
05-27 18:58:50.850   299 30841 D EvsDriver: forwardFrame
05-27 08:49:59.814   581   581 D spi_rst_gpio_get_output: GPIO 145 value: 1
05-27 08:49:59.814   581   581 D spidev_ioctl: gpio status=1)
05-27 18:58:50.854   299 30844 D EvsDriver: forwardFrame
05-27 18:58:50.856   581   581 I SpiService: fgesysctrl_getGPIO_status success val=1
05-27 08:49:59.820   581   581 D spi_rst_gpio_get_output: GPIO 145 value: 1
05-27 08:49:59.820   581   581 D spidev_ioctl: gpio status=1)
05-27 18:58:50.857   299 30841 D EvsDriver: Delivered 0xb400007b7ca56a60 as id 0
05-27 18:58:50.857   299 30844 D EvsDriver: Delivered 0xb400007b7ca56900 as id 0
05-27 18:58:50.857  1167  1479 D evsmanagerd: /dev/video4 forwarded the buffer #0 to 0xb4000074bf5f6850 from 0xb4000074bf5f41d0
05-27 18:58:50.857  1167  1184 D evsmanagerd: /dev/video6 forwarded the buffer #0 to 0xb4000074bf5f5510 from 0xb4000074bf5f6d90
05-27 18:58:50.859 13911 14183 I SentryImuMcuAngleSender: -179.986rollDeg
05-27 18:58:50.859 13911 14183 I SentryImuMcuAngleSender: 1,0,0
05-27 08:49:59.826   581   581 D spi_rst_gpio_get_output: GPIO 145 value: 1
05-27 18:58:50.861   299  1153 D EvsDriver: doneWithFrame
05-27 08:49:59.826   581   581 D spidev_ioctl: gpio status=1)
05-27 18:58:50.862   299  1163 D EvsDriver: doneWithFrame
05-27 18:58:50.862   581   581 I SpiService: fgesysctrl_getGPIO_status success val=1
05-27 18:58:50.867  1008 30856 D [OMXB]  : usingANWBuffer: handle:0xee744790, format:1, w:1920, h:1080
05-27 18:58:50.868   581   581 I SpiService: fgesysctrl_getGPIO_status success val=0
05-27 08:49:59.832   581   581 D spi_rst_gpio_get_output: GPIO 145 value: 0
05-27 08:49:59.832   581   581 D spidev_ioctl: gpio status=0)
05-27 18:58:50.875   536   536 D commservice260303: msg.id = 1028,1
05-27 18:58:50.875   536   536 D commservice260303: i = 170, msgid = 8A000404
05-27 18:58:50.875   536   536 D commservice260303: msgid = -1979710460,did=138
05-27 18:58:50.876   536   536 D commservice260303: CommProtocolLibCmdBaseI2C::dataproc {"command":{"id":"imu_status","sub":""},"content":{"TimeStamp":11,"FrameCounter":267490,"GD_X":-0.01160607673227787,"GD_Y":0.006336971186101437,"GD_Z":0.0018319635419175029,"AD_X":-8.677393198013306E-4,"AD_Y":-6.797946407459676E-4,"AD_Z":-0.1743793487548828,"TempDsp":0,"Status":0,"CalibState":1,"SigAmpInvalid":0}},-1979710460
05-27 18:58:50.876   536   536 D commservice260303: send2Cluster len:315, 7B22636F6D6D616E64223A7B226964223A22696D755F737461747573222C22737562223A22227D2C22636F6E74656E74223A7B2254696D655374616D70223A31312C224672616D65436F756E746572223A3236373439302C2247445F58223A2D302E30313136303630373637333232373738372C2247445F59223A302E3030363333363937313138363130313433372C2247445F5A223A302E303031383331393633353431393137353032392C2241445F58223A2D382E363737333933313938303133333036452D342C2241445F59223A2D362E373937393436343037343539363736452D342C2241445F5A223A2D302E313734333739333438373534383832382C2254656D70447370223A302C22537461747573223A302C2243616C69625374617465223A312C22536967416D70496E76616C6964223A307D7D, 138 
05-27 18:58:50.876   536   536 D commservice260303: Push Message into SendPool fn=-648674304
05-27 18:58:50.876   536   536 D commservice260303: ComProtocolLibSend2Cluster::send2ClusterRaw fn=-648674304 , len=331
05-27 18:58:50.876   536   536 D commservice260303: sendCmdToPort :331!!!
05-27 18:58:50.876   536   536 D commservice260303: send Cmd To Port ++++5AA501478A01000456D96A16CE6A7B22636F6D6D616E64223A7B226964223A22696D755F737461747573222C22737562223A22227D2C22636F6E74656E74223A7B2254696D655374616D70223A31312C224672616D65436F756E746572223A3236373439302C2247445F58223A2D302E30313136303630373637333232373738372C2247445F59223A302E3030363333363937313138363130313433372C2247445F5A223A302E303031383331393633353431393137353032392C2241445F58223A2D382E363737333933313938303133333036452D342C2241445F59223A2D362E373937393436343037343539363736452D342C2241445F5A223A2D302E313734333739333438373534383832382C2254656D70447370223A302C22537461747573223A302C2243616C69625374617465223A312C22536967416D70496E76616C6964223A307D7D16F8
05-27 18:58:50.876   536   536 D commservice260303: bufferevent_write retrun value = 0
05-27 18:58:50.876   536   560 D commservice260303: client datas send succeed,send finish
05-27 18:58:50.877 13911 14192 D Sentinelmode_1.2.5.17_sentry: <SentryImuClusterFgeSender>imu_status sent to Linux, frame=267490, tsNs=11398124, tsMs=11, intervalMs=40, ad=(-8.677393E-4,-6.7979464E-4,-0.17437935), gd=(-0.011606077,0.006336971,0.0018319635)
05-27 18:58:50.878   481   598 I mcuc    : rev,n=1,6AA6827DAC0002090149
05-27 18:58:50.880 13911 14183 I SentryImuMcuAngleSender: 180.0rollDeg
05-27 18:58:50.880 13911 14183 I SentryImuMcuAngleSender: 1,0,0
05-27 18:58:50.882   581   581 I SpiService: fgesysctrl_getGPIO_status success val=1
05-27 18:58:50.883  1008 30857 D [OMXB]  : usingANWBuffer: handle:0xee740590, format:1, w:1920, h:1080
05-27 08:49:59.846   581   581 D spi_rst_gpio_get_output: GPIO 145 value: 1
05-27 08:49:59.846   581   581 D spidev_ioctl: gpio status=1)
05-27 18:58:50.887   581   581 I SpiService: fgesysctrl_getGPIO_status success val=1
05-27 08:49:59.852   581   581 D spi_rst_gpio_get_output: GPIO 145 value: 1
05-27 08:49:59.852   581   581 D spidev_ioctl: gpio status=1)
05-27 18:58:50.889   299 30844 D EvsDriver: forwardFrame
05-27 18:58:50.890   299 30841 D EvsDriver: forwardFrame
05-27 18:58:50.893   581   581 I SpiService: fgesysctrl_getGPIO_status success val=1
05-27 18:58:50.893   299 30841 D EvsDriver: Delivered 0xb400007b7ca56a60 as id 0
05-27 18:58:50.893  1167  1184 D evsmanagerd: /dev/video4 forwarded the buffer #0 to 0xb4000074bf5f6850 from 0xb4000074bf5f41d0
05-27 18:58:50.894   299 30844 D EvsDriver: Delivered 0xb400007b7ca56900 as id 0
05-27 18:58:50.894  1167  1184 D evsmanagerd: /dev/video6 forwarded the buffer #0 to 0xb4000074bf5f5510 from 0xb4000074bf5f6d90
05-27 08:49:59.857   581   581 D spi_rst_gpio_get_output: GPIO 145 value: 1
05-27 18:58:50.897   299  1153 D EvsDriver: doneWithFrame
05-27 08:49:59.857   581   581 D spidev_ioctl: gpio status=1)
05-27 18:58:50.899   299  1153 D EvsDriver: doneWithFrame
05-27 18:58:50.899   581   581 I SpiService: fgesysctrl_getGPIO_status success val=1
05-27 08:49:59.863   581   581 D spi_rst_gpio_get_output: GPIO 145 value: 1
05-27 08:49:59.863   581   581 D spidev_ioctl: gpio status=1)
05-27 18:58:50.901 13911 14183 I SentryImuMcuAngleSender: 179.993rollDeg
05-27 18:58:50.901 13911 14183 I SentryImuMcuAngleSender: 1,0,0
05-27 18:58:50.905   581   581 I SpiService: fgesysctrl_getGPIO_status success val=0
05-27 08:49:59.870   581   581 D spi_rst_gpio_get_output: GPIO 145 value: 0
05-27 08:49:59.870   581   581 D spidev_ioctl: gpio status=0)
05-27 18:58:50.911  1008 30856 D [OMXB]  : usingANWBuffer: handle:0xee745760, format:1, w:1920, h:1080
05-27 18:58:50.916   536   536 D commservice260303: msg.id = 1028,0
05-27 18:58:50.916   536   536 D commservice260303: i = 170, msgid = 8A000404
05-27 18:58:50.916   536   536 D commservice260303: msgid = -1979710460,did=138
05-27 18:58:50.916   536   536 D commservice260303: CommProtocolLibCmdBaseI2C::dataproc {"command":{"id":"imu_status","sub":""},"content":{"TimeStamp":11,"FrameCounter":267491,"GD_X":-0.011300750076770782,"GD_Y":0.005039200186729431,"GD_Z":0.00259606190957129,"AD_X":-0.0033075064420700073,"AD_Y":5.373432650230825E-4,"AD_Z":-0.1755990982055664,"TempDsp":0,"Status":0,"CalibState":1,"SigAmpInvalid":0}},-1979710460
05-27 18:58:50.916   536   536 D commservice260303: send2Cluster len:314, 7B22636F6D6D616E64223A7B226964223A22696D755F737461747573222C22737562223A22227D2C22636F6E74656E74223A7B2254696D655374616D70223A31312C224672616D65436F756E746572223A3236373439312C2247445F58223A2D302E3031313330303735303037363737303738322C2247445F59223A302E3030353033393230303138363732393433312C2247445F5A223A302E30303235393630363139303935373132392C2241445F58223A2D302E303033333037353036343432303730303037332C2241445F59223A352E333733343332363530323330383235452D342C2241445F5A223A2D302E313735353939303938323035353636342C2254656D70447370223A302C22537461747573223A302C2243616C69625374617465223A312C22536967416D70496E76616C6964223A307D7D, 138 
05-27 18:58:50.916   536   536 D commservice260303: Push Message into SendPool fn=-631897088
05-27 18:58:50.916   536   536 D commservice260303: ComProtocolLibSend2Cluster::send2ClusterRaw fn=-631897088 , len=330
05-27 18:58:50.916   536   536 D commservice260303: sendCmdToPort :330!!!
05-27 18:58:50.916   536   536 D commservice260303: send Cmd To Port ++++5AA501468A01000456DA6A16CE6A7B22636F6D6D616E64223A7B226964223A22696D755F737461747573222C22737562223A22227D2C22636F6E74656E74223A7B2254696D655374616D70223A31312C224672616D65436F756E746572223A3236373439312C2247445F58223A2D302E3031313330303735303037363737303738322C2247445F59223A302E3030353033393230303138363732393433312C2247445F5A223A302E30303235393630363139303935373132392C2241445F58223A2D302E303033333037353036343432303730303037332C2241445F59223A352E333733343332363530323330383235452D342C2241445F5A223A2D302E313735353939303938323035353636342C2254656D70447370223A302C22537461747573223A302C2243616C69625374617465223A312C22536967416D70496E76616C6964223A307D7D559F
05-27 18:58:50.916   536   536 D commservice260303: bufferevent_write retrun value = 0
05-27 18:58:50.916   536   560 D commservice260303: client datas send succeed,send finish
05-27 18:58:50.916 13911 14192 D Sentinelmode_1.2.5.17_sentry: <SentryImuClusterFgeSender>imu_status sent to Linux, frame=267491, tsNs=11398159, tsMs=11, intervalMs=40, ad=(-0.0033075064,5.3734327E-4,-0.1755991), gd=(-0.01130075,0.0050392,0.002596062)
05-27 18:58:50.918   299 30841 D EvsDriver: forwardFrame
05-27 18:58:50.920   581   581 I SpiService: fgesysctrl_getGPIO_status success val=1
05-27 18:58:50.920   299 30841 D EvsDriver: Delivered 0xb400007b7ca56a60 as id 0
05-27 18:58:50.920  1167  1184 D evsmanagerd: /dev/video4 forwarded the buffer #0 to 0xb4000074bf5f6850 from 0xb4000074bf5f41d0
05-27 08:49:59.884   581   581 D spi_rst_gpio_get_output: GPIO 145 value: 1
05-27 08:49:59.884   581   581 D spidev_ioctl: gpio status=1)
05-27 18:58:50.921 30773 30782 E dvr_service_: [myNum:0] Received S**** loss
05-27 18:58:50.921 13911 14183 I SentryImuMcuAngleSender: 179.993rollDeg
05-27 18:58:50.921 13911 14183 I SentryImuMcuAngleSender: 1,0,0
05-27 18:58:50.921   299 30844 D EvsDriver: forwardFrame
05-27 18:58:50.921   299  1153 D EvsDriver: doneWithFrame
05-27 18:58:50.923   299 30844 D EvsDriver: Delivered 0xb400007b7ca56900 as id 0
05-27 18:58:50.923  1167  1184 D evsmanagerd: /dev/video6 forwarded the buffer #0 to 0xb4000074bf5f5510 from 0xb4000074bf5f6d90
05-27 18:58:50.923 30773 30782 E dvr_service_: [myNum:1] Received S**** loss
05-27 18:58:50.923   299  1153 D EvsDriver: doneWithFrame
05-27 18:58:50.925   581   581 I SpiService: fgesysctrl_getGPIO_status success val=1
05-27 18:58:50.925  1008 30857 D [OMXB]  : usingANWBuffer: handle:0xee743190, format:1, w:1920, h:1080
05-27 18:58:50.926 30773 30789 I dvr_service_: Camera 1: MediaOK:40359656, frames:940, isKeyFrame:0,pts:11398077902
05-27 08:49:59.890   581   581 D spi_rst_gpio_get_output: GPIO 145 value: 1
05-27 08:49:59.890   581   581 D spidev_ioctl: gpio status=1)
05-27 18:58:50.931   581   581 I SpiService: fgesysctrl_getGPIO_status success val=1
05-27 08:49:59.895   581   581 D spi_rst_gpio_get_output: GPIO 145 value: 1
05-27 08:49:59.895   581   581 D spidev_ioctl: gpio status=1)
05-27 18:58:50.934   283   307 I rvcservice: t.code = 3, t.value = 0
05-27 18:58:50.936   581   581 I SpiService: fgesysctrl_getGPIO_status success val=1
05-27 08:49:59.901   581   581 D spi_rst_gpio_get_output: GPIO 145 value: 1
05-27 08:49:59.901   581   581 D spidev_ioctl: gpio status=1)
05-27 18:58:50.941  1008 30856 D [OMXB]  : usingANWBuffer: handle:0xee740bc0, format:1, w:1920, h:1080
05-27 18:58:50.942   581   581 I SpiService: fgesysctrl_getGPIO_status success val=1
05-27 18:58:50.942 13911 14183 I SentryImuMcuAngleSender: 179.986rollDeg
05-27 18:58:50.942 13911 14183 I SentryImuMcuAngleSender: 1,0,0
05-27 08:49:59.906   581   581 D spi_rst_gpio_get_output: GPIO 145 value: 1
05-27 08:49:59.906   581   581 D spidev_ioctl: gpio status=1)
05-27 18:58:50.945   572   622 I Sensors : 230 AccelSensor: x:-0.168969,y:0.003050,z:-9.980821
05-27 18:58:50.945 30773 30786 I dvr_service_: CameraX 0  audioOK: 40258779,audios:630
05-27 18:58:50.947   581   581 I SpiService: fgesysctrl_getGPIO_status success val=0
05-27 08:49:59.912   581   581 D spi_rst_gpio_get_output: GPIO 145 value: 0
05-27 08:49:59.912   581   581 D spidev_ioctl: gpio status=0)
05-27 18:58:50.950   299 30844 D EvsDriver: forwardFrame
05-27 18:58:50.952   299 30844 D EvsDriver: Delivered 0xb400007b7ca56900 as id 0
05-27 18:58:50.952  1167  1184 D evsmanagerd: /dev/video6 forwarded the buffer #0 to 0xb4000074bf5f5510 from 0xb4000074bf5f6d90
05-27 18:58:50.955   299  1153 D EvsDriver: doneWithFrame
05-27 18:58:50.956   536   536 D commservice260303: msg.id = 1028,1
05-27 18:58:50.956   536   536 D commservice260303: i = 170, msgid = 8A000404
05-27 18:58:50.956   536   536 D commservice260303: msgid = -1979710460,did=138
05-27 18:58:50.956   536   536 D commservice260303: CommProtocolLibCmdBaseI2C::dataproc {"command":{"id":"imu_status","sub":""},"content":{"TimeStamp":11,"FrameCounter":267492,"GD_X":-0.011453153565526009,"GD_Y":0.0051151420921087265,"GD_Z":0.002443138277158141,"AD_X":-0.0014844834804534912,"AD_Y":0.0023539371322840452,"AD_Z":-0.1755990982055664,"TempDsp":0,"Status":0,"CalibState":1,"SigAmpInvalid":0}},-1979710460
05-27 18:58:50.956   536   536 D commservice260303: send2Cluster len:317, 7B22636F6D6D616E64223A7B226964223A22696D755F737461747573222C22737562223A22227D2C22636F6E74656E74223A7B2254696D655374616D70223A31312C224672616D65436F756E746572223A3236373439322C2247445F58223A2D302E3031313435333135333536353532363030392C2247445F59223A302E303035313135313432303932313038373236352C2247445F5A223A302E3030323434333133383237373135383134312C2241445F58223A2D302E303031343834343833343830343533343931322C2241445F59223A302E303032333533393337313332323834303435322C2241445F5A223A2D302E313735353939303938323035353636342C2254656D70447370223A302C22537461747573223A302C2243616C69625374617465223A312C22536967416D70496E76616C6964223A307D7D, 138 
05-27 18:58:50.956   536   536 D commservice260303: Push Message into SendPool fn=-615119872
05-27 18:58:50.956   536   536 D commservice260303: ComProtocolLibSend2Cluster::send2ClusterRaw fn=-615119872 , len=333
05-27 18:58:50.956   536   536 D commservice260303: sendCmdToPort :333!!!
05-27 18:58:50.956   536   536 D commservice260303: send Cmd To Port ++++5AA501498A01000456DB6A16CE6A7B22636F6D6D616E64223A7B226964223A22696D755F737461747573222C22737562223A22227D2C22636F6E74656E74223A7B2254696D655374616D70223A31312C224672616D65436F756E746572223A3236373439322C2247445F58223A2D302E3031313435333135333536353532363030392C2247445F59223A302E303035313135313432303932313038373236352C2247445F5A223A302E3030323434333133383237373135383134312C2241445F58223A2D302E303031343834343833343830343533343931322C2241445F59223A302E303032333533393337313332323834303435322C2241445F5A223A2D302E313735353939303938323035353636342C2254656D70447370223A302C22537461747573223A302C2243616C69625374617465223A312C22536967416D70496E76616C6964223A307D7D0D06
05-27 18:58:50.956   536   536 D commservice260303: bufferevent_write retrun value = 0
05-27 18:58:50.956   536   560 D commservice260303: client datas send succeed,send finish
05-27 18:58:50.956 13911 14192 D Sentinelmode_1.2.5.17_sentry: <SentryImuClusterFgeSender>imu_status sent to Linux, frame=267492, tsNs=11398195, tsMs=11, intervalMs=40, ad=(-0.0014844835,0.0023539371,-0.1755991), gd=(-0.011453154,0.005115142,0.0024431383)
05-27 18:58:50.958  1008 30857 D [OMXB]  : usingANWBuffer: handle:0xee7404e0, format:1, w:1920, h:1080
05-27 18:58:50.961   299 30841 D EvsDriver: forwardFrame
05-27 18:58:50.962   581   581 I SpiService: fgesysctrl_getGPIO_status success val=1
05-27 18:58:50.963 13911 14183 I SentryImuMcuAngleSender: 179.9825rollDeg
05-27 18:58:50.963 13911 14183 I SentryImuMcuAngleSender: 1,0,0
05-27 18:58:50.964   299 30841 D EvsDriver: Delivered 0xb400007b7ca56a60 as id 0
