05-27 18:58:44.884   594   594 E vendor.sprd.hardware.memtrack-service: MemTrack_DEBUG--Open mali gpu_memory failed
05-27 08:49:53.848   581   581 D spi_rst_gpio_get_output: GPIO 145 value: 1
05-27 08:49:53.848   581   581 D spidev_ioctl: gpio status=1)
05-27 18:58:44.888   594   594 E vendor.sprd.hardware.memtrack-service: MemTrack_DEBUG--Open mali gpu_memory failed
05-27 18:58:44.888   299 30844 D EvsDriver: forwardFrame
05-27 18:58:44.889   299 30841 D EvsDriver: forwardFrame
05-27 18:58:44.889   581   581 I SpiService: fgesysctrl_getGPIO_status success val=1
05-27 18:58:44.891   299 30841 D EvsDriver: Delivered 0xb400007b7ca56a60 as id 0
05-27 18:58:44.891  1167  1479 D evsmanagerd: /dev/video4 forwarded the buffer #0 to 0xb4000074bf5f6850 from 0xb4000074bf5f41d0
05-27 18:58:44.891   299 30844 D EvsDriver: Delivered 0xb400007b7ca56900 as id 0
05-27 18:58:44.891  1167  1184 D evsmanagerd: /dev/video6 forwarded the buffer #0 to 0xb4000074bf5f5510 from 0xb4000074bf5f6d90
05-27 08:49:53.853   581   581 D spi_rst_gpio_get_output: GPIO 145 value: 1
05-27 08:49:53.853   581   581 D spidev_ioctl: gpio status=1)
05-27 18:58:44.895   581   581 I SpiService: fgesysctrl_getGPIO_status success val=1
05-27 18:58:44.896   299  1153 D EvsDriver: doneWithFrame
05-27 18:58:44.896   299  1163 D EvsDriver: doneWithFrame
05-27 08:49:53.859   581   581 D spi_rst_gpio_get_output: GPIO 145 value: 1
05-27 08:49:53.859   581   581 D spidev_ioctl: gpio status=1)
05-27 18:58:44.900   581   581 I SpiService: fgesysctrl_getGPIO_status success val=0
05-27 08:49:53.865   581   581 D spi_rst_gpio_get_output: GPIO 145 value: 0
05-27 08:49:53.865   581   581 D spidev_ioctl: gpio status=0)
05-27 18:58:44.904 13911 14183 I SentryImuMcuAngleSender: -179.993rollDeg
05-27 18:58:44.904 13911 14183 I SentryImuMcuAngleSender: 1,0,0
05-27 18:58:44.905  1008 30856 D [OMXB]  : usingANWBuffer: handle:0xee742270, format:1, w:1920, h:1080
05-27 18:58:44.911   594   594 E vendor.sprd.hardware.memtrack-service: MemTrack_DEBUG--Open mali gpu_memory failed
05-27 18:58:44.913   283   307 I rvcservice: t.code = 0, t.value = -610
05-27 18:58:44.913   481   598 I mcuc    : rev,n=1,6AA681E573000A8900D20104090012345618
05-27 18:58:44.914  1121  1144 I tboxmids_ap: [2026-05-27 18:58:44.914] [MCU RX] src=MCU dst=ZMQ len=10 type=BINARY data=00 08 D2 01 04 09 00 12 34 56 
05-27 18:58:44.914   351   373 D automotive.vehicle@2.0-adayo-datacomm-mcu: MCUDatacomm sendMessageFromVehicle prop: 0x89, areaId: 0x0, status: 0xd2, timestamp: 0x1
05-27 18:58:44.914   351   373 D automotive.vehicle@2.0-adayo-datacomm-mcu: MCUDatacomm 1sendMessageFromVehicle ---> type = 12 
05-27 18:58:44.915   536   536 D commservice260303: msg.id = 1028,1
05-27 18:58:44.915   581   581 I SpiService: fgesysctrl_getGPIO_status success val=1
05-27 18:58:44.915   536   536 D commservice260303: i = 170, msgid = 8A000404
05-27 18:58:44.915   536   536 D commservice260303: msgid = -1979710460,did=138
05-27 18:58:44.915   536   536 D commservice260303: CommProtocolLibCmdBaseI2C::dataproc {"command":{"id":"imu_status","sub":""},"content":{"TimeStamp":11,"FrameCounter":267343,"GD_X":-0.010994902811944485,"GD_Y":0.004963258747011423,"GD_Z":0.0018319635419175029,"AD_X":-0.0044291019439697266,"AD_Y":0.0014070110628381371,"AD_Z":-0.17193889617919922,"TempDsp":0,"Status":0,"CalibState":1,"SigAmpInvalid":0}},-1979710460
05-27 18:58:44.915   536   536 D commservice260303: send2Cluster len:318, 7B22636F6D6D616E64223A7B226964223A22696D755F737461747573222C22737562223A22227D2C22636F6E74656E74223A7B2254696D655374616D70223A31312C224672616D65436F756E746572223A3236373334332C2247445F58223A2D302E3031303939343930323831313934343438352C2247445F59223A302E3030343936333235383734373031313432332C2247445F5A223A302E303031383331393633353431393137353032392C2241445F58223A2D302E303034343239313031393433393639373236362C2241445F59223A302E303031343037303131303632383338313337312C2241445F5A223A2D302E31373139333838393631373931393932322C2254656D70447370223A302C22537461747573223A302C2243616C69625374617465223A312C22536967416D70496E76616C6964223A307D7D, 138 
05-27 18:58:44.915   536   536 D commservice260303: Push Message into SendPool fn=1129710592
05-27 18:58:44.915   536   536 D commservice260303: ComProtocolLibSend2Cluster::send2ClusterRaw fn=1129710592 , len=334
05-27 18:58:44.915   536   536 D commservice260303: sendCmdToPort :334!!!
05-27 18:58:44.915   536   536 D commservice260303: send Cmd To Port ++++5AA5014A8A01000456436A16CE647B22636F6D6D616E64223A7B226964223A22696D755F737461747573222C22737562223A22227D2C22636F6E74656E74223A7B2254696D655374616D70223A31312C224672616D65436F756E746572223A3236373334332C2247445F58223A2D302E3031303939343930323831313934343438352C2247445F59223A302E3030343936333235383734373031313432332C2247445F5A223A302E303031383331393633353431393137353032392C2241445F58223A2D302E303034343239313031393433393639373236362C2241445F59223A302E303031343037303131303632383338313337312C2241445F5A223A2D302E31373139333838393631373931393932322C2254656D70447370223A302C22537461747573223A302C2243616C69625374617465223A312C22536967416D70496E76616C6964223A307D7DA128
05-27 18:58:44.915   536   536 D commservice260303: bufferevent_write retrun value = 0
05-27 18:58:44.915 13911 14192 D Sentinelmode_1.2.5.17_sentry: <SentryImuClusterFgeSender>imu_status sent to Linux, frame=267343, tsNs=11392151, tsMs=11, intervalMs=40, ad=(-0.004429102,0.0014070111,-0.1719389), gd=(-0.010994903,0.0049632587,0.0018319635)
05-27 18:58:44.915   536   560 D commservice260303: client datas send succeed,send finish
05-27 18:58:44.915  1083  1083 I MyAppLog: [2026-05-27 18:58:44.914 I tboxap mcuCommTboxmidsRecvCb:97] [Mcu] [mcuCommTboxmidsRecvCb] recv from tboxmids, size:10
05-27 18:58:44.915  1083  1083 I MyAppLog: [2026-05-27 18:58:44.915 I tboxap mcuCommTboxmidsRecvCb:98] [Mcu] [tboxmids -> tboxap]: :00 08 D2 01 04 09 00 12 34 56
05-27 18:58:44.915  1083  1083 I MyAppLog: [2026-05-27 18:58:44.915 I tboxap mcuPtlParseData:990] [Mcu] [Mcu  Parse]: (cmd):0900 (param):0900123456
05-27 18:58:44.915  1083  1083 W MyAppLog: [2026-05-27 18:58:44.915 W tboxap mcuParamDataRevPack:918] [Mcu] mcuParamDataRevPack start pack data!!!
05-27 18:58:44.916  1083  1083 I MyAppLog: [2026-05-27 18:58:44.915 I tboxap MCU_HANDSHAKE_IND_McuInd:317] [Mcu] [MCU_HANDSHAKE_IND_McuInd] wakeReason:0x12 -> loginReason:0x08 protoVer:0x34
05-27 18:58:44.916  1083  1083 W MyAppLog: [2026-05-27 18:58:44.915 W tboxap mcuHandleHandshakeInd:1654] [Mcu] [mcuHandleHandshakeInd] recv 0x0900 handshake response wakeReason:0x12 protoVer:0x34
05-27 08:49:53.879   581   581 D spi_rst_gpio_get_output: GPIO 145 value: 1
05-27 08:49:53.879   581   581 D spidev_ioctl: gpio status=1)
05-27 18:58:44.917   299 30844 D EvsDriver: forwardFrame
05-27 18:58:44.919   299 30844 D EvsDriver: Delivered 0xb400007b7ca56900 as id 0
05-27 18:58:44.919  1167  1184 D evsmanagerd: /dev/video6 forwarded the buffer #0 to 0xb4000074bf5f5510 from 0xb4000074bf5f6d90
05-27 18:58:44.920 30773 30783 E dvr_service_: [myNum:1] Received S**** loss
05-27 18:58:44.920   581   581 I SpiService: fgesysctrl_getGPIO_status success val=1
05-27 18:58:44.920   299  1153 D EvsDriver: doneWithFrame
05-27 08:49:53.885   581   581 D spi_rst_gpio_get_output: GPIO 145 value: 1
05-27 08:49:53.885   581   581 D spidev_ioctl: gpio status=1)
05-27 18:58:44.924   594   594 E vendor.sprd.hardware.memtrack-service: MemTrack_DEBUG--Open mali gpu_memory failed
05-27 18:58:44.924 13911 14183 I SentryImuMcuAngleSender: 179.97899rollDeg
05-27 18:58:44.924 13911 14183 I SentryImuMcuAngleSender: 1,0,0
05-27 18:58:44.925   581   581 I SpiService: fgesysctrl_getGPIO_status success val=1
05-27 18:58:44.927   299 30841 D EvsDriver: forwardFrame
05-27 18:58:44.928   299 30841 D EvsDriver: Delivered 0xb400007b7ca56a60 as id 0
05-27 18:58:44.928  1167  1184 D evsmanagerd: /dev/video4 forwarded the buffer #0 to 0xb4000074bf5f6850 from 0xb4000074bf5f41d0
05-27 18:58:44.928 30773 30783 E dvr_service_: [myNum:0] Received S**** loss
05-27 08:49:53.890   581   581 D spi_rst_gpio_get_output: GPIO 145 value: 1
05-27 08:49:53.890   581   581 D spidev_ioctl: gpio status=1)
05-27 18:58:44.929   299  1153 D EvsDriver: doneWithFrame
05-27 18:58:44.929   594   594 E vendor.sprd.hardware.memtrack-service: MemTrack_DEBUG--Open mali gpu_memory failed
05-27 18:58:44.929  1083  1083 I MyAppLog: [2026-05-27 18:58:44.929 I tboxap mcuMainPeriodic100msTask:914] [Mcu] [mcuMainPeriodic100msTask] MCU version not ready, send 0x0981 item 0x01 retry:1
05-27 18:58:44.930  1083  1083 I MyAppLog: [2026-05-27 18:58:44.929 I tboxap mcuSendYadiTransfer:196] [Mcu] [mcuYadiSend]: :00 08 2E 04 01 09 81 02 01 01
05-27 18:58:44.930  1008 30857 D [OMXB]  : usingANWBuffer: handle:0xee740170, format:1, w:1920, h:1080
05-27 18:58:44.930 13549 13800 I ADAYO_LOG_: addEncryptorBean(EncryptorModel.java:28)key:logcat_2026_05_27_18_58_41_758-49.zip
05-27 18:58:44.930 13549 13800 I ADAYO_LOG_: writeEncryptorFile(EncryptorModel.java:48)mHashMapList:35
05-27 18:58:44.931   581   581 I SpiService: fgesysctrl_getGPIO_status success val=1
05-27 18:58:44.932   481   599 I mcuc    : start timer OK = 32155 
05-27 08:49:53.895   581   581 D spi_rst_gpio_get_output: GPIO 145 value: 1
05-27 08:49:53.895   581   581 D spidev_ioctl: gpio status=1)
05-27 18:58:44.936   594   594 E vendor.sprd.hardware.memtrack-service: MemTrack_DEBUG--Open mali gpu_memory failed
05-27 18:58:44.936   581   581 I SpiService: fgesysctrl_getGPIO_status success val=0
05-27 08:49:53.901   581   581 D spi_rst_gpio_get_output: GPIO 145 value: 0
05-27 08:49:53.901   581   581 D spidev_ioctl: gpio status=0)
05-27 18:58:44.937   481   597 I mcuc    : send SPI:6AA602E573000289001B6AA6017D9B00F809012E040109810201010000000000000000000000000000000000000000000000000000000000000000000000000000000000000000000000000000000000000000000000000000000000000000000000000000000000000000000000000000000000000000000000000000000000000000000000000000000000000000000000000000000000000000000000000000000000000000000000000000000000000000000000000000000000000000000000000000000000000000000000000000000000000000000000000000000000000000000000000000000000000000000000000000000000000000000000000000000000000000000024
05-27 18:58:44.940   594   594 E vendor.sprd.hardware.memtrack-service: MemTrack_DEBUG--Open mali gpu_memory failed
05-27 18:58:44.943   594   594 E vendor.sprd.hardware.memtrack-service: MemTrack_DEBUG--Open mali gpu_memory failed
05-27 18:58:44.945 13911 14183 I SentryImuMcuAngleSender: 179.97548rollDeg
05-27 18:58:44.945 13911 14183 I SentryImuMcuAngleSender: 1,0,0
05-27 18:58:44.945 13549 13800 W System.err: java.io.IOException: No such file or directory
05-27 18:58:44.946 13549 13800 W System.err: 	at java.io.UnixFileSystem.createFileExclusively0(Native Method)
05-27 18:58:44.946 13549 13800 W System.err: 	at java.io.UnixFileSystem.createFileExclusively(UnixFileSystem.java:317)
05-27 18:58:44.946 13549 13800 W System.err: 	at java.io.File.createNewFile(File.java:1006)
05-27 18:58:44.946 13549 13800 W System.err: 	at com.adayo.log.utils.FileUtil.writeStringToFile(FileUtil.java:253)
05-27 18:58:44.946 13549 13800 W System.err: 	at com.adayo.log.model.EncryptorModel.writeEncryptorFile(EncryptorModel.java:53)
05-27 18:58:44.946 13549 13800 W System.err: 	at com.adayo.log.model.EncryptorModel.addEncryptorBean(EncryptorModel.java:31)
05-27 18:58:44.946 13549 13800 W System.err: 	at com.adayo.log.function.collect.LogcatFunc.startZip(LogcatFunc.java:404)
05-27 18:58:44.946 13549 13800 W System.err: 	at com.adayo.log.function.collect.LogcatFunc.startSeparationAndZip(LogcatFunc.java:293)
05-27 18:58:44.946 13549 13800 W System.err: 	at com.adayo.log.function.collect.LogcatFunc.access$000(LogcatFunc.java:56)
05-27 18:58:44.946 13549 13800 W System.err: 	at com.adayo.log.function.collect.LogcatFunc$WatchCallable.call(LogcatFunc.java:505)
05-27 18:58:44.946 13549 13800 W System.err: 	at com.adayo.log.function.collect.LogcatFunc$WatchCallable.call(LogcatFunc.java:431)
05-27 18:58:44.946 13549 13800 W System.err: 	at com.adayo.log.utils.easythread.RunnableWrapper.run(RunnableWrapper.java:37)
05-27 18:58:44.946 13549 13800 W System.err: 	at java.util.concurrent.ThreadPoolExecutor.runWorker(ThreadPoolExecutor.java:1137)
05-27 18:58:44.946 13549 13800 W System.err: 	at java.util.concurrent.ThreadPoolExecutor$Worker.run(ThreadPoolExecutor.java:637)
05-27 18:58:44.946 13549 13800 W System.err: 	at java.lang.Thread.run(Thread.java:1023)
05-27 18:58:44.946 13549 13800 W System.err: java.io.FileNotFoundException: /log/offlinelogs/AndroidLog/logKey.txt: open failed: ENOENT (No such file or directory)
05-27 18:58:44.947 13549 13800 W System.err: 	at libcore.io.IoBridge.open(IoBridge.java:574)
05-27 18:58:44.947 13549 13800 W System.err: 	at java.io.FileOutputStream.<init>(FileOutputStream.java:236)
05-27 18:58:44.947 13549 13800 W System.err: 	at java.io.FileOutputStream.<init>(FileOutputStream.java:186)
05-27 18:58:44.947 13549 13800 W System.err: 	at com.adayo.log.utils.FileUtil.writeStringToFile(FileUtil.java:258)
05-27 18:58:44.947 13549 13800 W System.err: 	at com.adayo.log.model.EncryptorModel.writeEncryptorFile(EncryptorModel.java:53)
05-27 18:58:44.947 13549 13800 W System.err: 	at com.adayo.log.model.EncryptorModel.addEncryptorBean(EncryptorModel.java:31)
05-27 18:58:44.947 13549 13800 W System.err: 	at com.adayo.log.function.collect.LogcatFunc.startZip(LogcatFunc.java:404)
05-27 18:58:44.947 13549 13800 W System.err: 	at com.adayo.log.function.collect.LogcatFunc.startSeparationAndZip(LogcatFunc.java:293)
05-27 18:58:44.947 13549 13800 W System.err: 	at com.adayo.log.function.collect.LogcatFunc.access$000(LogcatFunc.java:56)
05-27 18:58:44.947 13549 13800 W System.err: 	at com.adayo.log.function.collect.LogcatFunc$WatchCallable.call(LogcatFunc.java:505)
05-27 18:58:44.947 13549 13800 W System.err: 	at com.adayo.log.function.collect.LogcatFunc$WatchCallable.call(LogcatFunc.java:431)
05-27 18:58:44.947 13549 13800 W System.err: 	at com.adayo.log.utils.easythread.RunnableWrapper.run(RunnableWrapper.java:37)
05-27 18:58:44.947 13549 13800 W System.err: 	at java.util.concurrent.ThreadPoolExecutor.runWorker(ThreadPoolExecutor.java:1137)
05-27 18:58:44.947 13549 13800 W System.err: 	at java.util.concurrent.ThreadPoolExecutor$Worker.run(ThreadPoolExecutor.java:637)
05-27 18:58:44.947 13549 13800 W System.err: 	at java.lang.Thread.run(Thread.java:1023)
05-27 18:58:44.947 13549 13800 W System.err: Caused by: android.system.ErrnoException: open failed: ENOENT (No such file or directory)
05-27 18:58:44.947 13549 13800 W System.err: 	at libcore.io.Linux.open(Native Method)
05-27 18:58:44.947 13549 13800 W System.err: 	at libcore.io.ForwardingOs.open(ForwardingOs.java:563)
05-27 18:58:44.947 13549 13800 W System.err: 	at libcore.io.BlockGuardOs.open(BlockGuardOs.java:274)
05-27 18:58:44.947 13549 13800 W System.err: 	at libcore.io.ForwardingOs.open(ForwardingOs.java:563)
05-27 18:58:44.947 13549 13800 W System.err: 	at android.app.ActivityThread$AndroidOs.open(ActivityThread.java:7919)
05-27 18:58:44.948 13549 13800 W System.err: 	at libcore.io.IoBridge.open(IoBridge.java:560)
05-27 18:58:44.948 13549 13800 W System.err: 	... 14 more
05-27 18:58:44.948   594   594 E vendor.sprd.hardware.memtrack-service: MemTrack_DEBUG--Open mali gpu_memory failed
05-27 18:58:44.949  1008 30856 D [OMXB]  : usingANWBuffer: handle:0xee742a00, format:1, w:1920, h:1080
05-27 18:58:44.951   581   581 I SpiService: fgesysctrl_getGPIO_status success val=1
05-27 08:49:53.916   581   581 D spi_rst_gpio_get_output: GPIO 145 value: 1
05-27 08:49:53.916   581   581 D spidev_ioctl: gpio status=1)
05-27 18:58:44.953   594   594 E vendor.sprd.hardware.memtrack-service: MemTrack_DEBUG--Open mali gpu_memory failed
05-27 18:58:44.953   299 30841 D EvsDriver: forwardFrame
05-27 18:58:44.955   299 30841 D EvsDriver: Delivered 0xb400007b7ca56a60 as id 0
05-27 18:58:44.955  1167  1184 D evsmanagerd: /dev/video4 forwarded the buffer #0 to 0xb4000074bf5f6850 from 0xb4000074bf5f41d0
05-27 18:58:44.956   572   622 I Sensors : 230 GyroSensor: x:-0.011148,y:0.005497,z:0.002443
05-27 18:58:44.957   299 30844 D EvsDriver: forwardFrame
05-27 18:58:44.958   581   581 I SpiService: fgesysctrl_getGPIO_status success val=1
05-27 18:58:44.959   536   536 D commservice260303: msg.id = 1028,2
05-27 18:58:44.959   536   536 D commservice260303: i = 170, msgid = 8A000404
05-27 18:58:44.959   536   536 D commservice260303: msgid = -1979710460,did=138
05-27 18:58:44.959   536   536 D commservice260303: CommProtocolLibCmdBaseI2C::dataproc {"command":{"id":"imu_status","sub":""},"content":{"TimeStamp":11,"FrameCounter":267344,"GD_X":-0.011377211660146713,"GD_Y":0.006185087841004133,"GD_Z":0.0022902146447449923,"AD_X":-0.006847932934761047,"AD_Y":0.00321921706199646,"AD_Z":-0.17315959930419922,"TempDsp":0,"Status":0,"CalibState":1,"SigAmpInvalid":0}},-1979710460
05-27 18:58:44.959   299 30844 D EvsDriver: Delivered 0xb400007b7ca56900 as id 0
05-27 08:49:53.923   581   581 D spi_rst_gpio_get_output: GPIO 145 value: 1
05-27 18:58:44.959  1167  1184 D evsmanagerd: /dev/video6 forwarded the buffer #0 to 0xb4000074bf5f5510 from 0xb4000074bf5f6d90
05-27 08:49:53.923   581   581 D spidev_ioctl: gpio status=1)
05-27 18:58:44.959   536   536 D commservice260303: send2Cluster len:315, 7B22636F6D6D616E64223A7B226964223A22696D755F737461747573222C22737562223A22227D2C22636F6E74656E74223A7B2254696D655374616D70223A31312C224672616D65436F756E746572223A3236373334342C2247445F58223A2D302E3031313337373231313636303134363731332C2247445F59223A302E3030363138353038373834313030343133332C2247445F5A223A302E303032323930323134363434373434393932332C2241445F58223A2D302E3030363834373933323933343736313034372C2241445F59223A302E30303332313932313730363139393634362C2241445F5A223A2D302E31373331353935393933303431393932322C2254656D70447370223A302C22537461747573223A302C2243616C69625374617465223A312C22536967416D70496E76616C6964223A307D7D, 138 
05-27 18:58:44.959   536   536 D commservice260303: Push Message into SendPool fn=1146487808
05-27 18:58:44.959   536   536 D commservice260303: ComProtocolLibSend2Cluster::send2ClusterRaw fn=1146487808 , len=331
05-27 18:58:44.959   536   536 D commservice260303: sendCmdToPort :331!!!
05-27 18:58:44.960   536   536 D commservice260303: send Cmd To Port ++++5AA501478A01000456446A16CE647B22636F6D6D616E64223A7B226964223A22696D755F737461747573222C22737562223A22227D2C22636F6E74656E74223A7B2254696D655374616D70223A31312C224672616D65436F756E746572223A3236373334342C2247445F58223A2D302E3031313337373231313636303134363731332C2247445F59223A302E3030363138353038373834313030343133332C2247445F5A223A302E303032323930323134363434373434393932332C2241445F58223A2D302E3030363834373933323933343736313034372C2241445F59223A302E30303332313932313730363139393634362C2241445F5A223A2D302E31373331353935393933303431393932322C2254656D70447370223A302C22537461747573223A302C2243616C69625374617465223A312C22536967416D70496E76616C6964223A307D7DC96F
05-27 18:58:44.960   536   536 D commservice260303: bufferevent_write retrun value = 0
05-27 18:58:44.960   536   560 D commservice260303: client datas send succeed,send finish
05-27 08:49:53.929   581   581 D spi_rst_gpio_get_output: GPIO 145 value: 1
05-27 08:49:53.929   581   581 D spidev_ioctl: gpio status=1)
05-27 18:58:44.960   299  1153 D EvsDriver: doneWithFrame
05-27 18:58:44.963 13911 14192 D Sentinelmode_1.2.5.17_sentry: <SentryImuClusterFgeSender>imu_status sent to Linux, frame=267344, tsNs=11392186, tsMs=11, intervalMs=47, ad=(-0.006847933,0.003219217,-0.1731596), gd=(-0.011377212,0.006185088,0.0022902146)
05-27 18:58:44.963 15863 15925 D VersionPrinter: com.aispeech.lyra.daemon- VersionName:[8.0.1_260520.0.yadi_HuoXing] - append:[] - active:[]
05-27 18:58:44.964 18252 18283 D ANWStack: Realtek Bluetooth :01 01 10 00
05-27 18:58:44.965   581   581 I SpiService: fgesysctrl_getGPIO_status success val=1
05-27 18:58:44.965 13911 14183 I SentryImuMcuAngleSender: 179.97548rollDeg
05-27 18:58:44.965 13911 14183 I SentryImuMcuAngleSender: 1,0,0
05-27 18:58:44.965   299  1153 D EvsDriver: doneWithFrame
05-27 18:58:44.967 13911 14183 I SentryImuMcuAngleSender: [4, 18, 1, 0, 0],5
05-27 18:58:44.967 13911 14183 I McuCommManager: mcuCommSendcmd [4, 18, 1, 0, 0]
05-27 18:58:44.967 13549 13800 I ADAYO_LOG_: startZip(LogcatFunc.java:409)zipFile:true,txtFilePath: /mnt/log_data/AndroidLog/logcat/logcat_2026_05_27_18_53_38_524-49.txt
05-27 18:58:44.967 13911 14183 I SentryImuMcuAngleSender: true
05-27 18:58:44.967 13911 14183 W Sentinelmode_1.2.5.17_sentry: <SentryImuMcuAngleSender>MCU IMU send interval abnormal: 1005ms
05-27 18:58:44.970   581   581 I SpiService: fgesysctrl_getGPIO_status success val=1
05-27 18:58:44.972  1008 30857 D [OMXB]  : usingANWBuffer: handle:0xee743190, format:1, w:1920, h:1080
05-27 08:49:53.935   581   581 D spi_rst_gpio_get_output: GPIO 145 value: 1
05-27 08:49:53.935   581   581 D spidev_ioctl: gpio status=1)
05-27 18:58:44.976   581   581 I SpiService: fgesysctrl_getGPIO_status success val=0
05-27 18:58:44.976   481   597 I mcuc    : send SPI:6AA6007D9C00050412010000CB
05-27 08:49:53.941   581   581 D spi_rst_gpio_get_output: GPIO 145 value: 0
05-27 08:49:53.941   581   581 D spidev_ioctl: gpio status=0)
05-27 18:58:44.982   594   594 E vendor.sprd.hardware.memtrack-service: MemTrack_DEBUG--Open mali gpu_memory failed
05-27 18:58:44.986   594   594 E vendor.sprd.hardware.memtrack-service: MemTrack_DEBUG--Open mali gpu_memory failed
05-27 18:58:44.986 13911 14183 I SentryImuMcuAngleSender: 179.986rollDeg
05-27 18:58:44.986 13911 14183 I SentryImuMcuAngleSender: 1,0,0
05-27 18:58:44.986   481   598 I mcuc    : rev,n=1,6AA6827D9B000209015A
05-27 18:58:44.988   299 30841 D EvsDriver: forwardFrame
05-27 18:58:44.989   299 30841 D EvsDriver: Delivered 0xb400007b7ca56a60 as id 0
05-27 18:58:44.989  1167  1184 D evsmanagerd: /dev/video4 forwarded the buffer #0 to 0xb4000074bf5f6850 from 0xb4000074bf5f41d0
05-27 18:58:44.989   269   269 D libvintf: HalManifest::getHidlTransport(framework): Cannot find android.hardware.usb@1.0::IUsb/default
05-27 18:58:44.990   299 30844 D EvsDriver: forwardFrame
05-27 18:58:44.991   269   269 D libvintf: HalManifest::getHidlTransport(device): Cannot find android.hardware.usb@1.0::IUsb/default
05-27 18:58:44.991   269   269 I hwservicemanager: getTransport: Cannot find entry android.hardware.usb@1.0::IUsb/default in either framework or device VINTF manifest.
05-27 18:58:44.991   581   581 I SpiService: fgesysctrl_getGPIO_status success val=1
05-27 18:58:44.991  1167  1184 D evsmanagerd: /dev/video6 forwarded the buffer #0 to 0xb4000074bf5f5510 from 0xb4000074bf5f6d90
05-27 18:58:44.991   299 30844 D EvsDriver: Delivered 0xb400007b7ca56900 as id 0
05-27 08:49:53.956   581   581 D spi_rst_gpio_get_output: GPIO 145 value: 1
05-27 08:49:53.956   581   581 D spidev_ioctl: gpio status=1)
05-27 18:58:44.992  1008 30856 D [OMXB]  : usingANWBuffer: handle:0xee741ae0, format:1, w:1920, h:1080
05-27 18:58:44.994   299  1153 D EvsDriver: doneWithFrame
05-27 08:49:53.961   581   581 D spi_rst_gpio_get_output: GPIO 145 value: 1
05-27 08:49:53.961   581   581 D spidev_ioctl: gpio status=1)
05-27 18:58:44.996   299  1153 D EvsDriver: doneWithFrame
05-27 18:58:44.997   581   581 I SpiService: fgesysctrl_getGPIO_status success val=1
05-27 18:58:44.997   536   536 D commservice260303: msg.id = 1028,1
05-27 18:58:44.997   536   536 D commservice260303: i = 170, msgid = 8A000404
05-27 18:58:44.997   536   536 D commservice260303: msgid = -1979710460,did=138
05-27 18:58:44.997   536   536 D commservice260303: CommProtocolLibCmdBaseI2C::dataproc {"command":{"id":"imu_status","sub":""},"content":{"TimeStamp":11,"FrameCounter":267345,"GD_X":-0.010994902811944485,"GD_Y":0.0051151420921087265,"GD_Z":0.0020608289632946253,"AD_X":-1.4196336269378662E-4,"AD_Y":0.0013739664573222399,"AD_Z":-0.17315959930419922,"TempDsp":0,"Status":0,"CalibState":1,"SigAmpInvalid":0}},-1979710460
05-27 18:58:44.997   536   536 D commservice260303: send2Cluster len:319, 7B22636F6D6D616E64223A7B226964223A22696D755F737461747573222C22737562223A22227D2C22636F6E74656E74223A7B2254696D655374616D70223A31312C224672616D65436F756E746572223A3236373334352C2247445F58223A2D302E3031303939343930323831313934343438352C2247445F59223A302E303035313135313432303932313038373236352C2247445F5A223A302E303032303630383238393633323934363235332C2241445F58223A2D312E34313936333336323639333738363632452D342C2241445F59223A302E303031333733393636343537333232323339392C2241445F5A223A2D302E31373331353935393933303431393932322C2254656D70447370223A302C22537461747573223A302C2243616C69625374617465223A312C22536967416D70496E76616C6964223A307D7D, 138 
05-27 18:58:44.998   536   536 D commservice260303: Push Message into SendPool fn=1163265024
05-27 18:58:44.998   536   536 D commservice260303: ComProtocolLibSend2Cluster::send2ClusterRaw fn=1163265024 , len=335
05-27 18:58:44.998   536   536 D commservice260303: sendCmdToPort :335!!!
05-27 18:58:44.998   536   536 D commservice260303: send Cmd To Port ++++5AA5014B8A01000456456A16CE647B22636F6D6D616E64223A7B226964223A22696D755F737461747573222C22737562223A22227D2C22636F6E74656E74223A7B2254696D655374616D70223A31312C224672616D65436F756E746572223A3236373334352C2247445F58223A2D302E3031303939343930323831313934343438352C2247445F59223A302E303035313135313432303932313038373236352C2247445F5A223A302E303032303630383238393633323934363235332C2241445F58223A2D312E34313936333336323639333738363632452D342C2241445F59223A302E303031333733393636343537333232323339392C2241445F5A223A2D302E31373331353935393933303431393932322C2254656D70447370223A302C22537461747573223A302C2243616C69625374617465223A312C22536967416D70496E76616C6964223A307D7D1FF8
05-27 18:58:44.998   536   536 D commservice260303: bufferevent_write retrun value = 0
05-27 18:58:44.998   536   560 D commservice260303: client datas send succeed,send finish
05-27 18:58:44.999 12348 12448 E ExtUsbManager: UsbHalController: android.hardware.usb.V1_0.IUsb getService failed!
05-27 18:58:44.999 12348 12448 E ExtUsbManager: java.util.NoSuchElementException
05-27 18:58:44.999 12348 12448 E ExtUsbManager: 	at android.os.HwBinder.getService(Native Method)
05-27 18:58:44.999 12348 12448 E ExtUsbManager: 	at android.os.HwBinder.getService(HwBinder.java:81)
05-27 18:58:44.999 12348 12448 E ExtUsbManager: 	at android.hardware.usb.V1_0.IUsb.getService(IUsb.java:74)
05-27 18:58:44.999 12348 12448 E ExtUsbManager: 	at android.hardware.usb.V1_0.IUsb.getService(IUsb.java:84)
05-27 18:58:44.999 12348 12448 E ExtUsbManager: 	at ts.car.usb.UsbHalController.createService(UsbHalController.java:37)
05-27 18:58:44.999 12348 12448 E ExtUsbManager: 	at ts.car.usb.UsbHalController.createService(UsbHalController.java:18)
05-27 18:58:44.999 12348 12448 E ExtUsbManager: 	at ts.car.usb.utils.AutoServiceConnector4Hidl.autoConnect(AutoServiceConnector4Hidl.java:47)
05-27 18:58:44.999 12348 12448 E ExtUsbManager: 	at ts.car.usb.utils.AutoServiceConnector4Hidl$$ExternalSyntheticLambda0.run(Unknown Source:2)
05-27 18:58:44.999 12348 12448 E ExtUsbManager: 	at android.os.Handler.handleCallback(Handler.java:942)
05-27 18:58:44.999 12348 12448 E ExtUsbManager: 	at android.os.Handler.dispatchMessage(Handler.java:99)
05-27 18:58:44.999 12348 12448 E ExtUsbManager: 	at android.os.Looper.loopOnce(Looper.java:201)
05-27 18:58:44.999 12348 12448 E ExtUsbManager: 	at android.os.Looper.loop(Looper.java:288)
05-27 18:58:44.999 12348 12448 E ExtUsbManager: 	at android.os.HandlerThread.run(HandlerThread.java:67)
05-27 18:58:45.000 13911 14192 D Sentinelmode_1.2.5.17_sentry: <SentryImuClusterFgeSender>imu_status sent to Linux, frame=267345, tsNs=11392225, tsMs=11, intervalMs=37, ad=(-1.4196336E-4,0.0013739665,-0.1731596), gd=(-0.010994903,0.005115142,0.002060829)
05-27 18:58:45.000   269   269 D libvintf: HalManifest::getHidlTransport(framework): Cannot find vendor.ts.usbext@1.0::IUsbext/default
05-27 18:58:45.000   269   269 D libvintf: HalManifest::getHidlTransport(device): Cannot find vendor.ts.usbext@1.0::IUsbext/default
05-27 18:58:45.000   269   269 I hwservicemanager: getTransport: Cannot find entry vendor.ts.usbext@1.0::IUsbext/default in either framework or device VINTF manifest.
05-27 18:58:45.001 12348 12448 E ExtUsbManager: UsbHalExtController: vendor.ts.usbext.V1_0.IUsbext getService failed!
05-27 18:58:45.001 12348 12448 E ExtUsbManager: java.util.NoSuchElementException
05-27 18:58:45.001 12348 12448 E ExtUsbManager: 	at android.os.HwBinder.getService(Native Method)
05-27 18:58:45.001 12348 12448 E ExtUsbManager: 	at android.os.HwBinder.getService(HwBinder.java:81)
05-27 18:58:45.001 12348 12448 E ExtUsbManager: 	at vendor.ts.usbext.V1_0.IUsbext.getService(IUsbext.java:74)
05-27 18:58:45.001 12348 12448 E ExtUsbManager: 	at vendor.ts.usbext.V1_0.IUsbext.getService(IUsbext.java:84)
05-27 18:58:45.001 12348 12448 E ExtUsbManager: 	at ts.car.usb.UsbHalExtController.createService(UsbHalExtController.java:37)
05-27 18:58:45.001 12348 12448 E ExtUsbManager: 	at ts.car.usb.UsbHalExtController.createService(UsbHalExtController.java:18)
05-27 18:58:45.001 12348 12448 E ExtUsbManager: 	at ts.car.usb.utils.AutoServiceConnector4Hidl.autoConnect(AutoServiceConnector4Hidl.java:47)
05-27 18:58:45.001 12348 12448 E ExtUsbManager: 	at ts.car.usb.utils.AutoServiceConnector4Hidl$$ExternalSyntheticLambda0.run(Unknown Source:2)
05-27 18:58:45.001 12348 12448 E ExtUsbManager: 	at android.os.Handler.handleCallback(Handler.java:942)
05-27 18:58:45.001 12348 12448 E ExtUsbManager: 	at android.os.Handler.dispatchMessage(Handler.java:99)
05-27 18:58:45.001 12348 12448 E ExtUsbManager: 	at android.os.Looper.loopOnce(Looper.java:201)
05-27 18:58:45.001 12348 12448 E ExtUsbManager: 	at android.os.Looper.loop(Looper.java:288)
05-27 18:58:45.001 12348 12448 E ExtUsbManager: 	at android.os.HandlerThread.run(HandlerThread.java:67)
05-27 18:58:45.001   269   269 D libvintf: HalManifest::getHidlTransport(framework): Cannot find android.hardware.usb.gadget@1.0::IUsbGadget/default
05-27 18:58:45.001   269   269 D libvintf: HalManifest::getHidlTransport(device): Cannot find android.hardware.usb.gadget@1.0::IUsbGadget/default
05-27 18:58:45.001   269   269 I hwservicemanager: getTransport: Cannot find entry android.hardware.usb.gadget@1.0::IUsbGadget/default in either framework or device VINTF manifest.
05-27 18:58:45.002 12348 12448 E ExtUsbManager: UsbGadgetController: android.hardware.usb.gadget.V1_0.IUsbGadget getService failed!
05-27 18:58:45.002 12348 12448 E ExtUsbManager: java.util.NoSuchElementException
05-27 18:58:45.002 12348 12448 E ExtUsbManager: 	at android.os.HwBinder.getService(Native Method)
05-27 18:58:45.002 12348 12448 E ExtUsbManager: 	at android.os.HwBinder.getService(HwBinder.java:81)
05-27 18:58:45.002 12348 12448 E ExtUsbManager: 	at android.hardware.usb.gadget.V1_0.IUsbGadget.getService(IUsbGadget.java:74)
05-27 18:58:45.002 12348 12448 E ExtUsbManager: 	at android.hardware.usb.gadget.V1_0.IUsbGadget.getService(IUsbGadget.java:84)
05-27 18:58:45.002 12348 12448 E ExtUsbManager: 	at ts.car.usb.UsbGadgetController.createService(UsbGadgetController.java:36)
05-27 18:58:45.002 12348 12448 E ExtUsbManager: 	at ts.car.usb.UsbGadgetController.createService(UsbGadgetController.java:17)
05-27 18:58:45.002 12348 12448 E ExtUsbManager: 	at ts.car.usb.utils.AutoServiceConnector4Hidl.autoConnect(AutoServiceConnector4Hidl.java:47)
05-27 18:58:45.002 12348 12448 E ExtUsbManager: 	at ts.car.usb.utils.AutoServiceConnector4Hidl$$ExternalSyntheticLambda0.run(Unknown Source:2)
05-27 18:58:45.002 12348 12448 E ExtUsbManager: 	at android.os.Handler.handleCallback(Handler.java:942)
05-27 18:58:45.002 12348 12448 E ExtUsbManager: 	at android.os.Handler.dispatchMessage(Handler.java:99)
05-27 18:58:45.002 12348 12448 E ExtUsbManager: 	at android.os.Looper.loopOnce(Looper.java:201)
05-27 18:58:45.002 12348 12448 E ExtUsbManager: 	at android.os.Looper.loop(Looper.java:288)
05-27 18:58:45.002 12348 12448 E ExtUsbManager: 	at android.os.HandlerThread.run(HandlerThread.java:67)
05-27 18:58:45.002   581   581 I SpiService: fgesysctrl_getGPIO_status success val=1
05-27 18:58:45.003   594   594 E vendor.sprd.hardware.memtrack-service: MemTrack_DEBUG--Open mali gpu_memory failed
05-27 08:49:53.967   581   581 D spi_rst_gpio_get_output: GPIO 145 value: 1
05-27 08:49:53.967   581   581 D spidev_ioctl: gpio status=1)
05-27 18:58:45.006 13911 14183 I SentryImuMcuAngleSender: 180.0rollDeg
05-27 18:58:45.006 13911 14183 I SentryImuMcuAngleSender: 1,0,0
05-27 18:58:45.008   581   581 I SpiService: fgesysctrl_getGPIO_status success val=1
05-27 08:49:53.972   581   581 D spi_rst_gpio_get_output: GPIO 145 value: 1
05-27 08:49:53.972   581   581 D spidev_ioctl: gpio status=1)
05-27 18:58:45.013   283   307 I rvcservice: t.code = 3, t.value = 0
05-27 18:58:45.013   581   581 I SpiService: fgesysctrl_getGPIO_status success val=1
05-27 18:58:45.014   299 30841 D EvsDriver: forwardFrame
05-27 18:58:45.015   299 30841 D EvsDriver: Delivered 0xb400007b7ca56a60 as id 0
05-27 18:58:45.015  1167  1184 D evsmanagerd: /dev/video4 forwarded the buffer #0 to 0xb4000074bf5f6850 from 0xb4000074bf5f41d0
05-27 08:49:53.978   581   581 D spi_rst_gpio_get_output: GPIO 145 value: 1
05-27 08:49:53.978   581   581 D spidev_ioctl: gpio status=1)
05-27 18:58:45.017   299  1153 D EvsDriver: doneWithFrame
05-27 18:58:45.018   299 30844 D EvsDriver: forwardFrame
05-27 18:58:45.019   581   581 I SpiService: fgesysctrl_getGPIO_status success val=0
05-27 18:58:45.019 13549 13800 I ADAYO_LOG_: startZip(LogcatFunc.java:412)deleteFile:logcat_2026_05_27_18_53_38_524-49.txt,delete:true
05-27 18:58:45.019 13549 13800 I ADAYO_LOG_: startSeparationAndZip(LogcatFunc.java:294)startZip over
05-27 18:58:45.019  1167  1184 D evsmanagerd: /dev/video6 forwarded the buffer #0 to 0xb4000074bf5f5510 from 0xb4000074bf5f6d90
05-27 18:58:45.019   594   594 E vendor.sprd.hardware.memtrack-service: MemTrack_DEBUG--Open mali gpu_memory failed
05-27 18:58:45.020   299 30844 D EvsDriver: Delivered 0xb400007b7ca56900 as id 0
05-27 08:49:53.983   581   581 D spi_rst_gpio_get_output: GPIO 145 value: 0
05-27 08:49:53.983   581   581 D spidev_ioctl: gpio status=0)
05-27 18:58:45.022   299  1153 D EvsDriver: doneWithFrame
05-27 18:58:45.023   594   594 E vendor.sprd.hardware.memtrack-service: MemTrack_DEBUG--Open mali gpu_memory failed
05-27 18:58:45.027 13911 14183 I SentryImuMcuAngleSender: 179.993rollDeg
05-27 18:58:45.027 13911 14183 I SentryImuMcuAngleSender: 1,0,0
05-27 18:58:45.027   594   594 E vendor.sprd.hardware.memtrack-service: MemTrack_DEBUG--Open mali gpu_memory failed
05-27 18:58:45.029  1008 30857 D [OMXB]  : usingANWBuffer: handle:0xee743be0, format:1, w:1920, h:1080
05-27 18:58:45.029   594   594 E vendor.sprd.hardware.memtrack-service: MemTrack_DEBUG--Open mali gpu_memory failed
05-27 18:58:45.032   594   594 E vendor.sprd.hardware.memtrack-service: MemTrack_DEBUG--Open mali gpu_memory failed
05-27 18:58:45.033   581   581 I SpiService: fgesysctrl_getGPIO_status success val=1
05-27 18:58:45.033   594   594 E vendor.sprd.hardware.memtrack-service: MemTrack_DEBUG--Open mali gpu_memory failed
05-27 18:58:45.036   536   536 D commservice260303: msg.id = 1028,0
05-27 18:58:45.036   536   536 D commservice260303: i = 170, msgid = 8A000404
05-27 18:58:45.036   536   536 D commservice260303: msgid = -1979710460,did=138
05-27 18:58:45.037   536   536 D commservice260303: CommProtocolLibCmdBaseI2C::dataproc {"command":{"id":"imu_status","sub":""},"content":{"TimeStamp":11,"FrameCounter":267346,"GD_X":-0.011759000830352306,"GD_Y":0.0048857564106583595,"GD_Z":0.0020608289632946253,"AD_X":0.004059895873069763,"AD_Y":1.6108958516269922E-4,"AD_Z":-0.17193889617919922,"TempDsp":0,"Status":0,"CalibState":1,"SigAmpInvalid":0}},-1979710460
05-27 18:58:45.037   536   536 D commservice260303: send2Cluster len:317, 7B22636F6D6D616E64223A7B226964223A22696D755F737461747573222C22737562223A22227D2C22636F6E74656E74223A7B2254696D655374616D70223A31312C224672616D65436F756E746572223A3236373334362C2247445F58223A2D302E3031313735393030303833303335323330362C2247445F59223A302E303034383835373536343130363538333539352C2247445F5A223A302E303032303630383238393633323934363235332C2241445F58223A302E3030343035393839353837333036393736332C2241445F59223A312E36313038393538353136323639393232452D342C2241445F5A223A2D302E31373139333838393631373931393932322C2254656D70447370223A302C22537461747573223A302C2243616C69625374617465223A312C22536967416D70496E76616C6964223A307D7D, 138 
05-27 18:58:45.037   536   536 D commservice260303: Push Message into SendPool fn=1180042240
05-27 18:58:45.037   536   536 D commservice260303: ComProtocolLibSend2Cluster::send2ClusterRaw fn=1180042240 , len=333
05-27 18:58:45.037   536   536 D commservice260303: sendCmdToPort :333!!!
05-27 18:58:45.037   536   536 D commservice260303: send Cmd To Port ++++5AA501498A01000456466A16CE657B22636F6D6D616E64223A7B226964223A22696D755F737461747573222C22737562223A22227D2C22636F6E74656E74223A7B2254696D655374616D70223A31312C224672616D65436F756E746572223A3236373334362C2247445F58223A2D302E3031313735393030303833303335323330362C2247445F59223A302E303034383835373536343130363538333539352C2247445F5A223A302E303032303630383238393633323934363235332C2241445F58223A302E3030343035393839353837333036393736332C2241445F59223A312E36313038393538353136323639393232452D342C2241445F5A223A2D302E31373139333838393631373931393932322C2254656D70447370223A302C22537461747573223A302C2243616C69625374617465223A312C22536967416D70496E76616C6964223A307D7D7DEF
05-27 18:58:45.037   536   536 D commservice260303: bufferevent_write retrun value = 0
05-27 18:58:45.037   536   560 D commservice260303: client datas send succeed,send finish
05-27 08:49:53.998   581   581 D spi_rst_gpio_get_output: GPIO 145 value: 1
05-27 08:49:53.998   581   581 D spidev_ioctl: gpio status=1)
05-27 18:58:45.037 13911 14192 D Sentinelmode_1.2.5.17_sentry: <SentryImuClusterFgeSender>imu_status sent to Linux, frame=267346, tsNs=11392276, tsMs=11, intervalMs=38, ad=(0.004059896,1.6108959E-4,-0.1719389), gd=(-0.011759001,0.0048857564,0.002060829)
05-27 18:58:45.038   581   581 I SpiService: fgesysctrl_getGPIO_status success val=1
05-27 08:49:54.003   581   581 D spi_rst_gpio_get_output: GPIO 145 value: 1
05-27 08:49:54.003   581   581 D spidev_ioctl: gpio status=1)
05-27 18:58:45.044   581   581 I SpiService: fgesysctrl_getGPIO_status success val=1
05-27 08:49:54.008   581   581 D spi_rst_gpio_get_output: GPIO 145 value: 1
05-27 08:49:54.009   581   581 D spidev_ioctl: gpio status=1)
05-27 18:58:45.047   299 30844 D EvsDriver: forwardFrame
05-27 18:58:45.047 13911 14183 I SentryImuMcuAngleSender: 179.99649rollDeg
05-27 18:58:45.047 13911 14183 I SentryImuMcuAngleSender: 1,0,0
05-27 18:58:45.048  1008 30856 D [OMXB]  : usingANWBuffer: handle:0xee744000, format:1, w:1920, h:1080
05-27 18:58:45.048   299 30844 D EvsDriver: Delivered 0xb400007b7ca56900 as id 0
05-27 18:58:45.048  1167  1184 D evsmanagerd: /dev/video6 forwarded the buffer #0 to 0xb4000074bf5f5510 from 0xb4000074bf5f6d90
05-27 18:58:45.050   581   581 I SpiService: fgesysctrl_getGPIO_status success val=1
05-27 18:58:45.051   299 30841 D EvsDriver: forwardFrame
05-27 18:58:45.051   299  1153 D EvsDriver: doneWithFrame
05-27 18:58:45.051 10188 10659 I am_meminfo: [801685504,169820160,89128960,364314624,572236800]
05-27 18:58:45.053   594   594 E vendor.sprd.hardware.memtrack-service: MemTrack_DEBUG--Open mali gpu_memory failed
05-27 18:58:45.053  1167  1184 D evsmanagerd: /dev/video4 forwarded the buffer #0 to 0xb4000074bf5f6850 from 0xb4000074bf5f41d0
05-27 18:58:45.053   299 30841 D EvsDriver: Delivered 0xb400007b7ca56a60 as id 0
05-27 08:49:54.015   581   581 D spi_rst_gpio_get_output: GPIO 145 value: 1
05-27 08:49:54.015   581   581 D spidev_ioctl: gpio status=1)
05-27 08:49:54.020   581   581 D spi_rst_gpio_get_output: GPIO 145 value: 1
05-27 08:49:54.021   581   581 D spidev_ioctl: gpio status=1)
05-27 18:58:45.055   299  1153 D EvsDriver: doneWithFrame
05-27 18:58:45.056   581   581 I SpiService: fgesysctrl_getGPIO_status success val=1
05-27 18:58:45.061   572   622 I Sensors : 230 AccelSensor: x:-0.168360,y:0.000000,z:-9.978380
05-27 18:58:45.062   581   581 I SpiService: fgesysctrl_getGPIO_status success val=0
05-27 08:49:54.026   581   581 D spi_rst_gpio_get_output: GPIO 145 value: 0
05-27 08:49:54.026   581   581 D spidev_ioctl: gpio status=0)
05-27 18:58:45.065  1982  1982 E health_guardian: UID for PID 11579 is 1000
05-27 18:58:45.065  1982  1982 E health_guardian: The 1000 process is system app,I refused to kill it,try next one!
05-27 18:58:45.065  1982  1982 E health_guardian: UID for PID 13435 is 1000
05-27 18:58:45.065  1982  1982 E health_guardian: The 1000 process is system app,I refused to kill it,try next one!
05-27 18:58:45.066  1982  1982 E health_guardian: UID for PID 6212 is 1000
05-27 18:58:45.066  1982  1982 E health_guardian: The 1000 process is system app,I refused to kill it,try next one!
05-27 18:58:45.068 13911 14183 I SentryImuMcuAngleSender: 180.0rollDeg
05-27 18:58:45.068 13911 14183 I SentryImuMcuAngleSender: 1,0,0
05-27 18:58:45.072  1008 30857 D [OMXB]  : usingANWBuffer: handle:0xee741da0, format:1, w:1920, h:1080
05-27 18:58:45.076   581   581 I SpiService: fgesysctrl_getGPIO_status success val=1
05-27 18:58:45.076   536   536 D commservice260303: msg.id = 1028,0
05-27 18:58:45.076   536   536 D commservice260303: i = 170, msgid = 8A000404
05-27 18:58:45.076   536   536 D commservice260303: msgid = -1979710460,did=138
05-27 18:58:45.076   536   536 D commservice260303: CommProtocolLibCmdBaseI2C::dataproc {"command":{"id":"imu_status","sub":""},"content":{"TimeStamp":11,"FrameCounter":267347,"GD_X":-0.010994902811944485,"GD_Y":0.005039200186729431,"GD_Z":0.0016030981205403805,"AD_X":-8.42168927192688E-4,"AD_Y":-0.0010544793913140893,"AD_Z":-0.17315959930419922,"TempDsp":0,"Status":0,"CalibState":1,"SigAmpInvalid":0}},-1979710460
05-27 18:58:45.076   536   536 D commservice260303: send2Cluster len:317, 7B22636F6D6D616E64223A7B226964223A22696D755F737461747573222C22737562223A22227D2C22636F6E74656E74223A7B2254696D655374616D70223A31312C224672616D65436F756E746572223A3236373334372C2247445F58223A2D302E3031303939343930323831313934343438352C2247445F59223A302E3030353033393230303138363732393433312C2247445F5A223A302E303031363033303938313230353430333830352C2241445F58223A2D382E3432313638393237313932363838452D342C2241445F59223A2D302E303031303534343739333931333134303839332C2241445F5A223A2D302E31373331353935393933303431393932322C2254656D70447370223A302C22537461747573223A302C2243616C69625374617465223A312C22536967416D70496E76616C6964223A307D7D, 138 
05-27 18:58:45.076   536   536 D commservice260303: Push Message into SendPool fn=1196819456
05-27 18:58:45.076   536   536 D commservice260303: ComProtocolLibSend2Cluster::send2ClusterRaw fn=1196819456 , len=333
05-27 18:58:45.076   536   536 D commservice260303: sendCmdToPort :333!!!
05-27 18:58:45.077   536   536 D commservice260303: send Cmd To Port ++++5AA501498A01000456476A16CE657B22636F6D6D616E64223A7B226964223A22696D755F737461747573222C22737562223A22227D2C22636F6E74656E74223A7B2254696D655374616D70223A31312C224672616D65436F756E746572223A3236373334372C2247445F58223A2D302E3031303939343930323831313934343438352C2247445F59223A302E3030353033393230303138363732393433312C2247445F5A223A302E303031363033303938313230353430333830352C2241445F58223A2D382E3432313638393237313932363838452D342C2241445F59223A2D302E303031303534343739333931333134303839332C2241445F5A223A2D302E31373331353935393933303431393932322C2254656D70447370223A302C22537461747573223A302C2243616C69625374617465223A312C22536967416D70496E76616C6964223A307D7DF647
05-27 18:58:45.077   536   536 D commservice260303: bufferevent_write retrun value = 0
05-27 18:58:45.077   536   560 D commservice260303: client datas send succeed,send finish
05-27 18:58:45.077 13911 14192 D Sentinelmode_1.2.5.17_sentry: <SentryImuClusterFgeSender>imu_status sent to Linux, frame=267347, tsNs=11392311, tsMs=11, intervalMs=39, ad=(-8.421689E-4,-0.0010544794,-0.1731596), gd=(-0.010994903,0.0050392,0.0016030981)
05-27 08:49:54.040   581   581 D spi_rst_gpio_get_output: GPIO 145 value: 1
05-27 08:49:54.040   581   581 D spidev_ioctl: gpio status=1)
05-27 18:58:45.077 10188 10922 I ActivityManager: Death received in com.android.server.am.ActivityManagerService$AppDeathRecipient@d20b3ad for thread android.os.BinderProxy@27966e2, proc:ProcessRecord{64df52a 18252:com.anwsdk.service:remote/1000}
05-27 18:58:45.078 10188 10922 I ActivityManager: Process com.anwsdk.service:remote (pid 18252) has died: cch CACC
05-27 18:58:45.078 10188 10922 I am_proc_died: [0,18252,com.anwsdk.service:remote,900,17]
05-27 18:58:45.078 10188 10678 I libprocessgroup: Successfully killed process cgroup uid 1000 pid 18252 in 0ms
05-27 18:58:45.078 10188 10922 I ActivityManager: app ProcessRecord{64df52a 18252:com.anwsdk.service:remote/1000} mThread:android.app.IApplicationThread$Stub$Proxy@fd5da73 mDeathRecipient:com.android.server.am.ActivityManagerService$AppDeathRecipient@d20b3ad has been unlinked.
05-27 18:58:45.078 13435 13435 D BtManager: onServiceDisconnected
05-27 18:58:45.078 10188 10922 W ActivityManager: Scheduling restart of crashed service com.anwsdk.service/.anwbtservice in 0ms for persistent
05-27 18:58:45.078 10188 10922 I am_schedule_service_restart: [0,com.anwsdk.service/.anwbtservice,0]
05-27 18:58:45.078 10188 10922 I ActivityManager: note: ProcessRecord{64df52a 18252:com.anwsdk.service:remote/1000} died, saving the exit info
05-27 18:58:45.079 10188 10680 I ActivityManager: Update process exit info for com.anwsdk.service(18252/u1000)
05-27 18:58:45.079 10188 10922 D ActivityTaskManager: put all activities to cleanup list, wpc=ProcessRecord{64df52a 0:com.anwsdk.service:remote/1000} mHasActivities=false activeActivitySize=0
05-27 18:58:45.080 10188 10660 I ActivityManager: com.anwsdk.service is exempt from freezer
05-27 18:58:45.081 10041 10041 I Zygote  : Process 18252 exited cleanly (1)
05-27 18:58:45.081 10188 10659 I am_pss  : [8307,1000,com.adayo.app.dvr,55158784,48730112,13312,173944832,2,2,22]
05-27 18:58:45.081 10188 10660 D CompatibilityChangeReporter: Compat change id reported: 135634846; UID 1000; state: DISABLED
05-27 18:58:45.081 10188 10660 D CompatibilityChangeReporter: Compat change id reported: 177438394; UID 1000; state: DISABLED
05-27 18:58:45.081 10188 10660 D CompatibilityChangeReporter: Compat change id reported: 135772972; UID 1000; state: DISABLED
05-27 18:58:45.081 10188 10660 D CompatibilityChangeReporter: Compat change id reported: 135754954; UID 1000; state: ENABLED
05-27 18:58:45.081   581   581 I SpiService: fgesysctrl_getGPIO_status success val=1
05-27 18:58:45.082 10188 10660 D ActivityManager: ProcessRecord{e8f3d30 0:com.anwsdk.service:remote/1000} setPendingStart=true callers=com.android.server.am.ProcessList.startProcessLocked:1922 com.android.server.am.UnisocProcessList.startProcessLocked:320 com.android.server.am.ProcessList.startProcessLocked:2391 com.android.server.am.ProcessList.startProcessLocked:2534 com.android.server.am.ActivityManagerService.startProcessLocked:2890 com.android.server.am.ActiveServices.bringUpServiceLocked:4326 com.android.server.am.ActiveServices.performServiceRestartLocked:4104 com.android.server.am.ActiveServices$ServiceRestarter.run:3320 android.os.Handler.handleCallback:942 android.os.Handler.dispatchMessage:99 
05-27 18:58:45.082   594   594 E vendor.sprd.hardware.memtrack-service: MemTrack_DEBUG--Open mali gpu_memory failed
05-27 18:58:45.082 10188 10660 I ActivityManager: Posting procStart msg for 0:com.anwsdk.service:remote/1000
05-27 18:58:45.082 10188 10661 D ActivityManager: asking zygote to start proc:ProcessRecord{e8f3d30 0:com.anwsdk.service:remote/1000}
05-27 18:58:45.082 10188 10661 D Prefork : startResult is empty and running normal execution.
05-27 18:58:45.084 10188 10678 I ActivityManager: Got SIGCHLD from zygote: pid=18252, uid=1000, status=100
05-27 18:58:45.084 10188 10680 I ActivityManager: zygote: proc died: pid=18252 uid=1000, status=256
05-27 18:58:45.085 10188 10680 E UnisocStabilityCollection: getKill:true,cur=0,killType=3 ,name=proc_died:1000, reason=proc_died
05-27 08:49:54.046   581   581 D spi_rst_gpio_get_output: GPIO 145 value: 1
05-27 08:49:54.046   581   581 D spidev_ioctl: gpio status=1)
05-27 18:58:45.085 10188 10680 E UnisocStabilityCollection: getKill sum:17
05-27 18:58:45.086   299 30844 D EvsDriver: forwardFrame
05-27 18:58:45.086   299 30841 D EvsDriver: forwardFrame
05-27 18:58:45.087   581   581 I SpiService: fgesysctrl_getGPIO_status success val=1
05-27 18:58:45.088   299 30841 D EvsDriver: Delivered 0xb400007b7ca56a60 as id 0
05-27 18:58:45.088  1167  1184 D evsmanagerd: /dev/video4 forwarded the buffer #0 to 0xb4000074bf5f6850 from 0xb4000074bf5f41d0
05-27 18:58:45.088 30773 30782 E dvr_service_: [myNum:0] Received S**** loss
05-27 08:49:54.052   581   581 D spi_rst_gpio_get_output: GPIO 145 value: 1
05-27 08:49:54.052   581   581 D spidev_ioctl: gpio status=1)
05-27 18:58:45.089 13911 14183 I SentryImuMcuAngleSender: 179.99649rollDeg
05-27 18:58:45.089 13911 14183 I SentryImuMcuAngleSender: 1,0,0
05-27 18:58:45.090  1167  1184 D evsmanagerd: /dev/video6 forwarded the buffer #0 to 0xb4000074bf5f5510 from 0xb4000074bf5f6d90
05-27 18:58:45.090   299 30844 D EvsDriver: Delivered 0xb400007b7ca56900 as id 0
05-27 18:58:45.090 30773 30782 E dvr_service_: [myNum:1] Received S**** loss
05-27 18:58:45.090   299  1163 D EvsDriver: doneWithFrame
05-27 18:58:45.091   299  1153 D EvsDriver: doneWithFrame
05-27 18:58:45.093   581   581 I SpiService: fgesysctrl_getGPIO_status success val=1
05-27 08:49:54.058   581   581 D spi_rst_gpio_get_output: GPIO 145 value: 1
05-27 08:49:54.058   581   581 D spidev_ioctl: gpio status=1)
05-27 18:58:45.097 10041 10041 D Zygote  : Forked child process 18363
