05-27 18:58:51.826   351   516 D automotive.vehicle@2.0-adayo-func-bcm: BCMFunc sendMessageFromVehicle_l msgBuff[36]=0x0,start:3,len:1,temp:1,
05-27 18:58:51.826   351   516 D automotive.vehicle@2.0-adayo-func-bcm: BCMFunc sendMessageFromVehicle_l prop: 0x214000df ,areaId: 0x0  SPLITE_BIT_DATA_INTEGER : 0
05-27 18:58:51.826   351   516 D automotive.vehicle@2.0-adayo-func-bcm: BCMFunc sendMessageFromVehicle_l id:557842655, area:0 not report! 
05-27 18:58:51.826   351   516 D automotive.vehicle@2.0-adayo-func-bcm: BCMFunc sendMessageFromVehicle_l dataType: 12,mByte=37,propid=0x214000e0
05-27 18:58:51.826   351   516 D automotive.vehicle@2.0-adayo-func-bcm: BCMFunc sendMessageFromVehicle_l msgBuff[37]=0x0,start:0,len:3,temp:3,
05-27 18:58:51.826   351   516 D automotive.vehicle@2.0-adayo-func-bcm: BCMFunc sendMessageFromVehicle_l prop: 0x214000e0 ,areaId: 0x0  SPLITE_BIT_DATA_INTEGER : 0
05-27 18:58:51.826   351   516 D automotive.vehicle@2.0-adayo-func-bcm: BCMFunc sendMessageFromVehicle_l id:557842656, area:0 not report! 
05-27 18:58:51.826   351   516 D automotive.vehicle@2.0-adayo-func-bcm: BCMFunc sendMessageFromVehicle_l dataType: 12,mByte=38,propid=0x216000e1
05-27 18:58:51.826   351   516 D automotive.vehicle@2.0-adayo-func-bcm: BCMFunc sendMessageFromVehicle_l msgBuff[38]=0x0,start:0,len:8,temp:8,
05-27 18:58:51.826   351   516 D automotive.vehicle@2.0-adayo-func-bcm: BCMFunc sendMessageFromVehicle_l prop: 0x216000e1 , SPLITE_BIT_DATA_INTEGER1 data:0
05-27 18:58:51.826   351   516 D automotive.vehicle@2.0-adayo-func-bcm: BCMFunc sendMessageFromVehicle_l prop: 0x216000e1 , SPLITE_BIT_DATA_INTEGER4 procotol.calc[0]:0.005000,procotol.calc[1]:-163.839996
05-27 18:58:51.826   351   516 D automotive.vehicle@2.0-adayo-func-bcm: BCMFunc sendMessageFromVehicle_l prop: 0x216000e1 ,areaId: 0x0  SPLITE_BIT_DATA_INTEGER : -163.839996,calc[0]:0.005000,calc[1]:-163.839996
05-27 18:58:51.826   351   516 D automotive.vehicle@2.0-adayo-func-bcm: BCMFunc sendMessageFromVehicle_l id:559939809, area:0 not report! 
05-27 18:58:51.826   351   516 D automotive.vehicle@2.0-adayo-func-bcm: BCMFunc sendMessageFromVehicle_l dataType: 12,mByte=39,propid=0x214000e2
05-27 18:58:51.826   351   516 D automotive.vehicle@2.0-adayo-func-bcm: BCMFunc sendMessageFromVehicle_l msgBuff[39]=0x0,start:0,len:8,temp:8,
05-27 18:58:51.826   351   516 D automotive.vehicle@2.0-adayo-func-bcm: BCMFunc sendMessageFromVehicle_l prop: 0x214000e2 ,areaId: 0x0  SPLITE_BIT_DATA_INTEGER : 0
05-27 18:58:51.826   351   516 D automotive.vehicle@2.0-adayo-func-bcm: BCMFunc sendMessageFromVehicle_l id:557842658, area:0 not report! 
05-27 18:58:51.826   351   516 D automotive.vehicle@2.0-adayo-func-bcm: BCMFunc sendMessageFromVehicle_l dataType: 12,mByte=40,propid=0x214000e3
05-27 18:58:51.826   351   516 D automotive.vehicle@2.0-adayo-func-bcm: BCMFunc sendMessageFromVehicle_l msgBuff[40]=0x0,start:0,len:4,temp:4,
05-27 18:58:51.826   351   516 D automotive.vehicle@2.0-adayo-func-bcm: BCMFunc sendMessageFromVehicle_l prop: 0x214000e3 ,areaId: 0x0  SPLITE_BIT_DATA_INTEGER : 0
05-27 18:58:51.826   351   516 D automotive.vehicle@2.0-adayo-func-bcm: BCMFunc sendMessageFromVehicle_l id:557842659, area:0 not report! 
05-27 18:58:51.826   351   516 D automotive.vehicle@2.0-adayo-func-bcm: BCMFunc sendMessageFromVehicle_l dataType: 12,mByte=40,propid=0x214000e4
05-27 18:58:51.826   351   516 D automotive.vehicle@2.0-adayo-func-bcm: BCMFunc sendMessageFromVehicle_l msgBuff[40]=0x0,start:4,len:4,temp:4,
05-27 18:58:51.826   351   516 D automotive.vehicle@2.0-adayo-func-bcm: BCMFunc sendMessageFromVehicle_l prop: 0x214000e4 ,areaId: 0x0  SPLITE_BIT_DATA_INTEGER : 0
05-27 18:58:51.826   351   516 D automotive.vehicle@2.0-adayo-func-bcm: BCMFunc sendMessageFromVehicle_l id:557842660, area:0 not report! 
05-27 18:58:51.826   351   516 D automotive.vehicle@2.0-adayo-func-bcm: BCMFunc sendMessageFromVehicle_l dataType: 12,mByte=41,propid=0x214000e5
05-27 18:58:51.826   351   516 D automotive.vehicle@2.0-adayo-func-bcm: BCMFunc sendMessageFromVehicle_l msgBuff[41]=0x0,start:0,len:8,temp:8,
05-27 18:58:51.826   351   516 D automotive.vehicle@2.0-adayo-func-bcm: BCMFunc sendMessageFromVehicle_l prop: 0x214000e5 ,areaId: 0x0  SPLITE_BIT_DATA_INTEGER : 0
05-27 18:58:51.826   351   516 D automotive.vehicle@2.0-adayo-func-bcm: BCMFunc sendMessageFromVehicle_l id:557842661, area:0 not report! 
05-27 18:58:51.826   351   516 D automotive.vehicle@2.0-adayo-func-bcm: BCMFunc sendMessageFromVehicle_l dataType: 12,mByte=42,propid=0x216000e6
05-27 18:58:51.826   351   516 D automotive.vehicle@2.0-adayo-func-bcm: BCMFunc sendMessageFromVehicle_l msgBuff[42]=0x0,start:0,len:8,temp:8,
05-27 18:58:51.827   351   516 D automotive.vehicle@2.0-adayo-func-bcm: BCMFunc sendMessageFromVehicle_l prop: 0x216000e6 , SPLITE_BIT_DATA_INTEGER1 data:0
05-27 18:58:51.827   351   516 D automotive.vehicle@2.0-adayo-func-bcm: BCMFunc sendMessageFromVehicle_l prop: 0x216000e6 , SPLITE_BIT_DATA_INTEGER4 procotol.calc[0]:0.000127,procotol.calc[1]:-4.176800
05-27 18:58:51.827   351   516 D automotive.vehicle@2.0-adayo-func-bcm: BCMFunc sendMessageFromVehicle_l prop: 0x216000e6 ,areaId: 0x0  SPLITE_BIT_DATA_INTEGER : -4.176800,calc[0]:0.000127,calc[1]:-4.176800
05-27 18:58:51.827   351   516 D automotive.vehicle@2.0-adayo-func-bcm: BCMFunc sendMessageFromVehicle_l id:559939814, area:0 not report! 
05-27 18:58:51.827   351   516 D automotive.vehicle@2.0-adayo-func-bcm: BCMFunc sendMessageFromVehicle_l dataType: 12,mByte=43,propid=0x214000e7
05-27 18:58:51.827   351   516 D automotive.vehicle@2.0-adayo-func-bcm: BCMFunc sendMessageFromVehicle_l msgBuff[43]=0x0,start:0,len:8,temp:8,
05-27 18:58:51.827   351   516 D automotive.vehicle@2.0-adayo-func-bcm: BCMFunc sendMessageFromVehicle_l prop: 0x214000e7 ,areaId: 0x0  SPLITE_BIT_DATA_INTEGER : 0
05-27 18:58:51.827   351   516 D automotive.vehicle@2.0-adayo-func-bcm: BCMFunc sendMessageFromVehicle_l id:557842663, area:0 not report! 
05-27 18:58:51.827   351   516 D automotive.vehicle@2.0-adayo-func-bcm: BCMFunc sendMessageFromVehicle_l dataType: 12,mByte=44,propid=0x214000e8
05-27 18:58:51.827   351   516 D automotive.vehicle@2.0-adayo-func-bcm: BCMFunc sendMessageFromVehicle_l msgBuff[44]=0x0,start:0,len:4,temp:4,
05-27 18:58:51.827   351   516 D automotive.vehicle@2.0-adayo-func-bcm: BCMFunc sendMessageFromVehicle_l prop: 0x214000e8 ,areaId: 0x0  SPLITE_BIT_DATA_INTEGER : 0
05-27 18:58:51.827   351   516 D automotive.vehicle@2.0-adayo-func-bcm: BCMFunc sendMessageFromVehicle_l id:557842664, area:0 not report! 
05-27 18:58:51.827   351   516 D automotive.vehicle@2.0-adayo-func-bcm: BCMFunc sendMessageFromVehicle_l dataType: 12,mByte=44,propid=0x214000e9
05-27 18:58:51.827   351   516 D automotive.vehicle@2.0-adayo-func-bcm: BCMFunc sendMessageFromVehicle_l msgBuff[44]=0x0,start:4,len:4,temp:4,
05-27 18:58:51.827   351   516 D automotive.vehicle@2.0-adayo-func-bcm: BCMFunc sendMessageFromVehicle_l prop: 0x214000e9 ,areaId: 0x0  SPLITE_BIT_DATA_INTEGER : 0
05-27 18:58:51.827   351   516 D automotive.vehicle@2.0-adayo-func-bcm: BCMFunc sendMessageFromVehicle_l id:557842665, area:0 not report! 
05-27 18:58:51.827   351   516 D automotive.vehicle@2.0-adayo-func-bcm: BCMFunc sendMessageFromVehicle_l dataType: 12,mByte=45,propid=0x214000ea
05-27 18:58:51.827   351   516 D automotive.vehicle@2.0-adayo-func-bcm: BCMFunc sendMessageFromVehicle_l msgBuff[45]=0x0,start:0,len:8,temp:8,
05-27 18:58:51.827   351   516 D automotive.vehicle@2.0-adayo-func-bcm: BCMFunc sendMessageFromVehicle_l prop: 0x214000ea ,areaId: 0x0  SPLITE_BIT_DATA_INTEGER : 0
05-27 18:58:51.827   351   516 D automotive.vehicle@2.0-adayo-func-bcm: BCMFunc sendMessageFromVehicle_l id:557842666, area:0 not report! 
05-27 18:58:51.827   351   516 D automotive.vehicle@2.0-adayo-func-bcm: BCMFunc sendMessageFromVehicle_l dataType: 12,mByte=46,propid=0x214000eb
05-27 18:58:51.827   351   516 D automotive.vehicle@2.0-adayo-func-bcm: BCMFunc sendMessageFromVehicle_l msgBuff[46]=0x0,start:0,len:8,temp:8,
05-27 18:58:51.827   351   516 D automotive.vehicle@2.0-adayo-func-bcm: BCMFunc sendMessageFromVehicle_l prop: 0x214000eb ,areaId: 0x0  SPLITE_BIT_DATA_INTEGER : 0
05-27 18:58:51.827   351   516 D automotive.vehicle@2.0-adayo-func-bcm: BCMFunc sendMessageFromVehicle_l id:557842667, area:0 not report! 
05-27 18:58:51.827   351   516 D automotive.vehicle@2.0-adayo-func-bcm: BCMFunc sendMessageFromVehicle_l dataType: 12,mByte=47,propid=0x214000ec
05-27 18:58:51.827   351   516 D automotive.vehicle@2.0-adayo-func-bcm: BCMFunc sendMessageFromVehicle_l msgBuff[47]=0x0,start:0,len:8,temp:8,
05-27 18:58:51.827   351   516 D automotive.vehicle@2.0-adayo-func-bcm: BCMFunc sendMessageFromVehicle_l prop: 0x214000ec ,areaId: 0x0  SPLITE_BIT_DATA_INTEGER : 0
05-27 18:58:51.827   351   516 D automotive.vehicle@2.0-adayo-func-bcm: BCMFunc sendMessageFromVehicle_l id:557842668, area:0 not report! 
05-27 18:58:51.827   351   516 D automotive.vehicle@2.0-adayo-func-bcm: BCMFunc sendMessageFromVehicle_l dataType: 12,mByte=48,propid=0x214000ed
05-27 18:58:51.827   351   516 D automotive.vehicle@2.0-adayo-func-bcm: BCMFunc sendMessageFromVehicle_l msgBuff[48]=0x0,start:0,len:4,temp:4,
05-27 18:58:51.827   351   516 D automotive.vehicle@2.0-adayo-func-bcm: BCMFunc sendMessageFromVehicle_l prop: 0x214000ed ,areaId: 0x0  SPLITE_BIT_DATA_INTEGER : 0
05-27 18:58:51.827   351   516 D automotive.vehicle@2.0-adayo-func-bcm: BCMFunc sendMessageFromVehicle_l id:557842669, area:0 not report! 
05-27 18:58:51.827   351   516 D automotive.vehicle@2.0-adayo-func-bcm: BCMFunc sendMessageFromVehicle_l dataType: 12,mByte=48,propid=0x214000ee
05-27 18:58:51.827   351   516 D automotive.vehicle@2.0-adayo-func-bcm: BCMFunc sendMessageFromVehicle_l msgBuff[48]=0x0,start:4,len:4,temp:4,
05-27 18:58:51.827   351   516 D automotive.vehicle@2.0-adayo-func-bcm: BCMFunc sendMessageFromVehicle_l prop: 0x214000ee ,areaId: 0x0  SPLITE_BIT_DATA_INTEGER : 0
05-27 18:58:51.827   351   516 D automotive.vehicle@2.0-adayo-func-bcm: BCMFunc sendMessageFromVehicle_l id:557842670, area:0 not report! 
05-27 18:58:51.827   351   516 D automotive.vehicle@2.0-adayo-func-bcm: BCMFunc sendMessageFromVehicle_l dataType: 12,mByte=49,propid=0x214000ef
05-27 18:58:51.827   351   516 D automotive.vehicle@2.0-adayo-func-bcm: BCMFunc sendMessageFromVehicle_l msgBuff[49]=0x0,start:0,len:8,temp:8,
05-27 18:58:51.827   351   516 D automotive.vehicle@2.0-adayo-func-bcm: BCMFunc sendMessageFromVehicle_l prop: 0x214000ef ,areaId: 0x0  SPLITE_BIT_DATA_INTEGER : 0
05-27 18:58:51.827   351   516 D automotive.vehicle@2.0-adayo-func-bcm: BCMFunc sendMessageFromVehicle_l id:557842671, area:0 not report! 
05-27 18:58:51.827   351   516 D automotive.vehicle@2.0-adayo-func-bcm: BCMFunc sendMessageFromVehicle_l dataType: 12,mByte=50,propid=0x21400108
05-27 18:58:51.827   351   516 D automotive.vehicle@2.0-adayo-func-bcm: BCMFunc sendMessageFromVehicle_l msgBuff[50]=0x0,start:5,len:1,temp:1,
05-27 18:58:51.827   351   516 D automotive.vehicle@2.0-adayo-func-bcm: BCMFunc sendMessageFromVehicle_l prop: 0x21400108 ,areaId: 0x0  SPLITE_BIT_DATA_INTEGER : 0
05-27 18:58:51.827   351   516 D automotive.vehicle@2.0-adayo-func-bcm: BCMFunc sendMessageFromVehicle_l id:557842696, area:0 not report! 
05-27 18:58:51.827   351   516 D automotive.vehicle@2.0-adayo-func-bcm: BCMFunc sendMessageFromVehicle_l dataType: 12,mByte=51,propid=0x21400109
05-27 18:58:51.828   351   516 D automotive.vehicle@2.0-adayo-func-bcm: BCMFunc sendMessageFromVehicle_l msgBuff[51]=0x0,start:5,len:1,temp:1,
05-27 18:58:51.828   351   516 D automotive.vehicle@2.0-adayo-func-bcm: BCMFunc sendMessageFromVehicle_l prop: 0x21400109 ,areaId: 0x0  SPLITE_BIT_DATA_INTEGER : 0
05-27 18:58:51.828   351   516 D automotive.vehicle@2.0-adayo-func-bcm: BCMFunc sendMessageFromVehicle_l id:557842697, area:0 not report! 
05-27 18:58:51.828   351   516 D automotive.vehicle@2.0-adayo-func-bcm: BCMFunc sendMessageFromVehicle_l dataType: 12,mByte=52,propid=0x21400105
05-27 18:58:51.828   351   516 D automotive.vehicle@2.0-adayo-func-bcm: BCMFunc sendMessageFromVehicle_l msgBuff[52]=0x0,start:3,len:3,temp:3,
05-27 18:58:51.828   351   516 D automotive.vehicle@2.0-adayo-func-bcm: BCMFunc sendMessageFromVehicle_l prop: 0x21400105 ,areaId: 0x0  SPLITE_BIT_DATA_INTEGER : 0
05-27 18:58:51.828   351   516 D automotive.vehicle@2.0-adayo-func-bcm: BCMFunc sendMessageFromVehicle_l id:557842693, area:0 not report! 
05-27 18:58:51.829   581   581 I SpiService: fgesysctrl_getGPIO_status success val=1
05-27 08:50:00.793   581   581 D spi_rst_gpio_get_output: GPIO 145 value: 1
05-27 08:50:00.793   581   581 D spidev_ioctl: gpio status=1)
05-27 18:58:51.834   581   581 I SpiService: fgesysctrl_getGPIO_status success val=1
05-27 18:58:51.837   283   307 I rvcservice: t.code = 3, t.value = 0
05-27 08:50:00.799   581   581 D spi_rst_gpio_get_output: GPIO 145 value: 1
05-27 08:50:00.799   581   581 D spidev_ioctl: gpio status=1)
05-27 18:58:51.840   581   581 I SpiService: fgesysctrl_getGPIO_status success val=1
05-27 18:58:51.840 13911 14183 I SentryImuMcuAngleSender: 179.99649rollDeg
05-27 18:58:51.840 13911 14183 I SentryImuMcuAngleSender: 1,0,0
05-27 08:50:00.804   581   581 D spi_rst_gpio_get_output: GPIO 145 value: 1
05-27 08:50:00.804   581   581 D spidev_ioctl: gpio status=1)
05-27 18:58:51.841  1008 30856 D [OMXB]  : usingANWBuffer: handle:0xee742950, format:1, w:1920, h:1080
05-27 18:58:51.845   581   581 I SpiService: fgesysctrl_getGPIO_status success val=0
05-27 18:58:51.846   481   597 I mcuc    : send SPI:6AA602E59700028900F7
05-27 18:58:51.846   299 30841 D EvsDriver: forwardFrame
05-27 18:58:51.847   299 30844 D EvsDriver: forwardFrame
05-27 18:58:51.848   536   536 D commservice260303: msg.id = 1028,3
05-27 18:58:51.848   536   536 D commservice260303: i = 170, msgid = 8A000404
05-27 18:58:51.848   536   536 D commservice260303: msgid = -1979710460,did=138
05-27 18:58:51.848   536   536 D commservice260303: CommProtocolLibCmdBaseI2C::dataproc {"command":{"id":"imu_status","sub":""},"content":{"TimeStamp":11,"FrameCounter":267514,"GD_X":-0.011147825978696346,"GD_Y":0.005345047451555729,"GD_Z":0.0016030981205403805,"AD_X":-0.003317803144454956,"AD_Y":-1.1578871635720134E-4,"AD_Z":-0.17193889617919922,"TempDsp":0,"Status":0,"CalibState":1,"SigAmpInvalid":0}},-1979710460
05-27 18:58:51.848  1167  1479 D evsmanagerd: /dev/video4 forwarded the buffer #0 to 0xb4000074bf5f6850 from 0xb4000074bf5f41d0
05-27 18:58:51.848   536   536 D commservice260303: send2Cluster len:318, 7B22636F6D6D616E64223A7B226964223A22696D755F737461747573222C22737562223A22227D2C22636F6E74656E74223A7B2254696D655374616D70223A31312C224672616D65436F756E746572223A3236373531342C2247445F58223A2D302E3031313134373832353937383639363334362C2247445F59223A302E3030353334353034373435313535353732392C2247445F5A223A302E303031363033303938313230353430333830352C2241445F58223A2D302E3030333331373830333134343435343935362C2241445F59223A2D312E31353738383731363335373230313334452D342C2241445F5A223A2D302E31373139333838393631373931393932322C2254656D70447370223A302C22537461747573223A302C2243616C69625374617465223A312C22536967416D70496E76616C6964223A307D7D, 138 
05-27 18:58:51.848   536   536 D commservice260303: Push Message into SendPool fn=-229243904
05-27 18:58:51.849   536   536 D commservice260303: ComProtocolLibSend2Cluster::send2ClusterRaw fn=-229243904 , len=334
05-27 18:58:51.849   536   536 D commservice260303: sendCmdToPort :334!!!
05-27 08:50:00.810   581   581 D spi_rst_gpio_get_output: GPIO 145 value: 0
05-27 08:50:00.810   581   581 D spidev_ioctl: gpio status=0)
05-27 18:58:51.849   299 30844 D EvsDriver: Delivered 0xb400007b7ca56900 as id 0
05-27 18:58:51.849   536   536 D commservice260303: send Cmd To Port ++++5AA5014A8A01000456F26A16CE6B7B22636F6D6D616E64223A7B226964223A22696D755F737461747573222C22737562223A22227D2C22636F6E74656E74223A7B2254696D655374616D70223A31312C224672616D65436F756E746572223A3236373531342C2247445F58223A2D302E3031313134373832353937383639363334362C2247445F59223A302E3030353334353034373435313535353732392C2247445F5A223A302E303031363033303938313230353430333830352C2241445F58223A2D302E3030333331373830333134343435343935362C2241445F59223A2D312E31353738383731363335373230313334452D342C2241445F5A223A2D302E31373139333838393631373931393932322C2254656D70447370223A302C22537461747573223A302C2243616C69625374617465223A312C22536967416D70496E76616C6964223A307D7DE780
05-27 18:58:51.849   536   536 D commservice260303: bufferevent_write retrun value = 0
05-27 18:58:51.849   536   560 D commservice260303: client datas send succeed,send finish
05-27 18:58:51.850 13911 14192 D Sentinelmode_1.2.5.17_sentry: <SentryImuClusterFgeSender>imu_status sent to Linux, frame=267514, tsNs=11399086, tsMs=11, intervalMs=44, ad=(-0.0033178031,-1.15788716E-4,-0.1719389), gd=(-0.011147826,0.0053450475,0.0016030981)
05-27 18:58:51.852  1167  1479 D evsmanagerd: /dev/video6 forwarded the buffer #0 to 0xb4000074bf5f5510 from 0xb4000074bf5f6d90
05-27 18:58:51.852   299 30841 D EvsDriver: Delivered 0xb400007b7ca56a60 as id 0
05-27 18:58:51.852   299  1153 D EvsDriver: doneWithFrame
05-27 18:58:51.856   299  1153 D EvsDriver: doneWithFrame
05-27 18:58:51.861 13911 14183 I SentryImuMcuAngleSender: -179.993rollDeg
05-27 18:58:51.861 13911 14183 I SentryImuMcuAngleSender: 1,0,0
05-27 18:58:51.862   581   581 I SpiService: fgesysctrl_getGPIO_status success val=1
05-27 18:58:51.862  1008 30857 D [OMXB]  : usingANWBuffer: handle:0xee744210, format:1, w:1920, h:1080
05-27 18:58:51.862 10188 11505 E SSense.fps: We could not find the file :/sys/class/display/dispc0/frame_count
05-27 08:50:00.826   581   581 D spi_rst_gpio_get_output: GPIO 145 value: 1
05-27 08:50:00.826   581   581 D spidev_ioctl: gpio status=1)
05-27 18:58:51.867   581   581 I SpiService: fgesysctrl_getGPIO_status success val=1
05-27 08:50:00.832   581   581 D spi_rst_gpio_get_output: GPIO 145 value: 1
05-27 08:50:00.832   581   581 D spidev_ioctl: gpio status=1)
05-27 18:58:51.873   581   581 I SpiService: fgesysctrl_getGPIO_status success val=1
05-27 08:50:00.837   581   581 D spi_rst_gpio_get_output: GPIO 145 value: 1
05-27 08:50:00.837   581   581 D spidev_ioctl: gpio status=1)
05-27 18:58:51.878   581   581 I SpiService: fgesysctrl_getGPIO_status success val=1
05-27 08:50:00.843   581   581 D spi_rst_gpio_get_output: GPIO 145 value: 1
05-27 08:50:00.843   581   581 D spidev_ioctl: gpio status=1)
05-27 18:58:51.882  1008 30856 D [OMXB]  : usingANWBuffer: handle:0xee742270, format:1, w:1920, h:1080
05-27 18:58:51.882 13911 14183 I SentryImuMcuAngleSender: -179.9895rollDeg
05-27 18:58:51.882 13911 14183 I SentryImuMcuAngleSender: 1,0,0
05-27 18:58:51.884   581   581 I SpiService: fgesysctrl_getGPIO_status success val=1
05-27 08:50:00.848   581   581 D spi_rst_gpio_get_output: GPIO 145 value: 1
05-27 08:50:00.848   581   581 D spidev_ioctl: gpio status=1)
05-27 18:58:51.885   299 30844 D EvsDriver: forwardFrame
05-27 18:58:51.886   299 30841 D EvsDriver: forwardFrame
05-27 18:58:51.887   536   536 D commservice260303: msg.id = 1028,1
05-27 18:58:51.887   299 30844 D EvsDriver: Delivered 0xb400007b7ca56900 as id 0
05-27 18:58:51.887   536   536 D commservice260303: i = 170, msgid = 8A000404
05-27 18:58:51.887   536   536 D commservice260303: msgid = -1979710460,did=138
05-27 18:58:51.887   536   536 D commservice260303: CommProtocolLibCmdBaseI2C::dataproc {"command":{"id":"imu_status","sub":""},"content":{"TimeStamp":11,"FrameCounter":267515,"GD_X":-0.01153013575822115,"GD_Y":0.00549693126231432,"GD_Z":0.0016030981205403805,"AD_X":-0.005743756890296936,"AD_Y":-0.0025412230752408504,"AD_Z":-0.1749897003173828,"TempDsp":0,"Status":0,"CalibState":1,"SigAmpInvalid":0}},-1979710460
05-27 18:58:51.887  1167  1479 D evsmanagerd: /dev/video6 forwarded the buffer #0 to 0xb4000074bf5f5510 from 0xb4000074bf5f6d90
05-27 18:58:51.887   536   536 D commservice260303: send2Cluster len:315, 7B22636F6D6D616E64223A7B226964223A22696D755F737461747573222C22737562223A22227D2C22636F6E74656E74223A7B2254696D655374616D70223A31312C224672616D65436F756E746572223A3236373531352C2247445F58223A2D302E30313135333031333537353832323131352C2247445F59223A302E30303534393639333132363233313433322C2247445F5A223A302E303031363033303938313230353430333830352C2241445F58223A2D302E3030353734333735363839303239363933362C2241445F59223A2D302E303032353431323233303735323430383530342C2241445F5A223A2D302E313734393839373030333137333832382C2254656D70447370223A302C22537461747573223A302C2243616C69625374617465223A312C22536967416D70496E76616C6964223A307D7D, 138 
05-27 18:58:51.887   536   536 D commservice260303: Push Message into SendPool fn=-212466688
05-27 18:58:51.887   536   536 D commservice260303: ComProtocolLibSend2Cluster::send2ClusterRaw fn=-212466688 , len=331
05-27 18:58:51.887   536   536 D commservice260303: sendCmdToPort :331!!!
05-27 18:58:51.887  1167  1479 D evsmanagerd: /dev/video4 forwarded the buffer #0 to 0xb4000074bf5f6850 from 0xb4000074bf5f41d0
05-27 18:58:51.887   299 30841 D EvsDriver: Delivered 0xb400007b7ca56a60 as id 0
05-27 18:58:51.887   536   536 D commservice260303: send Cmd To Port ++++5AA501478A01000456F36A16CE6B7B22636F6D6D616E64223A7B226964223A22696D755F737461747573222C22737562223A22227D2C22636F6E74656E74223A7B2254696D655374616D70223A31312C224672616D65436F756E746572223A3236373531352C2247445F58223A2D302E30313135333031333537353832323131352C2247445F59223A302E30303534393639333132363233313433322C2247445F5A223A302E303031363033303938313230353430333830352C2241445F58223A2D302E3030353734333735363839303239363933362C2241445F59223A2D302E303032353431323233303735323430383530342C2241445F5A223A2D302E313734393839373030333137333832382C2254656D70447370223A302C22537461747573223A302C2243616C69625374617465223A312C22536967416D70496E76616C6964223A307D7DB10F
05-27 18:58:51.888   536   536 D commservice260303: bufferevent_write retrun value = 0
05-27 18:58:51.888   536   560 D commservice260303: client datas send succeed,send finish
05-27 18:58:51.888 13911 14192 D Sentinelmode_1.2.5.17_sentry: <SentryImuClusterFgeSender>imu_status sent to Linux, frame=267515, tsNs=11399123, tsMs=11, intervalMs=39, ad=(-0.005743757,-0.002541223,-0.1749897), gd=(-0.011530136,0.0054969313,0.0016030981)
05-27 18:58:51.889   581   581 I SpiService: fgesysctrl_getGPIO_status success val=0
05-27 18:58:51.889   299  1153 D EvsDriver: doneWithFrame
05-27 18:58:51.890   299  1163 D EvsDriver: doneWithFrame
05-27 08:50:00.854   581   581 D spi_rst_gpio_get_output: GPIO 145 value: 0
05-27 08:50:00.854   581   581 D spidev_ioctl: gpio status=0)
05-27 18:58:51.902 13911 14183 I SentryImuMcuAngleSender: -179.993rollDeg
05-27 18:58:51.902 13911 14183 I SentryImuMcuAngleSender: 1,0,0
05-27 18:58:51.904   581   581 I SpiService: fgesysctrl_getGPIO_status success val=1
05-27 08:50:00.868   581   581 D spi_rst_gpio_get_output: GPIO 145 value: 1
05-27 08:50:00.868   581   581 D spidev_ioctl: gpio status=1)
05-27 18:58:51.906  1008 30857 D [OMXB]  : usingANWBuffer: handle:0xee740e80, format:1, w:1920, h:1080
05-27 18:58:51.909   581   581 I SpiService: fgesysctrl_getGPIO_status success val=1
05-27 08:50:00.874   581   581 D spi_rst_gpio_get_output: GPIO 145 value: 1
05-27 08:50:00.874   581   581 D spidev_ioctl: gpio status=1)
05-27 18:58:51.915   299 30841 D EvsDriver: forwardFrame
05-27 18:58:51.915   581   581 I SpiService: fgesysctrl_getGPIO_status success val=1
05-27 08:50:00.880   581   581 D spi_rst_gpio_get_output: GPIO 145 value: 1
05-27 08:50:00.880   581   581 D spidev_ioctl: gpio status=1)
05-27 18:58:51.917  1167  1479 D evsmanagerd: /dev/video4 forwarded the buffer #0 to 0xb4000074bf5f6850 from 0xb4000074bf5f41d0
05-27 18:58:51.917   299 30841 D EvsDriver: Delivered 0xb400007b7ca56a60 as id 0
05-27 18:58:51.918 30773 30782 E dvr_service_: [myNum:0] Received S**** loss
05-27 18:58:51.918   299  1153 D EvsDriver: doneWithFrame
05-27 18:58:51.920  1008 30856 D [OMXB]  : usingANWBuffer: handle:0xee741da0, format:1, w:1920, h:1080
05-27 18:58:51.921   581   581 I SpiService: fgesysctrl_getGPIO_status success val=1
05-27 18:58:51.923 13911 14183 I SentryImuMcuAngleSender: -179.99649rollDeg
05-27 18:58:51.924 13911 14183 I SentryImuMcuAngleSender: 1,0,0
05-27 08:50:00.885   581   581 D spi_rst_gpio_get_output: GPIO 145 value: 1
05-27 08:50:00.885   581   581 D spidev_ioctl: gpio status=1)
05-27 18:58:51.925   572   572 I Sensors : 230 AccelSensor: x:-0.174459,y:-0.000610,z:-9.977160
05-27 18:58:51.926   299 30844 D EvsDriver: forwardFrame
05-27 18:58:51.927   581   581 I SpiService: fgesysctrl_getGPIO_status success val=1
05-27 18:58:51.928   299 30844 D EvsDriver: Delivered 0xb400007b7ca56900 as id 0
05-27 18:58:51.928  1167  1479 D evsmanagerd: /dev/video6 forwarded the buffer #0 to 0xb4000074bf5f5510 from 0xb4000074bf5f6d90
05-27 18:58:51.928 30773 30782 E dvr_service_: [myNum:1] Received S**** loss
05-27 18:58:51.929   536   536 D commservice260303: msg.id = 1028,1
05-27 18:58:51.929   536   536 D commservice260303: i = 170, msgid = 8A000404
05-27 18:58:51.929   536   536 D commservice260303: msgid = -1979710460,did=138
05-27 18:58:51.929   536   536 D commservice260303: CommProtocolLibCmdBaseI2C::dataproc {"command":{"id":"imu_status","sub":""},"content":{"TimeStamp":11,"FrameCounter":267516,"GD_X":-0.011147825978696346,"GD_Y":0.005039200186729431,"GD_Z":0.002213752595707774,"AD_X":-0.006923049688339233,"AD_Y":-0.0013073014561086893,"AD_Z":-0.17193889617919922,"TempDsp":0,"Status":0,"CalibState":1,"SigAmpInvalid":0}},-1979710460
05-27 18:58:51.929   299  1153 D EvsDriver: doneWithFrame
05-27 18:58:51.929   536   536 D commservice260303: send2Cluster len:317, 7B22636F6D6D616E64223A7B226964223A22696D755F737461747573222C22737562223A22227D2C22636F6E74656E74223A7B2254696D655374616D70223A31312C224672616D65436F756E746572223A3236373531362C2247445F58223A2D302E3031313134373832353937383639363334362C2247445F59223A302E3030353033393230303138363732393433312C2247445F5A223A302E3030323231333735323539353730373737342C2241445F58223A2D302E3030363932333034393638383333393233332C2241445F59223A2D302E303031333037333031343536313038363839332C2241445F5A223A2D302E31373139333838393631373931393932322C2254656D70447370223A302C22537461747573223A302C2243616C69625374617465223A312C22536967416D70496E76616C6964223A307D7D, 138 
05-27 18:58:51.929   536   536 D commservice260303: Push Message into SendPool fn=-195689472
05-27 18:58:51.929   536   536 D commservice260303: ComProtocolLibSend2Cluster::send2ClusterRaw fn=-195689472 , len=333
05-27 18:58:51.929   536   536 D commservice260303: sendCmdToPort :333!!!
05-27 18:58:51.929   536   536 D commservice260303: send Cmd To Port ++++5AA501498A01000456F46A16CE6B7B22636F6D6D616E64223A7B226964223A22696D755F737461747573222C22737562223A22227D2C22636F6E74656E74223A7B2254696D655374616D70223A31312C224672616D65436F756E746572223A3236373531362C2247445F58223A2D302E3031313134373832353937383639363334362C2247445F59223A302E3030353033393230303138363732393433312C2247445F5A223A302E3030323231333735323539353730373737342C2241445F58223A2D302E3030363932333034393638383333393233332C2241445F59223A2D302E303031333037333031343536313038363839332C2241445F5A223A2D302E31373139333838393631373931393932322C2254656D70447370223A302C22537461747573223A302C2243616C69625374617465223A312C22536967416D70496E76616C6964223A307D7D8794
05-27 18:58:51.930   536   536 D commservice260303: bufferevent_write retrun value = 0
05-27 18:58:51.930   536   560 D commservice260303: client datas send succeed,send finish
05-27 08:50:00.892   581   581 D spi_rst_gpio_get_output: GPIO 145 value: 1
05-27 08:50:00.892   581   581 D spidev_ioctl: gpio status=1)
05-27 18:58:51.930 13911 14192 D Sentinelmode_1.2.5.17_sentry: <SentryImuClusterFgeSender>imu_status sent to Linux, frame=267516, tsNs=11399175, tsMs=11, intervalMs=42, ad=(-0.0069230497,-0.0013073015,-0.1719389), gd=(-0.011147826,0.0050392,0.0022137526)
05-27 18:58:51.933   581   581 I SpiService: fgesysctrl_getGPIO_status success val=0
05-27 18:58:51.935  1008 30857 D [OMXB]  : usingANWBuffer: handle:0xee7428a0, format:1, w:1920, h:1080
05-27 08:50:00.897   581   581 D spi_rst_gpio_get_output: GPIO 145 value: 0
05-27 08:50:00.898   581   581 D spidev_ioctl: gpio status=0)
05-27 18:58:51.937   283   307 I rvcservice: t.code = 0, t.value = 1829
05-27 18:58:51.943 13911 14183 I SentryImuMcuAngleSender: 179.993rollDeg
05-27 18:58:51.944 13911 14183 I SentryImuMcuAngleSender: 1,0,0
05-27 18:58:51.948   581   581 I SpiService: fgesysctrl_getGPIO_status success val=1
05-27 08:50:00.912   581   581 D spi_rst_gpio_get_output: GPIO 145 value: 1
05-27 08:50:00.912   581   581 D spidev_ioctl: gpio status=1)
05-27 18:58:51.949 13911 13911 I Sentinelmode_1.2.5.17_sentry: <SentinelCarServiceManager>sensorType:291504647
05-27 18:58:51.950   299 30841 D EvsDriver: forwardFrame
05-27 18:58:51.950   299 30841 D EvsDriver: Delivered 0xb400007b7ca56a60 as id 0
05-27 18:58:51.950  1167  1479 D evsmanagerd: /dev/video4 forwarded the buffer #0 to 0xb4000074bf5f6850 from 0xb4000074bf5f41d0
05-27 18:58:51.952   299 30844 D EvsDriver: forwardFrame
05-27 18:58:51.952   299  1153 D EvsDriver: doneWithFrame
05-27 18:58:51.954   581   581 I SpiService: fgesysctrl_getGPIO_status success val=1
05-27 18:58:51.954   299 30844 D EvsDriver: Delivered 0xb400007b7ca56900 as id 0
05-27 18:58:51.954  1167  1479 D evsmanagerd: /dev/video6 forwarded the buffer #0 to 0xb4000074bf5f5510 from 0xb4000074bf5f6d90
05-27 08:50:00.918   581   581 D spi_rst_gpio_get_output: GPIO 145 value: 1
05-27 08:50:00.918   581   581 D spidev_ioctl: gpio status=1)
05-27 18:58:51.958   299  1153 D EvsDriver: doneWithFrame
05-27 18:58:51.960   581   581 I SpiService: fgesysctrl_getGPIO_status success val=1
05-27 08:50:00.925   581   581 D spi_rst_gpio_get_output: GPIO 145 value: 1
05-27 08:50:00.925   581   581 D spidev_ioctl: gpio status=1)
05-27 18:58:51.961  1008 30856 D [OMXB]  : usingANWBuffer: handle:0xee746c00, format:1, w:1920, h:1080
05-27 18:58:51.965 13911 14183 I SentryImuMcuAngleSender: 179.993rollDeg
05-27 18:58:51.965 13911 14183 I SentryImuMcuAngleSender: 1,0,0
05-27 18:58:51.966   581   581 I SpiService: fgesysctrl_getGPIO_status success val=1
05-27 08:50:00.931   581   581 D spi_rst_gpio_get_output: GPIO 145 value: 1
05-27 08:50:00.931   581   581 D spidev_ioctl: gpio status=1)
05-27 18:58:51.969   536   536 D commservice260303: msg.id = 1028,1
05-27 18:58:51.969   536   536 D commservice260303: i = 170, msgid = 8A000404
05-27 18:58:51.970   536   536 D commservice260303: msgid = -1979710460,did=138
05-27 18:58:51.970   536   536 D commservice260303: CommProtocolLibCmdBaseI2C::dataproc {"command":{"id":"imu_status","sub":""},"content":{"TimeStamp":11,"FrameCounter":267517,"GD_X":-0.010461229830980301,"GD_Y":0.005345047451555729,"GD_Z":0.0021378109231591225,"AD_X":-0.0026507973670959473,"AD_Y":5.20154251717031E-4,"AD_Z":-0.17071914672851562,"TempDsp":0,"Status":0,"CalibState":1,"SigAmpInvalid":0}},-1979710460
05-27 18:58:51.970   536   536 D commservice260303: send2Cluster len:316, 7B22636F6D6D616E64223A7B226964223A22696D755F737461747573222C22737562223A22227D2C22636F6E74656E74223A7B2254696D655374616D70223A31312C224672616D65436F756E746572223A3236373531372C2247445F58223A2D302E3031303436313232393833303938303330312C2247445F59223A302E3030353334353034373435313535353732392C2247445F5A223A302E303032313337383130393233313539313232352C2241445F58223A2D302E303032363530373937333637303935393437332C2241445F59223A352E3230313534323531373137303331452D342C2241445F5A223A2D302E31373037313931343637323835313536322C2254656D70447370223A302C22537461747573223A302C2243616C69625374617465223A312C22536967416D70496E76616C6964223A307D7D, 138 
05-27 18:58:51.970   536   536 D commservice260303: Push Message into SendPool fn=-178912256
05-27 18:58:51.970   536   536 D commservice260303: ComProtocolLibSend2Cluster::send2ClusterRaw fn=-178912256 , len=332
05-27 18:58:51.970   536   536 D commservice260303: sendCmdToPort :332!!!
05-27 18:58:51.970   536   536 D commservice260303: send Cmd To Port ++++5AA501488A01000456F56A16CE6B7B22636F6D6D616E64223A7B226964223A22696D755F737461747573222C22737562223A22227D2C22636F6E74656E74223A7B2254696D655374616D70223A31312C224672616D65436F756E746572223A3236373531372C2247445F58223A2D302E3031303436313232393833303938303330312C2247445F59223A302E3030353334353034373435313535353732392C2247445F5A223A302E303032313337383130393233313539313232352C2241445F58223A2D302E303032363530373937333637303935393437332C2241445F59223A352E3230313534323531373137303331452D342C2241445F5A223A2D302E31373037313931343637323835313536322C2254656D70447370223A302C22537461747573223A302C2243616C69625374617465223A312C22536967416D70496E76616C6964223A307D7DF938
05-27 18:58:51.970   536   536 D commservice260303: bufferevent_write retrun value = 0
05-27 18:58:51.970   536   560 D commservice260303: client datas send succeed,send finish
05-27 18:58:51.971 13911 14192 D Sentinelmode_1.2.5.17_sentry: <SentryImuClusterFgeSender>imu_status sent to Linux, frame=267517, tsNs=11399211, tsMs=11, intervalMs=40, ad=(-0.0026507974,5.2015425E-4,-0.17071915), gd=(-0.01046123,0.0053450475,0.002137811)
05-27 18:58:51.972   581   581 I SpiService: fgesysctrl_getGPIO_status success val=0
05-27 08:50:00.936   581   581 D spi_rst_gpio_get_output: GPIO 145 value: 0
05-27 08:50:00.936   581   581 D spidev_ioctl: gpio status=0)
05-27 18:58:51.973  1008 30857 D [OMXB]  : usingANWBuffer: handle:0xee741ae0, format:1, w:1920, h:1080
05-27 18:58:51.975 13911 14183 I SentryImuMcuAngleSender: [4, 18, 1, 0, 0],5
05-27 18:58:51.975 13911 14183 I McuCommManager: mcuCommSendcmd [4, 18, 1, 0, 0]
05-27 18:58:51.976 13911 14183 I SentryImuMcuAngleSender: true
05-27 18:58:51.976 13911 14183 W Sentinelmode_1.2.5.17_sentry: <SentryImuMcuAngleSender>MCU IMU send interval abnormal: 1002ms
05-27 18:58:51.982   299 30841 D EvsDriver: forwardFrame
05-27 18:58:51.984   299 30841 D EvsDriver: Delivered 0xb400007b7ca56a60 as id 0
05-27 18:58:51.984  1167  1479 D evsmanagerd: /dev/video4 forwarded the buffer #0 to 0xb4000074bf5f6850 from 0xb4000074bf5f41d0
05-27 18:58:51.984 13911 14183 I SentryImuMcuAngleSender: 179.99649rollDeg
05-27 18:58:51.984 13911 14183 I SentryImuMcuAngleSender: 1,0,0
05-27 08:50:00.951   581   581 D spi_rst_gpio_get_output: GPIO 145 value: 1
05-27 08:50:00.951   581   581 D spidev_ioctl: gpio status=1)
05-27 18:58:51.987   581   581 I SpiService: fgesysctrl_getGPIO_status success val=1
05-27 18:58:51.987   299 30844 D EvsDriver: forwardFrame
05-27 18:58:51.987   299  1153 D EvsDriver: doneWithFrame
05-27 18:58:51.988   299 30844 D EvsDriver: Delivered 0xb400007b7ca56900 as id 0
05-27 18:58:51.988  1167  1479 D evsmanagerd: /dev/video6 forwarded the buffer #0 to 0xb4000074bf5f5510 from 0xb4000074bf5f6d90
05-27 18:58:51.991   299  1153 D EvsDriver: doneWithFrame
05-27 18:58:51.992   581   581 I SpiService: fgesysctrl_getGPIO_status success val=1
05-27 18:58:51.994  1008 30856 D [OMXB]  : usingANWBuffer: handle:0xee7435b0, format:1, w:1920, h:1080
05-27 08:50:00.957   581   581 D spi_rst_gpio_get_output: GPIO 145 value: 1
05-27 08:50:00.957   581   581 D spidev_ioctl: gpio status=1)
05-27 18:58:51.998   581   581 I SpiService: fgesysctrl_getGPIO_status success val=1
05-27 08:50:00.963   581   581 D spi_rst_gpio_get_output: GPIO 145 value: 1
05-27 08:50:00.963   581   581 D spidev_ioctl: gpio status=1)
05-27 18:58:52.004   581   581 I SpiService: fgesysctrl_getGPIO_status success val=1
05-27 18:58:52.005 13911 14183 I SentryImuMcuAngleSender: 179.9895rollDeg
05-27 18:58:52.005 13911 14183 I SentryImuMcuAngleSender: 1,0,0
05-27 08:50:00.969   581   581 D spi_rst_gpio_get_output: GPIO 145 value: 1
05-27 08:50:00.969   581   581 D spidev_ioctl: gpio status=1)
05-27 18:58:52.008   536   536 D commservice260303: msg.id = 1028,0
05-27 18:58:52.008   536   536 D commservice260303: i = 170, msgid = 8A000404
05-27 18:58:52.008   536   536 D commservice260303: msgid = -1979710460,did=138
05-27 18:58:52.008   536   536 D commservice260303: CommProtocolLibCmdBaseI2C::dataproc {"command":{"id":"imu_status","sub":""},"content":{"TimeStamp":11,"FrameCounter":267518,"GD_X":-0.01091896090656519,"GD_Y":0.004963258747011423,"GD_Z":0.0021378109231591225,"AD_X":-0.002046361565589905,"AD_Y":0.0011259929742664099,"AD_Z":-0.17315959930419922,"TempDsp":0,"Status":0,"CalibState":1,"SigAmpInvalid":0}},-1979710460
05-27 18:58:52.009   536   536 D commservice260303: send2Cluster len:316, 7B22636F6D6D616E64223A7B226964223A22696D755F737461747573222C22737562223A22227D2C22636F6E74656E74223A7B2254696D655374616D70223A31312C224672616D65436F756E746572223A3236373531382C2247445F58223A2D302E30313039313839363039303635363531392C2247445F59223A302E3030343936333235383734373031313432332C2247445F5A223A302E303032313337383130393233313539313232352C2241445F58223A2D302E3030323034363336313536353538393930352C2241445F59223A302E303031313235393932393734323636343039392C2241445F5A223A2D302E31373331353935393933303431393932322C2254656D70447370223A302C22537461747573223A302C2243616C69625374617465223A312C22536967416D70496E76616C6964223A307D7D, 138 
05-27 18:58:52.009   536   536 D commservice260303: Push Message into SendPool fn=-162135040
05-27 18:58:52.009   536   536 D commservice260303: ComProtocolLibSend2Cluster::send2ClusterRaw fn=-162135040 , len=332
05-27 18:58:52.009   536   536 D commservice260303: sendCmdToPort :332!!!
05-27 18:58:52.009   536   536 D commservice260303: send Cmd To Port ++++5AA501488A01000456F66A16CE6C7B22636F6D6D616E64223A7B226964223A22696D755F737461747573222C22737562223A22227D2C22636F6E74656E74223A7B2254696D655374616D70223A31312C224672616D65436F756E746572223A3236373531382C2247445F58223A2D302E30313039313839363039303635363531392C2247445F59223A302E3030343936333235383734373031313432332C2247445F5A223A302E303032313337383130393233313539313232352C2241445F58223A2D302E3030323034363336313536353538393930352C2241445F59223A302E303031313235393932393734323636343039392C2241445F5A223A2D302E31373331353935393933303431393932322C2254656D70447370223A302C22537461747573223A302C2243616C69625374617465223A312C22536967416D70496E76616C6964223A307D7D8E03
05-27 18:58:52.009   536   536 D commservice260303: bufferevent_write retrun value = 0
05-27 18:58:52.009   536   560 D commservice260303: client datas send succeed,send finish
05-27 18:58:52.009 13911 14192 D Sentinelmode_1.2.5.17_sentry: <SentryImuClusterFgeSender>imu_status sent to Linux, frame=267518, tsNs=11399247, tsMs=11, intervalMs=39, ad=(-0.0020463616,0.001125993,-0.1731596), gd=(-0.010918961,0.0049632587,0.002137811)
05-27 18:58:52.011   581   581 I SpiService: fgesysctrl_getGPIO_status success val=1
05-27 08:50:00.975   581   581 D spi_rst_gpio_get_output: GPIO 145 value: 1
05-27 08:50:00.975   581   581 D spidev_ioctl: gpio status=1)
05-27 18:58:52.013   572   622 I Sensors : 230 GyroSensor: x:-0.010613,y:0.004581,z:0.002367
05-27 18:58:52.014   299 30844 D EvsDriver: forwardFrame
05-27 18:58:52.015   299 30844 D EvsDriver: Delivered 0xb400007b7ca56900 as id 0
05-27 18:58:52.015  1167  1479 D evsmanagerd: /dev/video6 forwarded the buffer #0 to 0xb4000074bf5f5510 from 0xb4000074bf5f6d90
05-27 18:58:52.016  1008 30857 D [OMXB]  : usingANWBuffer: handle:0xee744000, format:1, w:1920, h:1080
05-27 18:58:52.016   581   581 I SpiService: fgesysctrl_getGPIO_status success val=0
05-27 08:50:00.981   581   581 D spi_rst_gpio_get_output: GPIO 145 value: 0
05-27 08:50:00.981   581   581 D spidev_ioctl: gpio status=0)
05-27 18:58:52.017   481   597 I mcuc    : send SPI:6AA6007DAF00050412010000B8
05-27 18:58:52.018   299  1153 D EvsDriver: doneWithFrame
05-27 18:58:52.019   299 30841 D EvsDriver: forwardFrame
05-27 18:58:52.024  1167  1479 D evsmanagerd: /dev/video4 forwarded the buffer #0 to 0xb4000074bf5f6850 from 0xb4000074bf5f41d0
05-27 18:58:52.024   299 30841 D EvsDriver: Delivered 0xb400007b7ca56a60 as id 0
05-27 18:58:52.026 13911 14183 I SentryImuMcuAngleSender: 179.986rollDeg
05-27 18:58:52.026 13911 14183 I SentryImuMcuAngleSender: 1,0,0
05-27 18:58:52.027   299  1153 D EvsDriver: doneWithFrame
05-27 18:58:52.032   581   581 I SpiService: fgesysctrl_getGPIO_status success val=1
05-27 08:50:00.997   581   581 D spi_rst_gpio_get_output: GPIO 145 value: 1
05-27 08:50:00.997   581   581 D spidev_ioctl: gpio status=1)
05-27 18:58:52.033   481   598 I mcuc    : rev,n=1,6AA681E598008C8305000055000000B00000000000010001000070C009B1338C0409340933C5FA093312680934B22E0697E85C1000000000040000B3000000000000000000000000000000B44300000000000300000000000000AA000000E40701010000000000000000BB06050507EA051B000008009403CB00CC000000000000000000000000000000B500000000000000002F
05-27 18:58:52.033   351   373 D automotive.vehicle@2.0-adayo-datacomm-mcu: MCUDatacomm sendMessageFromVehicle prop: 0x83, areaId: 0x5, status: 0x0, timestamp: 0x0
05-27 18:58:52.033   351   373 D automotive.vehicle@2.0-adayo-datacomm-mcu: MCUDatacomm 1sendMessageFromVehicle ---> type = 7 
05-27 18:58:52.033   351   373 I automotive.vehicle@2.0-adayo-func-mcu: MCUFunc :sendMessageFromVehicle  msgBuff[0] = 131 
05-27 18:58:52.033   351   373 I automotive.vehicle@2.0-adayo-func-mcu: MCUFunc :sendMessageFromVehicle  msgBuff[1] = 5 
05-27 18:58:52.033   351   373 I automotive.vehicle@2.0-adayo-func-mcu: MCUFunc :sendMessageFromVehicle  msgBuff[2] = 0 
05-27 18:58:52.033   351   373 I automotive.vehicle@2.0-adayo-func-mcu: MCUFunc :sendMessageFromVehicle  msgBuff[3] = 0 
05-27 18:58:52.033   351   373 I automotive.vehicle@2.0-adayo-func-mcu: MCUFunc :sendMessageFromVehicle  msgBuff[4] = 85 
05-27 18:58:52.033   351   373 I automotive.vehicle@2.0-adayo-func-mcu: MCUFunc :sendMessageFromVehicle  msgBuff[5] = 0 
05-27 18:58:52.034  1008 30856 D [OMXB]  : usingANWBuffer: handle:0xee7467e0, format:1, w:1920, h:1080
05-27 18:58:52.035   481   598 I mcuc    : rev,n=2,6AA681E599009E8B30024F01020403A0030000030100000100000000002901A100000000003B000202000002020002A208FA29018000028000038000048000A3058000068000070000080000000000A4000000000000000000000101000700A502000000020102000200FF0100A650DD01010101010000000101010000000A0A0A0000010101040402020000000000000000000000000000000000000000000000000000EEB0
05-27 18:58:52.037   283   307 I rvcservice: t.code = 3, t.value = 0
05-27 18:58:52.038   581   581 I SpiService: fgesysctrl_getGPIO_status success val=1
05-27 08:50:01.002   581   581 D spi_rst_gpio_get_output: GPIO 145 value: 1
05-27 08:50:01.002   581   581 D spidev_ioctl: gpio status=1)
05-27 18:58:52.043   581   581 I SpiService: fgesysctrl_getGPIO_status success val=1
05-27 08:50:01.008   581   581 D spi_rst_gpio_get_output: GPIO 145 value: 1
05-27 08:50:01.008   581   581 D spidev_ioctl: gpio status=1)
05-27 08:50:01.010     1     1 I init    : starting service 'trace_resource'...
05-27 18:58:52.047 13911 14183 I SentryImuMcuAngleSender: 179.986rollDeg
05-27 18:58:52.047 13911 14183 I SentryImuMcuAngleSender: 1,0,0
05-27 18:58:52.047   299 30844 D EvsDriver: forwardFrame
05-27 18:58:52.048   299 30844 D EvsDriver: Delivered 0xb400007b7ca56900 as id 0
05-27 18:58:52.049  1167  1479 D evsmanagerd: /dev/video6 forwarded the buffer #0 to 0xb4000074bf5f5510 from 0xb4000074bf5f6d90
05-27 18:58:52.049   581   581 I SpiService: fgesysctrl_getGPIO_status success val=1
05-27 18:58:52.050   299 30841 D EvsDriver: forwardFrame
05-27 18:58:52.050   536   536 D commservice260303: msg.id = 1028,1
05-27 18:58:52.050   536   536 D commservice260303: i = 170, msgid = 8A000404
05-27 18:58:52.050   536   536 D commservice260303: msgid = -1979710460,did=138
05-27 18:58:52.050   536   536 D commservice260303: CommProtocolLibCmdBaseI2C::dataproc {"command":{"id":"imu_status","sub":""},"content":{"TimeStamp":11,"FrameCounter":267519,"GD_X":-0.011147825978696346,"GD_Y":0.004199160262942314,"GD_Z":0.0028249274473637342,"AD_X":-0.0020520389080047607,"AD_Y":0.0017252428224310279,"AD_Z":-0.17071914672851562,"TempDsp":0,"Status":0,"CalibState":1,"SigAmpInvalid":0}},-1979710460
05-27 18:58:52.050   536   536 D commservice260303: send2Cluster len:318, 7B22636F6D6D616E64223A7B226964223A22696D755F737461747573222C22737562223A22227D2C22636F6E74656E74223A7B2254696D655374616D70223A31312C224672616D65436F756E746572223A3236373531392C2247445F58223A2D302E3031313134373832353937383639363334362C2247445F59223A302E3030343139393136303236323934323331342C2247445F5A223A302E303032383234393237343437333633373334322C2241445F58223A2D302E303032303532303338393038303034373630372C2241445F59223A302E303031373235323432383232343331303237392C2241445F5A223A2D302E31373037313931343637323835313536322C2254656D70447370223A302C22537461747573223A302C2243616C69625374617465223A312C22536967416D70496E76616C6964223A307D7D, 138 
05-27 18:58:52.050   536   536 D commservice260303: Push Message into SendPool fn=-145357824
05-27 18:58:52.050   536   536 D commservice260303: ComProtocolLibSend2Cluster::send2ClusterRaw fn=-145357824 , len=334
05-27 18:58:52.050   536   536 D commservice260303: sendCmdToPort :334!!!
05-27 18:58:52.050   536   536 D commservice260303: send Cmd To Port ++++5AA5014A8A01000456F76A16CE6C7B22636F6D6D616E64223A7B226964223A22696D755F737461747573222C22737562223A22227D2C22636F6E74656E74223A7B2254696D655374616D70223A31312C224672616D65436F756E746572223A3236373531392C2247445F58223A2D302E3031313134373832353937383639363334362C2247445F59223A302E3030343139393136303236323934323331342C2247445F5A223A302E303032383234393237343437333633373334322C2241445F58223A2D302E303032303532303338393038303034373630372C2241445F59223A302E303031373235323432383232343331303237392C2241445F5A223A2D302E31373037313931343637323835313536322C2254656D70447370223A302C22537461747573223A302C2243616C69625374617465223A312C22536967416D70496E76616C6964223A307D7DB2C1
05-27 18:58:52.050   536   536 D commservice260303: bufferevent_write retrun value = 0
05-27 18:58:52.050   536   560 D commservice260303: client datas send succeed,send finish
05-27 18:58:52.051 13911 14192 D Sentinelmode_1.2.5.17_sentry: <SentryImuClusterFgeSender>imu_status sent to Linux, frame=267519, tsNs=11399282, tsMs=11, intervalMs=41, ad=(-0.002052039,0.0017252428,-0.17071915), gd=(-0.011147826,0.0041991603,0.0028249274)
05-27 18:58:52.052   299  1153 D EvsDriver: doneWithFrame
05-27 08:50:01.013   581   581 D spi_rst_gpio_get_output: GPIO 145 value: 1
05-27 08:50:01.013   581   581 D spidev_ioctl: gpio status=1)
05-27 08:50:01.020   581   581 D spi_rst_gpio_get_output: GPIO 145 value: 0
05-27 08:50:01.020   581   581 D spidev_ioctl: gpio status=0)
05-27 18:58:52.055  1167  1479 D evsmanagerd: /dev/video4 forwarded the buffer #0 to 0xb4000074bf5f6850 from 0xb4000074bf5f41d0
05-27 18:58:52.055   299 30841 D EvsDriver: Delivered 0xb400007b7ca56a60 as id 0
05-27 18:58:52.055   581   581 I SpiService: fgesysctrl_getGPIO_status success val=0
05-27 18:58:52.057   481   597 I mcuc    : send SPI:6AA602E59800028305F76AA602E59900028B30C3
05-27 18:58:52.053 18482 18482 I auditd  : type=1400 audit(0.0:72988): avc: denied { execute_no_trans } for comm="init" path="/system/bin/sh" dev="dm-12" ino=8780651 scontext=u:r:init:s0 tcontext=u:object_r:shell_exec:s0 tclass=file permissive=1
05-27 18:58:52.053 18482 18482 I init    : type=1400 audit(0.0:72988): avc: denied { execute_no_trans } for path="/system/bin/sh" dev="dm-12" ino=8780651 scontext=u:r:init:s0 tcontext=u:object_r:shell_exec:s0 tclass=file permissive=1
05-27 18:58:52.061   299  1153 D EvsDriver: doneWithFrame
05-27 18:58:52.067  1008 30856 D [OMXB]  : usingANWBuffer: handle:0xee7432f0, format:1, w:1920, h:1080
05-27 18:58:52.067 13911 14183 I SentryImuMcuAngleSender: 179.986rollDeg
05-27 18:58:52.067 13911 14183 I SentryImuMcuAngleSender: 1,0,0
05-27 18:58:52.061   572   572 I auditd  : type=1400 audit(0.0:72989): avc: denied { read } for comm="HwBinder:572_1" name="ontim_gps_imu" dev="sysfs" ino=27597 scontext=u:r:hal_sensors_default:s0 tcontext=u:object_r:sysfs:s0 tclass=dir permissive=1
05-27 18:58:52.061   572   572 I HwBinder:572_1: type=1400 audit(0.0:72989): avc: denied { read } for name="ontim_gps_imu" dev="sysfs" ino=27597 scontext=u:r:hal_sensors_default:s0 tcontext=u:object_r:sysfs:s0 tclass=dir permissive=1
05-27 18:58:52.072   581   581 I SpiService: fgesysctrl_getGPIO_status success val=1
05-27 08:50:01.037   581   581 D spi_rst_gpio_get_output: GPIO 145 value: 1
05-27 08:50:01.037   581   581 D spidev_ioctl: gpio status=1)
05-27 18:58:52.076  1008 30857 D [OMXB]  : usingANWBuffer: handle:0xee746ec0, format:1, w:1920, h:1080
05-27 08:50:01.040     1     1 I init    : Service 'trace_resource' (pid 18482) exited with status 127
05-27 08:50:01.040     1     1 I init    : Sending signal 9 to service 'trace_resource' (pid 18482) process group...
05-27 08:50:01.040     1     1 I libprocessgroup: Successfully killed process cgroup uid 0 pid 18482 in 0ms
05-27 18:58:52.078   581   581 I SpiService: fgesysctrl_getGPIO_status success val=1
05-27 08:50:01.043   581   581 D spi_rst_gpio_get_output: GPIO 145 value: 1
05-27 08:50:01.043   581   581 D spidev_ioctl: gpio status=1)
05-27 18:58:52.083   581   581 I SpiService: fgesysctrl_getGPIO_status success val=1
05-27 18:58:52.084   299 30844 D EvsDriver: forwardFrame
05-27 18:58:52.084   299 30841 D EvsDriver: forwardFrame
05-27 08:50:01.048   581   581 D spi_rst_gpio_get_output: GPIO 145 value: 1
05-27 08:50:01.048   581   581 D spidev_ioctl: gpio status=1)
05-27 18:58:52.086   536   536 W commservice260303: [FgeComService::getAQConnectStatus:378]
05-27 18:58:52.086   536   536 W commservice260303: [mcuCommFunctionTcp::getAQConnectStatus:406] 1
05-27 18:58:52.086   536   536 W commservice260303: [FgeComService::getAQConnectStatus:380] status:1
05-27 18:58:52.087 12246 12246 E ivicomm_CommManager: getA2lConnectStatus aqConnectStatus:1
05-27 18:58:52.087 12246 12246 D ivicomm_ConnectStateManager: notifyState newState=1curState=1
05-27 18:58:52.087   299 30844 D EvsDriver: Delivered 0xb400007b7ca56900 as id 0
05-27 18:58:52.087   299 30841 D EvsDriver: Delivered 0xb400007b7ca56a60 as id 0
