05-27 08:49:53.273 10047 10047 W         : AICWFDBG(LOGTRACE)	rwnx_cmd_malloc get cmd_array[0]:000000004c96fbbb
05-27 08:49:53.274   354   354 W         : AICWFDBG(LOGDEBUG)	rwnx_rx_handle_msg msg->id:0x76
05-27 08:49:53.274 10047 10047 W         : AICWFDBG(LOGTRACE)	rwnx_cmd_free cmd_array[0]:000000004c96fbbb
05-27 08:49:53.274 10047 10047 W         : AICWFDBG(LOGDEBUG)	rwnx_fill_station_info ModTx(2):5 TxIndex:8 ModRx(0):0 RxHTIndex:0 RxVHTIndex:0 RxHEIndex:0 RSSI:-38
05-27 18:58:44.310   594   594 E vendor.sprd.hardware.memtrack-service: MemTrack_DEBUG--Open mali gpu_memory failed
05-27 18:58:44.311 13911 14183 I SentryImuMcuAngleSender: -179.993rollDeg
05-27 18:58:44.311 13911 14183 I SentryImuMcuAngleSender: 1,0,0
05-27 18:58:44.311   581   581 I SpiService: fgesysctrl_getGPIO_status success val=1
05-27 18:58:44.312   283   307 I rvcservice: t.code = 0, t.value = 1220
05-27 18:58:44.312   536   536 D commservice260303: msg.id = 1028,0
05-27 18:58:44.312   536   536 D commservice260303: i = 170, msgid = 8A000404
05-27 18:58:44.312   536   536 D commservice260303: msgid = -1979710460,did=138
05-27 18:58:44.312   536   536 D commservice260303: CommProtocolLibCmdBaseI2C::dataproc {"command":{"id":"imu_status","sub":""},"content":{"TimeStamp":11,"FrameCounter":267329,"GD_X":-0.011070843786001205,"GD_Y":0.0051151420921087265,"GD_Z":0.0023671966046094894,"AD_X":-0.006954967975616455,"AD_Y":8.117954712361097E-5,"AD_Z":-0.16949939727783203,"TempDsp":0,"Status":0,"CalibState":1,"SigAmpInvalid":0}},-1979710460
05-27 18:58:44.312   594   594 E vendor.sprd.hardware.memtrack-service: MemTrack_DEBUG--Open mali gpu_memory failed
05-27 18:58:44.313   536   536 D commservice260303: send2Cluster len:317, 7B22636F6D6D616E64223A7B226964223A22696D755F737461747573222C22737562223A22227D2C22636F6E74656E74223A7B2254696D655374616D70223A31312C224672616D65436F756E746572223A3236373332392C2247445F58223A2D302E3031313037303834333738363030313230352C2247445F59223A302E303035313135313432303932313038373236352C2247445F5A223A302E303032333637313936363034363039343839342C2241445F58223A2D302E3030363935343936373937353631363435352C2241445F59223A382E313137393534373132333631303937452D352C2241445F5A223A2D302E31363934393933393732373738333230332C2254656D70447370223A302C22537461747573223A302C2243616C69625374617465223A312C22536967416D70496E76616C6964223A307D7D, 138 
05-27 18:58:44.313   536   536 D commservice260303: Push Message into SendPool fn=894829568
05-27 18:58:44.313   536   536 D commservice260303: ComProtocolLibSend2Cluster::send2ClusterRaw fn=894829568 , len=333
05-27 08:49:53.276   581   581 D spi_rst_gpio_get_output: GPIO 145 value: 1
05-27 18:58:44.313   536   536 D commservice260303: sendCmdToPort :333!!!
05-27 18:58:44.313   536   536 D commservice260303: send Cmd To Port ++++5AA501498A01000456356A16CE647B22636F6D6D616E64223A7B226964223A22696D755F737461747573222C22737562223A22227D2C22636F6E74656E74223A7B2254696D655374616D70223A31312C224672616D65436F756E746572223A3236373332392C2247445F58223A2D302E3031313037303834333738363030313230352C2247445F59223A302E303035313135313432303932313038373236352C2247445F5A223A302E303032333637313936363034363039343839342C2241445F58223A2D302E3030363935343936373937353631363435352C2241445F59223A382E313137393534373132333631303937452D352C2241445F5A223A2D302E31363934393933393732373738333230332C2254656D70447370223A302C22537461747573223A302C2243616C69625374617465223A312C22536967416D70496E76616C6964223A307D7DED7A
05-27 18:58:44.313   536   560 D commservice260303: client datas send succeed,send finish
05-27 18:58:44.314 13911 14192 D Sentinelmode_1.2.5.17_sentry: <SentryImuClusterFgeSender>imu_status sent to Linux, frame=267329, tsNs=11391562, tsMs=11, intervalMs=41, ad=(-0.006954968,8.117955E-5,-0.1694994), gd=(-0.011070844,0.005115142,0.0023671966)
05-27 18:58:44.316   594   594 E vendor.sprd.hardware.memtrack-service: MemTrack_DEBUG--Open mali gpu_memory failed
05-27 18:58:44.317   581   581 I SpiService: fgesysctrl_getGPIO_status success val=1
05-27 18:58:44.318   594   594 E vendor.sprd.hardware.memtrack-service: MemTrack_DEBUG--Open mali gpu_memory failed
05-27 18:58:44.318  1008 30856 D [OMXB]  : usingANWBuffer: handle:0xee744b00, format:1, w:1920, h:1080
05-27 18:58:44.318   299 30841 D EvsDriver: forwardFrame
05-27 18:58:44.319   299 30841 D EvsDriver: Delivered 0xb400007b7ca56a60 as id 0
05-27 18:58:44.319  1167  1184 D evsmanagerd: /dev/video4 forwarded the buffer #0 to 0xb4000074bf5f6850 from 0xb4000074bf5f41d0
05-27 18:58:44.320 30773 30789 I dvr_service_: Camera 0: MediaOK:33563695, frames:780, isKeyFrame:0,pts:11391150136
05-27 08:49:53.281   581   581 D spi_rst_gpio_get_output: GPIO 145 value: 1
05-27 08:49:53.281   581   581 D spidev_ioctl: gpio status=1)
05-27 18:58:44.321   299  1153 D EvsDriver: doneWithFrame
05-27 18:58:44.322   581   581 I SpiService: fgesysctrl_getGPIO_status success val=0
05-27 18:58:44.325   299 30844 D EvsDriver: forwardFrame
05-27 18:58:44.327   299 30844 D EvsDriver: Delivered 0xb400007b7ca56900 as id 0
05-27 18:58:44.327  1167  1184 D evsmanagerd: /dev/video6 forwarded the buffer #0 to 0xb4000074bf5f5510 from 0xb4000074bf5f6d90
05-27 18:58:44.332   594   594 E vendor.sprd.hardware.memtrack-service: MemTrack_DEBUG--Open mali gpu_memory failed
05-27 18:58:44.332   299  1153 D EvsDriver: doneWithFrame
05-27 18:58:44.333 11344 11344 E SystemUI_NavBarFragment: SysUIConfig.icCarServiceConnected：false
05-27 08:49:53.287   581   581 D spi_rst_gpio_get_output: GPIO 145 value: 0
05-27 08:49:53.287   581   581 D spidev_ioctl: gpio status=0)
05-27 18:58:44.336 13911 14183 I SentryImuMcuAngleSender: 179.993rollDeg
05-27 18:58:44.336 13911 14183 I SentryImuMcuAngleSender: 1,0,0
05-27 18:58:44.338   581   581 I SpiService: fgesysctrl_getGPIO_status success val=1
05-27 18:58:44.340   594   594 E vendor.sprd.hardware.memtrack-service: MemTrack_DEBUG--Open mali gpu_memory failed
05-27 08:49:53.302   581   581 D spi_rst_gpio_get_output: GPIO 145 value: 1
05-27 08:49:53.302   581   581 D spidev_ioctl: gpio status=1)
05-27 18:58:44.341 15863 16069 D AIN-HttpHealthPolicy: call() called start, host=www.xiaohongshu.com
05-27 18:58:44.342 10046 18355 D resolv  : GetAddrInfoHandler::run: {103 786535 103 983143 1000 0}
05-27 18:58:44.342 10046 18355 D resolv  : resolv_getaddrinfo: explore_fqdn(): ai_family=0 ai_socktype=1 ai_protocol=6
05-27 18:58:44.343  1008 30857 D [OMXB]  : usingANWBuffer: handle:0xee744210, format:1, w:1920, h:1080
05-27 18:58:44.343   581   581 I SpiService: fgesysctrl_getGPIO_status success val=1
05-27 18:58:44.344   594   594 E vendor.sprd.hardware.memtrack-service: MemTrack_DEBUG--Open mali gpu_memory failed
05-27 08:49:53.308   581   581 D spi_rst_gpio_get_output: GPIO 145 value: 1
05-27 08:49:53.308   581   581 D spidev_ioctl: gpio status=1)
05-27 18:58:44.345 10046 18356 D resolv  : res_nmkquery: (QUERY, IN, A)
05-27 18:58:44.345 10046 18356 D resolv  : res_nsend
05-27 18:58:44.345 10046 18356 I resolv  : resolv_cache_lookup: lookup
05-27 18:58:44.345 10046 18356 I resolv  : resolv_cache_lookup: FOUND IN CACHE entry=0xb4000072a5468530
05-27 18:58:44.345 10046 18356 D resolv  : doQuery: rcode=0, ancount=3
05-27 18:58:44.347 15863 16069 D TrafficStats: tagSocket(166) with statsTag=0xffffffff, statsUid=-1
05-27 18:58:44.348   594   594 E vendor.sprd.hardware.memtrack-service: MemTrack_DEBUG--Open mali gpu_memory failed
05-27 18:58:44.349   581   581 I SpiService: fgesysctrl_getGPIO_status success val=1
05-27 08:49:53.313   581   581 D spi_rst_gpio_get_output: GPIO 145 value: 1
05-27 08:49:53.313   581   581 D spidev_ioctl: gpio status=1)
05-27 18:58:44.350   594   594 E vendor.sprd.hardware.memtrack-service: MemTrack_DEBUG--Open mali gpu_memory failed
05-27 18:58:44.351   536   536 D commservice260303: msg.id = 1028,0
05-27 18:58:44.351   299 30844 D EvsDriver: forwardFrame
05-27 18:58:44.351   536   536 D commservice260303: i = 170, msgid = 8A000404
05-27 18:58:44.351   536   536 D commservice260303: msgid = -1979710460,did=138
05-27 18:58:44.351   536   536 D commservice260303: CommProtocolLibCmdBaseI2C::dataproc {"command":{"id":"imu_status","sub":""},"content":{"TimeStamp":11,"FrameCounter":267330,"GD_X":-0.01091896090656519,"GD_Y":0.006032164208590984,"GD_Z":0.0019079053308814764,"AD_X":-0.00328962504863739,"AD_Y":7.884250953793526E-5,"AD_Z":-0.17193889617919922,"TempDsp":0,"Status":0,"CalibState":1,"SigAmpInvalid":0}},-1979710460
05-27 18:58:44.351   536   536 D commservice260303: send2Cluster len:314, 7B22636F6D6D616E64223A7B226964223A22696D755F737461747573222C22737562223A22227D2C22636F6E74656E74223A7B2254696D655374616D70223A31312C224672616D65436F756E746572223A3236373333302C2247445F58223A2D302E30313039313839363039303635363531392C2247445F59223A302E3030363033323136343230383539303938342C2247445F5A223A302E303031393037393035333330383831343736342C2241445F58223A2D302E30303332383936323530343836333733392C2241445F59223A372E383834323530393533373933353236452D352C2241445F5A223A2D302E31373139333838393631373931393932322C2254656D70447370223A302C22537461747573223A302C2243616C69625374617465223A312C22536967416D70496E76616C6964223A307D7D, 138 
05-27 18:58:44.351   536   536 D commservice260303: Push Message into SendPool fn=911606784
05-27 18:58:44.351   536   536 D commservice260303: ComProtocolLibSend2Cluster::send2ClusterRaw fn=911606784 , len=330
05-27 18:58:44.351   536   536 D commservice260303: sendCmdToPort :330!!!
05-27 18:58:44.351   536   536 D commservice260303: send Cmd To Port ++++5AA501468A01000456366A16CE647B22636F6D6D616E64223A7B226964223A22696D755F737461747573222C22737562223A22227D2C22636F6E74656E74223A7B2254696D655374616D70223A31312C224672616D65436F756E746572223A3236373333302C2247445F58223A2D302E30313039313839363039303635363531392C2247445F59223A302E3030363033323136343230383539303938342C2247445F5A223A302E303031393037393035333330383831343736342C2241445F58223A2D302E30303332383936323530343836333733392C2241445F59223A372E383834323530393533373933353236452D352C2241445F5A223A2D302E31373139333838393631373931393932322C2254656D70447370223A302C22537461747573223A302C2243616C69625374617465223A312C22536967416D70496E76616C6964223A307D7D4CC5
05-27 18:58:44.352   536   536 D commservice260303: bufferevent_write retrun value = 0
05-27 18:58:44.352   536   560 D commservice260303: client datas send succeed,send finish
05-27 18:58:44.352   299 30844 D EvsDriver: Delivered 0xb400007b7ca56900 as id 0
05-27 18:58:44.352 13911 14192 D Sentinelmode_1.2.5.17_sentry: <SentryImuClusterFgeSender>imu_status sent to Linux, frame=267330, tsNs=11391598, tsMs=11, intervalMs=39, ad=(-0.003289625,7.884251E-5,-0.1719389), gd=(-0.010918961,0.006032164,0.0019079053)
05-27 18:58:44.352   299 30841 D EvsDriver: forwardFrame
05-27 18:58:44.352  1167  1184 D evsmanagerd: /dev/video6 forwarded the buffer #0 to 0xb4000074bf5f5510 from 0xb4000074bf5f6d90
05-27 18:58:44.354   581   581 I SpiService: fgesysctrl_getGPIO_status success val=1
05-27 08:49:53.319   581   581 D spi_rst_gpio_get_output: GPIO 145 value: 1
05-27 08:49:53.319   581   581 D spidev_ioctl: gpio status=1)
05-27 18:58:44.355   299 30841 D EvsDriver: Delivered 0xb400007b7ca56a60 as id 0
05-27 18:58:44.355  1167  1184 D evsmanagerd: /dev/video4 forwarded the buffer #0 to 0xb4000074bf5f6850 from 0xb4000074bf5f41d0
05-27 18:58:44.356   299  1153 D EvsDriver: doneWithFrame
05-27 18:58:44.356   594   594 E vendor.sprd.hardware.memtrack-service: MemTrack_DEBUG--Open mali gpu_memory failed
05-27 18:58:44.357 13911 14183 I SentryImuMcuAngleSender: 179.993rollDeg
05-27 18:58:44.357 13911 14183 I SentryImuMcuAngleSender: 1,0,0
05-27 18:58:44.359   299  1153 D EvsDriver: doneWithFrame
05-27 18:58:44.360   581   581 I SpiService: fgesysctrl_getGPIO_status success val=1
05-27 08:49:53.324   581   581 D spi_rst_gpio_get_output: GPIO 145 value: 1
05-27 08:49:53.324   581   581 D spidev_ioctl: gpio status=1)
05-27 18:58:44.361   594   594 E vendor.sprd.hardware.memtrack-service: MemTrack_DEBUG--Open mali gpu_memory failed
05-27 18:58:44.365   581   581 I SpiService: fgesysctrl_getGPIO_status success val=0
05-27 18:58:44.366   594   594 E vendor.sprd.hardware.memtrack-service: MemTrack_DEBUG--Open mali gpu_memory failed
05-27 18:58:44.366   572   622 I Sensors : 230 GyroSensor: x:-0.010842,y:0.005345,z:0.001832
05-27 08:49:53.330   581   581 D spi_rst_gpio_get_output: GPIO 145 value: 0
05-27 08:49:53.330   581   581 D spidev_ioctl: gpio status=0)
05-27 18:58:44.370   594   594 E vendor.sprd.hardware.memtrack-service: MemTrack_DEBUG--Open mali gpu_memory failed
05-27 18:58:44.372   536   560 D commservice260303: recv len:77, 5AA500490600000042B06A16CE647B22636F6D6D616E64223A7B226964223A226473695F6C7578222C22737562223A22227D2C22636F6E74656E74223A7B2276616C7565223A3230307D7D9137 from server
05-27 18:58:44.373   536  2578 D commservice260303: mcuDataAnalyzeHandle templen:77,len:77,pos:0, 5AA500490600000042B06A16CE647B22636F6D6D616E64223A7B226964223A226473695F6C7578222C22737562223A22227D2C22636F6E74656E74223A7B2276616C7565223A3230307D7D9137 
05-27 18:58:44.373   536  2578 I commservice260303: checksumCal = 37175
05-27 18:58:44.373   536  2578 D commservice260303: CommProtocolLibCmdBaseC2I::dataproc {"command":{"id":"dsi_lux","sub":""},"content":{"value":200}},6
05-27 18:58:44.373   536  2578 D commservice260303: mcuCommMessageManager::notifyMsgToClient hwbinder OK
05-27 18:58:44.373   536  2578 D commservice260303: McuProtocolLibSend2Service::send2Service ret=1
05-27 18:58:44.374   594   594 E vendor.sprd.hardware.memtrack-service: MemTrack_DEBUG--Open mali gpu_memory failed
05-27 18:58:44.374 12246 12440 D ivicomm_CommManager: fgeComServiceCallback: {"command":{"id":"dsi_lux","sub":""},"content":{"value":200}}
05-27 18:58:44.375 12246 12440 D ivicomm_CallbackManager: registerCallback DSI_LUX: {"value":200} mCommStateCallbackMap size:4
05-27 18:58:44.376 11579 11719 D NSLogUtils_VehicleService: L2A comm state: id=dsi_lux, value=200
05-27 18:58:44.377 13911 14183 I SentryImuMcuAngleSender: 179.98949rollDeg
05-27 18:58:44.377 13911 14183 I SentryImuMcuAngleSender: 1,0,0
05-27 18:58:44.378 11344  6594 D SystemUI_SystemSettingsControllerService: onCommState: commandID = dsi_lux; value = 200
05-27 18:58:44.378   594   594 E vendor.sprd.hardware.memtrack-service: MemTrack_DEBUG--Open mali gpu_memory failed
05-27 18:58:44.379   299 30844 D EvsDriver: forwardFrame
05-27 18:58:44.380   581   581 I SpiService: fgesysctrl_getGPIO_status success val=1
05-27 18:58:44.380   299 30844 D EvsDriver: Delivered 0xb400007b7ca56900 as id 0
05-27 18:58:44.381  1167  1184 D evsmanagerd: /dev/video6 forwarded the buffer #0 to 0xb4000074bf5f5510 from 0xb4000074bf5f6d90
05-27 08:49:53.341     0     0 W         : c6 [    C6] Irq_monitor:Irq                                           IPI[1]occur        6838 times interval 1044 ms
05-27 08:49:53.345   581   581 D spi_rst_gpio_get_output: GPIO 145 value: 1
05-27 08:49:53.345   581   581 D spidev_ioctl: gpio status=1)
05-27 18:58:44.382   299  1153 D EvsDriver: doneWithFrame
05-27 18:58:44.383   594   594 E vendor.sprd.hardware.memtrack-service: MemTrack_DEBUG--Open mali gpu_memory failed
05-27 18:58:44.385  1008 30856 D [OMXB]  : usingANWBuffer: handle:0xee744790, format:1, w:1920, h:1080
05-27 18:58:44.386   299 30841 D EvsDriver: forwardFrame
05-27 18:58:44.386   581   581 I SpiService: fgesysctrl_getGPIO_status success val=1
05-27 18:58:44.388   299 30841 D EvsDriver: Delivered 0xb400007b7ca56a60 as id 0
05-27 18:58:44.388  1167  1184 D evsmanagerd: /dev/video4 forwarded the buffer #0 to 0xb4000074bf5f6850 from 0xb4000074bf5f41d0
05-27 08:49:53.351   581   581 D spi_rst_gpio_get_output: GPIO 145 value: 1
05-27 08:49:53.351   581   581 D spidev_ioctl: gpio status=1)
05-27 18:58:44.391   594   594 E vendor.sprd.hardware.memtrack-service: MemTrack_DEBUG--Open mali gpu_memory failed
05-27 08:49:53.357   581   581 D spi_rst_gpio_get_output: GPIO 145 value: 1
05-27 08:49:53.357   581   581 D spidev_ioctl: gpio status=1)
05-27 18:58:44.391   566 11459 I gps_hdbd: Received: '$GNGGA,011435.000,,,,,0,00,,,M,,M,,*64
'
05-27 18:58:44.392   299  1153 D EvsDriver: doneWithFrame
05-27 18:58:44.392   581   581 I SpiService: fgesysctrl_getGPIO_status success val=1
05-27 18:58:44.392   566 11459 I gps_hdbd: Received: '$GNGSA,A,1,,,,,,,,,,,,,,,,1*1D
'
05-27 18:58:44.396   594   594 E vendor.sprd.hardware.memtrack-service: MemTrack_DEBUG--Open mali gpu_memory failed
05-27 18:58:44.396   566 11459 I gps_hdbd: Received: '$GNGSA,A,1,,,,,,,,,,,,,,,,3*1F
'
05-27 18:58:44.397   566 11459 I gps_hdbd: Received: '$GNGSA,A,1,,,,,,,,,,,,,,,,4*18
'
05-27 18:58:44.399   566 11459 I gps_hdbd: Received: '$BDGSV,1,1,00,1*75
'
05-27 18:58:44.401   581   581 I SpiService: fgesysctrl_getGPIO_status success val=1
05-27 18:58:44.402   566 11459 I gps_hdbd: Received: '$BDGSV,1,1,00,5*71
'
05-27 18:58:44.403 13911 14183 I SentryImuMcuAngleSender: 179.993rollDeg
05-27 18:58:44.403 13911 14183 I SentryImuMcuAngleSender: 1,0,0
05-27 18:58:44.403  1008 30857 D [OMXB]  : usingANWBuffer: handle:0xee7433a0, format:1, w:1920, h:1080
05-27 18:58:44.404   536   536 D commservice260303: msg.id = 1028,0
05-27 18:58:44.404   536   536 D commservice260303: i = 170, msgid = 8A000404
05-27 18:58:44.404   536   536 D commservice260303: msgid = -1979710460,did=138
05-27 18:58:44.404   536   536 D commservice260303: CommProtocolLibCmdBaseI2C::dataproc {"command":{"id":"imu_status","sub":""},"content":{"TimeStamp":11,"FrameCounter":267331,"GD_X":-0.01153013575822115,"GD_Y":0.005039200186729431,"GD_Z":0.001679039909504354,"AD_X":-0.0038956403732299805,"AD_Y":7.652095519006252E-5,"AD_Z":-0.17255115509033203,"TempDsp":0,"Status":0,"CalibState":1,"SigAmpInvalid":0}},-1979710460
05-27 18:58:44.404   536   536 D commservice260303: send2Cluster len:315, 7B22636F6D6D616E64223A7B226964223A22696D755F737461747573222C22737562223A22227D2C22636F6E74656E74223A7B2254696D655374616D70223A31312C224672616D65436F756E746572223A3236373333312C2247445F58223A2D302E30313135333031333537353832323131352C2247445F59223A302E3030353033393230303138363732393433312C2247445F5A223A302E3030313637393033393930393530343335342C2241445F58223A2D302E303033383935363430333733323239393830352C2241445F59223A372E363532303935353139303036323532452D352C2241445F5A223A2D302E31373235353131353530393033333230332C2254656D70447370223A302C22537461747573223A302C2243616C69625374617465223A312C22536967416D70496E76616C6964223A307D7D, 138 
05-27 18:58:44.404   536   536 D commservice260303: Push Message into SendPool fn=928384000
05-27 18:58:44.404   536   536 D commservice260303: ComProtocolLibSend2Cluster::send2ClusterRaw fn=928384000 , len=331
05-27 18:58:44.404   536   536 D commservice260303: sendCmdToPort :331!!!
05-27 18:58:44.404   536   536 D commservice260303: send Cmd To Port ++++5AA501478A01000456376A16CE647B22636F6D6D616E64223A7B226964223A22696D755F737461747573222C22737562223A22227D2C22636F6E74656E74223A7B2254696D655374616D70223A31312C224672616D65436F756E746572223A3236373333312C2247445F58223A2D302E30313135333031333537353832323131352C2247445F59223A302E3030353033393230303138363732393433312C2247445F5A223A302E3030313637393033393930393530343335342C2241445F58223A2D302E303033383935363430333733323239393830352C2241445F59223A372E363532303935353139303036323532452D352C2241445F5A223A2D302E31373235353131353530393033333230332C2254656D70447370223A302C22537461747573223A302C2243616C69625374617465223A312C22536967416D70496E76616C6964223A307D7D2778
05-27 18:58:44.404   536   536 D commservice260303: bufferevent_write retrun value = 0
05-27 18:58:44.404   594   594 E vendor.sprd.hardware.memtrack-service: MemTrack_DEBUG--Open mali gpu_memory failed
05-27 18:58:44.404   536   560 D commservice260303: client datas send succeed,send finish
05-27 08:49:53.366   581   581 D spi_rst_gpio_get_output: GPIO 145 value: 1
05-27 08:49:53.366   581   581 D spidev_ioctl: gpio status=1)
05-27 18:58:44.405 13911 14192 D Sentinelmode_1.2.5.17_sentry: <SentryImuClusterFgeSender>imu_status sent to Linux, frame=267331, tsNs=11391634, tsMs=11, intervalMs=53, ad=(-0.0038956404,7.6520955E-5,-0.17255116), gd=(-0.011530136,0.0050392,0.0016790399)
05-27 18:58:44.406 30773 30785 I dvr_service_: [EncoderHandler::runMediaThread] runMediaThread started:1,state:1, cam2:started:1,state:1, lastSwitch:1, mIsMuxerStart:1,format:0,is_str_ing:0
05-27 08:49:53.372   581   581 D spi_rst_gpio_get_output: GPIO 145 value: 0
05-27 08:49:53.372   581   581 D spidev_ioctl: gpio status=0)
05-27 18:58:44.407   581   581 I SpiService: fgesysctrl_getGPIO_status success val=0
05-27 18:58:44.408   566 11459 I gps_hdbd: Received: '$GPGSV,1,1,01,199,42,165,,1*60
'
05-27 18:58:44.408   566 11459 I gps_hdbd: Received: '$GPGSV,1,1,00,8*6D
'
05-27 18:58:44.408   594   594 E vendor.sprd.hardware.memtrack-service: MemTrack_DEBUG--Open mali gpu_memory failed
05-27 18:58:44.408   566 11459 I gps_hdbd: Received: '$GAGSV,1,1,00,7*73
'
05-27 18:58:44.410   594   594 E vendor.sprd.hardware.memtrack-service: MemTrack_DEBUG--Open mali gpu_memory failed
05-27 18:58:44.412   283   307 I rvcservice: t.code = 3, t.value = 0
05-27 18:58:44.412   594   594 E vendor.sprd.hardware.memtrack-service: MemTrack_DEBUG--Open mali gpu_memory failed
05-27 18:58:44.413   566 11459 I gps_hdbd: Received: '$GAGSV,1,1,00,1*75
'
05-27 18:58:44.414   566 11459 I gps_hdbd: Received: '$GNRMC,011435.000,V,,,,,,,270526,120.0,E,N,V*47
'
05-27 18:58:44.414   566 11459 I gps_hdbd: RMC : CALL gnss_sv_status_cb, view_in_sat <1>
05-27 18:58:44.414   566 11459 I gps_hdbd: [reportSvStatus]--->PLATFORM_BSP::Enter
05-27 18:58:44.414   566 11459 I gps_hdbd: hy abnormal deal:hy_cnr30_satellite_cnt=0
05-27 18:58:44.414   566 11459 D gps_hdbd: hy abnormal deal:hy_fixStatus_fail_count=0
05-27 18:58:44.415  1083  1083 W MyAppLog: [2026-05-27 18:58:44.414 W tboxap gpsSyncGpsInfoToDm:361] [Gps] [gpsSyncGpsInfoToDm] fix=0 mode=49 corner:0x01 alt=0.00 sat=0 hdop=0.00 pdop=0.00 vdop=0.00
05-27 18:58:44.418   299 30841 D EvsDriver: forwardFrame
05-27 18:58:44.418   299 30844 D EvsDriver: forwardFrame
05-27 18:58:44.420   299 30844 D EvsDriver: Delivered 0xb400007b7ca56900 as id 0
05-27 18:58:44.421  1167  1479 D evsmanagerd: /dev/video6 forwarded the buffer #0 to 0xb4000074bf5f5510 from 0xb4000074bf5f6d90
05-27 18:58:44.421  1167  1184 D evsmanagerd: /dev/video4 forwarded the buffer #0 to 0xb4000074bf5f6850 from 0xb4000074bf5f41d0
05-27 18:58:44.421 30773 30783 E dvr_service_: [myNum:1] Received S**** loss
05-27 18:58:44.421 30773 30783 E dvr_service_: [myNum:0] Received S**** loss
05-27 18:58:44.421   566 11459 I gps_hdbd: Received: '$GNZDA,011435.000,27,05,2026,00,00*4C
'
05-27 18:58:44.421   299 30841 D EvsDriver: Delivered 0xb400007b7ca56a60 as id 0
05-27 18:58:44.422   299  1153 D EvsDriver: doneWithFrame
05-27 18:58:44.421   594   594 E vendor.sprd.hardware.memtrack-service: MemTrack_DEBUG--Open mali gpu_memory failed
05-27 18:58:44.422   299  1163 D EvsDriver: doneWithFrame
05-27 18:58:44.423 13911 14183 I SentryImuMcuAngleSender: 180.0rollDeg
05-27 18:58:44.423 13911 14183 I SentryImuMcuAngleSender: 1,0,0
05-27 18:58:44.425   581   581 I SpiService: fgesysctrl_getGPIO_status success val=1
05-27 18:58:44.426   594   594 E vendor.sprd.hardware.memtrack-service: MemTrack_DEBUG--Open mali gpu_memory failed
05-27 18:58:44.428   594   594 E vendor.sprd.hardware.memtrack-service: MemTrack_DEBUG--Open mali gpu_memory failed
05-27 08:49:53.390   581   581 D spi_rst_gpio_get_output: GPIO 145 value: 1
05-27 08:49:53.390   581   581 D spidev_ioctl: gpio status=1)
05-27 18:58:44.430   594   594 E vendor.sprd.hardware.memtrack-service: MemTrack_DEBUG--Open mali gpu_memory failed
05-27 18:58:44.430   581   581 I SpiService: fgesysctrl_getGPIO_status success val=1
05-27 18:58:44.431  1008 30856 D [OMXB]  : usingANWBuffer: handle:0xee745600, format:1, w:1920, h:1080
05-27 08:49:53.395   581   581 D spi_rst_gpio_get_output: GPIO 145 value: 1
05-27 08:49:53.395   581   581 D spidev_ioctl: gpio status=1)
05-27 18:58:44.434   594   594 E vendor.sprd.hardware.memtrack-service: MemTrack_DEBUG--Open mali gpu_memory failed
05-27 18:58:44.436   581   581 I SpiService: fgesysctrl_getGPIO_status success val=1
05-27 18:58:44.437   594   594 E vendor.sprd.hardware.memtrack-service: MemTrack_DEBUG--Open mali gpu_memory failed
05-27 08:49:53.400   581   581 D spi_rst_gpio_get_output: GPIO 145 value: 1
05-27 08:49:53.400   581   581 D spidev_ioctl: gpio status=1)
05-27 18:58:44.441   594   594 E vendor.sprd.hardware.memtrack-service: MemTrack_DEBUG--Open mali gpu_memory failed
05-27 18:58:44.441   581   581 I SpiService: fgesysctrl_getGPIO_status success val=1
05-27 18:58:44.443   566 11459 I gps_hdbd: Received: '$GNINS,1,1,TYPE,I,V,011435.000,19986000,FUS,-5,0,0,0,MOT,V,1,PATT,0.00,0.00,0.00,VEL,0.000,0.000,0.000,POS,40.0001330924,116.0001570688,84.176,IIA,1,0.00,0.00,0.00,BGA,0.31,-0.66,-0.13,0.000,0.000,0.000,IGA,0,-1,0,0,-2,98,VG,16c2ff1*18
'
05-27 18:58:44.443 13911 14183 I SentryImuMcuAngleSender: -179.993rollDeg
05-27 18:58:44.443 13911 14183 I SentryImuMcuAngleSender: 1,0,0
05-27 18:58:44.444   594   594 E vendor.sprd.hardware.memtrack-service: MemTrack_DEBUG--Open mali gpu_memory failed
05-27 18:58:44.444   536   536 D commservice260303: msg.id = 1028,0
05-27 18:58:44.444   536   536 D commservice260303: i = 170, msgid = 8A000404
05-27 18:58:44.444   536   536 D commservice260303: msgid = -1979710460,did=138
05-27 18:58:44.444   536   536 D commservice260303: CommProtocolLibCmdBaseI2C::dataproc {"command":{"id":"imu_status","sub":""},"content":{"TimeStamp":11,"FrameCounter":267332,"GD_X":-0.011453153565526009,"GD_Y":0.005345047451555729,"GD_Z":0.001679039909504354,"AD_X":-0.0032795965671539307,"AD_Y":-0.002353200688958168,"AD_Z":-0.1743793487548828,"TempDsp":0,"Status":0,"CalibState":1,"SigAmpInvalid":0}},-1979710460
05-27 18:58:44.445   536   536 D commservice260303: send2Cluster len:316, 7B22636F6D6D616E64223A7B226964223A22696D755F737461747573222C22737562223A22227D2C22636F6E74656E74223A7B2254696D655374616D70223A31312C224672616D65436F756E746572223A3236373333322C2247445F58223A2D302E3031313435333135333536353532363030392C2247445F59223A302E3030353334353034373435313535353732392C2247445F5A223A302E3030313637393033393930393530343335342C2241445F58223A2D302E303033323739353936353637313533393330372C2241445F59223A2D302E3030323335333230303638383935383136382C2241445F5A223A2D302E313734333739333438373534383832382C2254656D70447370223A302C22537461747573223A302C2243616C69625374617465223A312C22536967416D70496E76616C6964223A307D7D, 138 
05-27 18:58:44.445   536   536 D commservice260303: Push Message into SendPool fn=945161216
05-27 18:58:44.445   536   536 D commservice260303: ComProtocolLibSend2Cluster::send2ClusterRaw fn=945161216 , len=332
05-27 18:58:44.445   536   536 D commservice260303: sendCmdToPort :332!!!
05-27 18:58:44.445   536   536 D commservice260303: send Cmd To Port ++++5AA501488A01000456386A16CE647B22636F6D6D616E64223A7B226964223A22696D755F737461747573222C22737562223A22227D2C22636F6E74656E74223A7B2254696D655374616D70223A31312C224672616D65436F756E746572223A3236373333322C2247445F58223A2D302E3031313435333135333536353532363030392C2247445F59223A302E3030353334353034373435313535353732392C2247445F5A223A302E3030313637393033393930393530343335342C2241445F58223A2D302E303033323739353936353637313533393330372C2241445F59223A2D302E3030323335333230303638383935383136382C2241445F5A223A2D302E313734333739333438373534383832382C2254656D70447370223A302C22537461747573223A302C2243616C69625374617465223A312C22536967416D70496E76616C6964223A307D7D901D
05-27 18:58:44.445   536   536 D commservice260303: bufferevent_write retrun value = 0
05-27 18:58:44.445   536   560 D commservice260303: client datas send succeed,send finish
05-27 18:58:44.445 13911 14192 D Sentinelmode_1.2.5.17_sentry: <SentryImuClusterFgeSender>imu_status sent to Linux, frame=267332, tsNs=11391676, tsMs=11, intervalMs=40, ad=(-0.0032795966,-0.0023532007,-0.17437935), gd=(-0.011453154,0.0053450475,0.0016790399)
05-27 08:49:53.406   581   581 D spi_rst_gpio_get_output: GPIO 145 value: 1
05-27 08:49:53.406   581   581 D spidev_ioctl: gpio status=1)
05-27 18:58:44.447   581   581 I SpiService: fgesysctrl_getGPIO_status success val=0
05-27 18:58:44.447   594   594 E vendor.sprd.hardware.memtrack-service: MemTrack_DEBUG--Open mali gpu_memory failed
05-27 08:49:53.411   581   581 D spi_rst_gpio_get_output: GPIO 145 value: 0
05-27 18:58:44.449   594   594 E vendor.sprd.hardware.memtrack-service: MemTrack_DEBUG--Open mali gpu_memory failed
05-27 08:49:53.411   581   581 D spidev_ioctl: gpio status=0)
05-27 18:58:44.451  1008 30857 D [OMXB]  : usingANWBuffer: handle:0xee7467e0, format:1, w:1920, h:1080
05-27 18:58:44.452   594   594 E vendor.sprd.hardware.memtrack-service: MemTrack_DEBUG--Open mali gpu_memory failed
05-27 18:58:44.455   299 30841 D EvsDriver: forwardFrame
05-27 18:58:44.454   299 30844 D EvsDriver: forwardFrame
05-27 18:58:44.458   299 30844 D EvsDriver: Delivered 0xb400007b7ca56900 as id 0
05-27 18:58:44.458  1167  1184 D evsmanagerd: /dev/video6 forwarded the buffer #0 to 0xb4000074bf5f5510 from 0xb4000074bf5f6d90
05-27 18:58:44.458  1167  1479 D evsmanagerd: /dev/video4 forwarded the buffer #0 to 0xb4000074bf5f6850 from 0xb4000074bf5f41d0
05-27 18:58:44.459   566 11459 I gps_hdbd: Received: '$GNINS,CARSPEED,ADR_STATUS,0,Pulse_count,0,1,0,0,19986000,113710,0.000,0.000,0.000*0C
'
05-27 18:58:44.458   299 30841 D EvsDriver: Delivered 0xb400007b7ca56a60 as id 0
05-27 18:58:44.461   566 11459 I gps_hdbd: Received: '$GNTXT,04,01,04,INS,V,1,,,,FLG,1,000000,1,0,1,0,0,Con,0*71
'
05-27 18:58:44.461   299  1163 D EvsDriver: doneWithFrame
05-27 18:58:44.462   581   581 I SpiService: fgesysctrl_getGPIO_status success val=1
05-27 18:58:44.462   566 11459 I gps_hdbd: Received: '$GNTXT,INSTALL,0.00,0.00,0.00,0.00,0.00,0.00,0*20
'
05-27 18:58:44.462   594   594 E vendor.sprd.hardware.memtrack-service: MemTrack_DEBUG--Open mali gpu_memory failed
05-27 18:58:44.467 13911 14183 I SentryImuMcuAngleSender: -179.993rollDeg
05-27 18:58:44.467 13911 14183 I SentryImuMcuAngleSender: 1,0,0
05-27 18:58:44.468   581   581 I SpiService: fgesysctrl_getGPIO_status success val=1
05-27 08:49:53.426   581   581 D spi_rst_gpio_get_output: GPIO 145 value: 1
05-27 08:49:53.426   581   581 D spidev_ioctl: gpio status=1)
05-27 08:49:53.433   581   581 D spi_rst_gpio_get_output: GPIO 145 value: 1
05-27 08:49:53.433   581   581 D spidev_ioctl: gpio status=1)
05-27 18:58:44.469   299  1163 D EvsDriver: doneWithFrame
05-27 18:58:44.469   594   594 E vendor.sprd.hardware.memtrack-service: MemTrack_DEBUG--Open mali gpu_memory failed
05-27 18:58:44.473   594   594 E vendor.sprd.hardware.memtrack-service: MemTrack_DEBUG--Open mali gpu_memory failed
05-27 18:58:44.473   581   581 I SpiService: fgesysctrl_getGPIO_status success val=1
05-27 18:58:44.474   572   622 I Sensors : 230 AccelSensor: x:-0.172019,y:0.001220,z:-9.979600
05-27 18:58:44.475   594   594 E vendor.sprd.hardware.memtrack-service: MemTrack_DEBUG--Open mali gpu_memory failed
05-27 08:49:53.438   581   581 D spi_rst_gpio_get_output: GPIO 145 value: 1
05-27 08:49:53.438   581   581 D spidev_ioctl: gpio status=1)
05-27 18:58:44.478  1008 30856 D [OMXB]  : usingANWBuffer: handle:0xee743ea0, format:1, w:1920, h:1080
05-27 18:58:44.479   581   581 I SpiService: fgesysctrl_getGPIO_status success val=1
05-27 18:58:44.480   594   594 E vendor.sprd.hardware.memtrack-service: MemTrack_DEBUG--Open mali gpu_memory failed
05-27 08:49:53.444   581   581 D spi_rst_gpio_get_output: GPIO 145 value: 1
05-27 08:49:53.444   581   581 D spidev_ioctl: gpio status=1)
05-27 18:58:44.482   594   594 E vendor.sprd.hardware.memtrack-service: MemTrack_DEBUG--Open mali gpu_memory failed
05-27 18:58:44.482   299 30841 D EvsDriver: forwardFrame
05-27 18:58:44.483 15863 16069 D AIN-HttpHealthPolicy: response: 404, cost=142
05-27 08:49:53.449   581   581 D spi_rst_gpio_get_output: GPIO 145 value: 1
05-27 08:49:53.449   581   581 D spidev_ioctl: gpio status=1)
05-27 18:58:44.484 15863 16068 D AIN-PingWorker: updateHost: result=true,host=www.xiaohongshu.com,delay=142
05-27 18:58:44.484 15863 16068 D AIN-NetCheckerOutputer: onHealthy
05-27 18:58:44.484 15863 16068 D AIN-ServiceHub: getService with: name = service_tracker
05-27 18:58:44.484   581   581 I SpiService: fgesysctrl_getGPIO_status success val=1
05-27 18:58:44.485 30773 30786 I dvr_service_: CameraX 0  audioOK: 33858779,audios:530
05-27 18:58:44.485   299 30844 D EvsDriver: forwardFrame
05-27 18:58:44.486   594   594 E vendor.sprd.hardware.memtrack-service: MemTrack_DEBUG--Open mali gpu_memory failed
05-27 18:58:44.487 13911 14183 I SentryImuMcuAngleSender: 179.993rollDeg
05-27 18:58:44.487 13911 14183 I SentryImuMcuAngleSender: 1,0,0
05-27 18:58:44.488   299 30844 D EvsDriver: Delivered 0xb400007b7ca56900 as id 0
05-27 18:58:44.488  1167  1479 D evsmanagerd: /dev/video6 forwarded the buffer #0 to 0xb4000074bf5f5510 from 0xb4000074bf5f6d90
05-27 18:58:44.490   581   581 I SpiService: fgesysctrl_getGPIO_status success val=0
05-27 18:58:44.490   594   594 E vendor.sprd.hardware.memtrack-service: MemTrack_DEBUG--Open mali gpu_memory failed
05-27 08:49:53.454   581   581 D spi_rst_gpio_get_output: GPIO 145 value: 0
05-27 08:49:53.454   581   581 D spidev_ioctl: gpio status=0)
05-27 18:58:44.492   594   594 E vendor.sprd.hardware.memtrack-service: MemTrack_DEBUG--Open mali gpu_memory failed
05-27 18:58:44.493   299  1163 D EvsDriver: doneWithFrame
05-27 18:58:44.493  1167  1479 D evsmanagerd: /dev/video4 forwarded the buffer #0 to 0xb4000074bf5f6850 from 0xb4000074bf5f41d0
05-27 18:58:44.494   299 30841 D EvsDriver: Delivered 0xb400007b7ca56a60 as id 0
05-27 18:58:44.496   536   536 D commservice260303: msg.id = 1028,1
05-27 18:58:44.496   536   536 D commservice260303: i = 170, msgid = 8A000404
05-27 18:58:44.496   536   536 D commservice260303: msgid = -1979710460,did=138
05-27 18:58:44.496   536   536 D commservice260303: CommProtocolLibCmdBaseI2C::dataproc {"command":{"id":"imu_status","sub":""},"content":{"TimeStamp":11,"FrameCounter":267333,"GD_X":-0.011223767884075642,"GD_Y":0.004656890872865915,"GD_Z":0.0015271564479917288,"AD_X":-0.004498779773712158,"AD_Y":9.898352436721325E-5,"AD_Z":-0.1743793487548828,"TempDsp":0,"Status":0,"CalibState":1,"SigAmpInvalid":0}},-1979710460
05-27 18:58:44.496   536   536 D commservice260303: send2Cluster len:315, 7B22636F6D6D616E64223A7B226964223A22696D755F737461747573222C22737562223A22227D2C22636F6E74656E74223A7B2254696D655374616D70223A31312C224672616D65436F756E746572223A3236373333332C2247445F58223A2D302E3031313232333736373838343037353634322C2247445F59223A302E3030343635363839303837323836353931352C2247445F5A223A302E303031353237313536343437393931373238382C2241445F58223A2D302E3030343439383737393737333731323135382C2241445F59223A392E383938333532343336373231333235452D352C2241445F5A223A2D302E313734333739333438373534383832382C2254656D70447370223A302C22537461747573223A302C2243616C69625374617465223A312C22536967416D70496E76616C6964223A307D7D, 138 
05-27 18:58:44.496   536   536 D commservice260303: Push Message into SendPool fn=961938432
05-27 18:58:44.496   536   536 D commservice260303: ComProtocolLibSend2Cluster::send2ClusterRaw fn=961938432 , len=331
05-27 18:58:44.496   536   536 D commservice260303: sendCmdToPort :331!!!
05-27 18:58:44.497   536   536 D commservice260303: send Cmd To Port ++++5AA501478A01000456396A16CE647B22636F6D6D616E64223A7B226964223A22696D755F737461747573222C22737562223A22227D2C22636F6E74656E74223A7B2254696D655374616D70223A31312C224672616D65436F756E746572223A3236373333332C2247445F58223A2D302E3031313232333736373838343037353634322C2247445F59223A302E3030343635363839303837323836353931352C2247445F5A223A302E303031353237313536343437393931373238382C2241445F58223A2D302E3030343439383737393737333731323135382C2241445F59223A392E383938333532343336373231333235452D352C2241445F5A223A2D302E313734333739333438373534383832382C2254656D70447370223A302C22537461747573223A302C2243616C69625374617465223A312C22536967416D70496E76616C6964223A307D7DD3C4
05-27 18:58:44.497   536   536 D commservice260303: bufferevent_write retrun value = 0
05-27 18:58:44.497   536   560 D commservice260303: client datas send succeed,send finish
05-27 18:58:44.498 13911 14192 D Sentinelmode_1.2.5.17_sentry: <SentryImuClusterFgeSender>imu_status sent to Linux, frame=267333, tsNs=11391725, tsMs=11, intervalMs=52, ad=(-0.00449878,9.8983524E-5,-0.17437935), gd=(-0.011223768,0.004656891,0.0015271564)
05-27 18:58:44.499   299  1163 D EvsDriver: doneWithFrame
05-27 18:58:44.503   594   594 E vendor.sprd.hardware.memtrack-service: MemTrack_DEBUG--Open mali gpu_memory failed
05-27 18:58:44.505   581   581 I SpiService: fgesysctrl_getGPIO_status success val=1
05-27 08:49:53.469   581   581 D spi_rst_gpio_get_output: GPIO 145 value: 1
05-27 08:49:53.469   581   581 D spidev_ioctl: gpio status=1)
05-27 18:58:44.507   594   594 E vendor.sprd.hardware.memtrack-service: MemTrack_DEBUG--Open mali gpu_memory failed
05-27 18:58:44.508 13911 14183 I SentryImuMcuAngleSender: 179.986rollDeg
05-27 18:58:44.508 13911 14183 I SentryImuMcuAngleSender: 1,0,0
05-27 18:58:44.508  1008 30857 D [OMXB]  : usingANWBuffer: handle:0xee7412a0, format:1, w:1920, h:1080
05-27 18:58:44.510   581   581 I SpiService: fgesysctrl_getGPIO_status success val=1
05-27 18:58:44.512   283   307 I rvcservice: t.code = 7, t.value = 11391634
05-27 08:49:53.475   581   581 D spi_rst_gpio_get_output: GPIO 145 value: 1
05-27 08:49:53.475   581   581 D spidev_ioctl: gpio status=1)
05-27 18:58:44.514   594   594 E vendor.sprd.hardware.memtrack-service: MemTrack_DEBUG--Open mali gpu_memory failed
05-27 18:58:44.516   581   581 I SpiService: fgesysctrl_getGPIO_status success val=1
05-27 08:49:53.481   581   581 D spi_rst_gpio_get_output: GPIO 145 value: 1
05-27 08:49:53.481   581   581 D spidev_ioctl: gpio status=1)
05-27 18:58:44.517   594   594 E vendor.sprd.hardware.memtrack-service: MemTrack_DEBUG--Open mali gpu_memory failed
05-27 18:58:44.518   299 30841 D EvsDriver: forwardFrame
05-27 18:58:44.518   299 30844 D EvsDriver: forwardFrame
05-27 18:58:44.522   299 30844 D EvsDriver: Delivered 0xb400007b7ca56900 as id 0
05-27 18:58:44.522   299 30841 D EvsDriver: Delivered 0xb400007b7ca56a60 as id 0
05-27 18:58:44.522   581   581 I SpiService: fgesysctrl_getGPIO_status success val=1
05-27 18:58:44.522  1167  1184 D evsmanagerd: /dev/video6 forwarded the buffer #0 to 0xb4000074bf5f5510 from 0xb4000074bf5f6d90
05-27 18:58:44.522  1167  1479 D evsmanagerd: /dev/video4 forwarded the buffer #0 to 0xb4000074bf5f6850 from 0xb4000074bf5f41d0
05-27 18:58:44.524   594   594 E vendor.sprd.hardware.memtrack-service: MemTrack_DEBUG--Open mali gpu_memory failed
05-27 08:49:53.486   581   581 D spi_rst_gpio_get_output: GPIO 145 value: 1
05-27 08:49:53.486   581   581 D spidev_ioctl: gpio status=1)
05-27 18:58:44.525   299  1163 D EvsDriver: doneWithFrame
05-27 18:58:44.527   299  1163 D EvsDriver: doneWithFrame
05-27 18:58:44.527   581   581 I SpiService: fgesysctrl_getGPIO_status success val=0
05-27 08:49:53.492   581   581 D spi_rst_gpio_get_output: GPIO 145 value: 0
05-27 08:49:53.492   581   581 D spidev_ioctl: gpio status=0)
05-27 18:58:44.530  1008 30856 D [OMXB]  : usingANWBuffer: handle:0xee7421c0, format:1, w:1920, h:1080
05-27 18:58:44.531 13911 14183 I SentryImuMcuAngleSender: 179.97899rollDeg
05-27 18:58:44.531 13911 14183 I SentryImuMcuAngleSender: 1,0,0
05-27 18:58:44.534   594   594 E vendor.sprd.hardware.memtrack-service: MemTrack_DEBUG--Open mali gpu_memory failed
05-27 18:58:44.536   536   536 D commservice260303: msg.id = 1028,0
05-27 18:58:44.536   536   536 D commservice260303: i = 170, msgid = 8A000404
05-27 18:58:44.536   536   536 D commservice260303: msgid = -1979710460,did=138
05-27 18:58:44.536   536   536 D commservice260303: CommProtocolLibCmdBaseI2C::dataproc {"command":{"id":"imu_status","sub":""},"content":{"TimeStamp":11,"FrameCounter":267334,"GD_X":-0.012139749713242054,"GD_Y":0.00549693126231432,"GD_Z":0.0015271564479917288,"AD_X":-0.005687505006790161,"AD_Y":0.0031270349863916636,"AD_Z":-0.1743793487548828,"TempDsp":0,"Status":0,"CalibState":1,"SigAmpInvalid":0}},-1979710460
05-27 18:58:44.536   536   536 D commservice260303: send2Cluster len:315, 7B22636F6D6D616E64223A7B226964223A22696D755F737461747573222C22737562223A22227D2C22636F6E74656E74223A7B2254696D655374616D70223A31312C224672616D65436F756E746572223A3236373333342C2247445F58223A2D302E3031323133393734393731333234323035342C2247445F59223A302E30303534393639333132363233313433322C2247445F5A223A302E303031353237313536343437393931373238382C2241445F58223A2D302E3030353638373530353030363739303136312C2241445F59223A302E303033313237303334393836333931363633362C2241445F5A223A2D302E313734333739333438373534383832382C2254656D70447370223A302C22537461747573223A302C2243616C69625374617465223A312C22536967416D70496E76616C6964223A307D7D, 138 
05-27 18:58:44.536   536   536 D commservice260303: Push Message into SendPool fn=978715648
05-27 18:58:44.536   536   536 D commservice260303: ComProtocolLibSend2Cluster::send2ClusterRaw fn=978715648 , len=331
05-27 18:58:44.536   536   536 D commservice260303: sendCmdToPort :331!!!
05-27 18:58:44.536   536   536 D commservice260303: send Cmd To Port ++++5AA501478A010004563A6A16CE647B22636F6D6D616E64223A7B226964223A22696D755F737461747573222C22737562223A22227D2C22636F6E74656E74223A7B2254696D655374616D70223A31312C224672616D65436F756E746572223A3236373333342C2247445F58223A2D302E3031323133393734393731333234323035342C2247445F59223A302E30303534393639333132363233313433322C2247445F5A223A302E303031353237313536343437393931373238382C2241445F58223A2D302E3030353638373530353030363739303136312C2241445F59223A302E303033313237303334393836333931363633362C2241445F5A223A2D302E313734333739333438373534383832382C2254656D70447370223A302C22537461747573223A302C2243616C69625374617465223A312C22536967416D70496E76616C6964223A307D7D32CD
05-27 18:58:44.536   536   536 D commservice260303: bufferevent_write retrun value = 0
05-27 18:58:44.536 13911 14192 D Sentinelmode_1.2.5.17_sentry: <SentryImuClusterFgeSender>imu_status sent to Linux, frame=267334, tsNs=11391778, tsMs=11, intervalMs=39, ad=(-0.005687505,0.003127035,-0.17437935), gd=(-0.01213975,0.0054969313,0.0015271564)
05-27 18:58:44.536   536   560 D commservice260303: client datas send succeed,send finish
05-27 18:58:44.539   594   594 E vendor.sprd.hardware.memtrack-service: MemTrack_DEBUG--Open mali gpu_memory failed
05-27 08:49:53.507   581   581 D spi_rst_gpio_get_output: GPIO 145 value: 1
05-27 08:49:53.507   581   581 D spidev_ioctl: gpio status=1)
05-27 18:58:44.543   581   581 I SpiService: fgesysctrl_getGPIO_status success val=1
05-27 18:58:44.544   536   760 I commservice260303: [mcuCommFunctionTcp::ProtocolCheckConnectTimeOutProc:613] keyID:256,tcpEvent:5,tcpcount:0,heartbeat:1,noHeartBeatNumber:0,endispatch:0,strState:0
05-27 18:58:44.545   536   760 D commservice260303: ProtocolCheckConnectTimeOutProc,629,clear heartbeat
05-27 18:58:44.545   594   594 E vendor.sprd.hardware.memtrack-service: MemTrack_DEBUG--Open mali gpu_memory failed
05-27 18:58:44.547   299 30844 D EvsDriver: forwardFrame
05-27 18:58:44.547  1008 30857 D [OMXB]  : usingANWBuffer: handle:0xee742cc0, format:1, w:1920, h:1080
05-27 18:58:44.548   594   594 E vendor.sprd.hardware.memtrack-service: MemTrack_DEBUG--Open mali gpu_memory failed
05-27 08:49:53.513   581   581 D spi_rst_gpio_get_output: GPIO 145 value: 1
05-27 08:49:53.513   581   581 D spidev_ioctl: gpio status=1)
05-27 18:58:44.548  1167  1479 D evsmanagerd: /dev/video6 forwarded the buffer #0 to 0xb4000074bf5f5510 from 0xb4000074bf5f6d90
05-27 18:58:44.548   581   581 I SpiService: fgesysctrl_getGPIO_status success val=1
05-27 18:58:44.549   299 30844 D EvsDriver: Delivered 0xb400007b7ca56900 as id 0
05-27 18:58:44.551   299  1163 D EvsDriver: doneWithFrame
05-27 18:58:44.551 13911 14183 I SentryImuMcuAngleSender: 179.97548rollDeg
05-27 18:58:44.552 13911 14183 I SentryImuMcuAngleSender: 1,0,0
05-27 18:58:44.554   581   581 I SpiService: fgesysctrl_getGPIO_status success val=1
05-27 18:58:44.556   299 30841 D EvsDriver: forwardFrame
05-27 08:49:53.518   581   581 D spi_rst_gpio_get_output: GPIO 145 value: 1
05-27 08:49:53.518   581   581 D spidev_ioctl: gpio status=1)
05-27 18:58:44.557   299 30841 D EvsDriver: Delivered 0xb400007b7ca56a60 as id 0
05-27 18:58:44.557  1167  1479 D evsmanagerd: /dev/video4 forwarded the buffer #0 to 0xb4000074bf5f6850 from 0xb4000074bf5f41d0
05-27 18:58:44.560   581   581 I SpiService: fgesysctrl_getGPIO_status success val=1
05-27 18:58:44.561   299  1163 D EvsDriver: doneWithFrame
05-27 08:49:53.524   581   581 D spi_rst_gpio_get_output: GPIO 145 value: 1
05-27 08:49:53.524   581   581 D spidev_ioctl: gpio status=1)
05-27 18:58:44.561   572   622 I Sensors : 230 GyroSensor: x:-0.011682,y:0.005421,z:0.001908
05-27 18:58:44.562   594   594 E vendor.sprd.hardware.memtrack-service: MemTrack_DEBUG--Open mali gpu_memory failed
05-27 18:58:44.565 30773 30786 I dvr_service_: CameraX 1  audioOK: 33858779,audios:530
05-27 18:58:44.566   581   581 I SpiService: fgesysctrl_getGPIO_status success val=1
05-27 18:58:44.568   594   594 E vendor.sprd.hardware.memtrack-service: MemTrack_DEBUG--Open mali gpu_memory failed
05-27 08:49:53.530   581   581 D spi_rst_gpio_get_output: GPIO 145 value: 1
05-27 08:49:53.530   581   581 D spidev_ioctl: gpio status=1)
05-27 18:58:44.571 13911 14183 I SentryImuMcuAngleSender: 179.97548rollDeg
05-27 18:58:44.571 13911 14183 I SentryImuMcuAngleSender: 1,0,0
05-27 18:58:44.571   581   581 I SpiService: fgesysctrl_getGPIO_status success val=0
05-27 08:49:53.536   581   581 D spi_rst_gpio_get_output: GPIO 145 value: 0
05-27 08:49:53.536   581   581 D spidev_ioctl: gpio status=0)
05-27 18:58:44.575   594   594 E vendor.sprd.hardware.memtrack-service: MemTrack_DEBUG--Open mali gpu_memory failed
05-27 18:58:44.577   594   594 E vendor.sprd.hardware.memtrack-service: MemTrack_DEBUG--Open mali gpu_memory failed
05-27 18:58:44.579   594   594 E vendor.sprd.hardware.memtrack-service: MemTrack_DEBUG--Open mali gpu_memory failed
05-27 18:58:44.581   536   536 D commservice260303: msg.id = 1028,0
05-27 18:58:44.581   536   536 D commservice260303: i = 170, msgid = 8A000404
05-27 18:58:44.581   536   536 D commservice260303: msgid = -1979710460,did=138
05-27 18:58:44.581   536   536 D commservice260303: CommProtocolLibCmdBaseI2C::dataproc {"command":{"id":"imu_status","sub":""},"content":{"TimeStamp":11,"FrameCounter":267335,"GD_X":-0.011682018637657166,"GD_Y":0.005420989356935024,"GD_Z":0.0019079053308814764,"AD_X":-0.003850609064102173,"AD_Y":0.003107407595962286,"AD_Z":-0.1755990982055664,"TempDsp":0,"Status":0,"CalibState":1,"SigAmpInvalid":0}},-1979710460
05-27 18:58:44.581   536   536 D commservice260303: send2Cluster len:315, 7B22636F6D6D616E64223A7B226964223A22696D755F737461747573222C22737562223A22227D2C22636F6E74656E74223A7B2254696D655374616D70223A31312C224672616D65436F756E746572223A3236373333352C2247445F58223A2D302E3031313638323031383633373635373136362C2247445F59223A302E3030353432303938393335363933353032342C2247445F5A223A302E303031393037393035333330383831343736342C2241445F58223A2D302E3030333835303630393036343130323137332C2241445F59223A302E3030333130373430373539353936323238362C2241445F5A223A2D302E313735353939303938323035353636342C2254656D70447370223A302C22537461747573223A302C2243616C69625374617465223A312C22536967416D70496E76616C6964223A307D7D, 138 
05-27 18:58:44.581   536   536 D commservice260303: Push Message into SendPool fn=995492864
05-27 18:58:44.581   536   536 D commservice260303: ComProtocolLibSend2Cluster::send2ClusterRaw fn=995492864 , len=331
05-27 18:58:44.581   536   536 D commservice260303: sendCmdToPort :331!!!
05-27 18:58:44.581   536   536 D commservice260303: send Cmd To Port ++++5AA501478A010004563B6A16CE647B22636F6D6D616E64223A7B226964223A22696D755F737461747573222C22737562223A22227D2C22636F6E74656E74223A7B2254696D655374616D70223A31312C224672616D65436F756E746572223A3236373333352C2247445F58223A2D302E3031313638323031383633373635373136362C2247445F59223A302E3030353432303938393335363933353032342C2247445F5A223A302E303031393037393035333330383831343736342C2241445F58223A2D302E3030333835303630393036343130323137332C2241445F59223A302E3030333130373430373539353936323238362C2241445F5A223A2D302E313735353939303938323035353636342C2254656D70447370223A302C22537461747573223A302C2243616C69625374617465223A312C22536967416D70496E76616C6964223A307D7D263A
05-27 18:58:44.581   536   536 D commservice260303: bufferevent_write retrun value = 0
05-27 18:58:44.581   536   560 D commservice260303: client datas send succeed,send finish
05-27 18:58:44.581 13911 14192 D Sentinelmode_1.2.5.17_sentry: <SentryImuClusterFgeSender>imu_status sent to Linux, frame=267335, tsNs=11391812, tsMs=11, intervalMs=45, ad=(-0.003850609,0.0031074076,-0.1755991), gd=(-0.011682019,0.0054209894,0.0019079053)
05-27 18:58:44.582   594   594 E vendor.sprd.hardware.memtrack-service: MemTrack_DEBUG--Open mali gpu_memory failed
05-27 18:58:44.583   299 30844 D EvsDriver: forwardFrame
05-27 18:58:44.584   481   598 I mcuc    : rev,n=1,6AA681E572008C8305000055000000B0000000000001000100006FD506B15C89CE065E065CC3B2065D0CB9065EB21FD997B63FB600000000040000B3000000000000000000000000000000B44300000000000300000000000000AA000000E40701010000000000000000BB06050507EA051B000008009403CB00CC000000000000000000000000000000B500000000000000009D
05-27 18:58:44.585   351   373 D automotive.vehicle@2.0-adayo-datacomm-mcu: MCUDatacomm sendMessageFromVehicle prop: 0x83, areaId: 0x5, status: 0x0, timestamp: 0x0
05-27 18:58:44.585   351   373 D automotive.vehicle@2.0-adayo-datacomm-mcu: MCUDatacomm 1sendMessageFromVehicle ---> type = 7 
05-27 18:58:44.585   351   373 I automotive.vehicle@2.0-adayo-func-mcu: MCUFunc :sendMessageFromVehicle  msgBuff[0] = 131 
