05-27 18:58:44.000   536   536 D commservice260303: send2Cluster len:318, 7B22636F6D6D616E64223A7B226964223A22696D755F737461747573222C22737562223A22227D2C22636F6E74656E74223A7B2254696D655374616D70223A31312C224672616D65436F756E746572223A3236373332312C2247445F58223A2D302E3031313330303735303037363737303738322C2247445F59223A302E303035363439383534383934373237343638352C2247445F5A223A302E303031373536303231383639333638383531322C2241445F58223A2D302E303033343030373133323035333337353234342C2241445F59223A312E33373830313238323130373833303035452D342C2241445F5A223A2D302E313734333739333438373534383832382C2254656D70447370223A302C22537461747573223A302C2243616C69625374617465223A312C22536967416D70496E76616C6964223A307D7D, 138 
05-27 18:58:44.000   536   536 D commservice260303: Push Message into SendPool fn=760611840
05-27 18:58:44.000   536   536 D commservice260303: ComProtocolLibSend2Cluster::send2ClusterRaw fn=760611840 , len=334
05-27 18:58:44.000   536   536 D commservice260303: sendCmdToPort :334!!!
05-27 18:58:44.000   536   536 D commservice260303: send Cmd To Port ++++5AA5014A8A010004562D6A16CE647B22636F6D6D616E64223A7B226964223A22696D755F737461747573222C22737562223A22227D2C22636F6E74656E74223A7B2254696D655374616D70223A31312C224672616D65436F756E746572223A3236373332312C2247445F58223A2D302E3031313330303735303037363737303738322C2247445F59223A302E303035363439383534383934373237343638352C2247445F5A223A302E303031373536303231383639333638383531322C2241445F58223A2D302E303033343030373133323035333337353234342C2241445F59223A312E33373830313238323130373833303035452D342C2241445F5A223A2D302E313734333739333438373534383832382C2254656D70447370223A302C22537461747573223A302C2243616C69625374617465223A312C22536967416D70496E76616C6964223A307D7D9EE9
05-27 18:58:44.001   536   536 D commservice260303: bufferevent_write retrun value = 0
05-27 18:58:44.001   536   560 D commservice260303: client datas send succeed,send finish
05-27 18:58:44.001 13911 14192 D Sentinelmode_1.2.5.17_sentry: <SentryImuClusterFgeSender>imu_status sent to Linux, frame=267321, tsNs=11391224, tsMs=11, intervalMs=51, ad=(-0.0034007132,1.3780128E-4,-0.17437935), gd=(-0.01130075,0.005649855,0.0017560219)
05-27 18:58:44.001 13911 14183 I SentryImuMcuAngleSender: 1,0,0
05-27 18:58:44.002   581   581 I SpiService: fgesysctrl_getGPIO_status success val=0
05-27 18:58:44.002   481   597 I mcuc    : send SPI:6AA6007D9800050412010000CF
05-27 18:58:44.004  1008 30856 D [OMXB]  : usingANWBuffer: handle:0xee7427f0, format:1, w:1920, h:1080
05-27 08:49:52.967   581   581 D spi_rst_gpio_get_output: GPIO 145 value: 0
05-27 08:49:52.967   581   581 D spidev_ioctl: gpio status=0)
05-27 18:58:44.011   283   307 I rvcservice: t.code = 3, t.value = 0
05-27 18:58:44.017   581   581 I SpiService: fgesysctrl_getGPIO_status success val=1
05-27 18:58:44.017   299 30844 D EvsDriver: forwardFrame
05-27 18:58:44.019   299 30844 D EvsDriver: Delivered 0xb400007b7ca56900 as id 0
05-27 18:58:44.019  1167  1184 D evsmanagerd: /dev/video6 forwarded the buffer #0 to 0xb4000074bf5f5510 from 0xb4000074bf5f6d90
05-27 18:58:44.019   299 30841 D EvsDriver: forwardFrame
05-27 08:49:52.981   581   581 D spi_rst_gpio_get_output: GPIO 145 value: 1
05-27 08:49:52.981   581   581 D spidev_ioctl: gpio status=1)
05-27 18:58:44.022 13911 14183 I SentryImuMcuAngleSender: 179.97899rollDeg
05-27 18:58:44.022 13911 14183 I SentryImuMcuAngleSender: 1,0,0
05-27 18:58:44.023  1167  1479 D evsmanagerd: /dev/video4 forwarded the buffer #0 to 0xb4000074bf5f6850 from 0xb4000074bf5f41d0
05-27 18:58:44.023   581   581 I SpiService: fgesysctrl_getGPIO_status success val=1
05-27 18:58:44.023   299 30841 D EvsDriver: Delivered 0xb400007b7ca56a60 as id 0
05-27 18:58:44.025   299  1153 D EvsDriver: doneWithFrame
05-27 18:58:44.026   299  1153 D EvsDriver: doneWithFrame
05-27 08:49:52.987   581   581 D spidev_ioctl: gpio status=1)
05-27 18:58:44.029   581   581 I SpiService: fgesysctrl_getGPIO_status success val=1
05-27 18:58:44.031   536   536 D commservice260303: msg.id = 1028,1
05-27 18:58:44.031   536   536 D commservice260303: i = 170, msgid = 8A000404
05-27 18:58:44.031   536   536 D commservice260303: msgid = -1979710460,did=138
05-27 18:58:44.031   536   536 D commservice260303: CommProtocolLibCmdBaseI2C::dataproc {"command":{"id":"imu_status","sub":""},"content":{"TimeStamp":11,"FrameCounter":267322,"GD_X":-0.011223767884075642,"GD_Y":0.0056498548947274685,"GD_Z":0.0019848872907459736,"AD_X":-0.00884498655796051,"AD_Y":0.005597191862761974,"AD_Z":-0.16828060150146484,"TempDsp":0,"Status":0,"CalibState":1,"SigAmpInvalid":0}},-1979710460
05-27 18:58:44.031   536   536 D commservice260303: send2Cluster len:316, 7B22636F6D6D616E64223A7B226964223A22696D755F737461747573222C22737562223A22227D2C22636F6E74656E74223A7B2254696D655374616D70223A31312C224672616D65436F756E746572223A3236373332322C2247445F58223A2D302E3031313232333736373838343037353634322C2247445F59223A302E303035363439383534383934373237343638352C2247445F5A223A302E303031393834383837323930373435393733362C2241445F58223A2D302E30303838343439383635353739363035312C2241445F59223A302E3030353539373139313836323736313937342C2241445F5A223A2D302E31363832383036303135303134363438342C2254656D70447370223A302C22537461747573223A302C2243616C69625374617465223A312C22536967416D70496E76616C6964223A307D7D, 138 
05-27 18:58:44.032   536   536 D commservice260303: Push Message into SendPool fn=777389056
05-27 18:58:44.032   536   536 D commservice260303: ComProtocolLibSend2Cluster::send2ClusterRaw fn=777389056 , len=332
05-27 18:58:44.032   536   536 D commservice260303: sendCmdToPort :332!!!
05-27 18:58:44.032   536   536 D commservice260303: send Cmd To Port ++++5AA501488A010004562E6A16CE647B22636F6D6D616E64223A7B226964223A22696D755F737461747573222C22737562223A22227D2C22636F6E74656E74223A7B2254696D655374616D70223A31312C224672616D65436F756E746572223A3236373332322C2247445F58223A2D302E3031313232333736373838343037353634322C2247445F59223A302E303035363439383534383934373237343638352C2247445F5A223A302E303031393834383837323930373435393733362C2241445F58223A2D302E30303838343439383635353739363035312C2241445F59223A302E3030353539373139313836323736313937342C2241445F5A223A2D302E31363832383036303135303134363438342C2254656D70447370223A302C22537461747573223A302C2243616C69625374617465223A312C22536967416D70496E76616C6964223A307D7D926E
05-27 18:58:44.032   536   536 D commservice260303: bufferevent_write retrun value = 0
05-27 18:58:44.032   536   560 D commservice260303: client datas send succeed,send finish
05-27 18:58:44.032 13911 14192 D Sentinelmode_1.2.5.17_sentry: <SentryImuClusterFgeSender>imu_status sent to Linux, frame=267322, tsNs=11391277, tsMs=11, intervalMs=31, ad=(-0.008844987,0.005597192,-0.1682806), gd=(-0.011223768,0.005649855,0.0019848873)
05-27 08:49:52.994   581   581 D spi_rst_gpio_get_output: GPIO 145 value: 1
05-27 08:49:52.994   581   581 D spidev_ioctl: gpio status=1)
05-27 18:58:44.035   581   581 I SpiService: fgesysctrl_getGPIO_status success val=1
05-27 18:58:44.036  1008 30857 D [OMXB]  : usingANWBuffer: handle:0xee741da0, format:1, w:1920, h:1080
05-27 08:49:52.999   581   581 D spi_rst_gpio_get_output: GPIO 145 value: 1
05-27 08:49:52.999   581   581 D spidev_ioctl: gpio status=1)
05-27 08:49:53.005   581   581 D spi_rst_gpio_get_output: GPIO 145 value: 0
05-27 18:58:44.041   581   581 I SpiService: fgesysctrl_getGPIO_status success val=0
05-27 08:49:53.005   581   581 D spidev_ioctl: gpio status=0)
05-27 18:58:44.042 13911 14183 I SentryImuMcuAngleSender: 179.96146rollDeg
05-27 18:58:44.043 13911 14183 I SentryImuMcuAngleSender: 1,0,0
05-27 18:58:44.056   581   581 I SpiService: fgesysctrl_getGPIO_status success val=1
05-27 08:49:53.020   581   581 D spi_rst_gpio_get_output: GPIO 145 value: 1
05-27 08:49:53.020   581   581 D spidev_ioctl: gpio status=1)
05-27 18:58:44.057  1008 30856 D [OMXB]  : usingANWBuffer: handle:0xee7428a0, format:1, w:1920, h:1080
05-27 18:58:44.058   299 30841 D EvsDriver: forwardFrame
05-27 08:49:53.022 30848 30848 W audit   : audit_lost=42898 audit_rate_limit=5 audit_backlog_limit=64
05-27 08:49:53.022 30848 30848 E audit   : rate limit exceeded
05-27 18:58:44.061   299 30844 D EvsDriver: forwardFrame
05-27 18:58:44.061   299 30841 D EvsDriver: Delivered 0xb400007b7ca56a60 as id 0
05-27 18:58:44.061  1167  1479 D evsmanagerd: /dev/video4 forwarded the buffer #0 to 0xb4000074bf5f6850 from 0xb4000074bf5f41d0
05-27 08:49:53.028   581   581 D spi_rst_gpio_get_output: GPIO 145 value: 1
05-27 08:49:53.028   581   581 D spidev_ioctl: gpio status=1)
05-27 18:58:44.064   581   581 I SpiService: fgesysctrl_getGPIO_status success val=1
05-27 18:58:44.064   299  1153 D EvsDriver: doneWithFrame
05-27 18:58:44.064  1167  1184 D evsmanagerd: /dev/video6 forwarded the buffer #0 to 0xb4000074bf5f5510 from 0xb4000074bf5f6d90
05-27 18:58:44.064   299 30844 D EvsDriver: Delivered 0xb400007b7ca56900 as id 0
05-27 18:58:44.064 13911 14183 I SentryImuMcuAngleSender: 179.97198rollDeg
05-27 18:58:44.064 13911 14183 I SentryImuMcuAngleSender: 1,0,0
05-27 18:58:44.066 11346 12168 D CarStorageMonitoringService: about to send android.car.storagemonitoring.EXCESSIVE_IO
05-27 18:58:44.067 11346 12168 W CarStorageMonitoringService: sending android.car.storagemonitoring.EXCESSIVE_IO
05-27 18:58:44.070   581   581 I SpiService: fgesysctrl_getGPIO_status success val=1
05-27 18:58:44.070   299  1153 D EvsDriver: doneWithFrame
05-27 18:58:44.070   566 11459 I gps_hdbd: nmea_cs <0> != calc_cs <15>, return -1
05-27 18:58:44.071   536   536 D commservice260303: msg.id = 1028,1
05-27 18:58:44.071   536   536 D commservice260303: i = 170, msgid = 8A000404
05-27 18:58:44.071   536   536 D commservice260303: msgid = -1979710460,did=138
05-27 18:58:44.071   536   536 D commservice260303: CommProtocolLibCmdBaseI2C::dataproc {"command":{"id":"imu_status","sub":""},"content":{"TimeStamp":11,"FrameCounter":267323,"GD_X":-0.011759000830352306,"GD_Y":0.00549693126231432,"GD_Z":0.0017560218693688512,"AD_X":-0.006984710693359375,"AD_Y":0.0025260886177420616,"AD_Z":-0.1743793487548828,"TempDsp":0,"Status":0,"CalibState":1,"SigAmpInvalid":0}},-1979710460
05-27 18:58:44.071   536   536 D commservice260303: send2Cluster len:315, 7B22636F6D6D616E64223A7B226964223A22696D755F737461747573222C22737562223A22227D2C22636F6E74656E74223A7B2254696D655374616D70223A31312C224672616D65436F756E746572223A3236373332332C2247445F58223A2D302E3031313735393030303833303335323330362C2247445F59223A302E30303534393639333132363233313433322C2247445F5A223A302E303031373536303231383639333638383531322C2241445F58223A2D302E3030363938343731303639333335393337352C2241445F59223A302E303032353236303838363137373432303631362C2241445F5A223A2D302E313734333739333438373534383832382C2254656D70447370223A302C22537461747573223A302C2243616C69625374617465223A312C22536967416D70496E76616C6964223A307D7D, 138 
05-27 18:58:44.071   536   536 D commservice260303: Push Message into SendPool fn=794166272
05-27 18:58:44.071   536   536 D commservice260303: ComProtocolLibSend2Cluster::send2ClusterRaw fn=794166272 , len=331
05-27 18:58:44.072   536   536 D commservice260303: sendCmdToPort :331!!!
05-27 18:58:44.072   536   536 D commservice260303: send Cmd To Port ++++5AA501478A010004562F6A16CE647B22636F6D6D616E64223A7B226964223A22696D755F737461747573222C22737562223A22227D2C22636F6E74656E74223A7B2254696D655374616D70223A31312C224672616D65436F756E746572223A3236373332332C2247445F58223A2D302E3031313735393030303833303335323330362C2247445F59223A302E30303534393639333132363233313433322C2247445F5A223A302E303031373536303231383639333638383531322C2241445F58223A2D302E3030363938343731303639333335393337352C2241445F59223A302E303032353236303838363137373432303631362C2241445F5A223A2D302E313734333739333438373534383832382C2254656D70447370223A302C22537461747573223A302C2243616C69625374617465223A312C22536967416D70496E76616C6964223A307D7D3AC3
05-27 18:58:44.072   536   536 D commservice260303: bufferevent_write retrun value = 0
05-27 18:58:44.072   536   560 D commservice260303: client datas send succeed,send finish
05-27 18:58:44.072 13911 14192 D Sentinelmode_1.2.5.17_sentry: <SentryImuClusterFgeSender>imu_status sent to Linux, frame=267323, tsNs=11391314, tsMs=11, intervalMs=40, ad=(-0.0069847107,0.0025260886,-0.17437935), gd=(-0.011759001,0.0054969313,0.0017560219)
05-27 08:49:53.034   581   581 D spi_rst_gpio_get_output: GPIO 145 value: 1
05-27 08:49:53.034   581   581 D spidev_ioctl: gpio status=1)
05-27 18:58:44.073   536   536 W commservice260303: [FgeComService::getAQConnectStatus:378]
05-27 18:58:44.073   536   536 W commservice260303: [mcuCommFunctionTcp::getAQConnectStatus:406] 1
05-27 18:58:44.073   536   536 W commservice260303: [FgeComService::getAQConnectStatus:380] status:1
05-27 18:58:44.074 12246 12246 E ivicomm_CommManager: getA2lConnectStatus aqConnectStatus:1
05-27 18:58:44.074 12246 12246 D ivicomm_ConnectStateManager: notifyState newState=1curState=1
05-27 18:58:44.075   581   581 I SpiService: fgesysctrl_getGPIO_status success val=1
05-27 18:58:44.076 11346 12168 W ContextImpl: Calling a method in the system process without a qualified user: android.app.ContextImpl.sendBroadcast:1204 android.content.ContextWrapper.sendBroadcast:505 android.content.ContextWrapper.sendBroadcast:505 android.content.ContextWrapper.sendBroadcast:505 com.android.car.CarStorageMonitoringService.sendExcessiveIoBroadcast:322 
05-27 08:49:53.040   581   581 D spi_rst_gpio_get_output: GPIO 145 value: 1
05-27 08:49:53.040   581   581 D spidev_ioctl: gpio status=1)
05-27 18:58:44.080 10188 10922 D BroadcastQueue: Add broadcast <BroadcastRecord{5508ef u0 android.car.storagemonitoring.EXCESSIVE_IO}> into [ordered | foreground], pending size 0
05-27 18:58:44.080 10188 10922 D BroadcastQueue: Header is BroadcastRecord{5508ef u0 android.car.storagemonitoring.EXCESSIVE_IO} now
05-27 18:58:44.080   572   622 I Sensors : 230 AccelSensor: x:-0.174459,y:0.003659,z:-9.978380
05-27 18:58:44.081   581   581 I SpiService: fgesysctrl_getGPIO_status success val=0
05-27 18:58:44.082 10902 11822 D APM_AudioPolicyManager: setAppState(portId:48, state:2)
05-27 18:58:44.082 10188 10188 D JobScheduler.Quota: Processing event 31 for <0>com.google.android.car.defaultstoragemonitoringcompanionapp
05-27 18:58:44.083 10188 10188 D JobScheduler: pending queue: 0 jobs.
05-27 18:58:44.083 10188 10188 D JobScheduler.Concurrency: Pending queue: 
05-27 18:58:44.083 10188 11485 D PowerController.AppState: - reportAppProcStateInfo() E -
05-27 18:58:44.083 10188 11499 D PowerController.RecogA: handleMessage(MSG_REPORT_EVENT)
05-27 18:58:44.084  1008 30857 D [OMXB]  : usingANWBuffer: handle:0xee742ab0, format:1, w:1920, h:1080
05-27 18:58:44.084 26069 26069 D ExcessiveIoIntentReceiver: excessive I/O activity detected.
05-27 18:58:44.085 10188 10922 D BroadcastQueue: Finished with ordered broadcast BroadcastRecord{5508ef u0 android.car.storagemonitoring.EXCESSIVE_IO} receivers:([ResolveInfo{4c7cffc com.google.android.car.defaultstoragemonitoringcompanionapp/.ExcessiveIoIntentReceiver m=0x0}]) take 4ms in [foreground], remains -1
05-27 18:58:44.085 13911 14183 I SentryImuMcuAngleSender: 179.97899rollDeg
05-27 18:58:44.085 13911 14183 I SentryImuMcuAngleSender: 1,0,0
05-27 18:58:44.085 10902 11822 D APM_AudioPolicyManager: setAppState(portId:48, state:2)
05-27 18:58:44.087   299 30844 D EvsDriver: forwardFrame
05-27 08:49:53.046   581   581 D spi_rst_gpio_get_output: GPIO 145 value: 0
05-27 08:49:53.046   581   581 D spidev_ioctl: gpio status=0)
05-27 18:58:44.087   299 30841 D EvsDriver: forwardFrame
05-27 18:58:44.089  1167  1184 D evsmanagerd: /dev/video6 forwarded the buffer #0 to 0xb4000074bf5f5510 from 0xb4000074bf5f6d90
05-27 18:58:44.089   299 30844 D EvsDriver: Delivered 0xb400007b7ca56900 as id 0
05-27 18:58:44.089 30773 30783 E dvr_service_: [myNum:1] Received S**** loss
05-27 18:58:44.090   299  1153 D EvsDriver: doneWithFrame
05-27 18:58:44.091   299 30841 D EvsDriver: Delivered 0xb400007b7ca56a60 as id 0
05-27 18:58:44.091  1167  1184 D evsmanagerd: /dev/video4 forwarded the buffer #0 to 0xb4000074bf5f6850 from 0xb4000074bf5f41d0
05-27 18:58:44.091 30773 30783 E dvr_service_: [myNum:0] Received S**** loss
05-27 18:58:44.091 10188 10188 D JobScheduler: pending queue: 0 jobs.
05-27 18:58:44.091 10188 10188 D JobScheduler.Concurrency: Pending queue: 
05-27 18:58:44.091   299  1153 D EvsDriver: doneWithFrame
05-27 18:58:44.097 13549 13549 I ADAYO_LOG_: handleMessage(UsbFunc.java:352)copyQnx = 0
05-27 18:58:44.098   581   581 I SpiService: fgesysctrl_getGPIO_status success val=1
05-27 18:58:44.098 13549 13549 I ADAYO_LOG_: handleMessage(UsbFunc.java:404)copyState = 2
05-27 08:49:53.063   581   581 D spi_rst_gpio_get_output: GPIO 145 value: 1
05-27 08:49:53.063   581   581 D spidev_ioctl: gpio status=1)
05-27 18:58:44.104   581   581 I SpiService: fgesysctrl_getGPIO_status success val=1
05-27 18:58:44.104  1008 30856 D [OMXB]  : usingANWBuffer: handle:0xee746ec0, format:1, w:1920, h:1080
05-27 08:49:53.068   581   581 D spi_rst_gpio_get_output: GPIO 145 value: 1
05-27 08:49:53.068   581   581 D spidev_ioctl: gpio status=1)
05-27 18:58:44.105 13911 14183 I SentryImuMcuAngleSender: 179.9895rollDeg
05-27 18:58:44.105 13911 14183 I SentryImuMcuAngleSender: 1,0,0
05-27 18:58:44.109   581   581 I SpiService: fgesysctrl_getGPIO_status success val=1
05-27 18:58:44.111   283   307 I rvcservice: t.code = 2, t.value = 9975330
05-27 18:58:44.111   536   536 D commservice260303: msg.id = 1028,1
05-27 18:58:44.111   536   536 D commservice260303: i = 170, msgid = 8A000404
05-27 18:58:44.111   536   536 D commservice260303: msgid = -1979710460,did=138
05-27 18:58:44.111   536   536 D commservice260303: CommProtocolLibCmdBaseI2C::dataproc {"command":{"id":"imu_status","sub":""},"content":{"TimeStamp":11,"FrameCounter":267324,"GD_X":-0.011453153565526009,"GD_Y":0.004733873065561056,"GD_Z":0.0020608289632946253,"AD_X":-0.0057437121868133545,"AD_Y":6.864317692816257E-4,"AD_Z":-0.17315959930419922,"TempDsp":0,"Status":0,"CalibState":1,"SigAmpInvalid":0}},-1979710460
05-27 18:58:44.111   536   536 D commservice260303: send2Cluster len:317, 7B22636F6D6D616E64223A7B226964223A22696D755F737461747573222C22737562223A22227D2C22636F6E74656E74223A7B2254696D655374616D70223A31312C224672616D65436F756E746572223A3236373332342C2247445F58223A2D302E3031313435333135333536353532363030392C2247445F59223A302E3030343733333837333036353536313035362C2247445F5A223A302E303032303630383238393633323934363235332C2241445F58223A2D302E303035373433373132313836383133333534352C2241445F59223A362E383634333137363932383136323537452D342C2241445F5A223A2D302E31373331353935393933303431393932322C2254656D70447370223A302C22537461747573223A302C2243616C69625374617465223A312C22536967416D70496E76616C6964223A307D7D, 138 
05-27 18:58:44.112   536   536 D commservice260303: Push Message into SendPool fn=810943488
05-27 18:58:44.112   536   536 D commservice260303: ComProtocolLibSend2Cluster::send2ClusterRaw fn=810943488 , len=333
05-27 18:58:44.112   536   536 D commservice260303: sendCmdToPort :333!!!
05-27 18:58:44.112   536   536 D commservice260303: send Cmd To Port ++++5AA501498A01000456306A16CE647B22636F6D6D616E64223A7B226964223A22696D755F737461747573222C22737562223A22227D2C22636F6E74656E74223A7B2254696D655374616D70223A31312C224672616D65436F756E746572223A3236373332342C2247445F58223A2D302E3031313435333135333536353532363030392C2247445F59223A302E3030343733333837333036353536313035362C2247445F5A223A302E303032303630383238393633323934363235332C2241445F58223A2D302E303035373433373132313836383133333534352C2241445F59223A362E383634333137363932383136323537452D342C2241445F5A223A2D302E31373331353935393933303431393932322C2254656D70447370223A302C22537461747573223A302C2243616C69625374617465223A312C22536967416D70496E76616C6964223A307D7D050B
05-27 18:58:44.112   536   536 D commservice260303: bufferevent_write retrun value = 0
05-27 18:58:44.112   536   560 D commservice260303: client datas send succeed,send finish
05-27 18:58:44.112 13911 14192 D Sentinelmode_1.2.5.17_sentry: <SentryImuClusterFgeSender>imu_status sent to Linux, frame=267324, tsNs=11391348, tsMs=11, intervalMs=40, ad=(-0.005743712,6.8643177E-4,-0.1731596), gd=(-0.011453154,0.004733873,0.002060829)
05-27 08:49:53.074   581   581 D spi_rst_gpio_get_output: GPIO 145 value: 1
05-27 08:49:53.074   581   581 D spidev_ioctl: gpio status=1)
05-27 18:58:44.114   581   581 I SpiService: fgesysctrl_getGPIO_status success val=1
05-27 18:58:44.115  1083  1083 I MyAppLog: [2026-05-27 18:58:44.115 I tboxap mcuSendYadiTransfer:196] [Mcu] [mcuYadiSend]: :00 08 2D 04 01 09 81 02 01 01
05-27 18:58:44.116   299 30844 D EvsDriver: forwardFrame
05-27 08:49:53.079   581   581 D spi_rst_gpio_get_output: GPIO 145 value: 1
05-27 08:49:53.079   581   581 D spidev_ioctl: gpio status=1)
05-27 18:58:44.117   299 30844 D EvsDriver: Delivered 0xb400007b7ca56900 as id 0
05-27 18:58:44.117  1167  1184 D evsmanagerd: /dev/video6 forwarded the buffer #0 to 0xb4000074bf5f5510 from 0xb4000074bf5f6d90
05-27 18:58:44.118   481   599 I mcuc    : start timer OK = 32153 
05-27 18:58:44.118   299 30841 D EvsDriver: forwardFrame
05-27 18:58:44.120  1167  1479 D evsmanagerd: /dev/video4 forwarded the buffer #0 to 0xb4000074bf5f6850 from 0xb4000074bf5f41d0
05-27 18:58:44.120   299 30841 D EvsDriver: Delivered 0xb400007b7ca56a60 as id 0
05-27 18:58:44.120   581   581 I SpiService: fgesysctrl_getGPIO_status success val=1
05-27 18:58:44.121   299  1153 D EvsDriver: doneWithFrame
05-27 18:58:44.122   299  1153 D EvsDriver: doneWithFrame
05-27 08:49:53.085   581   581 D spi_rst_gpio_get_output: GPIO 145 value: 1
05-27 08:49:53.085   581   581 D spidev_ioctl: gpio status=1)
05-27 18:58:44.125   581   581 I SpiService: fgesysctrl_getGPIO_status success val=0
05-27 18:58:44.126   481   597 I mcuc    : send SPI:6AA6017D9900F809012D040109810201010000000000000000000000000000000000000000000000000000000000000000000000000000000000000000000000000000000000000000000000000000000000000000000000000000000000000000000000000000000000000000000000000000000000000000000000000000000000000000000000000000000000000000000000000000000000000000000000000000000000000000000000000000000000000000000000000000000000000000000000000000000000000000000000000000000000000000000000000000000000000000000000000000000000000000000000000000000000000000000027
05-27 18:58:44.126 13911 14183 I SentryImuMcuAngleSender: 179.993rollDeg
05-27 18:58:44.126 13911 14183 I SentryImuMcuAngleSender: 1,0,0
05-27 08:49:53.090   581   581 D spi_rst_gpio_get_output: GPIO 145 value: 0
05-27 08:49:53.090   581   581 D spidev_ioctl: gpio status=0)
05-27 18:58:44.132  1008 30857 D [OMXB]  : usingANWBuffer: handle:0xee744fd0, format:1, w:1920, h:1080
05-27 18:58:44.140   581   581 I SpiService: fgesysctrl_getGPIO_status success val=1
05-27 08:49:53.104   581   581 D spi_rst_gpio_get_output: GPIO 145 value: 1
05-27 08:49:53.104   581   581 D spidev_ioctl: gpio status=1)
05-27 18:58:44.145 13911 14131 D SVR_MNG_SvrMngProxy: getServer: mSvrManger is null
05-27 18:58:44.145   581   581 I SpiService: fgesysctrl_getGPIO_status success val=1
05-27 18:58:44.145 13911 14131 D SVR_MNG_SvrMngProxy: getNewStub: 
05-27 18:58:44.146 13911 14131 D SVR_MNG_SvrMngProxy: getNewStub: getSvrManagerService start
05-27 18:58:44.146 13911 14183 I SentryImuMcuAngleSender: 179.986rollDeg
05-27 18:58:44.146 13911 14183 I SentryImuMcuAngleSender: 1,0,0
05-27 18:58:44.146 13911 14131 D SVR_MNG_SvrMngProxy: getNewStub: getSvrManagerService end
05-27 18:58:44.147 13911 14131 D SVR_MNG_SvrMngProxy: getServer: svrMngService doesn't start
05-27 18:58:44.149   299 30841 D EvsDriver: forwardFrame
05-27 18:58:44.149 10188 10634 I DropBoxManagerService: add tag=system_server_strictmode isTagEnabled=true flags=0x2
05-27 18:58:44.150 13911 13911 I Sentinelmode_1.2.5.17_sentry: <SentinelCarServiceManager>sensorType:291504647
05-27 18:58:44.150  1167  1479 D evsmanagerd: /dev/video4 forwarded the buffer #0 to 0xb4000074bf5f6850 from 0xb4000074bf5f41d0
05-27 18:58:44.150   299 30841 D EvsDriver: Delivered 0xb400007b7ca56a60 as id 0
05-27 08:49:53.110   581   581 D spi_rst_gpio_get_output: GPIO 145 value: 1
05-27 08:49:53.110   581   581 D spidev_ioctl: gpio status=1)
05-27 18:58:44.151   581   581 I SpiService: fgesysctrl_getGPIO_status success val=1
05-27 18:58:44.152   536   536 D commservice260303: msg.id = 1028,0
05-27 18:58:44.152   536   536 D commservice260303: i = 170, msgid = 8A000404
05-27 18:58:44.152   536   536 D commservice260303: msgid = -1979710460,did=138
05-27 18:58:44.152   536   536 D commservice260303: CommProtocolLibCmdBaseI2C::dataproc {"command":{"id":"imu_status","sub":""},"content":{"TimeStamp":11,"FrameCounter":267325,"GD_X":-0.011759000830352306,"GD_Y":0.004963258747011423,"GD_Z":0.0019848872907459736,"AD_X":-0.002082318067550659,"AD_Y":0.0012924071634188294,"AD_Z":-0.17132949829101562,"TempDsp":0,"Status":0,"CalibState":1,"SigAmpInvalid":0}},-1979710460
05-27 18:58:44.153   536   536 D commservice260303: send2Cluster len:317, 7B22636F6D6D616E64223A7B226964223A22696D755F737461747573222C22737562223A22227D2C22636F6E74656E74223A7B2254696D655374616D70223A31312C224672616D65436F756E746572223A3236373332352C2247445F58223A2D302E3031313735393030303833303335323330362C2247445F59223A302E3030343936333235383734373031313432332C2247445F5A223A302E303031393834383837323930373435393733362C2241445F58223A2D302E3030323038323331383036373535303635392C2241445F59223A302E303031323932343037313633343138383239342C2241445F5A223A2D302E31373133323934393832393130313536322C2254656D70447370223A302C22537461747573223A302C2243616C69625374617465223A312C22536967416D70496E76616C6964223A307D7D, 138 
05-27 18:58:44.153   299  1153 D EvsDriver: doneWithFrame
05-27 18:58:44.153   536   536 D commservice260303: Push Message into SendPool fn=827720704
05-27 18:58:44.153   536   536 D commservice260303: ComProtocolLibSend2Cluster::send2ClusterRaw fn=827720704 , len=333
05-27 18:58:44.153   536   536 D commservice260303: sendCmdToPort :333!!!
05-27 18:58:44.153   536   536 D commservice260303: send Cmd To Port ++++5AA501498A01000456316A16CE647B22636F6D6D616E64223A7B226964223A22696D755F737461747573222C22737562223A22227D2C22636F6E74656E74223A7B2254696D655374616D70223A31312C224672616D65436F756E746572223A3236373332352C2247445F58223A2D302E3031313735393030303833303335323330362C2247445F59223A302E3030343936333235383734373031313432332C2247445F5A223A302E303031393834383837323930373435393733362C2241445F58223A2D302E3030323038323331383036373535303635392C2241445F59223A302E303031323932343037313633343138383239342C2241445F5A223A2D302E31373133323934393832393130313536322C2254656D70447370223A302C22537461747573223A302C2243616C69625374617465223A312C22536967416D70496E76616C6964223A307D7DADE7
05-27 08:49:53.115   581   581 D spi_rst_gpio_get_output: GPIO 145 value: 1
05-27 08:49:53.115   581   581 D spidev_ioctl: gpio status=1)
05-27 18:58:44.153   536   536 D commservice260303: bufferevent_write retrun value = 0
05-27 18:58:44.153   536   560 D commservice260303: client datas send succeed,send finish
05-27 18:58:44.154   299 30844 D EvsDriver: forwardFrame
05-27 18:58:44.154 13911 14192 D Sentinelmode_1.2.5.17_sentry: <SentryImuClusterFgeSender>imu_status sent to Linux, frame=267325, tsNs=11391385, tsMs=11, intervalMs=42, ad=(-0.002082318,0.0012924072,-0.1713295), gd=(-0.011759001,0.0049632587,0.0019848873)
05-27 18:58:44.156   299 30844 D EvsDriver: Delivered 0xb400007b7ca56900 as id 0
05-27 18:58:44.156  1167  1479 D evsmanagerd: /dev/video6 forwarded the buffer #0 to 0xb4000074bf5f5510 from 0xb4000074bf5f6d90
05-27 18:58:44.156   581   581 I SpiService: fgesysctrl_getGPIO_status success val=1
05-27 08:49:53.121   581   581 D spi_rst_gpio_get_output: GPIO 145 value: 1
05-27 08:49:53.121   581   581 D spidev_ioctl: gpio status=1)
05-27 18:58:44.157 10188 10659 I commit_sys_config_file: [procstats,72]
05-27 18:58:44.158   299  1153 D EvsDriver: doneWithFrame
05-27 18:58:44.162  1008 30856 D [OMXB]  : usingANWBuffer: handle:0xee7404e0, format:1, w:1920, h:1080
05-27 18:58:44.162   581   581 I SpiService: fgesysctrl_getGPIO_status success val=1
05-27 08:49:53.126   581   581 D spi_rst_gpio_get_output: GPIO 145 value: 1
05-27 08:49:53.126   581   581 D spidev_ioctl: gpio status=1)
05-27 18:58:44.166 13911 14183 I SentryImuMcuAngleSender: 179.986rollDeg
05-27 18:58:44.166 13911 14183 I SentryImuMcuAngleSender: 1,0,0
05-27 18:58:44.168   581   581 I SpiService: fgesysctrl_getGPIO_status success val=0
05-27 08:49:53.132   581   581 D spi_rst_gpio_get_output: GPIO 145 value: 0
05-27 08:49:53.132   581   581 D spidev_ioctl: gpio status=0)
05-27 18:58:44.170   572   622 I Sensors : 230 GyroSensor: x:-0.011835,y:0.005345,z:0.002290
05-27 18:58:44.177   481   598 I mcuc    : rev,n=1,6AA6827D99000209015C
05-27 18:58:44.180 10188 10634 I DropBoxManagerService: add tag=system_server_strictmode isTagEnabled=true flags=0x2
05-27 18:58:44.182   581   581 I SpiService: fgesysctrl_getGPIO_status success val=1
05-27 08:49:53.147   581   581 D spi_rst_gpio_get_output: GPIO 145 value: 1
05-27 08:49:53.147   581   581 D spidev_ioctl: gpio status=1)
05-27 18:58:44.184   299 30841 D EvsDriver: forwardFrame
05-27 18:58:44.186   299 30841 D EvsDriver: Delivered 0xb400007b7ca56a60 as id 0
05-27 18:58:44.186  1167  1479 D evsmanagerd: /dev/video4 forwarded the buffer #0 to 0xb4000074bf5f6850 from 0xb4000074bf5f41d0
05-27 18:58:44.186  1008 30857 D [OMXB]  : usingANWBuffer: handle:0xee742530, format:1, w:1920, h:1080
05-27 18:58:44.187 13911 14183 I SentryImuMcuAngleSender: 179.993rollDeg
05-27 18:58:44.188 13911 14183 I SentryImuMcuAngleSender: 1,0,0
05-27 18:58:44.188   581   581 I SpiService: fgesysctrl_getGPIO_status success val=1
05-27 08:49:53.153   581   581 D spi_rst_gpio_get_output: GPIO 145 value: 1
05-27 08:49:53.153   581   581 D spidev_ioctl: gpio status=1)
05-27 18:58:44.189   299 30844 D EvsDriver: forwardFrame
05-27 18:58:44.189   299  1153 D EvsDriver: doneWithFrame
05-27 18:58:44.191   536   536 D commservice260303: msg.id = 1028,1
05-27 18:58:44.192   536   536 D commservice260303: i = 170, msgid = 8A000404
05-27 18:58:44.192   536   536 D commservice260303: msgid = -1979710460,did=138
05-27 18:58:44.192   536   536 D commservice260303: CommProtocolLibCmdBaseI2C::dataproc {"command":{"id":"imu_status","sub":""},"content":{"TimeStamp":11,"FrameCounter":267326,"GD_X":-0.011834942735731602,"GD_Y":0.005345047451555729,"GD_Z":0.0022902146447449923,"AD_X":0.0027697384357452393,"AD_Y":6.885011680424213E-5,"AD_Z":-0.17193889617919922,"TempDsp":0,"Status":0,"CalibState":1,"SigAmpInvalid":0}},-1979710460
05-27 18:58:44.192   299 30844 D EvsDriver: Delivered 0xb400007b7ca56900 as id 0
05-27 18:58:44.192  1167  1479 D evsmanagerd: /dev/video6 forwarded the buffer #0 to 0xb4000074bf5f5510 from 0xb4000074bf5f6d90
05-27 18:58:44.192   536   536 D commservice260303: send2Cluster len:316, 7B22636F6D6D616E64223A7B226964223A22696D755F737461747573222C22737562223A22227D2C22636F6E74656E74223A7B2254696D655374616D70223A31312C224672616D65436F756E746572223A3236373332362C2247445F58223A2D302E3031313833343934323733353733313630322C2247445F59223A302E3030353334353034373435313535353732392C2247445F5A223A302E303032323930323134363434373434393932332C2241445F58223A302E303032373639373338343335373435323339332C2241445F59223A362E383835303131363830343234323133452D352C2241445F5A223A2D302E31373139333838393631373931393932322C2254656D70447370223A302C22537461747573223A302C2243616C69625374617465223A312C22536967416D70496E76616C6964223A307D7D, 138 
05-27 18:58:44.192   536   536 D commservice260303: Push Message into SendPool fn=844497920
05-27 18:58:44.192   536   536 D commservice260303: ComProtocolLibSend2Cluster::send2ClusterRaw fn=844497920 , len=332
05-27 18:58:44.192   536   536 D commservice260303: sendCmdToPort :332!!!
05-27 18:58:44.192   536   536 D commservice260303: send Cmd To Port ++++5AA501488A01000456326A16CE647B22636F6D6D616E64223A7B226964223A22696D755F737461747573222C22737562223A22227D2C22636F6E74656E74223A7B2254696D655374616D70223A31312C224672616D65436F756E746572223A3236373332362C2247445F58223A2D302E3031313833343934323733353733313630322C2247445F59223A302E3030353334353034373435313535353732392C2247445F5A223A302E303032323930323134363434373434393932332C2241445F58223A302E303032373639373338343335373435323339332C2241445F59223A362E383835303131363830343234323133452D352C2241445F5A223A2D302E31373139333838393631373931393932322C2254656D70447370223A302C22537461747573223A302C2243616C69625374617465223A312C22536967416D70496E76616C6964223A307D7DC9EC
05-27 18:58:44.192   536   536 D commservice260303: bufferevent_write retrun value = 0
05-27 18:58:44.192   536   560 D commservice260303: client datas send succeed,send finish
05-27 18:58:44.193 13911 14192 D Sentinelmode_1.2.5.17_sentry: <SentryImuClusterFgeSender>imu_status sent to Linux, frame=267326, tsNs=11391420, tsMs=11, intervalMs=38, ad=(0.0027697384,6.885012E-5,-0.1719389), gd=(-0.011834943,0.0053450475,0.0022902146)
05-27 18:58:44.194   581   581 I SpiService: fgesysctrl_getGPIO_status success val=1
05-27 18:58:44.194   299  1153 D EvsDriver: doneWithFrame
05-27 08:49:53.158   581   581 D spi_rst_gpio_get_output: GPIO 145 value: 1
05-27 08:49:53.158   581   581 D spidev_ioctl: gpio status=1)
05-27 18:58:44.198 10188 10634 I DropBoxManagerService: add tag=system_server_strictmode isTagEnabled=true flags=0x2
05-27 18:58:44.200   581   581 I SpiService: fgesysctrl_getGPIO_status success val=1
05-27 08:49:53.164   581   581 D spi_rst_gpio_get_output: GPIO 145 value: 1
05-27 08:49:53.164   581   581 D spidev_ioctl: gpio status=1)
05-27 18:58:44.205   581   581 I SpiService: fgesysctrl_getGPIO_status success val=0
05-27 18:58:44.205   481   597 I mcuc    : send SPI:6AA6007D9A00020601E0
05-27 18:58:44.208 13911 14183 I SentryImuMcuAngleSender: 179.993rollDeg
05-27 18:58:44.208 13911 14183 I SentryImuMcuAngleSender: 1,0,0
05-27 08:49:53.170   581   581 D spi_rst_gpio_get_output: GPIO 145 value: 0
05-27 08:49:53.170   581   581 D spidev_ioctl: gpio status=0)
05-27 18:58:44.211   283   307 I rvcservice: t.code = 3, t.value = 0
05-27 18:58:44.216   299 30844 D EvsDriver: forwardFrame
05-27 18:58:44.216   299 30841 D EvsDriver: forwardFrame
05-27 18:58:44.216  1008 30856 D [OMXB]  : usingANWBuffer: handle:0xee745760, format:1, w:1920, h:1080
05-27 18:58:44.219  1167  1479 D evsmanagerd: /dev/video4 forwarded the buffer #0 to 0xb4000074bf5f6850 from 0xb4000074bf5f41d0
05-27 18:58:44.219   299 30841 D EvsDriver: Delivered 0xb400007b7ca56a60 as id 0
05-27 18:58:44.219  1167  1184 D evsmanagerd: /dev/video6 forwarded the buffer #0 to 0xb4000074bf5f5510 from 0xb4000074bf5f6d90
05-27 08:49:53.184   581   581 D spi_rst_gpio_get_output: GPIO 145 value: 1
05-27 08:49:53.184   581   581 D spidev_ioctl: gpio status=1)
05-27 18:58:44.219   581   581 I SpiService: fgesysctrl_getGPIO_status success val=1
05-27 18:58:44.219   299 30844 D EvsDriver: Delivered 0xb400007b7ca56900 as id 0
05-27 08:49:53.190   581   581 D spi_rst_gpio_get_output: GPIO 145 value: 1
05-27 08:49:53.190   581   581 D spidev_ioctl: gpio status=1)
05-27 18:58:44.225   299  1153 D EvsDriver: doneWithFrame
05-27 18:58:44.225   581   581 I SpiService: fgesysctrl_getGPIO_status success val=1
05-27 18:58:44.229 13911 14183 I SentryImuMcuAngleSender: 179.986rollDeg
05-27 18:58:44.229   299  1153 D EvsDriver: doneWithFrame
05-27 18:58:44.229 13911 14183 I SentryImuMcuAngleSender: 1,0,0
05-27 18:58:44.231   581   581 I SpiService: fgesysctrl_getGPIO_status success val=1
05-27 18:58:44.233   536   536 D commservice260303: msg.id = 1028,1
05-27 08:49:53.196   581   581 D spi_rst_gpio_get_output: GPIO 145 value: 1
05-27 18:58:44.233   536   536 D commservice260303: i = 170, msgid = 8A000404
05-27 08:49:53.196   581   581 D spidev_ioctl: gpio status=1)
05-27 18:58:44.233   536   536 D commservice260303: msgid = -1979710460,did=138
05-27 18:58:44.233   536   536 D commservice260303: CommProtocolLibCmdBaseI2C::dataproc {"command":{"id":"imu_status","sub":""},"content":{"TimeStamp":11,"FrameCounter":267327,"GD_X":-0.011453153565526009,"GD_Y":0.005802778527140617,"GD_Z":0.0020608289632946253,"AD_X":-0.0015266835689544678,"AD_Y":0.0012857104884460568,"AD_Z":-0.16949939727783203,"TempDsp":0,"Status":0,"CalibState":1,"SigAmpInvalid":0}},-1979710460
05-27 18:58:44.233   536   536 D commservice260303: send2Cluster len:318, 7B22636F6D6D616E64223A7B226964223A22696D755F737461747573222C22737562223A22227D2C22636F6E74656E74223A7B2254696D655374616D70223A31312C224672616D65436F756E746572223A3236373332372C2247445F58223A2D302E3031313435333135333536353532363030392C2247445F59223A302E3030353830323737383532373134303631372C2247445F5A223A302E303032303630383238393633323934363235332C2241445F58223A2D302E303031353236363833353638393534343637382C2241445F59223A302E303031323835373130343838343436303536382C2241445F5A223A2D302E31363934393933393732373738333230332C2254656D70447370223A302C22537461747573223A302C2243616C69625374617465223A312C22536967416D70496E76616C6964223A307D7D, 138 
05-27 18:58:44.233   536   536 D commservice260303: Push Message into SendPool fn=861275136
05-27 18:58:44.233   536   536 D commservice260303: ComProtocolLibSend2Cluster::send2ClusterRaw fn=861275136 , len=334
05-27 18:58:44.233   536   536 D commservice260303: sendCmdToPort :334!!!
05-27 18:58:44.233   536   536 D commservice260303: send Cmd To Port ++++5AA5014A8A01000456336A16CE647B22636F6D6D616E64223A7B226964223A22696D755F737461747573222C22737562223A22227D2C22636F6E74656E74223A7B2254696D655374616D70223A31312C224672616D65436F756E746572223A3236373332372C2247445F58223A2D302E3031313435333135333536353532363030392C2247445F59223A302E3030353830323737383532373134303631372C2247445F5A223A302E303032303630383238393633323934363235332C2241445F58223A2D302E303031353236363833353638393534343637382C2241445F59223A302E303031323835373130343838343436303536382C2241445F5A223A2D302E31363934393933393732373738333230332C2254656D70447370223A302C22537461747573223A302C2243616C69625374617465223A312C22536967416D70496E76616C6964223A307D7DD080
05-27 18:58:44.234   536   536 D commservice260303: bufferevent_write retrun value = 0
05-27 18:58:44.234   536   560 D commservice260303: client datas send succeed,send finish
05-27 18:58:44.234 13911 14192 D Sentinelmode_1.2.5.17_sentry: <SentryImuClusterFgeSender>imu_status sent to Linux, frame=267327, tsNs=11391474, tsMs=11, intervalMs=42, ad=(-0.0015266836,0.0012857105,-0.1694994), gd=(-0.011453154,0.0058027785,0.002060829)
05-27 18:58:44.237   581   581 I SpiService: fgesysctrl_getGPIO_status success val=1
05-27 08:49:53.201   581   581 D spi_rst_gpio_get_output: GPIO 145 value: 1
05-27 08:49:53.201   581   581 D spidev_ioctl: gpio status=1)
05-27 18:58:44.240  1008 30857 D [OMXB]  : usingANWBuffer: handle:0xee742f80, format:1, w:1920, h:1080
05-27 18:58:44.241 30773 30789 I dvr_service_: Camera 1: MediaOK:33340713, frames:780, isKeyFrame:0,pts:11391058959
05-27 18:58:44.243   581   581 I SpiService: fgesysctrl_getGPIO_status success val=0
05-27 08:49:53.208   581   581 D spi_rst_gpio_get_output: GPIO 145 value: 0
05-27 08:49:53.208   581   581 D spidev_ioctl: gpio status=0)
05-27 18:58:44.249 13911 14183 I SentryImuMcuAngleSender: 179.98598rollDeg
05-27 18:58:44.249 13911 14183 I SentryImuMcuAngleSender: 1,0,0
05-27 18:58:44.251   299 30841 D EvsDriver: forwardFrame
05-27 18:58:44.253  1167  1184 D evsmanagerd: /dev/video4 forwarded the buffer #0 to 0xb4000074bf5f6850 from 0xb4000074bf5f41d0
05-27 18:58:44.253   299 30841 D EvsDriver: Delivered 0xb400007b7ca56a60 as id 0
05-27 18:58:44.253 30773 30783 I dvr_service_: [myNum:0][onFrameReceived] Received Surface:1 0
05-27 18:58:44.254 30773 30783 E dvr_service_: [myNum:0] Received S**** loss
05-27 18:58:44.254   299  1153 D EvsDriver: doneWithFrame
05-27 18:58:44.258   581   581 I SpiService: fgesysctrl_getGPIO_status success val=1
05-27 08:49:53.223   581   581 D spi_rst_gpio_get_output: GPIO 145 value: 1
05-27 08:49:53.223   581   581 D spidev_ioctl: gpio status=1)
05-27 18:58:44.261   299 30844 D EvsDriver: forwardFrame
05-27 18:58:44.262  1167  1184 D evsmanagerd: /dev/video6 forwarded the buffer #0 to 0xb4000074bf5f5510 from 0xb4000074bf5f6d90
05-27 18:58:44.262   299 30844 D EvsDriver: Delivered 0xb400007b7ca56900 as id 0
05-27 18:58:44.262 30773 30783 I dvr_service_: [myNum:1][onFrameReceived] Received Surface:1 0
05-27 18:58:44.262 30773 30783 E dvr_service_: [myNum:1] Received S**** loss
05-27 18:58:44.263   299  1153 D EvsDriver: doneWithFrame
05-27 18:58:44.263  1008 30856 D [OMXB]  : usingANWBuffer: handle:0xee744630, format:1, w:1920, h:1080
05-27 18:58:44.264   581   581 I SpiService: fgesysctrl_getGPIO_status success val=1
05-27 08:49:53.228   581   581 D spi_rst_gpio_get_output: GPIO 145 value: 1
05-27 08:49:53.228   581   581 D spidev_ioctl: gpio status=1)
05-27 18:58:44.267 10188 10659 W ActivityManager: Unable to open /sys/fs/cgroup/uid_1000/pid_10188/cgroup.procs
05-27 18:58:44.267 10188 10659 W ActivityManager: java.io.FileNotFoundException: /sys/fs/cgroup/uid_1000/pid_10188/cgroup.procs: open failed: ENOENT (No such file or directory)
05-27 18:58:44.267 10188 10659 W ActivityManager: 	at libcore.io.IoBridge.open(IoBridge.java:574)
05-27 18:58:44.267 10188 10659 W ActivityManager: 	at java.io.FileInputStream.<init>(FileInputStream.java:160)
05-27 18:58:44.267 10188 10659 W ActivityManager: 	at java.io.FileInputStream.<init>(FileInputStream.java:115)
05-27 18:58:44.267 10188 10659 W ActivityManager: 	at com.android.server.am.PhantomProcessList$Injector.openCgroupProcs(PhantomProcessList.java:597)
05-27 18:58:44.267 10188 10659 W ActivityManager: 	at com.android.server.am.PhantomProcessList.lookForPhantomProcessesLocked(PhantomProcessList.java:162)
05-27 18:58:44.267 10188 10659 W ActivityManager: 	at com.android.server.am.PhantomProcessList.lookForPhantomProcessesLocked(PhantomProcessList.java:143)
05-27 18:58:44.267 10188 10659 W ActivityManager: 	at com.android.server.am.PhantomProcessList.updateProcessCpuStatesLocked(PhantomProcessList.java:545)
05-27 18:58:44.267 10188 10659 W ActivityManager: 	at com.android.server.am.AppProfiler.updateCpuStatsNow(AppProfiler.java:1847)
05-27 18:58:44.267 10188 10659 W ActivityManager: 	at com.android.server.am.AppProfiler.collectPssInBackground(AppProfiler.java:433)
05-27 18:58:44.267 10188 10659 W ActivityManager: 	at com.android.server.am.AppProfiler.-$$Nest$mcollectPssInBackground(Unknown Source:0)
05-27 18:58:44.267 10188 10659 W ActivityManager: 	at com.android.server.am.AppProfiler$BgHandler.handleMessage(AppProfiler.java:406)
05-27 18:58:44.267 10188 10659 W ActivityManager: 	at android.os.Handler.dispatchMessage(Handler.java:106)
05-27 18:58:44.267 10188 10659 W ActivityManager: 	at android.os.Looper.loopOnce(Looper.java:201)
05-27 18:58:44.267 10188 10659 W ActivityManager: 	at android.os.Looper.loop(Looper.java:288)
05-27 18:58:44.267 10188 10659 W ActivityManager: 	at android.os.HandlerThread.run(HandlerThread.java:67)
05-27 18:58:44.267 10188 10659 W ActivityManager: Caused by: android.system.ErrnoException: open failed: ENOENT (No such file or directory)
05-27 18:58:44.267 10188 10659 W ActivityManager: 	at libcore.io.Linux.open(Native Method)
05-27 18:58:44.267 10188 10659 W ActivityManager: 	at libcore.io.ForwardingOs.open(ForwardingOs.java:563)
05-27 18:58:44.267 10188 10659 W ActivityManager: 	at libcore.io.BlockGuardOs.open(BlockGuardOs.java:274)
05-27 18:58:44.267 10188 10659 W ActivityManager: 	at libcore.io.IoBridge.open(IoBridge.java:560)
05-27 18:58:44.267 10188 10659 W ActivityManager: 	... 14 more
05-27 18:58:44.269   594   594 E vendor.sprd.hardware.memtrack-service: MemTrack_DEBUG--Open mali gpu_memory failed
05-27 18:58:44.269 13911 14183 I SentryImuMcuAngleSender: 180.0rollDeg
05-27 18:58:44.269 13911 14183 I SentryImuMcuAngleSender: 1,0,0
05-27 18:58:44.270   581   581 I SpiService: fgesysctrl_getGPIO_status success val=1
05-27 18:58:44.272   536   536 D commservice260303: msg.id = 1028,0
05-27 18:58:44.272   536   536 D commservice260303: i = 170, msgid = 8A000404
05-27 18:58:44.272   536   536 D commservice260303: msgid = -1979710460,did=138
05-27 18:58:44.272   536   536 D commservice260303: CommProtocolLibCmdBaseI2C::dataproc {"command":{"id":"imu_status","sub":""},"content":{"TimeStamp":11,"FrameCounter":267328,"GD_X":-0.011987865902483463,"GD_Y":0.005879240110516548,"GD_Z":0.0017560218693688512,"AD_X":-0.006997942924499512,"AD_Y":-0.0011543858563527465,"AD_Z":-0.17071914672851562,"TempDsp":0,"Status":0,"CalibState":1,"SigAmpInvalid":0}},-1979710460
05-27 18:58:44.272   536   536 D commservice260303: send2Cluster len:318, 7B22636F6D6D616E64223A7B226964223A22696D755F737461747573222C22737562223A22227D2C22636F6E74656E74223A7B2254696D655374616D70223A31312C224672616D65436F756E746572223A3236373332382C2247445F58223A2D302E3031313938373836353930323438333436332C2247445F59223A302E3030353837393234303131303531363534382C2247445F5A223A302E303031373536303231383639333638383531322C2241445F58223A2D302E3030363939373934323932343439393531322C2241445F59223A2D302E303031313534333835383536333532373436352C2241445F5A223A2D302E31373037313931343637323835313536322C2254656D70447370223A302C22537461747573223A302C2243616C69625374617465223A312C22536967416D70496E76616C6964223A307D7D, 138 
05-27 18:58:44.272   536   536 D commservice260303: Push Message into SendPool fn=878052352
05-27 18:58:44.272   536   536 D commservice260303: ComProtocolLibSend2Cluster::send2ClusterRaw fn=878052352 , len=334
05-27 18:58:44.272   536   536 D commservice260303: sendCmdToPort :334!!!
05-27 18:58:44.272   536   536 D commservice260303: send Cmd To Port ++++5AA5014A8A01000456346A16CE647B22636F6D6D616E64223A7B226964223A22696D755F737461747573222C22737562223A22227D2C22636F6E74656E74223A7B2254696D655374616D70223A31312C224672616D65436F756E746572223A3236373332382C2247445F58223A2D302E3031313938373836353930323438333436332C2247445F59223A302E3030353837393234303131303531363534382C2247445F5A223A302E303031373536303231383639333638383531322C2241445F58223A2D302E3030363939373934323932343439393531322C2241445F59223A2D302E303031313534333835383536333532373436352C2241445F5A223A2D302E31373037313931343637323835313536322C2254656D70447370223A302C22537461747573223A302C2243616C69625374617465223A312C22536967416D70496E76616C6964223A307D7D3B56
05-27 18:58:44.272   536   536 D commservice260303: bufferevent_write retrun value = 0
05-27 18:58:44.273   536   560 D commservice260303: client datas send succeed,send finish
05-27 08:49:53.234   581   581 D spi_rst_gpio_get_output: GPIO 145 value: 1
05-27 08:49:53.234   581   581 D spidev_ioctl: gpio status=1)
05-27 18:58:44.273 13911 14192 D Sentinelmode_1.2.5.17_sentry: <SentryImuClusterFgeSender>imu_status sent to Linux, frame=267328, tsNs=11391509, tsMs=11, intervalMs=38, ad=(-0.006997943,-0.0011543859,-0.17071915), gd=(-0.011987866,0.00587924,0.0017560219)
05-27 18:58:44.275   581   581 I SpiService: fgesysctrl_getGPIO_status success val=1
05-27 18:58:44.276   594   594 E vendor.sprd.hardware.memtrack-service: MemTrack_DEBUG--Open mali gpu_memory failed
05-27 18:58:44.276   572   622 I Sensors : 230 AccelSensor: x:-0.175070,y:-0.001220,z:-9.976550
05-27 08:49:53.240   581   581 D spi_rst_gpio_get_output: GPIO 145 value: 1
05-27 08:49:53.240   581   581 D spidev_ioctl: gpio status=1)
05-27 18:58:44.280   581   581 I SpiService: fgesysctrl_getGPIO_status success val=1
05-27 08:49:53.245   581   581 D spi_rst_gpio_get_output: GPIO 145 value: 1
05-27 18:58:44.281   594   594 E vendor.sprd.hardware.memtrack-service: MemTrack_DEBUG--Open mali gpu_memory failed
05-27 08:49:53.245   581   581 D spidev_ioctl: gpio status=1)
05-27 18:58:44.283  1008 30857 D [OMXB]  : usingANWBuffer: handle:0xee742480, format:1, w:1920, h:1080
05-27 18:58:44.283   594   594 E vendor.sprd.hardware.memtrack-service: MemTrack_DEBUG--Open mali gpu_memory failed
05-27 18:58:44.285   594   594 E vendor.sprd.hardware.memtrack-service: MemTrack_DEBUG--Open mali gpu_memory failed
05-27 18:58:44.285   299 30844 D EvsDriver: forwardFrame
05-27 18:58:44.286   581   581 I SpiService: fgesysctrl_getGPIO_status success val=0
05-27 18:58:44.288   299 30844 D EvsDriver: Delivered 0xb400007b7ca56900 as id 0
05-27 18:58:44.288  1167  1184 D evsmanagerd: /dev/video6 forwarded the buffer #0 to 0xb4000074bf5f5510 from 0xb4000074bf5f6d90
05-27 08:49:53.251   581   581 D spi_rst_gpio_get_output: GPIO 145 value: 0
05-27 08:49:53.251   581   581 D spidev_ioctl: gpio status=0)
05-27 18:58:44.290 13911 14183 I SentryImuMcuAngleSender: -179.993rollDeg
05-27 18:58:44.290 13911 14183 I SentryImuMcuAngleSender: 1,0,0
05-27 18:58:44.290   594   594 E vendor.sprd.hardware.memtrack-service: MemTrack_DEBUG--Open mali gpu_memory failed
05-27 18:58:44.293   299 30841 D EvsDriver: forwardFrame
05-27 18:58:44.295  1167  1184 D evsmanagerd: /dev/video4 forwarded the buffer #0 to 0xb4000074bf5f6850 from 0xb4000074bf5f41d0
05-27 18:58:44.295   299 30841 D EvsDriver: Delivered 0xb400007b7ca56a60 as id 0
05-27 18:58:44.296   299  1153 D EvsDriver: doneWithFrame
05-27 18:58:44.300   299  1153 D EvsDriver: doneWithFrame
05-27 18:58:44.301   581   581 I SpiService: fgesysctrl_getGPIO_status success val=1
05-27 08:49:53.265   581   581 D spi_rst_gpio_get_output: GPIO 145 value: 1
05-27 08:49:53.265   581   581 D spidev_ioctl: gpio status=1)
05-27 18:58:44.303   594   594 E vendor.sprd.hardware.memtrack-service: MemTrack_DEBUG--Open mali gpu_memory failed
05-27 18:58:44.306   581   581 I SpiService: fgesysctrl_getGPIO_status success val=1
05-27 18:58:44.308 10188 11122 E WifiVendorHal: getWifiLinkLayerStats_1_6_Internal(l.1202) failed {.code = ERROR_UNKNOWN, .description = unknown error}
05-27 08:49:53.271   581   581 D spi_rst_gpio_get_output: GPIO 145 value: 1
05-27 08:49:53.271   581   581 D spidev_ioctl: gpio status=1)
05-27 08:49:53.273 10047 10047 W         : AICWFDBG(LOGTRACE)	rwnx_send_msg (118)MM_GET_STA_INFO_CFM reqcfm:1 in_irq:0 in_softirq:0 in_atomic:0
