05-27 18:58:51.682   299 30844 D EvsDriver: forwardFrame
05-27 18:58:51.682   299  1153 D EvsDriver: doneWithFrame
05-27 18:58:51.684   581   581 I SpiService: fgesysctrl_getGPIO_status success val=0
05-27 08:50:00.649   581   581 D spi_rst_gpio_get_output: GPIO 145 value: 0
05-27 08:50:00.649   581   581 D spidev_ioctl: gpio status=0)
05-27 18:58:51.686   299 30844 D EvsDriver: Delivered 0xb400007b7ca56900 as id 0
05-27 18:58:51.686  1167  1479 D evsmanagerd: /dev/video6 forwarded the buffer #0 to 0xb4000074bf5f5510 from 0xb4000074bf5f6d90
05-27 18:58:51.689   536   536 D commservice260303: msg.id = 1028,0
05-27 18:58:51.689   536   536 D commservice260303: i = 170, msgid = 8A000404
05-27 18:58:51.689   536   536 D commservice260303: msgid = -1979710460,did=138
05-27 18:58:51.689   536   536 D commservice260303: CommProtocolLibCmdBaseI2C::dataproc {"command":{"id":"imu_status","sub":""},"content":{"TimeStamp":11,"FrameCounter":267510,"GD_X":-0.012139749713242054,"GD_Y":0.005573912989348173,"GD_Z":0.0022902146447449923,"AD_X":-0.006357356905937195,"AD_Y":0.0011097141541540623,"AD_Z":-0.17315959930419922,"TempDsp":0,"Status":0,"CalibState":1,"SigAmpInvalid":0}},-1979710460
05-27 18:58:51.689   536   536 D commservice260303: send2Cluster len:317, 7B22636F6D6D616E64223A7B226964223A22696D755F737461747573222C22737562223A22227D2C22636F6E74656E74223A7B2254696D655374616D70223A31312C224672616D65436F756E746572223A3236373531302C2247445F58223A2D302E3031323133393734393731333234323035342C2247445F59223A302E3030353537333931323938393334383137332C2247445F5A223A302E303032323930323134363434373434393932332C2241445F58223A2D302E3030363335373335363930353933373139352C2241445F59223A302E303031313039373134313534313534303632332C2241445F5A223A2D302E31373331353935393933303431393932322C2254656D70447370223A302C22537461747573223A302C2243616C69625374617465223A312C22536967416D70496E76616C6964223A307D7D, 138 
05-27 18:58:51.689   536   536 D commservice260303: Push Message into SendPool fn=-296352768
05-27 18:58:51.689   536   536 D commservice260303: ComProtocolLibSend2Cluster::send2ClusterRaw fn=-296352768 , len=333
05-27 18:58:51.689   536   536 D commservice260303: sendCmdToPort :333!!!
05-27 18:58:51.690   536   536 D commservice260303: send Cmd To Port ++++5AA501498A01000456EE6A16CE6B7B22636F6D6D616E64223A7B226964223A22696D755F737461747573222C22737562223A22227D2C22636F6E74656E74223A7B2254696D655374616D70223A31312C224672616D65436F756E746572223A3236373531302C2247445F58223A2D302E3031323133393734393731333234323035342C2247445F59223A302E3030353537333931323938393334383137332C2247445F5A223A302E303032323930323134363434373434393932332C2241445F58223A2D302E3030363335373335363930353933373139352C2241445F59223A302E303031313039373134313534313534303632332C2241445F5A223A2D302E31373331353935393933303431393932322C2254656D70447370223A302C22537461747573223A302C2243616C69625374617465223A312C22536967416D70496E76616C6964223A307D7D9637
05-27 18:58:51.690   536   536 D commservice260303: bufferevent_write retrun value = 0
05-27 18:58:51.690   536   560 D commservice260303: client datas send succeed,send finish
05-27 18:58:51.690 13911 14192 D Sentinelmode_1.2.5.17_sentry: <SentryImuClusterFgeSender>imu_status sent to Linux, frame=267510, tsNs=11398926, tsMs=11, intervalMs=45, ad=(-0.006357357,0.0011097142,-0.1731596), gd=(-0.01213975,0.005573913,0.0022902146)
05-27 18:58:51.690   299  1153 D EvsDriver: doneWithFrame
05-27 18:58:51.691  1008 30856 D [OMXB]  : usingANWBuffer: handle:0xee7404e0, format:1, w:1920, h:1080
05-27 18:58:51.699 13911 14183 I SentryImuMcuAngleSender: 179.993rollDeg
05-27 18:58:51.699 13911 14183 I SentryImuMcuAngleSender: 1,0,0
05-27 18:58:51.699   581   581 I SpiService: fgesysctrl_getGPIO_status success val=1
05-27 08:50:00.664   581   581 D spi_rst_gpio_get_output: GPIO 145 value: 1
05-27 08:50:00.664   581   581 D spidev_ioctl: gpio status=1)
05-27 18:58:51.705   581   581 I SpiService: fgesysctrl_getGPIO_status success val=1
05-27 18:58:51.706  1008 30857 D [OMXB]  : usingANWBuffer: handle:0xee742a00, format:1, w:1920, h:1080
05-27 08:50:00.670   581   581 D spi_rst_gpio_get_output: GPIO 145 value: 1
05-27 08:50:00.670   581   581 D spidev_ioctl: gpio status=1)
05-27 18:58:51.711   581   581 I SpiService: fgesysctrl_getGPIO_status success val=1
05-27 08:50:00.675   581   581 D spi_rst_gpio_get_output: GPIO 145 value: 1
05-27 08:50:00.675   581   581 D spidev_ioctl: gpio status=1)
05-27 18:58:51.716   581   581 I SpiService: fgesysctrl_getGPIO_status success val=1
05-27 08:50:00.681   581   581 D spi_rst_gpio_get_output: GPIO 145 value: 1
05-27 08:50:00.681   581   581 D spidev_ioctl: gpio status=1)
05-27 18:58:51.718   299 30844 D EvsDriver: forwardFrame
05-27 18:58:51.719 13911 14183 I SentryImuMcuAngleSender: 179.99649rollDeg
05-27 18:58:51.719 13911 14183 I SentryImuMcuAngleSender: 1,0,0
05-27 18:58:51.720  1167  1479 D evsmanagerd: /dev/video6 forwarded the buffer #0 to 0xb4000074bf5f5510 from 0xb4000074bf5f6d90
05-27 18:58:51.720   299 30844 D EvsDriver: Delivered 0xb400007b7ca56900 as id 0
05-27 18:58:51.722   581   581 I SpiService: fgesysctrl_getGPIO_status success val=1
05-27 18:58:51.723   299  1153 D EvsDriver: doneWithFrame
05-27 18:58:51.725   536   536 D commservice260303: msg.id = 1028,0
05-27 08:50:00.686   581   581 D spi_rst_gpio_get_output: GPIO 145 value: 1
05-27 08:50:00.686   581   581 D spidev_ioctl: gpio status=1)
05-27 18:58:51.725   536   536 D commservice260303: i = 170, msgid = 8A000404
05-27 18:58:51.725   536   536 D commservice260303: msgid = -1979710460,did=138
05-27 18:58:51.725   536   536 D commservice260303: CommProtocolLibCmdBaseI2C::dataproc {"command":{"id":"imu_status","sub":""},"content":{"TimeStamp":11,"FrameCounter":267511,"GD_X":-0.011147825978696346,"GD_Y":0.004963258747011423,"GD_Z":0.0019848872907459736,"AD_X":-0.0026901066303253174,"AD_Y":-1.1076254304498434E-4,"AD_Z":-0.17193889617919922,"TempDsp":0,"Status":0,"CalibState":1,"SigAmpInvalid":0}},-1979710460
05-27 18:58:51.725   536   536 D commservice260303: send2Cluster len:319, 7B22636F6D6D616E64223A7B226964223A22696D755F737461747573222C22737562223A22227D2C22636F6E74656E74223A7B2254696D655374616D70223A31312C224672616D65436F756E746572223A3236373531312C2247445F58223A2D302E3031313134373832353937383639363334362C2247445F59223A302E3030343936333235383734373031313432332C2247445F5A223A302E303031393834383837323930373435393733362C2241445F58223A2D302E303032363930313036363330333235333137342C2241445F59223A2D312E31303736323534333034343938343334452D342C2241445F5A223A2D302E31373139333838393631373931393932322C2254656D70447370223A302C22537461747573223A302C2243616C69625374617465223A312C22536967416D70496E76616C6964223A307D7D, 138 
05-27 18:58:51.725   536   536 D commservice260303: Push Message into SendPool fn=-279575552
05-27 18:58:51.725   536   536 D commservice260303: ComProtocolLibSend2Cluster::send2ClusterRaw fn=-279575552 , len=335
05-27 18:58:51.725   536   536 D commservice260303: sendCmdToPort :335!!!
05-27 18:58:51.725   536   536 D commservice260303: send Cmd To Port ++++5AA5014B8A01000456EF6A16CE6B7B22636F6D6D616E64223A7B226964223A22696D755F737461747573222C22737562223A22227D2C22636F6E74656E74223A7B2254696D655374616D70223A31312C224672616D65436F756E746572223A3236373531312C2247445F58223A2D302E3031313134373832353937383639363334362C2247445F59223A302E3030343936333235383734373031313432332C2247445F5A223A302E303031393834383837323930373435393733362C2241445F58223A2D302E303032363930313036363330333235333137342C2241445F59223A2D312E31303736323534333034343938343334452D342C2241445F5A223A2D302E31373139333838393631373931393932322C2254656D70447370223A302C22537461747573223A302C2243616C69625374617465223A312C22536967416D70496E76616C6964223A307D7DCB28
05-27 18:58:51.725   536   536 D commservice260303: bufferevent_write retrun value = 0
05-27 18:58:51.725   536   560 D commservice260303: client datas send succeed,send finish
05-27 18:58:51.725 13911 14192 D Sentinelmode_1.2.5.17_sentry: <SentryImuClusterFgeSender>imu_status sent to Linux, frame=267511, tsNs=11398961, tsMs=11, intervalMs=36, ad=(-0.0026901066,-1.1076254E-4,-0.1719389), gd=(-0.011147826,0.0049632587,0.0019848873)
05-27 18:58:51.726   299 30841 D EvsDriver: forwardFrame
05-27 18:58:51.727   581   581 I SpiService: fgesysctrl_getGPIO_status success val=0
05-27 18:58:51.728   299 30841 D EvsDriver: Delivered 0xb400007b7ca56a60 as id 0
05-27 18:58:51.728  1167  1479 D evsmanagerd: /dev/video4 forwarded the buffer #0 to 0xb4000074bf5f6850 from 0xb4000074bf5f41d0
05-27 18:58:51.729   572   572 I Sensors : 230 AccelSensor: x:-0.169580,y:0.000000,z:-9.975940
05-27 08:50:00.692   581   581 D spi_rst_gpio_get_output: GPIO 145 value: 0
05-27 08:50:00.692   581   581 D spidev_ioctl: gpio status=0)
05-27 18:58:51.730   299  1153 D EvsDriver: doneWithFrame
05-27 18:58:51.732  1008 30856 D [OMXB]  : usingANWBuffer: handle:0xee7433a0, format:1, w:1920, h:1080
05-27 18:58:51.736   283   307 I rvcservice: t.code = 2, t.value = 9978380
05-27 18:58:51.739 13911 14183 I SentryImuMcuAngleSender: 180.0rollDeg
05-27 18:58:51.739 13911 14183 I SentryImuMcuAngleSender: 1,0,0
05-27 18:58:51.743   481   598 I mcuc    : rev,n=1,6AA681E596000A8900E001040901123456E6
05-27 18:58:51.743  1121  1144 I tboxmids_ap: [2026-05-27 18:58:51.743] [MCU RX] src=MCU dst=ZMQ len=10 type=BINARY data=00 08 E0 01 04 09 01 12 34 56 
05-27 18:58:51.743   581   581 I SpiService: fgesysctrl_getGPIO_status success val=1
05-27 18:58:51.744   351   373 D automotive.vehicle@2.0-adayo-datacomm-mcu: MCUDatacomm sendMessageFromVehicle prop: 0x89, areaId: 0x0, status: 0xe0, timestamp: 0x1
05-27 18:58:51.744   351   373 D automotive.vehicle@2.0-adayo-datacomm-mcu: MCUDatacomm 1sendMessageFromVehicle ---> type = 12 
05-27 18:58:51.744  1083  1083 I MyAppLog: [2026-05-27 18:58:51.744 I tboxap mcuCommTboxmidsRecvCb:97] [Mcu] [mcuCommTboxmidsRecvCb] recv from tboxmids, size:10
05-27 18:58:51.744  1083  1083 I MyAppLog: [2026-05-27 18:58:51.744 I tboxap mcuCommTboxmidsRecvCb:98] [Mcu] [tboxmids -> tboxap]: :00 08 E0 01 04 09 01 12 34 56
05-27 18:58:51.745  1083  1083 I MyAppLog: [2026-05-27 18:58:51.744 I tboxap mcuPtlParseData:990] [Mcu] [Mcu  Parse]: (cmd):0901 (param):0901123456
05-27 18:58:51.745  1083  1083 W MyAppLog: [2026-05-27 18:58:51.744 W tboxap mcuParamDataRevPack:918] [Mcu] mcuParamDataRevPack start pack data!!!
05-27 18:58:51.745  1083  1083 W MyAppLog: [2026-05-27 18:58:51.744 W tboxap mcuSaveQueryData:219] [Mcu] [mcuSaveQueryData] unknown query item:0x56
05-27 18:58:51.745  1083  1083 W MyAppLog: [2026-05-27 18:58:51.744 W tboxap mcuHandleQueryInd:1700] [Mcu] [mcuHandleQueryInd] unknown query item:0x56
05-27 18:58:51.745  1083  1083 W MyAppLog: [2026-05-27 18:58:51.744 W tboxap mcuHandleQueryInd:1700] [Mcu] [mcuHandleQueryInd] unknown query item:0x56
05-27 18:58:51.745  1083  1083 W MyAppLog: [2026-05-27 18:58:51.744 W tboxap mcuHandleQueryInd:1700] [Mcu] [mcuHandleQueryInd] unknown query item:0x56
05-27 18:58:51.746  1083  1083 W MyAppLog: [2026-05-27 18:58:51.744 W tboxap mcuHandleQueryInd:1700] [Mcu] [mcuHandleQueryInd] unknown query item:0x56
05-27 18:58:51.746  1083  1083 W MyAppLog: [2026-05-27 18:58:51.744 W tboxap mcuHandleQueryInd:1700] [Mcu] [mcuHandleQueryInd] unknown query item:0x56
05-27 18:58:51.746  1083  1083 W MyAppLog: [2026-05-27 18:58:51.744 W tboxap mcuHandleQueryInd:1700] [Mcu] [mcuHandleQueryInd] unknown query item:0x56
05-27 18:58:51.746  1083  1083 W MyAppLog: [2026-05-27 18:58:51.744 W tboxap mcuHandleQueryInd:1700] [Mcu] [mcuHandleQueryInd] unknown query item:0x56
05-27 18:58:51.746  1083  1083 W MyAppLog: [2026-05-27 18:58:51.744 W tboxap mcuHandleQueryInd:1700] [Mcu] [mcuHandleQueryInd] unknown query item:0x56
05-27 18:58:51.746  1083  1083 W MyAppLog: [2026-05-27 18:58:51.744 W tboxap mcuHandleQueryInd:1700] [Mcu] [mcuHandleQueryInd] unknown query item:0x56
05-27 18:58:51.746  1083  1083 W MyAppLog: [2026-05-27 18:58:51.744 W tboxap mcuHandleQueryInd:1700] [Mcu] [mcuHandleQueryInd] unknown query item:0x56
05-27 18:58:51.747  1083  1083 W MyAppLog: [2026-05-27 18:58:51.744 W tboxap mcuHandleQueryInd:1700] [Mcu] [mcuHandleQueryInd] unknown query item:0x56
05-27 18:58:51.747  1083  1083 W MyAppLog: [2026-05-27 18:58:51.744 W tboxap mcuHandleQueryInd:1700] [Mcu] [mcuHandleQueryInd] unknown query item:0x56
05-27 08:50:00.708   581   581 D spi_rst_gpio_get_output: GPIO 145 value: 1
05-27 08:50:00.708   581   581 D spidev_ioctl: gpio status=1)
05-27 18:58:51.747  1083  1083 W MyAppLog: [2026-05-27 18:58:51.744 W tboxap mcuHandleQueryInd:1700] [Mcu] [mcuHandleQueryInd] unknown query item:0x56
05-27 18:58:51.747  1083  1083 W MyAppLog: [2026-05-27 18:58:51.744 W tboxap mcuHandleQueryInd:1700] [Mcu] [mcuHandleQueryInd] unknown query item:0x56
05-27 18:58:51.747  1083  1083 W MyAppLog: [2026-05-27 18:58:51.744 W tboxap mcuHandleQueryInd:1700] [Mcu] [mcuHandleQueryInd] unknown query item:0x56
05-27 18:58:51.747  1083  1083 W MyAppLog: [2026-05-27 18:58:51.744 W tboxap mcuHandleQueryInd:1700] [Mcu] [mcuHandleQueryInd] unknown query item:0x56
05-27 18:58:51.748  1083  1083 W MyAppLog: [2026-05-27 18:58:51.744 W tboxap mcuHandleQueryInd:1700] [Mcu] [mcuHandleQueryInd] unknown query item:0x56
05-27 18:58:51.748  1083  1083 W MyAppLog: [2026-05-27 18:58:51.744 W tboxap mcuHandleQueryInd:1700] [Mcu] [mcuHandleQueryInd] unknown query item:0x56
05-27 18:58:51.748  1083  1083 W MyAppLog: [2026-05-27 18:58:51.744 W tboxap mcuHandleQueryInd:1700] [Mcu] [mcuHandleQueryInd] unknown query item:0x56
05-27 18:58:51.748  1083  1083 W MyAppLog: [2026-05-27 18:58:51.744 W tboxap mcuHandleQueryInd:1700] [Mcu] [mcuHandleQueryInd] unknown query item:0x56
05-27 18:58:51.748  1083  1083 W MyAppLog: [2026-05-27 18:58:51.744 W tboxap mcuHandleQueryInd:1700] [Mcu] [mcuHandleQueryInd] unknown query item:0x56
05-27 18:58:51.748  1083  1083 W MyAppLog: [2026-05-27 18:58:51.744 W tboxap mcuHandleQueryInd:1700] [Mcu] [mcuHandleQueryInd] unknown query item:0x56
05-27 18:58:51.748  1083  1083 W MyAppLog: [2026-05-27 18:58:51.744 W tboxap mcuHandleQueryInd:1700] [Mcu] [mcuHandleQueryInd] unknown query item:0x56
05-27 18:58:51.749  1083  1083 W MyAppLog: [2026-05-27 18:58:51.744 W tboxap mcuHandleQueryInd:1700] [Mcu] [mcuHandleQueryInd] unknown query item:0x56
05-27 18:58:51.749  1083  1083 W MyAppLog: [2026-05-27 18:58:51.744 W tboxap mcuHandleQueryInd:1700] [Mcu] [mcuHandleQueryInd] unknown query item:0x56
05-27 18:58:51.749  1008 30857 D [OMXB]  : usingANWBuffer: handle:0xee740170, format:1, w:1920, h:1080
05-27 18:58:51.749  1083  1083 W MyAppLog: [2026-05-27 18:58:51.744 W tboxap mcuHandleQueryInd:1700] [Mcu] [mcuHandleQueryInd] unknown query item:0x56
05-27 18:58:51.749   581   581 I SpiService: fgesysctrl_getGPIO_status success val=1
05-27 18:58:51.749  1083  1083 W MyAppLog: [2026-05-27 18:58:51.744 W tboxap mcuHandleQueryInd:1700] [Mcu] [mcuHandleQueryInd] unknown query item:0x56
05-27 18:58:51.749 30773 30789 I dvr_service_: Camera 1: MediaOK:41192382, frames:960, isKeyFrame:0,pts:11398910628
05-27 18:58:51.750  1083  1083 W MyAppLog: [2026-05-27 18:58:51.744 W tboxap mcuHandleQueryInd:1700] [Mcu] [mcuHandleQueryInd] unknown query item:0x56
05-27 18:58:51.750  1083  1083 W MyAppLog: [2026-05-27 18:58:51.744 W tboxap mcuHandleQueryInd:1700] [Mcu] [mcuHandleQueryInd] unknown query item:0x56
05-27 18:58:51.750  1083  1083 W MyAppLog: [2026-05-27 18:58:51.744 W tboxap mcuHandleQueryInd:1700] [Mcu] [mcuHandleQueryInd] unknown query item:0x56
05-27 18:58:51.750  1083  1083 W MyAppLog: [2026-05-27 18:58:51.744 W tboxap mcuHandleQueryInd:1700] [Mcu] [mcuHandleQueryInd] unknown query item:0x56
05-27 18:58:51.750  1083  1083 W MyAppLog: [2026-05-27 18:58:51.744 W tboxap mcuHandleQueryInd:1700] [Mcu] [mcuHandleQueryInd] unknown query item:0x56
05-27 18:58:51.750  1083  1083 W MyAppLog: [2026-05-27 18:58:51.744 W tboxap mcuHandleQueryInd:1700] [Mcu] [mcuHandleQueryInd] unknown query item:0x56
05-27 18:58:51.750  1083  1083 W MyAppLog: [2026-05-27 18:58:51.744 W tboxap mcuHandleQueryInd:1700] [Mcu] [mcuHandleQueryInd] unknown query item:0x56
05-27 18:58:51.750  1083  1083 W MyAppLog: [2026-05-27 18:58:51.744 W tboxap mcuHandleQueryInd:1700] [Mcu] [mcuHandleQueryInd] unknown query item:0x56
05-27 18:58:51.751  1083  1083 W MyAppLog: [2026-05-27 18:58:51.744 W tboxap mcuHandleQueryInd:1700] [Mcu] [mcuHandleQueryInd] unknown query item:0x56
05-27 18:58:51.751  1083  1083 W MyAppLog: [2026-05-27 18:58:51.744 W tboxap mcuHandleQueryInd:1700] [Mcu] [mcuHandleQueryInd] unknown query item:0x56
05-27 18:58:51.751  1083  1083 W MyAppLog: [2026-05-27 18:58:51.744 W tboxap mcuHandleQueryInd:1700] [Mcu] [mcuHandleQueryInd] unknown query item:0x56
05-27 18:58:51.751  1083  1083 W MyAppLog: [2026-05-27 18:58:51.744 W tboxap mcuHandleQueryInd:1700] [Mcu] [mcuHandleQueryInd] unknown query item:0x56
05-27 18:58:51.751  1083  1083 W MyAppLog: [2026-05-27 18:58:51.744 W tboxap mcuHandleQueryInd:1700] [Mcu] [mcuHandleQueryInd] unknown query item:0x56
05-27 18:58:51.752  1083  1083 W MyAppLog: [2026-05-27 18:58:51.744 W tboxap mcuHandleQueryInd:1700] [Mcu] [mcuHandleQueryInd] unknown query item:0x56
05-27 18:58:51.752  1083  1083 W MyAppLog: [2026-05-27 18:58:51.744 W tboxap mcuHandleQueryInd:1700] [Mcu] [mcuHandleQueryInd] unknown query item:0x56
05-27 18:58:51.752  1083  1083 W MyAppLog: [2026-05-27 18:58:51.744 W tboxap mcuHandleQueryInd:1700] [Mcu] [mcuHandleQueryInd] unknown query item:0x56
05-27 18:58:51.752  1083  1083 W MyAppLog: [2026-05-27 18:58:51.744 W tboxap mcuHandleQueryInd:1700] [Mcu] [mcuHandleQueryInd] unknown query item:0x56
05-27 18:58:51.752  1083  1083 W MyAppLog: [2026-05-27 18:58:51.744 W tboxap mcuHandleQueryInd:1700] [Mcu] [mcuHandleQueryInd] unknown query item:0x56
05-27 18:58:51.752  1083  1083 W MyAppLog: [2026-05-27 18:58:51.744 W tboxap mcuHandleQueryInd:1700] [Mcu] [mcuHandleQueryInd] unknown query item:0x56
05-27 18:58:51.752  1083  1083 W MyAppLog: [2026-05-27 18:58:51.744 W tboxap mcuHandleQueryInd:1700] [Mcu] [mcuHandleQueryInd] unknown query item:0x56
05-27 18:58:51.753  1083  1083 W MyAppLog: [2026-05-27 18:58:51.744 W tboxap mcuHandleQueryInd:1700] [Mcu] [mcuHandleQueryInd] unknown query item:0x56
05-27 08:50:00.714   581   581 D spi_rst_gpio_get_output: GPIO 145 value: 1
05-27 18:58:51.753  1083  1083 W MyAppLog: [2026-05-27 18:58:51.744 W tboxap mcuHandleQueryInd:1700] [Mcu] [mcuHandleQueryInd] unknown query item:0x56
05-27 08:50:00.714   581   581 D spidev_ioctl: gpio status=1)
05-27 18:58:51.753  1083  1083 W MyAppLog: [2026-05-27 18:58:51.744 W tboxap mcuHandleQueryInd:1700] [Mcu] [mcuHandleQueryInd] unknown query item:0x56
05-27 18:58:51.753  1083  1083 W MyAppLog: [2026-05-27 18:58:51.744 W tboxap mcuHandleQueryInd:1700] [Mcu] [mcuHandleQueryInd] unknown query item:0x56
05-27 18:58:51.753  1083  1083 W MyAppLog: [2026-05-27 18:58:51.744 W tboxap mcuHandleQueryInd:1700] [Mcu] [mcuHandleQueryInd] unknown query item:0x56
05-27 18:58:51.754   299 30844 D EvsDriver: forwardFrame
05-27 18:58:51.755   581   581 I SpiService: fgesysctrl_getGPIO_status success val=1
05-27 18:58:51.756   299 30844 D EvsDriver: Delivered 0xb400007b7ca56900 as id 0
05-27 18:58:51.756  1167  1479 D evsmanagerd: /dev/video6 forwarded the buffer #0 to 0xb4000074bf5f5510 from 0xb4000074bf5f6d90
05-27 08:50:00.720   581   581 D spi_rst_gpio_get_output: GPIO 145 value: 1
05-27 18:58:51.756 30773 30782 E dvr_service_: [myNum:1] Received S**** loss
05-27 18:58:51.757   299  1153 D EvsDriver: doneWithFrame
05-27 08:50:00.720   581   581 D spidev_ioctl: gpio status=1)
05-27 18:58:51.759 13911 14183 I SentryImuMcuAngleSender: 179.993rollDeg
05-27 18:58:51.759 13911 14183 I SentryImuMcuAngleSender: 1,0,0
05-27 18:58:51.760   299 30841 D EvsDriver: forwardFrame
05-27 18:58:51.761   581   581 I SpiService: fgesysctrl_getGPIO_status success val=1
05-27 18:58:51.761   299 30841 D EvsDriver: Delivered 0xb400007b7ca56a60 as id 0
05-27 18:58:51.762  1167  1479 D evsmanagerd: /dev/video4 forwarded the buffer #0 to 0xb4000074bf5f6850 from 0xb4000074bf5f41d0
05-27 18:58:51.762 30773 30782 E dvr_service_: [myNum:0] Received S**** loss
05-27 18:58:51.762   299  1153 D EvsDriver: doneWithFrame
05-27 18:58:51.764   536   536 D commservice260303: msg.id = 1028,0
05-27 18:58:51.764   536   536 D commservice260303: i = 170, msgid = 8A000404
05-27 18:58:51.764   536   536 D commservice260303: msgid = -1979710460,did=138
05-27 18:58:51.764   536   536 D commservice260303: CommProtocolLibCmdBaseI2C::dataproc {"command":{"id":"imu_status","sub":""},"content":{"TimeStamp":11,"FrameCounter":267512,"GD_X":-0.01153013575822115,"GD_Y":0.004656890872865915,"GD_Z":0.0019848872907459736,"AD_X":-8.686333894729614E-4,"AD_Y":5.002561374567449E-4,"AD_Z":-0.17071914672851562,"TempDsp":0,"Status":0,"CalibState":1,"SigAmpInvalid":0}},-1979710460
05-27 18:58:51.764   536   536 D commservice260303: send2Cluster len:315, 7B22636F6D6D616E64223A7B226964223A22696D755F737461747573222C22737562223A22227D2C22636F6E74656E74223A7B2254696D655374616D70223A31312C224672616D65436F756E746572223A3236373531322C2247445F58223A2D302E30313135333031333537353832323131352C2247445F59223A302E3030343635363839303837323836353931352C2247445F5A223A302E303031393834383837323930373435393733362C2241445F58223A2D382E363836333333383934373239363134452D342C2241445F59223A352E303032353631333734353637343439452D342C2241445F5A223A2D302E31373037313931343637323835313536322C2254656D70447370223A302C22537461747573223A302C2243616C69625374617465223A312C22536967416D70496E76616C6964223A307D7D, 138 
05-27 18:58:51.764   536   536 D commservice260303: Push Message into SendPool fn=-262798336
05-27 18:58:51.764   536   536 D commservice260303: ComProtocolLibSend2Cluster::send2ClusterRaw fn=-262798336 , len=331
05-27 18:58:51.764   536   536 D commservice260303: sendCmdToPort :331!!!
05-27 18:58:51.764   536   536 D commservice260303: send Cmd To Port ++++5AA501478A01000456F06A16CE6B7B22636F6D6D616E64223A7B226964223A22696D755F737461747573222C22737562223A22227D2C22636F6E74656E74223A7B2254696D655374616D70223A31312C224672616D65436F756E746572223A3236373531322C2247445F58223A2D302E30313135333031333537353832323131352C2247445F59223A302E3030343635363839303837323836353931352C2247445F5A223A302E303031393834383837323930373435393733362C2241445F58223A2D382E363836333333383934373239363134452D342C2241445F59223A352E303032353631333734353637343439452D342C2241445F5A223A2D302E31373037313931343637323835313536322C2254656D70447370223A302C22537461747573223A302C2243616C69625374617465223A312C22536967416D70496E76616C6964223A307D7DCA81
05-27 18:58:51.765   536   536 D commservice260303: bufferevent_write retrun value = 0
05-27 18:58:51.765   536   560 D commservice260303: client datas send succeed,send finish
05-27 18:58:51.765 13911 14192 D Sentinelmode_1.2.5.17_sentry: <SentryImuClusterFgeSender>imu_status sent to Linux, frame=267512, tsNs=11398997, tsMs=11, intervalMs=39, ad=(-8.686334E-4,5.0025614E-4,-0.17071915), gd=(-0.011530136,0.004656891,0.0019848873)
05-27 08:50:00.726   581   581 D spi_rst_gpio_get_output: GPIO 145 value: 1
05-27 08:50:00.726   581   581 D spidev_ioctl: gpio status=1)
05-27 18:58:51.767   581   581 I SpiService: fgesysctrl_getGPIO_status success val=0
05-27 18:58:51.767   481   597 I mcuc    : send SPI:6AA602E59600028900F8
05-27 08:50:00.731   581   581 D spi_rst_gpio_get_output: GPIO 145 value: 0
05-27 08:50:00.732   581   581 D spidev_ioctl: gpio status=0)
05-27 18:58:51.771 30773 30789 I dvr_service_: Camera 0: MediaOK:41396616, frames:960, isKeyFrame:0,pts:11398983057
05-27 18:58:51.779 13911 14183 I SentryImuMcuAngleSender: 179.993rollDeg
05-27 18:58:51.779 13911 14183 I SentryImuMcuAngleSender: 1,0,0
05-27 18:58:51.781   581   581 I SpiService: fgesysctrl_getGPIO_status success val=1
05-27 18:58:51.783  1008 30857 D [OMXB]  : usingANWBuffer: handle:0xee743ea0, format:1, w:1920, h:1080
05-27 18:58:51.784   299 30841 D EvsDriver: forwardFrame
05-27 18:58:51.784   299 30844 D EvsDriver: forwardFrame
05-27 08:50:00.746   581   581 D spi_rst_gpio_get_output: GPIO 145 value: 1
05-27 08:50:00.746   581   581 D spidev_ioctl: gpio status=1)
05-27 18:58:51.786   299 30844 D EvsDriver: Delivered 0xb400007b7ca56900 as id 0
05-27 18:58:51.786  1167  1479 D evsmanagerd: /dev/video6 forwarded the buffer #0 to 0xb4000074bf5f5510 from 0xb4000074bf5f6d90
05-27 18:58:51.787  1167  1479 D evsmanagerd: /dev/video4 forwarded the buffer #0 to 0xb4000074bf5f6850 from 0xb4000074bf5f41d0
05-27 18:58:51.787   581   581 I SpiService: fgesysctrl_getGPIO_status success val=1
05-27 18:58:51.787   299 30841 D EvsDriver: Delivered 0xb400007b7ca56a60 as id 0
05-27 18:58:51.788 15863 15863 D AIN-NaviLocationPresenter: ACC is OFF, skip upload location
05-27 08:50:00.751   581   581 D spi_rst_gpio_get_output: GPIO 145 value: 1
05-27 08:50:00.751   581   581 D spidev_ioctl: gpio status=1)
05-27 18:58:51.789   299  1153 D EvsDriver: doneWithFrame
05-27 18:58:51.789   299  1163 D EvsDriver: doneWithFrame
05-27 18:58:51.791 17284 17338 D VersionPrinter: com.aispeech.lyra.assistant- VersionName:[8.0.1_260521.1.yadi_HuoXing] - append:[] - active:[]
05-27 18:58:51.792  1008 30856 D [OMXB]  : usingANWBuffer: handle:0xee7427f0, format:1, w:1920, h:1080
05-27 18:58:51.792   581   581 I SpiService: fgesysctrl_getGPIO_status success val=1
05-27 08:50:00.757   581   581 D spi_rst_gpio_get_output: GPIO 145 value: 1
05-27 08:50:00.757   581   581 D spidev_ioctl: gpio status=1)
05-27 18:58:51.798   581   581 I SpiService: fgesysctrl_getGPIO_status success val=1
05-27 18:58:51.800 13911 14183 I SentryImuMcuAngleSender: 179.993rollDeg
05-27 18:58:51.800 13911 14183 I SentryImuMcuAngleSender: 1,0,0
05-27 08:50:00.762   581   581 D spi_rst_gpio_get_output: GPIO 145 value: 1
05-27 08:50:00.762   581   581 D spidev_ioctl: gpio status=1)
05-27 18:58:51.803   581   581 I SpiService: fgesysctrl_getGPIO_status success val=1
05-27 08:50:00.768   581   581 D spi_rst_gpio_get_output: GPIO 145 value: 1
05-27 08:50:00.768   581   581 D spidev_ioctl: gpio status=1)
05-27 18:58:51.805   536   536 D commservice260303: msg.id = 1028,1
05-27 18:58:51.805   536   536 D commservice260303: i = 170, msgid = 8A000404
05-27 18:58:51.805   536   536 D commservice260303: msgid = -1979710460,did=138
05-27 18:58:51.805   536   536 D commservice260303: CommProtocolLibCmdBaseI2C::dataproc {"command":{"id":"imu_status","sub":""},"content":{"TimeStamp":11,"FrameCounter":267513,"GD_X":-0.011834942735731602,"GD_Y":0.005573912989348173,"GD_Z":0.00259606190957129,"AD_X":-0.00270920991897583,"AD_Y":0.0011027033906430006,"AD_Z":-0.17071914672851562,"TempDsp":0,"Status":0,"CalibState":1,"SigAmpInvalid":0}},-1979710460
05-27 18:58:51.805   536   536 D commservice260303: send2Cluster len:314, 7B22636F6D6D616E64223A7B226964223A22696D755F737461747573222C22737562223A22227D2C22636F6E74656E74223A7B2254696D655374616D70223A31312C224672616D65436F756E746572223A3236373531332C2247445F58223A2D302E3031313833343934323733353733313630322C2247445F59223A302E3030353537333931323938393334383137332C2247445F5A223A302E30303235393630363139303935373132392C2241445F58223A2D302E30303237303932303939313839373538332C2241445F59223A302E303031313032373033333930363433303030362C2241445F5A223A2D302E31373037313931343637323835313536322C2254656D70447370223A302C22537461747573223A302C2243616C69625374617465223A312C22536967416D70496E76616C6964223A307D7D, 138 
05-27 18:58:51.805   536   536 D commservice260303: Push Message into SendPool fn=-246021120
05-27 18:58:51.805   536   536 D commservice260303: ComProtocolLibSend2Cluster::send2ClusterRaw fn=-246021120 , len=330
05-27 18:58:51.805   536   536 D commservice260303: sendCmdToPort :330!!!
05-27 18:58:51.805   536   536 D commservice260303: send Cmd To Port ++++5AA501468A01000456F16A16CE6B7B22636F6D6D616E64223A7B226964223A22696D755F737461747573222C22737562223A22227D2C22636F6E74656E74223A7B2254696D655374616D70223A31312C224672616D65436F756E746572223A3236373531332C2247445F58223A2D302E3031313833343934323733353733313630322C2247445F59223A302E3030353537333931323938393334383137332C2247445F5A223A302E30303235393630363139303935373132392C2241445F58223A2D302E30303237303932303939313839373538332C2241445F59223A302E303031313032373033333930363433303030362C2241445F5A223A2D302E31373037313931343637323835313536322C2254656D70447370223A302C22537461747573223A302C2243616C69625374617465223A312C22536967416D70496E76616C6964223A307D7DF804
05-27 18:58:51.806   536   536 D commservice260303: bufferevent_write retrun value = 0
05-27 18:58:51.806   536   560 D commservice260303: client datas send succeed,send finish
05-27 18:58:51.806 13911 14192 D Sentinelmode_1.2.5.17_sentry: <SentryImuClusterFgeSender>imu_status sent to Linux, frame=267513, tsNs=11399051, tsMs=11, intervalMs=41, ad=(-0.00270921,0.0011027034,-0.17071915), gd=(-0.011834943,0.005573913,0.002596062)
05-27 18:58:51.809   581   581 I SpiService: fgesysctrl_getGPIO_status success val=0
05-27 08:50:00.773   581   581 D spi_rst_gpio_get_output: GPIO 145 value: 0
05-27 08:50:00.773   581   581 D spidev_ioctl: gpio status=0)
05-27 18:58:51.811  1008 30857 D [OMXB]  : usingANWBuffer: handle:0xee7444d0, format:1, w:1920, h:1080
05-27 18:58:51.816   299 30841 D EvsDriver: forwardFrame
05-27 18:58:51.817   299 30844 D EvsDriver: forwardFrame
05-27 18:58:51.818   299 30844 D EvsDriver: Delivered 0xb400007b7ca56900 as id 0
05-27 18:58:51.818  1167  1479 D evsmanagerd: /dev/video6 forwarded the buffer #0 to 0xb4000074bf5f5510 from 0xb4000074bf5f6d90
05-27 18:58:51.818   299 30841 D EvsDriver: Delivered 0xb400007b7ca56a60 as id 0
05-27 18:58:51.818  1167  1184 D evsmanagerd: /dev/video4 forwarded the buffer #0 to 0xb4000074bf5f6850 from 0xb4000074bf5f41d0
05-27 18:58:51.818   572   622 I Sensors : 230 GyroSensor: x:-0.011224,y:0.005039,z:0.002214
05-27 18:58:51.820 13911 14183 I SentryImuMcuAngleSender: 179.99649rollDeg
05-27 18:58:51.821 13911 14183 I SentryImuMcuAngleSender: 1,0,0
05-27 18:58:51.821   299  1153 D EvsDriver: doneWithFrame
05-27 18:58:51.821   299  1163 D EvsDriver: doneWithFrame
05-27 18:58:51.823   481   598 I mcuc    : rev,n=1,6AA681E59700358900D9060003000000000000000064006400641010000000000000000000000000000000000000000000000000000000000000000017
05-27 18:58:51.823   351   373 D automotive.vehicle@2.0-adayo-datacomm-mcu: MCUDatacomm sendMessageFromVehicle prop: 0x89, areaId: 0x0, status: 0xd9, timestamp: 0x6
05-27 18:58:51.823   351   373 D automotive.vehicle@2.0-adayo-datacomm-mcu: MCUDatacomm 1sendMessageFromVehicle ---> type = 3 
05-27 18:58:51.823   581   581 I SpiService: fgesysctrl_getGPIO_status success val=1
05-27 18:58:51.823   351   373 D automotive.vehicle@2.0-adayo-func-bcm: sendMessageFromVehicle sendMessageFromVehicle
05-27 18:58:51.823   351   516 D automotive.vehicle@2.0-adayo-func-bcm: jjfan1 ______procotolSize :45
05-27 18:58:51.823   351   516 D automotive.vehicle@2.0-adayo-func-bcm: BCMFunc sendMessageFromVehicle_l dataType: 12,mByte=8,propid=0x21600001
05-27 18:58:51.823   351   516 D automotive.vehicle@2.0-adayo-func-bcm: BCMFunc sendMessageFromVehicle_l msgBuff[8]=0x0,start:2,len:11,temp:6,
05-27 18:58:51.823   351   516 D automotive.vehicle@2.0-adayo-func-bcm: BCMFunc sendMessageFromVehicle_l msgBuff[7]=0x0,start:0,len:5,temp:5,
05-27 18:58:51.823   351   516 D automotive.vehicle@2.0-adayo-func-bcm: BCMFunc sendMessageFromVehicle_l prop: 0x21600001 , SPLITE_BIT_DATA_INTEGER1 data:0
05-27 18:58:51.823   351   516 D automotive.vehicle@2.0-adayo-func-bcm: BCMFunc sendMessageFromVehicle_l prop: 0x21600001 , SPLITE_BIT_DATA_INTEGER4 procotol.calc[0]:0.100000,procotol.calc[1]:0.000000
05-27 18:58:51.823   351   516 D automotive.vehicle@2.0-adayo-func-bcm: BCMFunc sendMessageFromVehicle_l prop: 0x21600001 ,areaId: 0x0  SPLITE_BIT_DATA_INTEGER : 0.000000,calc[0]:0.100000,calc[1]:0.000000
05-27 18:58:51.823   351   516 D automotive.vehicle@2.0-adayo-func-bcm: BCMFunc sendMessageFromVehicle_l id:559939585, area:0 not report! 
05-27 18:58:51.823   351   516 D automotive.vehicle@2.0-adayo-func-bcm: BCMFunc sendMessageFromVehicle_l dataType: 12,mByte=9,propid=0x2140004d
05-27 18:58:51.823   351   516 D automotive.vehicle@2.0-adayo-func-bcm: BCMFunc sendMessageFromVehicle_l msgBuff[9]=0x0,start:0,len:3,temp:3,
05-27 18:58:51.823   351   516 D automotive.vehicle@2.0-adayo-func-bcm: BCMFunc sendMessageFromVehicle_l prop: 0x2140004d ,areaId: 0x0  SPLITE_BIT_DATA_INTEGER : 0
05-27 18:58:51.823   351   516 D automotive.vehicle@2.0-adayo-func-bcm: BCMFunc sendMessageFromVehicle_l id:557842509, area:0 not report! 
05-27 18:58:51.823   351   516 D automotive.vehicle@2.0-adayo-func-bcm: BCMFunc sendMessageFromVehicle_l dataType: 12,mByte=10,propid=0x21400009
05-27 18:58:51.823   351   516 D automotive.vehicle@2.0-adayo-func-bcm: BCMFunc sendMessageFromVehicle_l msgBuff[10]=0x0,start:0,len:3,temp:3,
05-27 18:58:51.823   351   516 D automotive.vehicle@2.0-adayo-func-bcm: BCMFunc sendMessageFromVehicle_l prop: 0x21400009 ,areaId: 0x0  SPLITE_BIT_DATA_INTEGER : 0
05-27 18:58:51.823   351   516 D automotive.vehicle@2.0-adayo-func-bcm: BCMFunc sendMessageFromVehicle_l id:557842441, area:0 not report! 
05-27 18:58:51.823   351   516 D automotive.vehicle@2.0-adayo-func-bcm: BCMFunc sendMessageFromVehicle_l dataType: 12,mByte=10,propid=0x2140000a
05-27 18:58:51.823   351   516 D automotive.vehicle@2.0-adayo-func-bcm: BCMFunc sendMessageFromVehicle_l msgBuff[10]=0x0,start:4,len:3,temp:3,
05-27 18:58:51.823   351   516 D automotive.vehicle@2.0-adayo-func-bcm: BCMFunc sendMessageFromVehicle_l prop: 0x2140000a ,areaId: 0x0  SPLITE_BIT_DATA_INTEGER : 0
05-27 18:58:51.823   351   516 D automotive.vehicle@2.0-adayo-func-bcm: BCMFunc sendMessageFromVehicle_l id:557842442, area:0 not report! 
05-27 18:58:51.823   351   516 D automotive.vehicle@2.0-adayo-func-bcm: BCMFunc sendMessageFromVehicle_l dataType: 12,mByte=11,propid=0x21400096
05-27 18:58:51.824   351   516 D automotive.vehicle@2.0-adayo-func-bcm: BCMFunc sendMessageFromVehicle_l msgBuff[11]=0x0,start:0,len:8,temp:8,
05-27 18:58:51.824   351   516 D automotive.vehicle@2.0-adayo-func-bcm: BCMFunc sendMessageFromVehicle_l prop: 0x21400096 ,areaId: 0x0  SPLITE_BIT_DATA_INTEGER : 0
05-27 18:58:51.824   351   516 D automotive.vehicle@2.0-adayo-func-bcm: BCMFunc sendMessageFromVehicle_l id:557842582, area:0 not report! 
05-27 18:58:51.824   351   516 D automotive.vehicle@2.0-adayo-func-bcm: BCMFunc sendMessageFromVehicle_l dataType: 12,mByte=12,propid=0x2140008a
05-27 18:58:51.824   351   516 D automotive.vehicle@2.0-adayo-func-bcm: BCMFunc sendMessageFromVehicle_l msgBuff[12]=0x0,start:0,len:4,temp:4,
05-27 18:58:51.824   351   516 D automotive.vehicle@2.0-adayo-func-bcm: BCMFunc sendMessageFromVehicle_l prop: 0x2140008a ,areaId: 0x0  SPLITE_BIT_DATA_INTEGER : 0
05-27 18:58:51.824   351   516 D automotive.vehicle@2.0-adayo-func-bcm: BCMFunc sendMessageFromVehicle_l id:557842570, area:0 not report! 
05-27 18:58:51.824   351   516 D automotive.vehicle@2.0-adayo-func-bcm: BCMFunc sendMessageFromVehicle_l dataType: 12,mByte=14,propid=0x21400005
05-27 18:58:51.824   351   516 D automotive.vehicle@2.0-adayo-func-bcm: BCMFunc sendMessageFromVehicle_l msgBuff[14]=0x64,start:0,len:10,temp:8,
05-27 18:58:51.824   351   516 D automotive.vehicle@2.0-adayo-func-bcm: BCMFunc sendMessageFromVehicle_l msgBuff[13]=0x0,start:0,len:2,temp:2,
05-27 18:58:51.824   351   516 D automotive.vehicle@2.0-adayo-func-bcm: BCMFunc sendMessageFromVehicle_l prop: 0x21400005 ,areaId: 0x0  SPLITE_BIT_DATA_INTEGER : 100
05-27 18:58:51.824   351   516 D automotive.vehicle@2.0-adayo-func-bcm: BCMFunc sendMessageFromVehicle_l id:557842437, area:0 not report! 
05-27 18:58:51.824   351   516 D automotive.vehicle@2.0-adayo-func-bcm: BCMFunc sendMessageFromVehicle_l dataType: 12,mByte=16,propid=0x21600006
05-27 18:58:51.824   351   516 D automotive.vehicle@2.0-adayo-func-bcm: BCMFunc sendMessageFromVehicle_l msgBuff[16]=0x64,start:0,len:10,temp:8,
05-27 18:58:51.824   351   516 D automotive.vehicle@2.0-adayo-func-bcm: BCMFunc sendMessageFromVehicle_l msgBuff[15]=0x0,start:0,len:2,temp:2,
05-27 18:58:51.824   351   516 D automotive.vehicle@2.0-adayo-func-bcm: BCMFunc sendMessageFromVehicle_l prop: 0x21600006 , SPLITE_BIT_DATA_INTEGER1 data:100
05-27 18:58:51.824   351   516 D automotive.vehicle@2.0-adayo-func-bcm: BCMFunc sendMessageFromVehicle_l prop: 0x21600006 , SPLITE_BIT_DATA_INTEGER4 procotol.calc[0]:0.100000,procotol.calc[1]:0.000000
05-27 18:58:51.824   351   516 D automotive.vehicle@2.0-adayo-func-bcm: BCMFunc sendMessageFromVehicle_l prop: 0x21600006 ,areaId: 0x0  SPLITE_BIT_DATA_INTEGER : 80.000000,calc[0]:0.100000,calc[1]:0.000000
05-27 18:58:51.824   351   516 D automotive.vehicle@2.0-adayo-func-bcm: BCMFunc sendMessageFromVehicle_l id:559939590, area:0 not report! 
05-27 18:58:51.824   351   516 D automotive.vehicle@2.0-adayo-func-bcm: BCMFunc sendMessageFromVehicle_l dataType: 12,mByte=18,propid=0x21600007
05-27 18:58:51.824   351   516 D automotive.vehicle@2.0-adayo-func-bcm: BCMFunc sendMessageFromVehicle_l msgBuff[18]=0x64,start:0,len:10,temp:8,
05-27 18:58:51.824   351   516 D automotive.vehicle@2.0-adayo-func-bcm: BCMFunc sendMessageFromVehicle_l msgBuff[17]=0x0,start:0,len:2,temp:2,
05-27 18:58:51.824   351   516 D automotive.vehicle@2.0-adayo-func-bcm: BCMFunc sendMessageFromVehicle_l prop: 0x21600007 , SPLITE_BIT_DATA_INTEGER1 data:100
05-27 18:58:51.824   351   516 D automotive.vehicle@2.0-adayo-func-bcm: BCMFunc sendMessageFromVehicle_l prop: 0x21600007 , SPLITE_BIT_DATA_INTEGER4 procotol.calc[0]:0.100000,procotol.calc[1]:0.000000
05-27 18:58:51.824   351   516 D automotive.vehicle@2.0-adayo-func-bcm: BCMFunc sendMessageFromVehicle_l prop: 0x21600007 ,areaId: 0x0  SPLITE_BIT_DATA_INTEGER : 70.000000,calc[0]:0.100000,calc[1]:0.000000
05-27 18:58:51.824   351   516 D automotive.vehicle@2.0-adayo-func-bcm: BCMFunc sendMessageFromVehicle_l id:559939591, area:0 not report! 
05-27 18:58:51.824   351   516 D automotive.vehicle@2.0-adayo-func-bcm: BCMFunc sendMessageFromVehicle_l dataType: 12,mByte=19,propid=0x21400087
05-27 18:58:51.824   351   516 D automotive.vehicle@2.0-adayo-func-bcm: BCMFunc sendMessageFromVehicle_l msgBuff[19]=0x10,start:3,len:1,temp:1,
05-27 18:58:51.824   351   516 D automotive.vehicle@2.0-adayo-func-bcm: BCMFunc sendMessageFromVehicle_l prop: 0x21400087 ,areaId: 0x0  SPLITE_BIT_DATA_INTEGER : 0
05-27 18:58:51.824   351   516 D automotive.vehicle@2.0-adayo-func-bcm: BCMFunc sendMessageFromVehicle_l id:557842567, area:0 not report! 
05-27 18:58:51.824   351   516 D automotive.vehicle@2.0-adayo-func-bcm: BCMFunc sendMessageFromVehicle_l dataType: 12,mByte=19,propid=0x2140004e
05-27 18:58:51.824   351   516 D automotive.vehicle@2.0-adayo-func-bcm: BCMFunc sendMessageFromVehicle_l msgBuff[19]=0x10,start:5,len:1,temp:1,
05-27 08:50:00.788   581   581 D spi_rst_gpio_get_output: GPIO 145 value: 1
05-27 08:50:00.788   581   581 D spidev_ioctl: gpio status=1)
05-27 18:58:51.824   351   516 D automotive.vehicle@2.0-adayo-func-bcm: BCMFunc sendMessageFromVehicle_l prop: 0x2140004e ,areaId: 0x0  SPLITE_BIT_DATA_INTEGER : 0
05-27 18:58:51.824   351   516 D automotive.vehicle@2.0-adayo-func-bcm: BCMFunc sendMessageFromVehicle_l id:557842510, area:0 not report! 
05-27 18:58:51.824   351   516 D automotive.vehicle@2.0-adayo-func-bcm: BCMFunc sendMessageFromVehicle_l dataType: 12,mByte=19,propid=0x2140004f
05-27 18:58:51.824   351   516 D automotive.vehicle@2.0-adayo-func-bcm: BCMFunc sendMessageFromVehicle_l msgBuff[19]=0x10,start:7,len:1,temp:1,
05-27 18:58:51.824   351   516 D automotive.vehicle@2.0-adayo-func-bcm: BCMFunc sendMessageFromVehicle_l prop: 0x2140004f ,areaId: 0x0  SPLITE_BIT_DATA_INTEGER : 0
05-27 18:58:51.824   351   516 D automotive.vehicle@2.0-adayo-func-bcm: BCMFunc sendMessageFromVehicle_l id:557842511, area:0 not report! 
05-27 18:58:51.824   351   516 D automotive.vehicle@2.0-adayo-func-bcm: BCMFunc sendMessageFromVehicle_l dataType: 12,mByte=20,propid=0x21400031
05-27 18:58:51.824   351   516 D automotive.vehicle@2.0-adayo-func-bcm: BCMFunc sendMessageFromVehicle_l msgBuff[20]=0x10,start:0,len:3,temp:3,
05-27 18:58:51.824   351   516 D automotive.vehicle@2.0-adayo-func-bcm: BCMFunc sendMessageFromVehicle_l prop: 0x21400031 ,areaId: 0x0  SPLITE_BIT_DATA_INTEGER : 0
05-27 18:58:51.824   351   516 D automotive.vehicle@2.0-adayo-func-bcm: BCMFunc sendMessageFromVehicle_l id:557842481, area:0 not report! 
05-27 18:58:51.824   351   516 D automotive.vehicle@2.0-adayo-func-bcm: BCMFunc sendMessageFromVehicle_l dataType: 12,mByte=20,propid=0x2140003a
05-27 18:58:51.824   351   516 D automotive.vehicle@2.0-adayo-func-bcm: BCMFunc sendMessageFromVehicle_l msgBuff[20]=0x10,start:5,len:3,temp:3,
05-27 18:58:51.824   351   516 D automotive.vehicle@2.0-adayo-func-bcm: BCMFunc sendMessageFromVehicle_l prop: 0x2140003a ,areaId: 0x0  SPLITE_BIT_DATA_INTEGER : 0
05-27 18:58:51.824   351   516 D automotive.vehicle@2.0-adayo-func-bcm: BCMFunc sendMessageFromVehicle_l id:557842490, area:0 not report! 
05-27 18:58:51.824   351   516 D automotive.vehicle@2.0-adayo-func-bcm: BCMFunc sendMessageFromVehicle_l dataType: 12,mByte=21,propid=0x2140008b
05-27 18:58:51.824   351   516 D automotive.vehicle@2.0-adayo-func-bcm: BCMFunc sendMessageFromVehicle_l msgBuff[21]=0x0,start:0,len:3,temp:3,
05-27 18:58:51.825   351   516 D automotive.vehicle@2.0-adayo-func-bcm: BCMFunc sendMessageFromVehicle_l prop: 0x2140008b ,areaId: 0x0  SPLITE_BIT_DATA_INTEGER : 0
05-27 18:58:51.825   351   516 D automotive.vehicle@2.0-adayo-func-bcm: BCMFunc sendMessageFromVehicle_l id:557842571, area:0 not report! 
05-27 18:58:51.825   351   516 D automotive.vehicle@2.0-adayo-func-bcm: BCMFunc sendMessageFromVehicle_l dataType: 12,mByte=22,propid=0x2140008c
05-27 18:58:51.825   351   516 D automotive.vehicle@2.0-adayo-func-bcm: BCMFunc sendMessageFromVehicle_l msgBuff[22]=0x0,start:1,len:1,temp:1,
05-27 18:58:51.825   351   516 D automotive.vehicle@2.0-adayo-func-bcm: BCMFunc sendMessageFromVehicle_l prop: 0x2140008c ,areaId: 0x0  SPLITE_BIT_DATA_INTEGER : 0
05-27 18:58:51.825   351   516 D automotive.vehicle@2.0-adayo-func-bcm: BCMFunc sendMessageFromVehicle_l id:557842572, area:0 not report! 
05-27 18:58:51.825   351   516 D automotive.vehicle@2.0-adayo-func-bcm: BCMFunc sendMessageFromVehicle_l dataType: 12,mByte=23,propid=0x2140008e
05-27 18:58:51.825   351   516 D automotive.vehicle@2.0-adayo-func-bcm: BCMFunc sendMessageFromVehicle_l msgBuff[23]=0x0,start:0,len:1,temp:1,
05-27 18:58:51.825   351   516 D automotive.vehicle@2.0-adayo-func-bcm: BCMFunc sendMessageFromVehicle_l prop: 0x2140008e ,areaId: 0x0  SPLITE_BIT_DATA_INTEGER : 0
05-27 18:58:51.825   351   516 D automotive.vehicle@2.0-adayo-func-bcm: BCMFunc sendMessageFromVehicle_l id:557842574, area:0 not report! 
05-27 18:58:51.825   351   516 D automotive.vehicle@2.0-adayo-func-bcm: BCMFunc sendMessageFromVehicle_l dataType: 12,mByte=23,propid=0x2140008f
05-27 18:58:51.825   351   516 D automotive.vehicle@2.0-adayo-func-bcm: BCMFunc sendMessageFromVehicle_l msgBuff[23]=0x0,start:1,len:1,temp:1,
05-27 18:58:51.825   351   516 D automotive.vehicle@2.0-adayo-func-bcm: BCMFunc sendMessageFromVehicle_l prop: 0x2140008f ,areaId: 0x0  SPLITE_BIT_DATA_INTEGER : 0
05-27 18:58:51.825   351   516 D automotive.vehicle@2.0-adayo-func-bcm: BCMFunc sendMessageFromVehicle_l id:557842575, area:0 not report! 
05-27 18:58:51.825   351   516 D automotive.vehicle@2.0-adayo-func-bcm: BCMFunc sendMessageFromVehicle_l dataType: 12,mByte=24,propid=0x2140000b
05-27 18:58:51.825   351   516 D automotive.vehicle@2.0-adayo-func-bcm: BCMFunc sendMessageFromVehicle_l msgBuff[24]=0x0,start:2,len:3,temp:3,
05-27 18:58:51.825   351   516 D automotive.vehicle@2.0-adayo-func-bcm: BCMFunc sendMessageFromVehicle_l prop: 0x2140000b ,areaId: 0x0  SPLITE_BIT_DATA_INTEGER : 0
05-27 18:58:51.825   351   516 D automotive.vehicle@2.0-adayo-func-bcm: BCMFunc sendMessageFromVehicle_l id:557842443, area:0 not report! 
05-27 18:58:51.825   351   516 D automotive.vehicle@2.0-adayo-func-bcm: BCMFunc sendMessageFromVehicle_l dataType: 12,mByte=26,propid=0x21400086
05-27 18:58:51.825   351   516 D automotive.vehicle@2.0-adayo-func-bcm: BCMFunc sendMessageFromVehicle_l msgBuff[26]=0x0,start:0,len:11,temp:8,
05-27 18:58:51.825   351   516 D automotive.vehicle@2.0-adayo-func-bcm: BCMFunc sendMessageFromVehicle_l msgBuff[25]=0x0,start:0,len:3,temp:3,
05-27 18:58:51.825   351   516 D automotive.vehicle@2.0-adayo-func-bcm: BCMFunc sendMessageFromVehicle_l prop: 0x21400086 ,areaId: 0x0  SPLITE_BIT_DATA_INTEGER : 0
05-27 18:58:51.825   351   516 D automotive.vehicle@2.0-adayo-func-bcm: BCMFunc sendMessageFromVehicle_l id:557842566, area:0 not report! 
05-27 18:58:51.825   351   516 D automotive.vehicle@2.0-adayo-func-bcm: BCMFunc sendMessageFromVehicle_l dataType: 12,mByte=28,propid=0x21600004
05-27 18:58:51.825   351   516 D automotive.vehicle@2.0-adayo-func-bcm: BCMFunc sendMessageFromVehicle_l msgBuff[28]=0x0,start:0,len:16,temp:8,
05-27 18:58:51.825   351   516 D automotive.vehicle@2.0-adayo-func-bcm: BCMFunc sendMessageFromVehicle_l msgBuff[27]=0x0,start:0,len:8,temp:8,
05-27 18:58:51.825   351   516 D automotive.vehicle@2.0-adayo-func-bcm: BCMFunc sendMessageFromVehicle_l prop: 0x21600004 , SPLITE_BIT_DATA_INTEGER1 data:0
05-27 18:58:51.825   351   516 D automotive.vehicle@2.0-adayo-func-bcm: BCMFunc sendMessageFromVehicle_l prop: 0x21600004 , SPLITE_BIT_DATA_INTEGER4 procotol.calc[0]:0.100000,procotol.calc[1]:0.000000
05-27 18:58:51.825   351   516 D automotive.vehicle@2.0-adayo-func-bcm: BCMFunc sendMessageFromVehicle_l prop: 0x21600004 ,areaId: 0x0  SPLITE_BIT_DATA_INTEGER : 0.000000,calc[0]:0.100000,calc[1]:0.000000
05-27 18:58:51.825   351   516 D automotive.vehicle@2.0-adayo-func-bcm: BCMFunc sendMessageFromVehicle_l id:559939588, area:0 not report! 
05-27 18:58:51.825   351   516 D automotive.vehicle@2.0-adayo-func-bcm: BCMFunc sendMessageFromVehicle_l dataType: 12,mByte=30,propid=0x21400003
05-27 18:58:51.825   351   516 D automotive.vehicle@2.0-adayo-func-bcm: BCMFunc sendMessageFromVehicle_l msgBuff[30]=0x0,start:0,len:16,temp:8,
05-27 18:58:51.825   351   516 D automotive.vehicle@2.0-adayo-func-bcm: BCMFunc sendMessageFromVehicle_l msgBuff[29]=0x0,start:0,len:8,temp:8,
05-27 18:58:51.825   351   516 D automotive.vehicle@2.0-adayo-func-bcm: BCMFunc sendMessageFromVehicle_l prop: 0x21400003 ,areaId: 0x0  SPLITE_BIT_DATA_INTEGER : 0
05-27 18:58:51.825   351   516 D automotive.vehicle@2.0-adayo-func-bcm: BCMFunc sendMessageFromVehicle_l id:557842435, area:0 not report! 
05-27 18:58:51.825   351   516 D automotive.vehicle@2.0-adayo-func-bcm: BCMFunc sendMessageFromVehicle_l dataType: 12,mByte=32,propid=0x21600002
05-27 18:58:51.825   351   516 D automotive.vehicle@2.0-adayo-func-bcm: BCMFunc sendMessageFromVehicle_l msgBuff[32]=0x0,start:5,len:11,temp:3,
05-27 18:58:51.825   351   516 D automotive.vehicle@2.0-adayo-func-bcm: BCMFunc sendMessageFromVehicle_l msgBuff[31]=0x0,start:0,len:8,temp:8,
05-27 18:58:51.825   351   516 D automotive.vehicle@2.0-adayo-func-bcm: BCMFunc sendMessageFromVehicle_l prop: 0x21600002 , SPLITE_BIT_DATA_INTEGER1 data:0
05-27 18:58:51.825   351   516 D automotive.vehicle@2.0-adayo-func-bcm: BCMFunc sendMessageFromVehicle_l prop: 0x21600002 , SPLITE_BIT_DATA_INTEGER4 procotol.calc[0]:0.100000,procotol.calc[1]:0.000000
05-27 18:58:51.825   351   516 D automotive.vehicle@2.0-adayo-func-bcm: BCMFunc sendMessageFromVehicle_l prop: 0x21600002 ,areaId: 0x0  SPLITE_BIT_DATA_INTEGER : 0.000000,calc[0]:0.100000,calc[1]:0.000000
05-27 18:58:51.825   351   516 D automotive.vehicle@2.0-adayo-func-bcm: BCMFunc sendMessageFromVehicle_l id:559939586, area:0 not report! 
05-27 18:58:51.825   351   516 D automotive.vehicle@2.0-adayo-func-bcm: BCMFunc sendMessageFromVehicle_l dataType: 12,mByte=34,propid=0x216000dd
05-27 18:58:51.826   351   516 D automotive.vehicle@2.0-adayo-func-bcm: BCMFunc sendMessageFromVehicle_l msgBuff[34]=0x0,start:5,len:11,temp:3,
05-27 18:58:51.826   351   516 D automotive.vehicle@2.0-adayo-func-bcm: BCMFunc sendMessageFromVehicle_l msgBuff[33]=0x0,start:0,len:8,temp:8,
05-27 18:58:51.826   351   516 D automotive.vehicle@2.0-adayo-func-bcm: BCMFunc sendMessageFromVehicle_l prop: 0x216000dd , SPLITE_BIT_DATA_INTEGER1 data:0
05-27 18:58:51.826   351   516 D automotive.vehicle@2.0-adayo-func-bcm: BCMFunc sendMessageFromVehicle_l prop: 0x216000dd , SPLITE_BIT_DATA_INTEGER4 procotol.calc[0]:0.200000,procotol.calc[1]:0.000000
05-27 18:58:51.826   351   516 D automotive.vehicle@2.0-adayo-func-bcm: BCMFunc sendMessageFromVehicle_l prop: 0x216000dd ,areaId: 0x0  SPLITE_BIT_DATA_INTEGER : 0.000000,calc[0]:0.200000,calc[1]:0.000000
05-27 18:58:51.826   351   516 D automotive.vehicle@2.0-adayo-func-bcm: BCMFunc sendMessageFromVehicle_l id:559939805, area:0 not report! 
05-27 18:58:51.826   351   516 D automotive.vehicle@2.0-adayo-func-bcm: BCMFunc sendMessageFromVehicle_l dataType: 12,mByte=35,propid=0x216000de
05-27 18:58:51.826   351   516 D automotive.vehicle@2.0-adayo-func-bcm: BCMFunc sendMessageFromVehicle_l msgBuff[35]=0x0,start:0,len:8,temp:8,
05-27 18:58:51.826   351   516 D automotive.vehicle@2.0-adayo-func-bcm: BCMFunc sendMessageFromVehicle_l prop: 0x216000de , SPLITE_BIT_DATA_INTEGER1 data:0
05-27 18:58:51.826   351   516 D automotive.vehicle@2.0-adayo-func-bcm: BCMFunc sendMessageFromVehicle_l prop: 0x216000de , SPLITE_BIT_DATA_INTEGER4 procotol.calc[0]:0.392157,procotol.calc[1]:0.000000
05-27 18:58:51.826   351   516 D automotive.vehicle@2.0-adayo-func-bcm: BCMFunc sendMessageFromVehicle_l prop: 0x216000de ,areaId: 0x0  SPLITE_BIT_DATA_INTEGER : 0.000000,calc[0]:0.392157,calc[1]:0.000000
05-27 18:58:51.826   351   516 D automotive.vehicle@2.0-adayo-func-bcm: BCMFunc sendMessageFromVehicle_l id:559939806, area:0 not report! 
05-27 18:58:51.826   351   516 D automotive.vehicle@2.0-adayo-func-bcm: BCMFunc sendMessageFromVehicle_l dataType: 12,mByte=36,propid=0x214000df
