05-27 18:58:45.480   536   536 D commservice260303: CommProtocolLibCmdBaseI2C::dataproc {"command":{"id":"imu_status","sub":""},"content":{"TimeStamp":11,"FrameCounter":267357,"GD_X":-0.010766036808490753,"GD_Y":0.005879240110516548,"GD_Z":0.0021378109231591225,"AD_X":-7.50124454498291E-4,"AD_Y":-0.0010321247391402721,"AD_Z":-0.17193889617919922,"TempDsp":0,"Status":0,"CalibState":1,"SigAmpInvalid":0}},-1979710460
05-27 18:58:45.480   536   536 D commservice260303: send2Cluster len:317, 7B22636F6D6D616E64223A7B226964223A22696D755F737461747573222C22737562223A22227D2C22636F6E74656E74223A7B2254696D655374616D70223A31312C224672616D65436F756E746572223A3236373335372C2247445F58223A2D302E3031303736363033363830383439303735332C2247445F59223A302E3030353837393234303131303531363534382C2247445F5A223A302E303032313337383130393233313539313232352C2241445F58223A2D372E3530313234343534343938323931452D342C2241445F59223A2D302E303031303332313234373339313430323732312C2241445F5A223A2D302E31373139333838393631373931393932322C2254656D70447370223A302C22537461747573223A302C2243616C69625374617465223A312C22536967416D70496E76616C6964223A307D7D, 138 
05-27 18:58:45.480   536   536 D commservice260303: Push Message into SendPool fn=1364591616
05-27 18:58:45.480   536   536 D commservice260303: ComProtocolLibSend2Cluster::send2ClusterRaw fn=1364591616 , len=333
05-27 18:58:45.480   536   536 D commservice260303: sendCmdToPort :333!!!
05-27 18:58:45.480 13435 13435 D BtManager: onServiceConnected
05-27 18:58:45.480   536   536 D commservice260303: send Cmd To Port ++++5AA501498A01000456516A16CE657B22636F6D6D616E64223A7B226964223A22696D755F737461747573222C22737562223A22227D2C22636F6E74656E74223A7B2254696D655374616D70223A31312C224672616D65436F756E746572223A3236373335372C2247445F58223A2D302E3031303736363033363830383439303735332C2247445F59223A302E3030353837393234303131303531363534382C2247445F5A223A302E303032313337383130393233313539313232352C2241445F58223A2D372E3530313234343534343938323931452D342C2241445F59223A2D302E303031303332313234373339313430323732312C2241445F5A223A2D302E31373139333838393631373931393932322C2254656D70447370223A302C22537461747573223A302C2243616C69625374617465223A312C22536967416D70496E76616C6964223A307D7DE95B
05-27 18:58:45.480   536   536 D commservice260303: bufferevent_write retrun value = 0
05-27 18:58:45.481   536   560 D commservice260303: client datas send succeed,send finish
05-27 18:58:45.481 13911 14192 D Sentinelmode_1.2.5.17_sentry: <SentryImuClusterFgeSender>imu_status sent to Linux, frame=267357, tsNs=11392725, tsMs=11, intervalMs=40, ad=(-7.5012445E-4,-0.0010321247,-0.1719389), gd=(-0.010766037,0.00587924,0.002137811)
05-27 08:49:54.447   581   581 D spi_rst_gpio_get_output: GPIO 145 value: 0
05-27 08:49:54.447   581   581 D spidev_ioctl: gpio status=0)
05-27 18:58:45.481 18363 18376 D AnwSdkService: GetPowerStatus = POWER_OFF
05-27 18:58:45.481 18363 18376 D AnwSdkService: ANWBT_GetBTPowerStatus() POWER_OFF
05-27 18:58:45.481 18363 18376 D AnwSdkService: GetPowerStatus = POWER_OFF
05-27 18:58:45.482 13435 13435 D BtManager: ANWBT_BTPowerOn
05-27 18:58:45.482 13435 13435 D BtManager: ANWBT_GetBTPowerStatus
05-27 18:58:45.482 18363 18376 D AnwSdkService: GetPowerStatus = POWER_OFF
05-27 18:58:45.482 18363 18376 D AnwSdkService: ANWBT_GetBTPowerStatus() POWER_OFF
05-27 18:58:45.482   299 30844 D EvsDriver: forwardFrame
05-27 18:58:45.482 18363 18376 D AnwSdkService: GetPowerStatus = POWER_OFF
05-27 18:58:45.482   581   581 I SpiService: fgesysctrl_getGPIO_status success val=0
05-27 18:58:45.483   481   597 I mcuc    : send SPI:6AA602E5750002890019
05-27 18:58:45.483 18363 18376 D AnwSdkService: anw-update,bt_java_data:20260516
05-27 18:58:45.483 18363 18376 D AnwSdkService: ANWBT_BTPowerOn()
05-27 18:58:45.484  1167  1184 D evsmanagerd: /dev/video6 forwarded the buffer #0 to 0xb4000074bf5f5510 from 0xb4000074bf5f6d90
05-27 18:58:45.484   299 30841 D EvsDriver: forwardFrame
05-27 18:58:45.484 10188 10659 I am_pss  : [15112,10080,com.tencent.wecarnavi:coreService,51393536,39972864,14336,164298752,2,4,23]
05-27 18:58:45.487 18363 18376 D AnwSdkService: GetPowerStatus = POWER_OFF
05-27 18:58:45.487   299 30841 D EvsDriver: Delivered 0xb400007b7ca56a60 as id 0
05-27 18:58:45.487  1167  1184 D evsmanagerd: /dev/video4 forwarded the buffer #0 to 0xb4000074bf5f6850 from 0xb4000074bf5f41d0
05-27 18:58:45.487   299 30844 D EvsDriver: Delivered 0xb400007b7ca56900 as id 0
05-27 18:58:45.488   594   594 E vendor.sprd.hardware.memtrack-service: MemTrack_DEBUG--Open mali gpu_memory failed
05-27 18:58:45.488 18363 18376 D AnwSdkService: SetPowerStatus = POWER_ONING
05-27 18:58:45.491   299  1163 D EvsDriver: doneWithFrame
05-27 18:58:45.491   299  1153 D EvsDriver: doneWithFrame
05-27 18:58:45.492 18363 18386 I ANWJNI_SECOND: anw-update,bt_jni_data: 20260516
05-27 18:58:45.493 18363 18386 D ANWAPI_SECOND: (18363|0x2930ACB0)[BTAPI] SDK >>>>AnWBT_Snoop_Open
05-27 18:58:45.493 18363 18386 D ANWJNI_SECOND: (18363|0x2930ACB0)[BTAPP] PowOn_Thread
05-27 18:58:45.493 18363 18386 D ANWJNI_SECOND: 
05-27 18:58:45.495 13435 13435 I BtManager: ANWBT_BTPowerOn result = 0
05-27 18:58:45.495 13435 13435 D BtManager: ret = 2
05-27 18:58:45.497 13911 14183 I SentryImuMcuAngleSender: 179.993rollDeg
05-27 18:58:45.497 13911 14183 I SentryImuMcuAngleSender: 1,0,0
05-27 18:58:45.498 18363 18387 D ANWJNI_SECOND: (18363|0x29200CB0)[BTAPP] BTPowerOn!!
05-27 18:58:45.498 18363 18387 D ANWJNI_SECOND: (18363|0x29200CB0)[BTAPP] in thread_power_on_func,getpid()=18363, priority = 10
05-27 18:58:45.498 18363 18387 D ANWJNI_SECOND: 
05-27 18:58:45.498 18363 18387 D ANWJNI_SECOND: (18363|0x29200CB0)[BTAPP] doPowerOn_Timeout_Thread_Create
05-27 18:58:45.498 18363 18387 D ANWJNI_SECOND: 
05-27 18:58:45.498 18363 18387 D ANWJNI_SECOND: (18363|0x29200CB0)[BTAPP] AnWBT_SetInitialValue(hfphf:0)(hfpag:2)(pbap:0)(map:0)(a2dpsink:0)(a2dpsource:2)(avrcpct:0)(avrcttg:2)
05-27 18:58:45.498 18363 18387 D ANWJNI_SECOND: 
05-27 18:58:45.498 18363 18387 D ANWAPI_SECOND: (18363|0x29200CB0)[BTAPI] SDK >>>>AnWBT_SetInitialValue devclass: 0x3c020c
05-27 18:58:45.498 18363 18387 D ANWAPI_SECOND: (18363|0x29200CB0)[BTAPI] AnWBT_SetInitialValue avrcp_tg_attribute=6
05-27 18:58:45.498 18363 18387 D ANWAPI_SECOND: (18363|0x29200CB0)[BTAPI] SDK <<<<AnWBT_SetInitialValue 0x0
05-27 18:58:45.499 18363 18387 D ANWAPI_SECOND: (18363|0x29200CB0)[BTAPI] SDK >>>>AnWBT_HFP_Enable_WBS 1
05-27 18:58:45.499 18363 18388 D ANWJNI_SECOND: (18363|0x29102CB0)[BTAPP] doPowerOn_Timeout_Thread
05-27 18:58:45.499 18363 18388 D ANWJNI_SECOND: 
05-27 18:58:45.499 18363 18387 D ANWAPI_SECOND: (18363|0x29200CB0)[BTAPI] SDK <<<<AnWBT_HFP_Enable_WBS 0
05-27 18:58:45.499 18363 18387 D ANW_WAVEOUT_SECOND: (18363|0x29200CB0)[WAVEOUT] init Audio PCM Thread Mute(800)(101)
05-27 18:58:45.499 18363 18387 D ANW_WAVEOUT_SECOND: 
05-27 18:58:45.499 18363 18387 D ANWAPI_SECOND: (18363|0x29200CB0)[BTAPI] anw-update,bt_sdk_data:20260516-not_supportLea
05-27 18:58:45.499 18363 18387 D ANWAPI_SECOND: (18363|0x29200CB0)[BTAPI] SDK >>>>AnWBT_Init
05-27 18:58:45.499 18363 18387 D ANWAPI_SECOND: (18363|0x29200CB0)[BTAPI] AnWBTSDK_Version=0x0300002a
05-27 18:58:45.499 18363 18387 D ANWAPI_SECOND: (18363|0x29200CB0)[BTAPI] >>>>AnWBT_EEPROM_Read 
05-27 18:58:45.499 18363 18387 D ANWAPI_SECOND: (18363|0x29200CB0)[BTAPI] B:Rpaired_storage[0]name[]addr[00:00:00:00:00:00]linkkey[00:00:00:00:00:00:00:00:00:00:00:00:00:00:00:00]
05-27 18:58:45.500 18363 18387 D ANWAPI_SECOND: (18363|0x29200CB0)[BTAPI] B:Rpaired_storage[1]name[]addr[00:00:00:00:00:00]linkkey[00:00:00:00:00:00:00:00:00:00:00:00:00:00:00:00]
05-27 18:58:45.500 18363 18387 D ANWAPI_SECOND: (18363|0x29200CB0)[BTAPI] B:Rpaired_storage[2]name[]addr[00:00:00:00:00:00]linkkey[00:00:00:00:00:00:00:00:00:00:00:00:00:00:00:00]
05-27 18:58:45.500 18363 18387 D ANWAPI_SECOND: (18363|0x29200CB0)[BTAPI] B:Rpaired_storage[3]name[]addr[00:00:00:00:00:00]linkkey[00:00:00:00:00:00:00:00:00:00:00:00:00:00:00:00]
05-27 18:58:45.500 18363 18387 D ANWAPI_SECOND: (18363|0x29200CB0)[BTAPI] B:Rpaired_storage[4]name[]addr[00:00:00:00:00:00]linkkey[00:00:00:00:00:00:00:00:00:00:00:00:00:00:00:00]
05-27 18:58:45.500 18363 18387 D ANWAPI_SECOND: (18363|0x29200CB0)[BTAPI] B:Rpaired_storage[5]name[]addr[00:00:00:00:00:00]linkkey[00:00:00:00:00:00:00:00:00:00:00:00:00:00:00:00]
05-27 18:58:45.500 18363 18387 D ANWAPI_SECOND: (18363|0x29200CB0)[BTAPI] B:Rpaired_storage[6]name[]addr[00:00:00:00:00:00]linkkey[00:00:00:00:00:00:00:00:00:00:00:00:00:00:00:00]
05-27 18:58:45.500 18363 18387 D ANWAPI_SECOND: (18363|0x29200CB0)[BTAPI] B:Rpaired_storage[7]name[]addr[00:00:00:00:00:00]linkkey[00:00:00:00:00:00:00:00:00:00:00:00:00:00:00:00]
05-27 18:58:45.500 18363 18387 D ANWAPI_SECOND: (18363|0x29200CB0)[BTAPI] B:Rpaired_storage[8]name[]addr[00:00:00:00:00:00]linkkey[00:00:00:00:00:00:00:00:00:00:00:00:00:00:00:00]
05-27 18:58:45.500 18363 18387 D ANWAPI_SECOND: (18363|0x29200CB0)[BTAPI] B:Rpaired_storage[9]name[]addr[00:00:00:00:00:00]linkkey[00:00:00:00:00:00:00:00:00:00:00:00:00:00:00:00]
05-27 18:58:45.500 18363 18387 D ANWAPI_SECOND: (18363|0x29200CB0)[BTAPI] B:Rpaired_storage[10]name[]addr[00:00:00:00:00:00]linkkey[00:00:00:00:00:00:00:00:00:00:00:00:00:00:00:00]
05-27 18:58:45.500 18363 18387 D ANW_AVRCP_SECOND: AnWBT_ReadStorage =/data/misc/anw//anwbt_storage.bin
05-27 18:58:45.500 18363 18387 D ANW_AVRCP_SECOND: AnWBT_ReadStorage open anwbt_bt_storage success
05-27 18:58:45.500 18363 18387 D ANW_AVRCP_SECOND: 
05-27 18:58:45.500 18363 18387 D ANW_AVRCP_SECOND: read storage size=6600
05-27 18:58:45.500 18363 18387 D ANW_AVRCP_SECOND: 
05-27 18:58:45.500 18363 18387 D ANWAPI_SECOND: (18363|0x29200CB0)[BTAPI] A:Readpaired_storage[0]name[]cod[0]support[0]addr[00:00:00:00:00:00]linkkey[00:00:00:00:00:00:00:00:00:00:00:00:00:00:00:00]
05-27 18:58:45.500 18363 18387 D ANWAPI_SECOND: (18363|0x29200CB0)[BTAPI] A:Readpaired_storage[1]name[]cod[0]support[0]addr[00:00:00:00:00:00]linkkey[00:00:00:00:00:00:00:00:00:00:00:00:00:00:00:00]
05-27 18:58:45.501 18363 18387 D ANWAPI_SECOND: (18363|0x29200CB0)[BTAPI] A:Readpaired_storage[2]name[]cod[0]support[0]addr[00:00:00:00:00:00]linkkey[00:00:00:00:00:00:00:00:00:00:00:00:00:00:00:00]
05-27 18:58:45.501 18363 18387 D ANWAPI_SECOND: (18363|0x29200CB0)[BTAPI] A:Readpaired_storage[3]name[]cod[0]support[0]addr[00:00:00:00:00:00]linkkey[00:00:00:00:00:00:00:00:00:00:00:00:00:00:00:00]
05-27 18:58:45.501 18363 18387 D ANWAPI_SECOND: (18363|0x29200CB0)[BTAPI] A:Readpaired_storage[4]name[]cod[0]support[0]addr[00:00:00:00:00:00]linkkey[00:00:00:00:00:00:00:00:00:00:00:00:00:00:00:00]
05-27 18:58:45.501 18363 18387 D ANWAPI_SECOND: (18363|0x29200CB0)[BTAPI] A:Readpaired_storage[5]name[]cod[0]support[0]addr[00:00:00:00:00:00]linkkey[00:00:00:00:00:00:00:00:00:00:00:00:00:00:00:00]
05-27 18:58:45.501 18363 18387 D ANWAPI_SECOND: (18363|0x29200CB0)[BTAPI] A:Readpaired_storage[6]name[]cod[0]support[0]addr[00:00:00:00:00:00]linkkey[00:00:00:00:00:00:00:00:00:00:00:00:00:00:00:00]
05-27 18:58:45.501 18363 18387 D ANWAPI_SECOND: (18363|0x29200CB0)[BTAPI] A:Readpaired_storage[7]name[]cod[0]support[0]addr[00:00:00:00:00:00]linkkey[00:00:00:00:00:00:00:00:00:00:00:00:00:00:00:00]
05-27 18:58:45.501 18363 18387 D ANWAPI_SECOND: (18363|0x29200CB0)[BTAPI] A:Readpaired_storage[8]name[]cod[0]support[0]addr[00:00:00:00:00:00]linkkey[00:00:00:00:00:00:00:00:00:00:00:00:00:00:00:00]
05-27 18:58:45.501 18363 18387 D ANWAPI_SECOND: (18363|0x29200CB0)[BTAPI] A:Readpaired_storage[9]name[]cod[0]support[0]addr[00:00:00:00:00:00]linkkey[00:00:00:00:00:00:00:00:00:00:00:00:00:00:00:00]
05-27 18:58:45.501 18363 18387 D ANWAPI_SECOND: (18363|0x29200CB0)[BTAPI] A:Readpaired_storage[10]name[]cod[0]support[0]addr[00:00:00:00:00:00]linkkey[00:00:00:00:00:00:00:00:00:00:00:00:00:00:00:00]
05-27 18:58:45.501 18363 18387 D ANWAPI_SECOND: (18363|0x29200CB0)[BTAPI] <<<<AnWBT_EEPROM_Read ret = 0
05-27 18:58:45.501 18363 18387 D ANWAPI_SECOND: (18363|0x29200CB0)[BTAPI] local_name_set=0
05-27 18:58:45.501 18363 18387 D ANWAPI_SECOND: (18363|0x29200CB0)[BTAPI] [Paired DevInf] Storage Write
05-27 18:58:45.501 18363 18387 D ANW_AVRCP_SECOND: AnWBT_WriteStorage =/data/misc/anw//anwbt_storage.bin
05-27 18:58:45.502 18363 18387 D ANW_AVRCP_SECOND: AnWBT_WriteStorage open anwbt_bt_storage success
05-27 18:58:45.502 18363 18387 D ANW_AVRCP_SECOND: 
05-27 18:58:45.503   581   581 I SpiService: fgesysctrl_getGPIO_status success val=1
05-27 18:58:45.504  1008 30857 D [OMXB]  : usingANWBuffer: handle:0xee7467e0, format:1, w:1920, h:1080
05-27 08:49:54.467   581   581 D spi_rst_gpio_get_output: GPIO 145 value: 1
05-27 08:49:54.467   581   581 D spidev_ioctl: gpio status=1)
05-27 18:58:45.509   581   581 I SpiService: fgesysctrl_getGPIO_status success val=1
05-27 18:58:45.510 10188 10659 I am_pss  : [14958,10074,com.android.remoteprovisioner,14657536,4304896,7811072,86192128,2,19,16]
05-27 18:58:45.512   594   594 E vendor.sprd.hardware.memtrack-service: MemTrack_DEBUG--Open mali gpu_memory failed
05-27 08:49:54.473   581   581 D spi_rst_gpio_get_output: GPIO 145 value: 1
05-27 08:49:54.473   581   581 D spidev_ioctl: gpio status=1)
05-27 18:58:45.514   283   307 I rvcservice: t.code = 0, t.value = 0
05-27 18:58:45.514   581   581 I SpiService: fgesysctrl_getGPIO_status success val=1
05-27 18:58:45.515   299 30844 D EvsDriver: forwardFrame
05-27 18:58:45.516   299 30844 D EvsDriver: Delivered 0xb400007b7ca56900 as id 0
05-27 18:58:45.516  1167  1184 D evsmanagerd: /dev/video6 forwarded the buffer #0 to 0xb4000074bf5f5510 from 0xb4000074bf5f6d90
05-27 18:58:45.517  1008 30856 D [OMXB]  : usingANWBuffer: handle:0xee743ea0, format:1, w:1920, h:1080
05-27 08:49:54.479   581   581 D spi_rst_gpio_get_output: GPIO 145 value: 1
05-27 08:49:54.479   581   581 D spidev_ioctl: gpio status=1)
05-27 18:58:45.517 13911 14183 I SentryImuMcuAngleSender: 180.0rollDeg
05-27 18:58:45.517 13911 14183 I SentryImuMcuAngleSender: 1,0,0
05-27 18:58:45.520   581   581 I SpiService: fgesysctrl_getGPIO_status success val=1
05-27 18:58:45.521   536   536 D commservice260303: msg.id = 1028,2
05-27 18:58:45.522   536   536 D commservice260303: i = 170, msgid = 8A000404
05-27 08:49:54.485   581   581 D spi_rst_gpio_get_output: GPIO 145 value: 1
05-27 08:49:54.485   581   581 D spidev_ioctl: gpio status=1)
05-27 18:58:45.522   536   536 D commservice260303: msgid = -1979710460,did=138
05-27 18:58:45.522   536   536 D commservice260303: CommProtocolLibCmdBaseI2C::dataproc {"command":{"id":"imu_status","sub":""},"content":{"TimeStamp":11,"FrameCounter":267358,"GD_X":-0.010841978713870049,"GD_Y":0.005268065724521875,"GD_Z":0.0021378109231591225,"AD_X":-0.003199949860572815,"AD_Y":-0.001029312377795577,"AD_Z":-0.17132949829101562,"TempDsp":0,"Status":0,"CalibState":1,"SigAmpInvalid":0}},-1979710460
05-27 18:58:45.522   536   536 D commservice260303: send2Cluster len:317, 7B22636F6D6D616E64223A7B226964223A22696D755F737461747573222C22737562223A22227D2C22636F6E74656E74223A7B2254696D655374616D70223A31312C224672616D65436F756E746572223A3236373335382C2247445F58223A2D302E3031303834313937383731333837303034392C2247445F59223A302E3030353236383036353732343532313837352C2247445F5A223A302E303032313337383130393233313539313232352C2241445F58223A2D302E3030333139393934393836303537323831352C2241445F59223A2D302E3030313032393331323337373739353537372C2241445F5A223A2D302E31373133323934393832393130313536322C2254656D70447370223A302C22537461747573223A302C2243616C69625374617465223A312C22536967416D70496E76616C6964223A307D7D, 138 
05-27 18:58:45.522   536   536 D commservice260303: Push Message into SendPool fn=1381368832
05-27 18:58:45.522   536   536 D commservice260303: ComProtocolLibSend2Cluster::send2ClusterRaw fn=1381368832 , len=333
05-27 18:58:45.522   536   536 D commservice260303: sendCmdToPort :333!!!
05-27 18:58:45.522   299 30841 D EvsDriver: forwardFrame
05-27 18:58:45.522   299  1163 D EvsDriver: doneWithFrame
05-27 18:58:45.522   536   536 D commservice260303: send Cmd To Port ++++5AA501498A01000456526A16CE657B22636F6D6D616E64223A7B226964223A22696D755F737461747573222C22737562223A22227D2C22636F6E74656E74223A7B2254696D655374616D70223A31312C224672616D65436F756E746572223A3236373335382C2247445F58223A2D302E3031303834313937383731333837303034392C2247445F59223A302E3030353236383036353732343532313837352C2247445F5A223A302E303032313337383130393233313539313232352C2241445F58223A2D302E3030333139393934393836303537323831352C2241445F59223A2D302E3030313032393331323337373739353537372C2241445F5A223A2D302E31373133323934393832393130313536322C2254656D70447370223A302C22537461747573223A302C2243616C69625374617465223A312C22536967416D70496E76616C6964223A307D7D59A7
05-27 18:58:45.523 18363 18387 D ANW_AVRCP_SECOND: write storage size=6600
05-27 18:58:45.523 18363 18387 D ANW_AVRCP_SECOND: 
05-27 18:58:45.523   536   536 D commservice260303: bufferevent_write retrun value = 0
05-27 18:58:45.523   536   560 D commservice260303: client datas send succeed,send finish
05-27 18:58:45.523 18363 18387 D ANWAPI_SECOND: (18363|0x29200CB0)[BTAPI] >>>>AnWBT_EEPROM_Read 
05-27 18:58:45.523 18363 18387 D ANWAPI_SECOND: (18363|0x29200CB0)[BTAPI] B:Rpaired_storage[0]name[]addr[00:00:00:00:00:00]linkkey[00:00:00:00:00:00:00:00:00:00:00:00:00:00:00:00]
05-27 18:58:45.523 18363 18387 D ANWAPI_SECOND: (18363|0x29200CB0)[BTAPI] B:Rpaired_storage[1]name[]addr[00:00:00:00:00:00]linkkey[00:00:00:00:00:00:00:00:00:00:00:00:00:00:00:00]
05-27 18:58:45.523 18363 18387 D ANWAPI_SECOND: (18363|0x29200CB0)[BTAPI] B:Rpaired_storage[2]name[]addr[00:00:00:00:00:00]linkkey[00:00:00:00:00:00:00:00:00:00:00:00:00:00:00:00]
05-27 18:58:45.523 18363 18387 D ANWAPI_SECOND: (18363|0x29200CB0)[BTAPI] B:Rpaired_storage[3]name[]addr[00:00:00:00:00:00]linkkey[00:00:00:00:00:00:00:00:00:00:00:00:00:00:00:00]
05-27 18:58:45.523 18363 18387 D ANWAPI_SECOND: (18363|0x29200CB0)[BTAPI] B:Rpaired_storage[4]name[]addr[00:00:00:00:00:00]linkkey[00:00:00:00:00:00:00:00:00:00:00:00:00:00:00:00]
05-27 18:58:45.523 18363 18387 D ANWAPI_SECOND: (18363|0x29200CB0)[BTAPI] B:Rpaired_storage[5]name[]addr[00:00:00:00:00:00]linkkey[00:00:00:00:00:00:00:00:00:00:00:00:00:00:00:00]
05-27 18:58:45.523 18363 18387 D ANWAPI_SECOND: (18363|0x29200CB0)[BTAPI] B:Rpaired_storage[6]name[]addr[00:00:00:00:00:00]linkkey[00:00:00:00:00:00:00:00:00:00:00:00:00:00:00:00]
05-27 18:58:45.523 18363 18387 D ANWAPI_SECOND: (18363|0x29200CB0)[BTAPI] B:Rpaired_storage[7]name[]addr[00:00:00:00:00:00]linkkey[00:00:00:00:00:00:00:00:00:00:00:00:00:00:00:00]
05-27 18:58:45.523 13911 14192 D Sentinelmode_1.2.5.17_sentry: <SentryImuClusterFgeSender>imu_status sent to Linux, frame=267358, tsNs=11392761, tsMs=11, intervalMs=43, ad=(-0.0031999499,-0.0010293124,-0.1713295), gd=(-0.010841979,0.0052680657,0.002137811)
05-27 18:58:45.523 18363 18387 D ANWAPI_SECOND: (18363|0x29200CB0)[BTAPI] B:Rpaired_storage[8]name[]addr[00:00:00:00:00:00]linkkey[00:00:00:00:00:00:00:00:00:00:00:00:00:00:00:00]
05-27 18:58:45.524 18363 18387 D ANWAPI_SECOND: (18363|0x29200CB0)[BTAPI] B:Rpaired_storage[9]name[]addr[00:00:00:00:00:00]linkkey[00:00:00:00:00:00:00:00:00:00:00:00:00:00:00:00]
05-27 18:58:45.524 18363 18387 D ANWAPI_SECOND: (18363|0x29200CB0)[BTAPI] B:Rpaired_storage[10]name[]addr[00:00:00:00:00:00]linkkey[00:00:00:00:00:00:00:00:00:00:00:00:00:00:00:00]
05-27 18:58:45.524 18363 18387 D ANW_AVRCP_SECOND: AnWBT_ReadStorage =/data/misc/anw//anwbt_storage.bin
05-27 18:58:45.524 18363 18387 D ANW_AVRCP_SECOND: AnWBT_ReadStorage open anwbt_bt_storage success
05-27 18:58:45.524 18363 18387 D ANW_AVRCP_SECOND: 
05-27 18:58:45.524 18363 18387 D ANW_AVRCP_SECOND: read storage size=6600
05-27 18:58:45.524 18363 18387 D ANW_AVRCP_SECOND: 
05-27 18:58:45.524 18363 18387 D ANWAPI_SECOND: (18363|0x29200CB0)[BTAPI] A:Readpaired_storage[0]name[]cod[0]support[0]addr[00:00:00:00:00:00]linkkey[00:00:00:00:00:00:00:00:00:00:00:00:00:00:00:00]
05-27 18:58:45.524 18363 18387 D ANWAPI_SECOND: (18363|0x29200CB0)[BTAPI] A:Readpaired_storage[1]name[]cod[0]support[0]addr[00:00:00:00:00:00]linkkey[00:00:00:00:00:00:00:00:00:00:00:00:00:00:00:00]
05-27 18:58:45.524 18363 18387 D ANWAPI_SECOND: (18363|0x29200CB0)[BTAPI] A:Readpaired_storage[2]name[]cod[0]support[0]addr[00:00:00:00:00:00]linkkey[00:00:00:00:00:00:00:00:00:00:00:00:00:00:00:00]
05-27 18:58:45.524 18363 18387 D ANWAPI_SECOND: (18363|0x29200CB0)[BTAPI] A:Readpaired_storage[3]name[]cod[0]support[0]addr[00:00:00:00:00:00]linkkey[00:00:00:00:00:00:00:00:00:00:00:00:00:00:00:00]
05-27 18:58:45.524 18363 18387 D ANWAPI_SECOND: (18363|0x29200CB0)[BTAPI] A:Readpaired_storage[4]name[]cod[0]support[0]addr[00:00:00:00:00:00]linkkey[00:00:00:00:00:00:00:00:00:00:00:00:00:00:00:00]
05-27 18:58:45.524   299 30841 D EvsDriver: Delivered 0xb400007b7ca56a60 as id 0
05-27 18:58:45.524 18363 18387 D ANWAPI_SECOND: (18363|0x29200CB0)[BTAPI] A:Readpaired_storage[5]name[]cod[0]support[0]addr[00:00:00:00:00:00]linkkey[00:00:00:00:00:00:00:00:00:00:00:00:00:00:00:00]
05-27 18:58:45.524 18363 18387 D ANWAPI_SECOND: (18363|0x29200CB0)[BTAPI] A:Readpaired_storage[6]name[]cod[0]support[0]addr[00:00:00:00:00:00]linkkey[00:00:00:00:00:00:00:00:00:00:00:00:00:00:00:00]
05-27 18:58:45.524  1167  1184 D evsmanagerd: /dev/video4 forwarded the buffer #0 to 0xb4000074bf5f6850 from 0xb4000074bf5f41d0
05-27 18:58:45.524 18363 18387 D ANWAPI_SECOND: (18363|0x29200CB0)[BTAPI] A:Readpaired_storage[7]name[]cod[0]support[0]addr[00:00:00:00:00:00]linkkey[00:00:00:00:00:00:00:00:00:00:00:00:00:00:00:00]
05-27 18:58:45.524 18363 18387 D ANWAPI_SECOND: (18363|0x29200CB0)[BTAPI] A:Readpaired_storage[8]name[]cod[0]support[0]addr[00:00:00:00:00:00]linkkey[00:00:00:00:00:00:00:00:00:00:00:00:00:00:00:00]
05-27 18:58:45.525 18363 18387 D ANWAPI_SECOND: (18363|0x29200CB0)[BTAPI] A:Readpaired_storage[9]name[]cod[0]support[0]addr[00:00:00:00:00:00]linkkey[00:00:00:00:00:00:00:00:00:00:00:00:00:00:00:00]
05-27 18:58:45.525 18363 18387 D ANWAPI_SECOND: (18363|0x29200CB0)[BTAPI] A:Readpaired_storage[10]name[]cod[0]support[0]addr[00:00:00:00:00:00]linkkey[00:00:00:00:00:00:00:00:00:00:00:00:00:00:00:00]
05-27 18:58:45.525 18363 18387 D ANWAPI_SECOND: (18363|0x29200CB0)[BTAPI] <<<<AnWBT_EEPROM_Read ret = 0
05-27 18:58:45.525 18363 18387 D ANWAPI_SECOND: (18363|0x29200CB0)[BTAPI] >>>>AnWBT_EEPROM_Read 
05-27 18:58:45.525 18363 18387 D ANWAPI_SECOND: (18363|0x29200CB0)[BTAPI] B:Rle_paired_storage[0]addr[00:00:00:00:00:00]linkkey[00:00:00:00:00:00:00:00:00:00:00:00:00:00:00:00]
05-27 18:58:45.525 18363 18387 D ANWAPI_SECOND: (18363|0x29200CB0)[BTAPI] B:Rle_paired_storage[1]addr[00:00:00:00:00:00]linkkey[00:00:00:00:00:00:00:00:00:00:00:00:00:00:00:00]
05-27 18:58:45.525 18363 18387 D ANWAPI_SECOND: (18363|0x29200CB0)[BTAPI] B:Rle_paired_storage[2]addr[00:00:00:00:00:00]linkkey[00:00:00:00:00:00:00:00:00:00:00:00:00:00:00:00]
05-27 18:58:45.525 18363 18387 D ANWAPI_SECOND: (18363|0x29200CB0)[BTAPI] B:Rle_paired_storage[3]addr[00:00:00:00:00:00]linkkey[00:00:00:00:00:00:00:00:00:00:00:00:00:00:00:00]
05-27 18:58:45.525 18363 18387 D ANWAPI_SECOND: (18363|0x29200CB0)[BTAPI] B:Rle_paired_storage[4]addr[00:00:00:00:00:00]linkkey[00:00:00:00:00:00:00:00:00:00:00:00:00:00:00:00]
05-27 18:58:45.525 18363 18387 D ANWAPI_SECOND: (18363|0x29200CB0)[BTAPI] B:Rle_paired_storage[5]addr[00:00:00:00:00:00]linkkey[00:00:00:00:00:00:00:00:00:00:00:00:00:00:00:00]
05-27 18:58:45.525 18363 18387 D ANWAPI_SECOND: (18363|0x29200CB0)[BTAPI] B:Rle_paired_storage[6]addr[00:00:00:00:00:00]linkkey[00:00:00:00:00:00:00:00:00:00:00:00:00:00:00:00]
05-27 18:58:45.525 18363 18387 D ANW_AVRCP_SECOND: AnWBT_ReadStorage =/data/misc/anw//anwble_storage.bin
05-27 18:58:45.525 18363 18387 D ANW_AVRCP_SECOND: AnWBT_ReadStorage open anwbt_bt_storage success
05-27 18:58:45.525 18363 18387 D ANW_AVRCP_SECOND: 
05-27 18:58:45.526 18363 18387 D ANW_AVRCP_SECOND: read storage size=1336
05-27 18:58:45.526 18363 18387 D ANW_AVRCP_SECOND: 
05-27 18:58:45.526 18363 18387 D ANWAPI_SECOND: (18363|0x29200CB0)[BTAPI] A:Rle_paired_storage[0]addr[00:00:00:00:00:00]linkkey[00:00:00:00:00:00:00:00:00:00:00:00:00:00:00:00]
05-27 18:58:45.526 18363 18387 D ANWAPI_SECOND: (18363|0x29200CB0)[BTAPI] A:Rle_paired_storage[1]addr[00:00:00:00:00:00]linkkey[00:00:00:00:00:00:00:00:00:00:00:00:00:00:00:00]
05-27 18:58:45.526 18363 18387 D ANWAPI_SECOND: (18363|0x29200CB0)[BTAPI] A:Rle_paired_storage[2]addr[00:00:00:00:00:00]linkkey[00:00:00:00:00:00:00:00:00:00:00:00:00:00:00:00]
05-27 18:58:45.526 18363 18387 D ANWAPI_SECOND: (18363|0x29200CB0)[BTAPI] A:Rle_paired_storage[3]addr[00:00:00:00:00:00]linkkey[00:00:00:00:00:00:00:00:00:00:00:00:00:00:00:00]
05-27 18:58:45.526 18363 18387 D ANWAPI_SECOND: (18363|0x29200CB0)[BTAPI] A:Rle_paired_storage[4]addr[00:00:00:00:00:00]linkkey[00:00:00:00:00:00:00:00:00:00:00:00:00:00:00:00]
05-27 18:58:45.526 18363 18387 D ANWAPI_SECOND: (18363|0x29200CB0)[BTAPI] A:Rle_paired_storage[5]addr[00:00:00:00:00:00]linkkey[00:00:00:00:00:00:00:00:00:00:00:00:00:00:00:00]
05-27 18:58:45.526 18363 18387 D ANWAPI_SECOND: (18363|0x29200CB0)[BTAPI] A:Rle_paired_storage[6]addr[00:00:00:00:00:00]linkkey[00:00:00:00:00:00:00:00:00:00:00:00:00:00:00:00]
05-27 18:58:45.526 18363 18387 D ANWAPI_SECOND: (18363|0x29200CB0)[BTAPI] <<<<AnWBT_EEPROM_Read ret = 0
05-27 18:58:45.527 18363 18387 D ANWAPI_SECOND: (18363|0x29200CB0)[BTAPI] btsdk_initial_param.flag=0x4000
05-27 18:58:45.527   581   581 I SpiService: fgesysctrl_getGPIO_status success val=0
05-27 18:58:45.528 18363 18387 D ANWAPI_SECOND: (18363|0x29200CB0)[BTAPI] [Paired DevInf] Storage Write
05-27 18:58:45.528 18363 18387 D ANW_AVRCP_SECOND: AnWBT_WriteStorage =/data/misc/anw//anwbt_storage.bin
05-27 18:58:45.531 18363 18387 D ANW_AVRCP_SECOND: AnWBT_WriteStorage open anwbt_bt_storage success
05-27 18:58:45.531 18363 18387 D ANW_AVRCP_SECOND: 
05-27 18:58:45.532   299  1163 D EvsDriver: doneWithFrame
05-27 18:58:45.534 18363 18387 D ANW_AVRCP_SECOND: write storage size=6600
05-27 18:58:45.534 18363 18387 D ANW_AVRCP_SECOND: 
05-27 18:58:45.535 18363 18387 D ANWAPI_SECOND: (18363|0x29200CB0)[BTAPI] >>>>AnWBT_EEPROM_Read 
05-27 18:58:45.535 18363 18387 D ANWAPI_SECOND: (18363|0x29200CB0)[BTAPI] B:Rpaired_storage[0]name[]addr[00:00:00:00:00:00]linkkey[00:00:00:00:00:00:00:00:00:00:00:00:00:00:00:00]
05-27 18:58:45.535 18363 18387 D ANWAPI_SECOND: (18363|0x29200CB0)[BTAPI] B:Rpaired_storage[1]name[]addr[00:00:00:00:00:00]linkkey[00:00:00:00:00:00:00:00:00:00:00:00:00:00:00:00]
05-27 18:58:45.535 18363 18387 D ANWAPI_SECOND: (18363|0x29200CB0)[BTAPI] B:Rpaired_storage[2]name[]addr[00:00:00:00:00:00]linkkey[00:00:00:00:00:00:00:00:00:00:00:00:00:00:00:00]
05-27 18:58:45.535 18363 18387 D ANWAPI_SECOND: (18363|0x29200CB0)[BTAPI] B:Rpaired_storage[3]name[]addr[00:00:00:00:00:00]linkkey[00:00:00:00:00:00:00:00:00:00:00:00:00:00:00:00]
05-27 18:58:45.535 18363 18387 D ANWAPI_SECOND: (18363|0x29200CB0)[BTAPI] B:Rpaired_storage[4]name[]addr[00:00:00:00:00:00]linkkey[00:00:00:00:00:00:00:00:00:00:00:00:00:00:00:00]
05-27 18:58:45.535 18363 18387 D ANWAPI_SECOND: (18363|0x29200CB0)[BTAPI] B:Rpaired_storage[5]name[]addr[00:00:00:00:00:00]linkkey[00:00:00:00:00:00:00:00:00:00:00:00:00:00:00:00]
05-27 18:58:45.535 18363 18387 D ANWAPI_SECOND: (18363|0x29200CB0)[BTAPI] B:Rpaired_storage[6]name[]addr[00:00:00:00:00:00]linkkey[00:00:00:00:00:00:00:00:00:00:00:00:00:00:00:00]
05-27 18:58:45.535 18363 18387 D ANWAPI_SECOND: (18363|0x29200CB0)[BTAPI] B:Rpaired_storage[7]name[]addr[00:00:00:00:00:00]linkkey[00:00:00:00:00:00:00:00:00:00:00:00:00:00:00:00]
05-27 18:58:45.535 18363 18387 D ANWAPI_SECOND: (18363|0x29200CB0)[BTAPI] B:Rpaired_storage[8]name[]addr[00:00:00:00:00:00]linkkey[00:00:00:00:00:00:00:00:00:00:00:00:00:00:00:00]
05-27 18:58:45.535 18363 18387 D ANWAPI_SECOND: (18363|0x29200CB0)[BTAPI] B:Rpaired_storage[9]name[]addr[00:00:00:00:00:00]linkkey[00:00:00:00:00:00:00:00:00:00:00:00:00:00:00:00]
05-27 18:58:45.535 18363 18387 D ANWAPI_SECOND: (18363|0x29200CB0)[BTAPI] B:Rpaired_storage[10]name[]addr[00:00:00:00:00:00]linkkey[00:00:00:00:00:00:00:00:00:00:00:00:00:00:00:00]
05-27 18:58:45.535 18363 18387 D ANW_AVRCP_SECOND: AnWBT_ReadStorage =/data/misc/anw//anwbt_storage.bin
05-27 18:58:45.535 18363 18387 D ANW_AVRCP_SECOND: AnWBT_ReadStorage open anwbt_bt_storage success
05-27 18:58:45.535 18363 18387 D ANW_AVRCP_SECOND: 
05-27 18:58:45.535 18363 18387 D ANW_AVRCP_SECOND: read storage size=6600
05-27 18:58:45.535 18363 18387 D ANW_AVRCP_SECOND: 
05-27 18:58:45.536 18363 18387 D ANWAPI_SECOND: (18363|0x29200CB0)[BTAPI] A:Readpaired_storage[0]name[]cod[0]support[0]addr[00:00:00:00:00:00]linkkey[00:00:00:00:00:00:00:00:00:00:00:00:00:00:00:00]
05-27 18:58:45.536 18363 18387 D ANWAPI_SECOND: (18363|0x29200CB0)[BTAPI] A:Readpaired_storage[1]name[]cod[0]support[0]addr[00:00:00:00:00:00]linkkey[00:00:00:00:00:00:00:00:00:00:00:00:00:00:00:00]
05-27 08:49:54.492   581   581 D spi_rst_gpio_get_output: GPIO 145 value: 0
05-27 08:49:54.492   581   581 D spidev_ioctl: gpio status=0)
05-27 18:58:45.536 18363 18387 D ANWAPI_SECOND: (18363|0x29200CB0)[BTAPI] A:Readpaired_storage[2]name[]cod[0]support[0]addr[00:00:00:00:00:00]linkkey[00:00:00:00:00:00:00:00:00:00:00:00:00:00:00:00]
05-27 18:58:45.536 18363 18387 D ANWAPI_SECOND: (18363|0x29200CB0)[BTAPI] A:Readpaired_storage[3]name[]cod[0]support[0]addr[00:00:00:00:00:00]linkkey[00:00:00:00:00:00:00:00:00:00:00:00:00:00:00:00]
05-27 18:58:45.536 18363 18387 D ANWAPI_SECOND: (18363|0x29200CB0)[BTAPI] A:Readpaired_storage[4]name[]cod[0]support[0]addr[00:00:00:00:00:00]linkkey[00:00:00:00:00:00:00:00:00:00:00:00:00:00:00:00]
05-27 18:58:45.536 18363 18387 D ANWAPI_SECOND: (18363|0x29200CB0)[BTAPI] A:Readpaired_storage[5]name[]cod[0]support[0]addr[00:00:00:00:00:00]linkkey[00:00:00:00:00:00:00:00:00:00:00:00:00:00:00:00]
05-27 18:58:45.536 18363 18387 D ANWAPI_SECOND: (18363|0x29200CB0)[BTAPI] A:Readpaired_storage[6]name[]cod[0]support[0]addr[00:00:00:00:00:00]linkkey[00:00:00:00:00:00:00:00:00:00:00:00:00:00:00:00]
05-27 18:58:45.536 18363 18387 D ANWAPI_SECOND: (18363|0x29200CB0)[BTAPI] A:Readpaired_storage[7]name[]cod[0]support[0]addr[00:00:00:00:00:00]linkkey[00:00:00:00:00:00:00:00:00:00:00:00:00:00:00:00]
05-27 18:58:45.536 18363 18387 D ANWAPI_SECOND: (18363|0x29200CB0)[BTAPI] A:Readpaired_storage[8]name[]cod[0]support[0]addr[00:00:00:00:00:00]linkkey[00:00:00:00:00:00:00:00:00:00:00:00:00:00:00:00]
05-27 18:58:45.536 18363 18387 D ANWAPI_SECOND: (18363|0x29200CB0)[BTAPI] A:Readpaired_storage[9]name[]cod[0]support[0]addr[00:00:00:00:00:00]linkkey[00:00:00:00:00:00:00:00:00:00:00:00:00:00:00:00]
05-27 18:58:45.536 18363 18387 D ANWAPI_SECOND: (18363|0x29200CB0)[BTAPI] A:Readpaired_storage[10]name[]cod[0]support[0]addr[00:00:00:00:00:00]linkkey[00:00:00:00:00:00:00:00:00:00:00:00:00:00:00:00]
05-27 18:58:45.536 18363 18387 D ANWAPI_SECOND: (18363|0x29200CB0)[BTAPI] <<<<AnWBT_EEPROM_Read ret = 0
05-27 18:58:45.536 18363 18387 D ANWAPI_SECOND: (18363|0x29200CB0)[BTAPI] build time = 11:28:38 sdk ver=0x 300002A
05-27 18:58:45.536 18363 18387 D ANWAPI_SECOND: (18363|0x29200CB0)[BTAPI] creating init task
05-27 18:58:45.537 18363 18391 D ANWAPI_SECOND: (18363|0x29004CB0)[BTAPI] Enter BTInit_Task stacd=1,687885488
05-27 18:58:45.537 18363 18391 D ANWAPI_SECOND: (18363|0x29004CB0)[BTAPI] pthread_attr_init
05-27 18:58:45.537 18363 18391 D ANWAPI_SECOND: (18363|0x29004CB0)[BTAPI] BTHost_Init: min priority 1, max priority 99
05-27 18:58:45.537 18363 18391 D ANWAPI_SECOND: (18363|0x29004CB0)[BTAPI] Enter BTHost_Init
05-27 18:58:45.537 13911 14183 I SentryImuMcuAngleSender: -179.99649rollDeg
05-27 18:58:45.537 13911 14183 I SentryImuMcuAngleSender: 1,0,0
05-27 18:58:45.537 18363 18391 D ANWAPI_SECOND: (18363|0x29004CB0)[BTAPI] BTHost_InitMessage
05-27 08:49:54.509   581   581 D spi_rst_gpio_get_output: GPIO 145 value: 1
05-27 08:49:54.509   581   581 D spidev_ioctl: gpio status=1)
05-27 18:58:45.538 18363 18391 D ANWAPI_SECOND: (18363|0x29004CB0)[BTAPI] btosal_msg_ff_initial
05-27 18:58:45.538 18363 18391 D ANW_WAVEOUT_SECOND: (18363|0x29004CB0)[WAVEOUT] [AnWBT WAVE] A2dp_WaveOut_Init
05-27 18:58:45.538 18363 18391 D ANW_WAVEOUT_SECOND: 
05-27 18:58:45.538 18363 18391 D ANWAPI_SECOND: (18363|0x29004CB0)[BTAPI] Check BTHost_Task status
05-27 18:58:45.539  1008 30857 D [OMXB]  : usingANWBuffer: handle:0xee7412a0, format:1, w:1920, h:1080
05-27 18:58:45.545   581   581 I SpiService: fgesysctrl_getGPIO_status success val=1
05-27 18:58:45.545   572   622 I Sensors : 230 GyroSensor: x:-0.011301,y:0.005115,z:0.001527
05-27 18:58:45.546 10188 10659 I am_pss  : [14155,10023,com.android.car.dialer,12014592,2961408,7743488,67764224,2,19,14]
05-27 18:58:45.548   594   594 E vendor.sprd.hardware.memtrack-service: MemTrack_DEBUG--Open mali gpu_memory failed
05-27 18:58:45.549 18363 18393 D ANWAPI_SECOND: (18363|0x24BFBCB0)[BTAPI] Enter BTHost_Task
05-27 18:58:45.550 18363 18393 D ANWAPI_SECOND: (18363|0x24BFBCB0)[BTAPI] BTHost_Task setpriority(0)(-15)
05-27 18:58:45.551   581   581 I SpiService: fgesysctrl_getGPIO_status success val=1
05-27 08:49:54.516   581   581 D spi_rst_gpio_get_output: GPIO 145 value: 1
05-27 08:49:54.516   581   581 D spidev_ioctl: gpio status=1)
05-27 18:58:45.555   299 30844 D EvsDriver: forwardFrame
05-27 18:58:45.555   299 30841 D EvsDriver: forwardFrame
05-27 18:58:45.556   299 30841 D EvsDriver: Delivered 0xb400007b7ca56a60 as id 0
05-27 18:58:45.556  1167  1184 D evsmanagerd: /dev/video4 forwarded the buffer #0 to 0xb4000074bf5f6850 from 0xb4000074bf5f41d0
05-27 18:58:45.556   581   581 I SpiService: fgesysctrl_getGPIO_status success val=1
05-27 08:49:54.521   581   581 D spi_rst_gpio_get_output: GPIO 145 value: 1
05-27 08:49:54.521   581   581 D spidev_ioctl: gpio status=1)
05-27 18:58:45.557  1008 30856 D [OMXB]  : usingANWBuffer: handle:0xee7421c0, format:1, w:1920, h:1080
05-27 18:58:45.558  1167  1184 D evsmanagerd: /dev/video6 forwarded the buffer #0 to 0xb4000074bf5f5510 from 0xb4000074bf5f6d90
05-27 18:58:45.558   299 30844 D EvsDriver: Delivered 0xb400007b7ca56900 as id 0
05-27 18:58:45.558   536  2579 D commservice260303: send heart beat package to Cluster
05-27 18:58:45.558   536  2579 D commservice260303: send2Cluster len:40, 7B22636F6D6D616E64223A7B226964223A22686561727462656174222C22737562223A22227D7D0A, 129 
05-27 18:58:45.558   536  2579 D commservice260303: Push Message into SendPool fn=1398146048
05-27 18:58:45.558   536  2579 D commservice260303: ComProtocolLibSend2Cluster::send2ClusterRaw fn=1398146048 , len=56
05-27 18:58:45.558   536  2579 D commservice260303: sendCmdToPort :56!!!
05-27 18:58:45.558   536  2579 D commservice260303: send Cmd To Port ++++5AA500348101000456536A16CE657B22636F6D6D616E64223A7B226964223A22686561727462656174222C22737562223A22227D7D0A8CD9
05-27 18:58:45.559   536  2579 D commservice260303: bufferevent_write retrun value = 0
05-27 18:58:45.560   536   560 D commservice260303: client datas send succeed,send finish
05-27 18:58:45.562   536   560 D commservice260303: recv len:91, 5AA500570100000042B26A16CE657B22636F6D6D616E64223A7B226964223A22686561727462656174222C22737562223A22227D2C22726573706F6E65223A7B22636F6465223A302C226D657373616765223A226F6B227D7D7883 from server
05-27 18:58:45.563   581   581 I SpiService: fgesysctrl_getGPIO_status success val=1
05-27 18:58:45.563   536  2578 D commservice260303: mcuDataAnalyzeHandle templen:91,len:91,pos:0, 5AA500570100000042B26A16CE657B22636F6D6D616E64223A7B226964223A22686561727462656174222C22737562223A22227D2C22726573706F6E65223A7B22636F6465223A302C226D657373616765223A226F6B227D7D7883 
05-27 18:58:45.563   536  2578 I commservice260303: checksumCal = 30851
05-27 18:58:45.563   536  2578 D commservice260303: Protocol_C2I_Commservice::dataproc {"command":{"id":"heartbeat","sub":""},"respone":{"code":0,"message":"ok"}},1
05-27 18:58:45.563   536  2578 D commservice260303: Protocol_C2I_Commservice::dataproc Receive a heartbeat command from Cluster, setTcpHeartbeat = EID_UID_HEARTBEAT
05-27 18:58:45.563   299  1163 D EvsDriver: doneWithFrame
05-27 18:58:45.564   299  1153 D EvsDriver: doneWithFrame
05-27 08:49:54.527   581   581 D spi_rst_gpio_get_output: GPIO 145 value: 1
05-27 08:49:54.527   581   581 D spidev_ioctl: gpio status=1)
05-27 18:58:45.558 13911 14183 I SentryImuMcuAngleSender: 179.99649rollDeg
05-27 18:58:45.567 13911 14183 I SentryImuMcuAngleSender: 1,0,0
05-27 18:58:45.567   536   536 D commservice260303: msg.id = 1028,1
05-27 18:58:45.568   536   536 D commservice260303: i = 170, msgid = 8A000404
05-27 18:58:45.568   536   536 D commservice260303: msgid = -1979710460,did=138
05-27 18:58:45.568   536   536 D commservice260303: CommProtocolLibCmdBaseI2C::dataproc {"command":{"id":"imu_status","sub":""},"content":{"TimeStamp":11,"FrameCounter":267359,"GD_X":-0.011300750076770782,"GD_Y":0.0051151420921087265,"GD_Z":0.0015271564479917288,"AD_X":-0.0025871247053146362,"AD_Y":-4.1239033453166485E-4,"AD_Z":-0.17071914672851562,"TempDsp":0,"Status":0,"CalibState":1,"SigAmpInvalid":0}},-1979710460
05-27 08:49:54.533   581   581 D spi_rst_gpio_get_output: GPIO 145 value: 0
05-27 08:49:54.533   581   581 D spidev_ioctl: gpio status=0)
05-27 18:58:45.568   536   536 D commservice260303: send2Cluster len:320, 7B22636F6D6D616E64223A7B226964223A22696D755F737461747573222C22737562223A22227D2C22636F6E74656E74223A7B2254696D655374616D70223A31312C224672616D65436F756E746572223A3236373335392C2247445F58223A2D302E3031313330303735303037363737303738322C2247445F59223A302E303035313135313432303932313038373236352C2247445F5A223A302E303031353237313536343437393931373238382C2241445F58223A2D302E303032353837313234373035333134363336322C2241445F59223A2D342E31323339303333343533313636343835452D342C2241445F5A223A2D302E31373037313931343637323835313536322C2254656D70447370223A302C22537461747573223A302C2243616C69625374617465223A312C22536967416D70496E76616C6964223A307D7D, 138 
05-27 18:58:45.568   536   536 D commservice260303: Push Message into SendPool fn=1414923264
05-27 18:58:45.568   536   536 D commservice260303: ComProtocolLibSend2Cluster::send2ClusterRaw fn=1414923264 , len=336
05-27 18:58:45.568   536   536 D commservice260303: sendCmdToPort :336!!!
05-27 18:58:45.568   536   536 D commservice260303: send Cmd To Port ++++5AA5014C8A01000456546A16CE657B22636F6D6D616E64223A7B226964223A22696D755F737461747573222C22737562223A22227D2C22636F6E74656E74223A7B2254696D655374616D70223A31312C224672616D65436F756E746572223A3236373335392C2247445F58223A2D302E3031313330303735303037363737303738322C2247445F59223A302E303035313135313432303932313038373236352C2247445F5A223A302E303031353237313536343437393931373238382C2241445F58223A2D302E303032353837313234373035333134363336322C2241445F59223A2D342E31323339303333343533313636343835452D342C2241445F5A223A2D302E31373037313931343637323835313536322C2254656D70447370223A302C22537461747573223A302C2243616C69625374617465223A312C22536967416D70496E76616C6964223A307D7D5200
05-27 18:58:45.568   536   536 D commservice260303: bufferevent_write retrun value = 0
05-27 18:58:45.568   536   560 D commservice260303: client datas send succeed,send finish
05-27 18:58:45.568   581   581 I SpiService: fgesysctrl_getGPIO_status success val=0
05-27 18:58:45.569 13911 14192 D Sentinelmode_1.2.5.17_sentry: <SentryImuClusterFgeSender>imu_status sent to Linux, frame=267359, tsNs=11392795, tsMs=11, intervalMs=45, ad=(-0.0025871247,-4.1239033E-4,-0.17071915), gd=(-0.01130075,0.005115142,0.0015271564)
05-27 18:58:45.576 10188 10659 I am_pss  : [15858,1000,com.yadea.messagecenter,10836992,368640,9387008,59531264,2,10,12]
05-27 18:58:45.578   594   594 E vendor.sprd.hardware.memtrack-service: MemTrack_DEBUG--Open mali gpu_memory failed
05-27 18:58:45.582   299 30841 D EvsDriver: forwardFrame
05-27 18:58:45.583   299 30844 D EvsDriver: forwardFrame
05-27 18:58:45.583   581   581 I SpiService: fgesysctrl_getGPIO_status success val=1
05-27 18:58:45.583   299 30841 D EvsDriver: Delivered 0xb400007b7ca56a60 as id 0
05-27 18:58:45.584  1167  1479 D evsmanagerd: /dev/video4 forwarded the buffer #0 to 0xb4000074bf5f6850 from 0xb4000074bf5f41d0
05-27 18:58:45.584   299 30844 D EvsDriver: Delivered 0xb400007b7ca56900 as id 0
05-27 18:58:45.584  1167  1479 D evsmanagerd: /dev/video6 forwarded the buffer #0 to 0xb4000074bf5f5510 from 0xb4000074bf5f6d90
05-27 18:58:45.584 30773 30782 E dvr_service_: [myNum:0] Received S**** loss
05-27 18:58:45.584 30773 30783 E dvr_service_: [myNum:1] Received S**** loss
05-27 18:58:45.584   299  1153 D EvsDriver: doneWithFrame
05-27 18:58:45.584   299  1163 D EvsDriver: doneWithFrame
05-27 08:49:54.548   581   581 D spi_rst_gpio_get_output: GPIO 145 value: 1
05-27 08:49:54.548   581   581 D spidev_ioctl: gpio status=1)
05-27 18:58:45.587 13911 14183 I SentryImuMcuAngleSender: 179.986rollDeg
05-27 18:58:45.587 13911 14183 I SentryImuMcuAngleSender: 1,0,0
05-27 18:58:45.588  1008 30857 D [OMXB]  : usingANWBuffer: handle:0xee742cc0, format:1, w:1920, h:1080
05-27 18:58:45.588   581   581 I SpiService: fgesysctrl_getGPIO_status success val=1
05-27 08:49:54.553   581   581 D spi_rst_gpio_get_output: GPIO 145 value: 1
05-27 08:49:54.553   581   581 D spidev_ioctl: gpio status=1)
05-27 18:58:45.591 10188 10659 I am_pss  : [15661,1000,com.yadea.energymanagement,11762688,172032,10391552,62492672,2,10,10]
05-27 18:58:45.592   594   594 E vendor.sprd.hardware.memtrack-service: MemTrack_DEBUG--Open mali gpu_memory failed
05-27 18:58:45.594   581   581 I SpiService: fgesysctrl_getGPIO_status success val=1
05-27 08:49:54.559   581   581 D spi_rst_gpio_get_output: GPIO 145 value: 1
05-27 08:49:54.559   581   581 D spidev_ioctl: gpio status=1)
05-27 18:58:45.600   581   581 I SpiService: fgesysctrl_getGPIO_status success val=1
05-27 08:49:54.564   581   581 D spi_rst_gpio_get_output: GPIO 145 value: 1
05-27 08:49:54.564   581   581 D spidev_ioctl: gpio status=1)
05-27 18:58:45.603 10188 10659 I am_pss  : [15525,1000,com.yadea.btmusic,12876800,724992,10814464,65830912,2,10,10]
05-27 18:58:45.604   594   594 E vendor.sprd.hardware.memtrack-service: MemTrack_DEBUG--Open mali gpu_memory failed
05-27 18:58:45.605   581   581 I SpiService: fgesysctrl_getGPIO_status success val=1
05-27 18:58:45.605  1008 30856 D [OMXB]  : usingANWBuffer: handle:0xee743b30, format:1, w:1920, h:1080
05-27 18:58:45.606   536   536 D commservice260303: msg.id = 1028,0
05-27 18:58:45.606   536   536 D commservice260303: i = 170, msgid = 8A000404
05-27 18:58:45.606   536   536 D commservice260303: msgid = -1979710460,did=138
05-27 18:58:45.607   536   536 D commservice260303: CommProtocolLibCmdBaseI2C::dataproc {"command":{"id":"imu_status","sub":""},"content":{"TimeStamp":11,"FrameCounter":267360,"GD_X":-0.01153013575822115,"GD_Y":0.005268065724521875,"GD_Z":0.0023671966046094894,"AD_X":-0.0013803988695144653,"AD_Y":0.0014037793735042214,"AD_Z":-0.16949939727783203,"TempDsp":0,"Status":0,"CalibState":1,"SigAmpInvalid":0}},-1979710460
05-27 18:58:45.607   536   536 D commservice260303: send2Cluster len:317, 7B22636F6D6D616E64223A7B226964223A22696D755F737461747573222C22737562223A22227D2C22636F6E74656E74223A7B2254696D655374616D70223A31312C224672616D65436F756E746572223A3236373336302C2247445F58223A2D302E30313135333031333537353832323131352C2247445F59223A302E3030353236383036353732343532313837352C2247445F5A223A302E303032333637313936363034363039343839342C2241445F58223A2D302E303031333830333938383639353134343635332C2241445F59223A302E303031343033373739333733353034323231342C2241445F5A223A2D302E31363934393933393732373738333230332C2254656D70447370223A302C22537461747573223A302C2243616C69625374617465223A312C22536967416D70496E76616C6964223A307D7D, 138 
05-27 18:58:45.607   536   536 D commservice260303: Push Message into SendPool fn=1431700480
05-27 18:58:45.607   536   536 D commservice260303: ComProtocolLibSend2Cluster::send2ClusterRaw fn=1431700480 , len=333
05-27 18:58:45.607   536   536 D commservice260303: sendCmdToPort :333!!!
05-27 18:58:45.607   536   536 D commservice260303: send Cmd To Port ++++5AA501498A01000456556A16CE657B22636F6D6D616E64223A7B226964223A22696D755F737461747573222C22737562223A22227D2C22636F6E74656E74223A7B2254696D655374616D70223A31312C224672616D65436F756E746572223A3236373336302C2247445F58223A2D302E30313135333031333537353832323131352C2247445F59223A302E3030353236383036353732343532313837352C2247445F5A223A302E303032333637313936363034363039343839342C2241445F58223A2D302E303031333830333938383639353134343635332C2241445F59223A302E303031343033373739333733353034323231342C2241445F5A223A2D302E31363934393933393732373738333230332C2254656D70447370223A302C22537461747573223A302C2243616C69625374617465223A312C22536967416D70496E76616C6964223A307D7D259F
05-27 18:58:45.607   536   536 D commservice260303: bufferevent_write retrun value = 0
05-27 18:58:45.607   536   560 D commservice260303: client datas send succeed,send finish
05-27 18:58:45.607 13911 14192 D Sentinelmode_1.2.5.17_sentry: <SentryImuClusterFgeSender>imu_status sent to Linux, frame=267360, tsNs=11392846, tsMs=11, intervalMs=39, ad=(-0.0013803989,0.0014037794,-0.1694994), gd=(-0.011530136,0.0052680657,0.0023671966)
05-27 18:58:45.607 13911 14183 I SentryImuMcuAngleSender: 179.986rollDeg
05-27 18:58:45.607 13911 14183 I SentryImuMcuAngleSender: 1,0,0
05-27 08:49:54.570   581   581 D spi_rst_gpio_get_output: GPIO 145 value: 1
05-27 08:49:54.570   581   581 D spidev_ioctl: gpio status=1)
05-27 18:58:45.610   581   581 I SpiService: fgesysctrl_getGPIO_status success val=0
05-27 08:49:54.575   581   581 D spi_rst_gpio_get_output: GPIO 145 value: 0
05-27 08:49:54.575   581   581 D spidev_ioctl: gpio status=0)
05-27 18:58:45.614   283   307 I rvcservice: t.code = 3, t.value = 0
05-27 18:58:45.616   299 30841 D EvsDriver: forwardFrame
05-27 18:58:45.616   299 30844 D EvsDriver: forwardFrame
05-27 18:58:45.618   299 30844 D EvsDriver: Delivered 0xb400007b7ca56900 as id 0
05-27 18:58:45.618  1167  1479 D evsmanagerd: /dev/video6 forwarded the buffer #0 to 0xb4000074bf5f5510 from 0xb4000074bf5f6d90
05-27 18:58:45.618  1167  1479 D evsmanagerd: /dev/video4 forwarded the buffer #0 to 0xb4000074bf5f6850 from 0xb4000074bf5f41d0
05-27 18:58:45.618   299 30841 D EvsDriver: Delivered 0xb400007b7ca56a60 as id 0
05-27 18:58:45.620 10188 10659 I am_pss  : [14291,10096,com.android.cellbroadcastreceiver.module,11677696,2777088,7550976,69046272,2,19,11]
05-27 18:58:45.622   299  1153 D EvsDriver: doneWithFrame
05-27 18:58:45.622   594   594 E vendor.sprd.hardware.memtrack-service: MemTrack_DEBUG--Open mali gpu_memory failed
05-27 18:58:45.623   299  1163 D EvsDriver: doneWithFrame
05-27 18:58:45.624   581   581 I SpiService: fgesysctrl_getGPIO_status success val=1
05-27 08:49:54.589   581   581 D spi_rst_gpio_get_output: GPIO 145 value: 1
05-27 08:49:54.589   581   581 D spidev_ioctl: gpio status=1)
05-27 18:58:45.627 13911 14183 I SentryImuMcuAngleSender: 179.97899rollDeg
05-27 18:58:45.627 13911 14183 I SentryImuMcuAngleSender: 1,0,0
05-27 18:58:45.630   581   581 I SpiService: fgesysctrl_getGPIO_status success val=1
05-27 18:58:45.631  1008 30857 D [OMXB]  : usingANWBuffer: handle:0xee7439d0, format:1, w:1920, h:1080
05-27 08:49:54.594   581   581 D spi_rst_gpio_get_output: GPIO 145 value: 1
05-27 08:49:54.594   581   581 D spidev_ioctl: gpio status=1)
05-27 18:58:45.636   581   581 I SpiService: fgesysctrl_getGPIO_status success val=1
05-27 08:49:54.600   581   581 D spi_rst_gpio_get_output: GPIO 145 value: 1
05-27 08:49:54.600   581   581 D spidev_ioctl: gpio status=1)
05-27 18:58:45.638 18363 18391 D ANWAPI_SECOND: (18363|0x29004CB0)[BTAPI] set_bluetooth_power : open /sys/class/gpio/gpio142/value
05-27 18:58:45.638 18363 18391 D ANWAPI_SECOND: (18363|0x29004CB0)[BTAPI] set_bluetooth_power : open(/sys/class/gpio/gpio142/value) for write failed,fd=-1
05-27 18:58:45.638 18363 18391 D ANWAPI_SECOND: (18363|0x29004CB0)[BTAPI] open set_bluetooth_power : write(No such file or directory) failed,errno = 2
05-27 18:58:45.641   581   581 I SpiService: fgesysctrl_getGPIO_status success val=1
05-27 18:58:45.643 10188 10659 I am_pss  : [13594,10094,com.android.providers.media.module,69428224,65794048,13312,174678016,2,0,19]
05-27 18:58:45.645   594   594 E vendor.sprd.hardware.memtrack-service: MemTrack_DEBUG--Open mali gpu_memory failed
05-27 08:49:54.606   581   581 D spi_rst_gpio_get_output: GPIO 145 value: 1
05-27 08:49:54.606   581   581 D spidev_ioctl: gpio status=1)
05-27 18:58:45.646   581   581 I SpiService: fgesysctrl_getGPIO_status success val=1
05-27 18:58:45.647   536   536 D commservice260303: msg.id = 1028,0
05-27 18:58:45.647   536   536 D commservice260303: i = 170, msgid = 8A000404
05-27 18:58:45.647   536   536 D commservice260303: msgid = -1979710460,did=138
05-27 18:58:45.647   536   536 D commservice260303: CommProtocolLibCmdBaseI2C::dataproc {"command":{"id":"imu_status","sub":""},"content":{"TimeStamp":11,"FrameCounter":267361,"GD_X":-0.011377211660146713,"GD_Y":0.005573912989348173,"GD_Z":0.0019079053308814764,"AD_X":-0.0032131969928741455,"AD_Y":0.0013910450506955385,"AD_Z":-0.17193889617919922,"TempDsp":0,"Status":0,"CalibState":1,"SigAmpInvalid":0}},-1979710460
05-27 18:58:45.647 13911 14183 I SentryImuMcuAngleSender: 179.986rollDeg
05-27 18:58:45.647 13911 14183 I SentryImuMcuAngleSender: 1,0,0
05-27 18:58:45.647   536   536 D commservice260303: send2Cluster len:318, 7B22636F6D6D616E64223A7B226964223A22696D755F737461747573222C22737562223A22227D2C22636F6E74656E74223A7B2254696D655374616D70223A31312C224672616D65436F756E746572223A3236373336312C2247445F58223A2D302E3031313337373231313636303134363731332C2247445F59223A302E3030353537333931323938393334383137332C2247445F5A223A302E303031393037393035333330383831343736342C2241445F58223A2D302E303033323133313936393932383734313435352C2241445F59223A302E303031333931303435303530363935353338352C2241445F5A223A2D302E31373139333838393631373931393932322C2254656D70447370223A302C22537461747573223A302C2243616C69625374617465223A312C22536967416D70496E76616C6964223A307D7D, 138 
