05-27 18:58:49.085  1982  1982 E health_guardian: The 1000 process is system app,I refused to kill it,try next one!
05-27 18:58:49.085  1982  1982 E health_guardian: UID for PID 6212 is 1000
05-27 18:58:49.085  1982  1982 E health_guardian: The 1000 process is system app,I refused to kill it,try next one!
05-27 18:58:49.088   481   598 I mcuc    : rev,n=1,6AA681E58A000A8900DB01040912123456E6
05-27 18:58:49.088  1121  1144 I tboxmids_ap: [2026-05-27 18:58:49.088] [MCU RX] src=MCU dst=ZMQ len=10 type=BINARY data=00 08 DB 01 04 09 12 12 34 56 
05-27 18:58:49.088   581   581 I SpiService: fgesysctrl_getGPIO_status success val=1
05-27 18:58:49.088   351   373 D automotive.vehicle@2.0-adayo-datacomm-mcu: MCUDatacomm sendMessageFromVehicle prop: 0x89, areaId: 0x0, status: 0xdb, timestamp: 0x1
05-27 18:58:49.088   351   373 D automotive.vehicle@2.0-adayo-datacomm-mcu: MCUDatacomm 1sendMessageFromVehicle ---> type = 12 
05-27 08:49:58.053   581   581 D spi_rst_gpio_get_output: GPIO 145 value: 1
05-27 08:49:58.053   581   581 D spidev_ioctl: gpio status=1)
05-27 18:58:49.089 13911 14183 I SentryImuMcuAngleSender: 179.91594rollDeg
05-27 18:58:49.089 13911 14183 I SentryImuMcuAngleSender: 1,0,0
05-27 18:58:49.089  1083  1083 I MyAppLog: [2026-05-27 18:58:49.088 I tboxap mcuCommTboxmidsRecvCb:97] [Mcu] [mcuCommTboxmidsRecvCb] recv from tboxmids, size:10
05-27 18:58:49.089  1083  1083 I MyAppLog: [2026-05-27 18:58:49.088 I tboxap mcuCommTboxmidsRecvCb:98] [Mcu] [tboxmids -> tboxap]: :00 08 DB 01 04 09 12 12 34 56
05-27 18:58:49.089  1083  1083 W MyAppLog: [2026-05-27 18:58:49.088 W tboxap mcuYadiFrameParse:852] [Mcu] [mcuYadiFrameParse] cmd:0912(MCU_MAIN_BATT_DYNAMIC_IND) payload too short:5 < 36
05-27 18:58:49.089  1083  1083 W MyAppLog: [2026-05-27 18:58:49.089 W tboxap mcuPtlParseData:982] [Mcu] [mcuPtlParseData] invalid yadi frame, len:10
05-27 18:58:49.090   481   598 I mcuc    : rev,n=2,6AA681E58B000A8900DC01040930123456C6
05-27 18:58:49.090   351   373 D automotive.vehicle@2.0-adayo-datacomm-mcu: MCUDatacomm sendMessageFromVehicle prop: 0x89, areaId: 0x0, status: 0xdc, timestamp: 0x1
05-27 18:58:49.090  1121  1144 I tboxmids_ap: [2026-05-27 18:58:49.090] [MCU RX] src=MCU dst=ZMQ len=10 type=BINARY data=00 08 DC 01 04 09 30 12 34 56 
05-27 18:58:49.090   351   373 D automotive.vehicle@2.0-adayo-datacomm-mcu: MCUDatacomm 1sendMessageFromVehicle ---> type = 12 
05-27 18:58:49.091  1083  1083 I MyAppLog: [2026-05-27 18:58:49.091 I tboxap mcuCommTboxmidsRecvCb:97] [Mcu] [mcuCommTboxmidsRecvCb] recv from tboxmids, size:10
05-27 18:58:49.092  1083  1083 I MyAppLog: [2026-05-27 18:58:49.091 I tboxap mcuCommTboxmidsRecvCb:98] [Mcu] [tboxmids -> tboxap]: :00 08 DC 01 04 09 30 12 34 56
05-27 18:58:49.092 18434 18434 D libEGL  : <.service:remote>[setCacheFilename]: file=/data/user_de/0/com.anwsdk.service/code_cache/com.android.opengl.shaders_cache
05-27 18:58:49.092  1083  1083 W MyAppLog: [2026-05-27 18:58:49.091 W tboxap mcuYadiFrameParse:852] [Mcu] [mcuYadiFrameParse] cmd:0930(MCU_REMOTE_CTRL_RSP_IND) payload too short:5 < 8
05-27 18:58:49.092  1083  1083 W MyAppLog: [2026-05-27 18:58:49.091 W tboxap mcuPtlParseData:982] [Mcu] [mcuPtlParseData] invalid yadi frame, len:10
05-27 18:58:49.093   581   581 I SpiService: fgesysctrl_getGPIO_status success val=1
05-27 08:49:58.058   581   581 D spi_rst_gpio_get_output: GPIO 145 value: 1
05-27 08:49:58.058   581   581 D spidev_ioctl: gpio status=1)
05-27 18:58:49.099   581   581 I SpiService: fgesysctrl_getGPIO_status success val=1
05-27 08:49:58.063   581   581 D spi_rst_gpio_get_output: GPIO 145 value: 1
05-27 08:49:58.063   581   581 D spidev_ioctl: gpio status=1)
05-27 18:58:49.101 18434 18434 D NetworkSecurityConfig: No Network Security Config specified, using platform default
05-27 18:58:49.101  1008 30857 D [OMXB]  : usingANWBuffer: handle:0xee743b30, format:1, w:1920, h:1080
05-27 18:58:49.103 18434 18434 D NetworkSecurityConfig: No Network Security Config specified, using platform default
05-27 08:49:58.067 30852 30852 W audit   : audit_lost=42963 audit_rate_limit=5 audit_backlog_limit=64
05-27 08:49:58.067 30852 30852 E audit   : rate limit exceeded
05-27 08:49:58.071   581   581 D spi_rst_gpio_get_output: GPIO 145 value: 1
05-27 08:49:58.071   581   581 D spidev_ioctl: gpio status=1)
05-27 18:58:49.106 15863 16070 W DL-DDS-AI-Version: aarVersionInfo
05-27 18:58:49.106 15863 16070 W DL-DDS-AI-Version: ===============>
05-27 18:58:49.106 15863 16070 W DL-DDS-AI-Version: sdk_version: 3.3.48.1
05-27 18:58:49.106 15863 16070 W DL-DDS-AI-Version: branch: dev-renchengming
05-27 18:58:49.106 15863 16070 W DL-DDS-AI-Version: commit: bf2bc348f2086a75f4cd236ee5c8274d540219a3
05-27 18:58:49.106 15863 16070 W DL-DDS-AI-Version: script_from: build_for_mandarin_mini.py -up_type debug -initRes true
05-27 18:58:49.106 15863 16070 W DL-DDS-AI-Version: script: pak.py -t all -m armeabi-v7a,armeabi,x86,x86_64,nearsspe,dmasp -miniDuicore res/ldmRes/nlu/bcdv2_local_en,res/sspe,res/wakeup,res/ula,res/fespCar -o aar_mini -vi 0 -upload true -up_type debug -packId defaultId -magnus_type mandarin_comm_mid -cleanOutput false -cpu_type android_aarch64 -pkgFrom 0 -isFast false
05-27 18:58:49.106 15863 16070 W DL-DDS-AI-Version: time: 20260519_15:04:38
05-27 18:58:49.106 15863 16070 W DL-DDS-AI-Version: 
05-27 18:58:49.106 15863 16070 W DL-DDS-AI-Version: <===============
05-27 18:58:49.106 15863 16070 W DL-DDS-AI-Version: duicoreVersionInfo
05-27 18:58:49.106 15863 16070 W DL-DDS-AI-Version: ===============>
05-27 18:58:49.106 15863 16070 W DL-DDS-AI-Version: sdk_version: 3.3.48.1
05-27 18:58:49.106 15863 16070 W DL-DDS-AI-Version: branch: dev-renchengming
05-27 18:58:49.106 15863 16070 W DL-DDS-AI-Version: commit: bf2bc348f2086a75f4cd236ee5c8274d540219a3
05-27 18:58:49.106 15863 16070 W DL-DDS-AI-Version: script_from: build_for_mandarin_mini.py -up_type debug -initRes true
05-27 18:58:49.106 15863 16070 W DL-DDS-AI-Version: script: pak.py -t all -m armeabi-v7a,armeabi,x86,x86_64,nearsspe,dmasp -miniDuicore res/ldmRes/nlu/bcdv2_local_en,res/sspe,res/wakeup,res/ula,res/fespCar -o aar_mini -vi 0 -upload true -up_type debug -packId defaultId -magnus_type mandarin_comm_mid -cleanOutput false -cpu_type android_aarch64 -pkgFrom 0 -isFast false
05-27 18:58:49.106 15863 16070 W DL-DDS-AI-Version: time: 20260519_15:04:38
05-27 18:58:49.106 15863 16070 W DL-DDS-AI-Version: <===============
05-27 18:58:49.106 15863 16070 W DL-DDS-AI-Version: magnusBaseVersionInfo
05-27 18:58:49.106 15863 16070 W DL-DDS-AI-Version: ===============>
05-27 18:58:49.106   581   581 I SpiService: fgesysctrl_getGPIO_status success val=1
05-27 18:58:49.106 15863 16070 W DL-DDS-AI-Version: magnus_mandarin_mid_basic_android_aarch64_v0.3.15
05-27 18:58:49.106 15863 16070 W DL-DDS-AI-Version: <===============
05-27 18:58:49.106 15863 16070 W DL-DDS-AI-Version: magnusCustomVersionInfo
05-27 18:58:49.106 15863 16070 W DL-DDS-AI-Version: ===============>
05-27 18:58:49.106 15863 16070 W DL-DDS-AI-Version: magnus_mandarin_mid_zh_android_aarch64_v0.3.7
05-27 18:58:49.106 15863 16070 W DL-DDS-AI-Version: <===============
05-27 18:58:49.106 15863 16070 W DL-DDS-AI-Version: magnusLanguageVersionInfo
05-27 18:58:49.106 15863 16070 W DL-DDS-AI-Version: ===============>
05-27 18:58:49.106 15863 16070 W DL-DDS-AI-Version: magnus_mandarin_mid_zh_android_aarch64_v0.3.16
05-27 18:58:49.106 15863 16070 W DL-DDS-AI-Version: <===============
05-27 18:58:49.107 15863 16070 W DL-DDS-AI-Version: magnusLibVersionInfo(ResBuild)
05-27 18:58:49.107 15863 16070 W DL-DDS-AI-Version: ===============>
05-27 18:58:49.107 15863 16070 W DL-DDS-AI-Version: {"magnus_api":{"magnus_c_api":"1"},"magnus_env":{"magnus_core":"1.3.6 (4a12be2) Built On Mar 28 2026 at 11:35:40","perceptor_core":"1.4.0 (8566867-2026-03-20-14:57:09) Built On Mar 20 2026 at 14:58:07"},"magnus_task":{"task_kernels":[{"kernel_name":"wbs_phrase_builder","kernel_version":"wbs_phrase_builder-v1.0 (a44d4a8-2026-03-23-15:10:33) Built On Mar 23 2026 at 15:18:28","res_version":"/data/user_de/0/com.aispeech.lyra.daemon/files/dds/duicore/res/ldmRes/magnus_aarch64/./res/wbs_phrase_builder"},{"kernel_name":"semantic_builder","kernel_version":"semantic_builder-v1.10 (a44d4a8-2026-03-23-15:10:33) Built On Mar 23 2026 at 15:11:48","res_version":"/data/user_de/0/com.aispeech.lyra.daemon/files/dds/duicore/res/ldmRes/magnus_aarch64/./res/semantic_builder"}],"task_lib":"magnus_res_v1.1.17","task_name":"res","task_version":"0.3.15"}}
05-27 18:58:49.107 15863 16070 W DL-DDS-AI-Version: <===============
05-27 18:58:49.107 15863 16070 W DL-DDS-AI-Version: magnusLibVersionInfo(vad)
05-27 18:58:49.107 15863 16070 W DL-DDS-AI-Version: ===============>
05-27 18:58:49.107 15863 16070 W DL-DDS-AI-Version: {"magnus_api":{"magnus_c_api":"1"},"magnus_env":{"magnus_core":"1.3.6 (4a12be2) Built On Mar 28 2026 at 11:35:40","perceptor_core":"1.4.0 (8566867-2026-03-20-14:57:09) Built On Mar 20 2026 at 14:58:07"},"magnus_task":{"task_kernels":[{"kernel_name":"vad","kernel_version":"vad-local-v1.0 (d2ca852-2025-11-13-11:39:48) Built On Nov 13 2025 at 11:46:12","res_version":"/data/user_de/0/com.aispeech.lyra.daemon/files/dds/duicore/res/ldmRes/magnus_aarch64/./res/vad_local_aicarlocal_v0.17"}],"task_lib":"magnus_vad_v0.0.5","task_name":"vad","task_version":"0.3.15"}}
05-27 18:58:49.107 15863 16070 W DL-DDS-AI-Version: <===============
05-27 18:58:49.107 15863 16070 W DL-DDS-AI-Version: magnusLibVersionInfo(local_asr_rescore)
05-27 18:58:49.107 15863 16070 W DL-DDS-AI-Version: ===============>
05-27 18:58:49.107 15863 16070 W DL-DDS-AI-Version: {"magnus_api":{"magnus_c_api":"1"},"magnus_env":{"magnus_core":"1.3.6 (4a12be2) Built On Mar 28 2026 at 11:35:40","perceptor_core":"1.4.0 (8566867-2026-03-20-14:57:09) Built On Mar 20 2026 at 14:58:07"},"magnus_task":{"task_kernels":[{"kernel_name":"asr_rescore","kernel_version":"asr_rescore-onnx-v1.1 (c7729d4-2026-04-08-19:30:23) Built On Apr  8 2026 at 19:32:44","res_version":"/data/user_de/0/com.aispeech.lyra.daemon/plugin/LanguagePlugin/zh-CN/./res/asr_decoder_res_local_rescore_clas_20260506"},{"kernel_name":"wbs_decoder","kernel_version":"asr_decoder-wbs-v2.5 (c7729d4-2026-04-08-19:30:23) Built On Apr  8 2026 at 19:36:55","res_version":"/data/user_de/0/com.aispeech.lyra.daemon/plugin/LanguagePlugin/zh-CN/./res/asr_decoder_res_local_rescore_wbs_20260421"},{"kernel_name":"clas_encoder","kernel_version":"asr_encoder-e2e_onnx-v1.7 (c7729d4-2026-04-08-19:30:23) Built On Apr  8 2026 at 19:36:04","res_version":"/data/user_de/0/com.aispeech.lyra.daemon/plugin/LanguagePlugin/zh-CN/./res/asr_encoder_res_local_rescore_clas_20260506"},{"kernel_name":"vad","kernel_version":"vad-local-v1.0 (d2ca852-2025-11-13-11:39:48) Built On Nov 13 2025 at 11:46:12","res_version":"/data/user_de/0/com.aispeech.lyra.daemon/plugin/LanguagePlugin/zh-CN/./res/vad_local_aicarlocal_v0.17"}],"task_lib":"magnus_local_asr_v1.0.81","task_name":"local_asr_rescore","task_version":"0.3.16"}}
05-27 18:58:49.107 15863 16070 W DL-DDS-AI-Version: <===============
05-27 18:58:49.107 15863 16070 W DL-DDS-AI-Version: magnusLibVersionInfo(post_process)
05-27 18:58:49.107 15863 16070 W DL-DDS-AI-Version: ===============>
05-27 18:58:49.107 15863 16070 W DL-DDS-AI-Version: {"magnus_api":{"magnus_c_api":"1"},"magnus_env":{"magnus_core":"1.3.6 (4a12be2) Built On Mar 28 2026 at 11:35:40","perceptor_core":"1.4.0 (8566867-2026-03-20-14:57:09) Built On Mar 20 2026 at 14:58:07"},"magnus_task":{"task_kernels":[{"kernel_name":"ted","kernel_version":"ted-common-v2.1 (ace78d5-2026-04-09-18:54:26) Built On Apr  9 2026 at 18:56:33","res_version":"/data/user_de/0/com.aispeech.lyra.daemon/files/dds/duicore/res/ldmRes/magnus_aarch64/./res/ted_v7"},{"kernel_name":"itn_sensitive","kernel_version":"itn_sensitive-common-v2.3 (ace78d5-2026-04-09-18:54:26) Built On Apr  9 2026 at 19:00:19","res_version":"/data/user_de/0/com.aispeech.lyra.daemon/files/dds/duicore/res/ldmRes/magnus_aarch64/./res/itn_sensitive_v0.27"},{"kernel_name":"wakeup_words_filter","kernel_version":"wakeup_words_filter-common-v2.1 (ace78d5-2026-04-09-18:54:26) Built On Apr  9 2026 at 18:55:48","res_version":"/data/user_de/0/com.aispeech.lyra.daemon/files/dds/duicore/res/ldmRes/magnus_aarch64/./res/wakeup_words_filter_v3"},{"kernel_name":"pinyin","kernel_version":"pinyin-common-v1.0 (ace78d5-2026-04-09-18:54:26) Built On Apr  9 2026 at 18:55:43","res_version":"/data/user_de/0/com.aispeech.lyra.daemon/files/dds/duicore/res/ldmRes/magnus_aarch64/./res/pinyin"}],"task_lib":"magnus_post_v0.1.12","task_name":"post_process","task_version":"0.3.15"}}
05-27 18:58:49.107 15863 16070 W DL-DDS-AI-Version: <===============
05-27 18:58:49.107 15863 16070 W DL-DDS-AI-Version: asrTaskName
05-27 18:58:49.107 15863 16070 W DL-DDS-AI-Version: ===============>
05-27 18:58:49.107 15863 16070 W DL-DDS-AI-Version: local_asr_rescore
05-27 18:58:49.107 15863 16070 W DL-DDS-AI-Version: <===============
05-27 18:58:49.107 15863 16070 W DL-DDS-AI-Version-Json: {"AarVersion":"3.3.48.1","commit":"bf2bc348f2086a75f4cd236ee5c8274d540219a3","languageTag":"zh-CN","DuicoreVersion":"3.3.48.1","BasePackVersion":"magnus_mandarin_mid_basic_android_aarch64_v0.3.15","CustomPackVersion":"magnus_mandarin_mid_zh_android_aarch64_v0.3.7","projectName":"mandarin_comm_mid","LanguagePackVersion":"magnus_mandarin_mid_zh_android_aarch64_v0.3.16","LocalAsrTaskName":"local_asr_rescore"}
05-27 18:58:49.109 13911 14183 I SentryImuMcuAngleSender: -179.94394rollDeg
05-27 18:58:49.109 13911 14183 I SentryImuMcuAngleSender: 1,0,0
05-27 18:58:49.112   581   581 I SpiService: fgesysctrl_getGPIO_status success val=0
05-27 08:49:58.076   581   581 D spi_rst_gpio_get_output: GPIO 145 value: 0
05-27 18:58:49.112   481   597 I mcuc    : send SPI:6AA602E58A00028900046AA602E58B0002890003
05-27 08:49:58.076   581   581 D spidev_ioctl: gpio status=0)
05-27 18:58:49.116   299 30841 D EvsDriver: forwardFrame
05-27 18:58:49.117   299 30844 D EvsDriver: forwardFrame
05-27 18:58:49.117   299 30841 D EvsDriver: Delivered 0xb400007b7ca56a60 as id 0
05-27 18:58:49.117  1167  1184 D evsmanagerd: /dev/video4 forwarded the buffer #0 to 0xb4000074bf5f6850 from 0xb4000074bf5f41d0
05-27 18:58:49.118   299 30844 D EvsDriver: Delivered 0xb400007b7ca56900 as id 0
05-27 18:58:49.118  1167  1184 D evsmanagerd: /dev/video6 forwarded the buffer #0 to 0xb4000074bf5f5510 from 0xb4000074bf5f6d90
05-27 18:58:49.118  1008 30856 D [OMXB]  : usingANWBuffer: handle:0xee742cc0, format:1, w:1920, h:1080
05-27 18:58:49.122   299  1153 D EvsDriver: doneWithFrame
05-27 08:49:58.091   581   581 D spi_rst_gpio_get_output: GPIO 145 value: 1
05-27 08:49:58.091   581   581 D spidev_ioctl: gpio status=1)
05-27 18:58:49.125   536   536 D commservice260303: msg.id = 1028,2
05-27 18:58:49.126   536   536 D commservice260303: i = 170, msgid = 8A000404
05-27 18:58:49.126   536   536 D commservice260303: msgid = -1979710460,did=138
05-27 18:58:49.126   536   536 D commservice260303: CommProtocolLibCmdBaseI2C::dataproc {"command":{"id":"imu_status","sub":""},"content":{"TimeStamp":11,"FrameCounter":267447,"GD_X":-0.011759000830352306,"GD_Y":0.005345047451555729,"GD_Z":0.0020608289632946253,"AD_X":-0.0020864158868789673,"AD_Y":-0.010580841451883316,"AD_Z":-0.16949939727783203,"TempDsp":0,"Status":0,"CalibState":1,"SigAmpInvalid":0}},-1979710460
05-27 18:58:49.126   536   536 D commservice260303: send2Cluster len:318, 7B22636F6D6D616E64223A7B226964223A22696D755F737461747573222C22737562223A22227D2C22636F6E74656E74223A7B2254696D655374616D70223A31312C224672616D65436F756E746572223A3236373434372C2247445F58223A2D302E3031313735393030303833303335323330362C2247445F59223A302E3030353334353034373435313535353732392C2247445F5A223A302E303032303630383238393633323934363235332C2241445F58223A2D302E303032303836343135383836383738393637332C2241445F59223A2D302E3031303538303834313435313838333331362C2241445F5A223A2D302E31363934393933393732373738333230332C2254656D70447370223A302C22537461747573223A302C2243616C69625374617465223A312C22536967416D70496E76616C6964223A307D7D, 138 
05-27 18:58:49.126   536   536 D commservice260303: Push Message into SendPool fn=-1386871808
05-27 18:58:49.126   536   536 D commservice260303: ComProtocolLibSend2Cluster::send2ClusterRaw fn=-1386871808 , len=334
05-27 18:58:49.126   536   536 D commservice260303: sendCmdToPort :334!!!
05-27 18:58:49.126   536   536 D commservice260303: send Cmd To Port ++++5AA5014A8A01000456AD6A16CE697B22636F6D6D616E64223A7B226964223A22696D755F737461747573222C22737562223A22227D2C22636F6E74656E74223A7B2254696D655374616D70223A31312C224672616D65436F756E746572223A3236373434372C2247445F58223A2D302E3031313735393030303833303335323330362C2247445F59223A302E3030353334353034373435313535353732392C2247445F5A223A302E303032303630383238393633323934363235332C2241445F58223A2D302E303032303836343135383836383738393637332C2241445F59223A2D302E3031303538303834313435313838333331362C2241445F5A223A2D302E31363934393933393732373738333230332C2254656D70447370223A302C22537461747573223A302C2243616C69625374617465223A312C22536967416D70496E76616C6964223A307D7DA669
05-27 18:58:49.127   581   581 I SpiService: fgesysctrl_getGPIO_status success val=1
05-27 18:58:49.130   283   307 I rvcservice: t.code = 3, t.value = 0
05-27 18:58:49.130   299  1153 D EvsDriver: doneWithFrame
05-27 18:58:49.130   536   536 D commservice260303: bufferevent_write retrun value = 0
05-27 18:58:49.130   536   560 D commservice260303: client datas send succeed,send finish
05-27 18:58:49.131 13911 14192 D Sentinelmode_1.2.5.17_sentry: <SentryImuClusterFgeSender>imu_status sent to Linux, frame=267447, tsNs=11396358, tsMs=11, intervalMs=47, ad=(-0.002086416,-0.010580841,-0.1694994), gd=(-0.011759001,0.0053450475,0.002060829)
05-27 18:58:49.132 13911 14183 I SentryImuMcuAngleSender: -179.94394rollDeg
05-27 08:49:58.097   581   581 D spi_rst_gpio_get_output: GPIO 145 value: 1
05-27 18:58:49.132 13911 14183 I SentryImuMcuAngleSender: 1,0,0
05-27 18:58:49.133   581   581 I SpiService: fgesysctrl_getGPIO_status success val=1
05-27 08:49:58.097   581   581 D spidev_ioctl: gpio status=1)
05-27 18:58:49.137  1008 30857 D [OMXB]  : usingANWBuffer: handle:0xee744210, format:1, w:1920, h:1080
05-27 18:58:49.138   581   581 I SpiService: fgesysctrl_getGPIO_status success val=1
05-27 08:49:58.103   581   581 D spi_rst_gpio_get_output: GPIO 145 value: 1
05-27 08:49:58.103   581   581 D spidev_ioctl: gpio status=1)
05-27 18:58:49.141 30773 30788 I dvr_service_: [runShortMediaThread:298] cameraId:1 medias:300,audios:220,stateAudio:0,mShortState:0,warnEvent:0,state:1
05-27 18:58:49.144   581   581 I SpiService: fgesysctrl_getGPIO_status success val=1
05-27 18:58:49.144 18434 18434 I ANWJNI_SECOND: +++ JNI_OnLoad
05-27 18:58:49.145 18434 18434 I ANWJNI_SECOND: +++ registerNativeMethods
05-27 18:58:49.145 18434 18434 I ANWJNI_SECOND: numMethods = 245
05-27 08:49:58.109   581   581 D spi_rst_gpio_get_output: GPIO 145 value: 1
05-27 08:49:58.109   581   581 D spidev_ioctl: gpio status=1)
05-27 18:58:49.146 18434 18434 I ANWJNI_SECOND: --- registerNativeMethods
05-27 18:58:49.147 18434 18434 D ANWJNI_SECOND: (18434|0x5467E4F8)[BTAPP] read XML config file
05-27 18:58:49.147 18434 18434 D ANWJNI_SECOND: 
05-27 18:58:49.147   299 30841 D EvsDriver: forwardFrame
05-27 18:58:49.147 18434 18434 D ANWJNI_SECOND: (18434|0x5467E4F8)[BTAPP] run Read (/system/etc/bluetooth/btmonitor-config_second.xml) Start
05-27 18:58:49.147 18434 18434 D ANWJNI_SECOND: 
05-27 18:58:49.147 18434 18434 D ANWJNI_SECOND: (18434|0x5467E4F8)[BTAPP] run Read (btmonitor-config.xml) source_data != NULL
05-27 18:58:49.147 18434 18434 D ANWJNI_SECOND: 
05-27 18:58:49.147 18434 18434 D ANWJNI_SECOND: (18434|0x5467E4F8)[BTAPP] XML : find HID setting
05-27 18:58:49.147 18434 18434 D ANWJNI_SECOND: 
05-27 18:58:49.147 18434 18434 D ANWJNI_SECOND: (18434|0x5467E4F8)[BTAPP] HID set(close)
05-27 18:58:49.147 18434 18434 D ANWJNI_SECOND: 
05-27 18:58:49.148 18434 18434 D ANWJNI_SECOND: (18434|0x5467E4F8)[BTAPP] XML : find SPP setting
05-27 18:58:49.148 18434 18434 D ANWJNI_SECOND: 
05-27 18:58:49.148 18434 18434 D ANWJNI_SECOND: (18434|0x5467E4F8)[BTAPP] SPP set(close)
05-27 18:58:49.148 18434 18434 D ANWJNI_SECOND: 
05-27 18:58:49.148 18434 18434 D ANWJNI_SECOND: (18434|0x5467E4F8)[BTAPP] XML : find PINCode setting
05-27 18:58:49.148 18434 18434 D ANWJNI_SECOND: 
05-27 18:58:49.148 18434 18434 D ANWJNI_SECOND: (18434|0x5467E4F8)[BTAPP] PinCode set(close)
05-27 18:58:49.148 18434 18434 D ANWJNI_SECOND: 
05-27 18:58:49.148 18434 18434 D ANWJNI_SECOND: (18434|0x5467E4F8)[BTAPP] get setpincode data fail
05-27 18:58:49.148 18434 18434 D ANWJNI_SECOND: 
05-27 18:58:49.148 18434 18434 D ANWJNI_SECOND: (18434|0x5467E4F8)[BTAPP] get set_legacy_pin data fail
05-27 18:58:49.148 18434 18434 D ANWJNI_SECOND: 
05-27 18:58:49.148 18434 18434 D ANWJNI_SECOND: (18434|0x5467E4F8)[BTAPP] XML : find spp_uuid setting
05-27 18:58:49.148 18434 18434 D ANWJNI_SECOND: 
05-27 18:58:49.148   299 30841 D EvsDriver: Delivered 0xb400007b7ca56a60 as id 0
05-27 18:58:49.148 18434 18434 D ANWJNI_SECOND: (18434|0x5467E4F8)[BTAPP] XML : ca_spp_uuid len(32)
05-27 18:58:49.148 18434 18434 D ANWJNI_SECOND: 
05-27 18:58:49.148 18434 18434 D ANWJNI_SECOND: (18434|0x5467E4F8)[BTAPP] XML : SPP_UUID_fromXML len(16):(
05-27 18:58:49.148  1167  1184 D evsmanagerd: /dev/video4 forwarded the buffer #0 to 0xb4000074bf5f6850 from 0xb4000074bf5f41d0
05-27 18:58:49.148 18434 18434 D ANWJNI_SECOND: (18434|0x5467E4F8)[BTAPP] 0xfa 
05-27 18:58:49.148 18434 18434 D ANWJNI_SECOND: (18434|0x5467E4F8)[BTAPP] 0xeb 
05-27 18:58:49.148 18434 18434 D ANWJNI_SECOND: (18434|0x5467E4F8)[BTAPP] 0xdc 
05-27 18:58:49.148 18434 18434 D ANWJNI_SECOND: (18434|0x5467E4F8)[BTAPP] 0x12 
05-27 18:58:49.148 18434 18434 D ANWJNI_SECOND: (18434|0x5467E4F8)[BTAPP] 0x7 
05-27 18:58:49.148 18434 18434 D ANWJNI_SECOND: (18434|0x5467E4F8)[BTAPP] 0x2c 
05-27 18:58:49.148 18434 18434 D ANWJNI_SECOND: (18434|0x5467E4F8)[BTAPP] 0xb0 
05-27 18:58:49.149 18434 18434 D ANWJNI_SECOND: (18434|0x5467E4F8)[BTAPP] 0xa4 
05-27 18:58:49.149 18434 18434 D ANWJNI_SECOND: (18434|0x5467E4F8)[BTAPP] 0x10 
05-27 18:58:49.149 18434 18434 D ANWJNI_SECOND: (18434|0x5467E4F8)[BTAPP] 0xa 
05-27 18:58:49.149 18434 18434 D ANWJNI_SECOND: (18434|0x5467E4F8)[BTAPP] 0x5a 
05-27 18:58:49.149 18434 18434 D ANWJNI_SECOND: (18434|0x5467E4F8)[BTAPP] 0x61 
05-27 18:58:49.149 18434 18434 D ANWJNI_SECOND: (18434|0x5467E4F8)[BTAPP] 0x8d 
05-27 18:58:49.149 18434 18434 D ANWJNI_SECOND: (18434|0x5467E4F8)[BTAPP] 0xc9 
05-27 18:58:49.149 18434 18434 D ANWJNI_SECOND: (18434|0x5467E4F8)[BTAPP] 0x40 
05-27 18:58:49.149 18434 18434 D ANWJNI_SECOND: (18434|0x5467E4F8)[BTAPP] 0x1c 
05-27 18:58:49.149 18434 18434 D ANWJNI_SECOND: (18434|0x5467E4F8)[BTAPP] )
05-27 18:58:49.149 18434 18434 D ANWJNI_SECOND: 
05-27 18:58:49.149 18434 18434 D ANWJNI_SECOND: (18434|0x5467E4F8)[BTAPP] XML : find Apple spp_uuid setting
05-27 18:58:49.149 18434 18434 D ANWJNI_SECOND: 
05-27 18:58:49.149 18434 18434 D ANWJNI_SECOND: (18434|0x5467E4F8)[BTAPP] XML : Apple ca_spp_uuid len(32)
05-27 18:58:49.149 18434 18434 D ANWJNI_SECOND: 
05-27 18:58:49.149 18434 18434 D ANWJNI_SECOND: (18434|0x5467E4F8)[BTAPP] XML : Apple SPP_UUID_fromXML len(16):(
05-27 18:58:49.149 18434 18434 D ANWJNI_SECOND: (18434|0x5467E4F8)[BTAPP] 0x0 
05-27 18:58:49.150 18434 18434 D ANWJNI_SECOND: (18434|0x5467E4F8)[BTAPP] 0x0 
05-27 18:58:49.150 18434 18434 D ANWJNI_SECOND: (18434|0x5467E4F8)[BTAPP] 0x0 
05-27 18:58:49.150 18434 18434 D ANWJNI_SECOND: (18434|0x5467E4F8)[BTAPP] 0x0 
05-27 18:58:49.150   581   581 I SpiService: fgesysctrl_getGPIO_status success val=0
05-27 18:58:49.150 18434 18434 D ANWJNI_SECOND: (18434|0x5467E4F8)[BTAPP] 0xde 
05-27 18:58:49.150 18434 18434 D ANWJNI_SECOND: (18434|0x5467E4F8)[BTAPP] 0xca 
05-27 18:58:49.150 18434 18434 D ANWJNI_SECOND: (18434|0x5467E4F8)[BTAPP] 0xfa 
05-27 18:58:49.150 18434 18434 D ANWJNI_SECOND: (18434|0x5467E4F8)[BTAPP] 0xde 
05-27 18:58:49.150 18434 18434 D ANWJNI_SECOND: (18434|0x5467E4F8)[BTAPP] 0xde 
05-27 18:58:49.150 18434 18434 D ANWJNI_SECOND: (18434|0x5467E4F8)[BTAPP] 0xca 
05-27 18:58:49.150 18434 18434 D ANWJNI_SECOND: (18434|0x5467E4F8)[BTAPP] 0xde 
05-27 18:58:49.150 18434 18434 D ANWJNI_SECOND: (18434|0x5467E4F8)[BTAPP] 0xaf 
05-27 18:58:49.150 18434 18434 D ANWJNI_SECOND: (18434|0x5467E4F8)[BTAPP] 0xde 
05-27 18:58:49.150 18434 18434 D ANWJNI_SECOND: (18434|0x5467E4F8)[BTAPP] 0xca 
05-27 18:58:49.150 18434 18434 D ANWJNI_SECOND: (18434|0x5467E4F8)[BTAPP] 0xca 
05-27 18:58:49.150 18434 18434 D ANWJNI_SECOND: (18434|0x5467E4F8)[BTAPP] 0xfe 
05-27 18:58:49.150 18434 18434 D ANWJNI_SECOND: (18434|0x5467E4F8)[BTAPP] )
05-27 18:58:49.150 18434 18434 D ANWJNI_SECOND: 
05-27 18:58:49.150 18434 18434 D ANWJNI_SECOND: (18434|0x5467E4F8)[BTAPP] XML : find calllogsize setting
05-27 18:58:49.150 18434 18434 D ANWJNI_SECOND: 
05-27 18:58:49.150 18434 18434 D ANWJNI_SECOND: (18434|0x5467E4F8)[BTAPP] XML : find ca_calllogsize(100)(100)
05-27 18:58:49.150 18434 18434 D ANWJNI_SECOND: 
05-27 18:58:49.151 18434 18434 D ANWJNI_SECOND: (18434|0x5467E4F8)[BTAPP] get contactssize data fail
05-27 18:58:49.151 18434 18434 D ANWJNI_SECOND: 
05-27 18:58:49.151 18434 18434 D ANWJNI_SECOND: (18434|0x5467E4F8)[BTAPP] get mincallsize data fail
05-27 18:58:49.151 18434 18434 D ANWJNI_SECOND: 
05-27 18:58:49.151 18434 18434 D ANWJNI_SECOND: (18434|0x5467E4F8)[BTAPP] XML : find voice setting
05-27 18:58:49.151 18434 18434 D ANWJNI_SECOND: 
05-27 18:58:49.151 18434 18434 D ANWJNI_SECOND: (18434|0x5467E4F8)[BTAPP] voice set(close)
05-27 18:58:49.151 18434 18434 D ANWJNI_SECOND: 
05-27 08:49:58.114   581   581 D spi_rst_gpio_get_output: GPIO 145 value: 0
05-27 08:49:58.114   581   581 D spidev_ioctl: gpio status=0)
05-27 18:58:49.151 18434 18434 D ANWJNI_SECOND: (18434|0x5467E4F8)[BTAPP] XML : find voicedelay setting
05-27 18:58:49.151 18434 18434 D ANWJNI_SECOND: 
05-27 18:58:49.151 18434 18434 D ANWJNI_SECOND: (18434|0x5467E4F8)[BTAPP] voicedelay set(close)
05-27 18:58:49.151 18434 18434 D ANWJNI_SECOND: 
05-27 18:58:49.151 18434 18434 D ANWJNI_SECOND: (18434|0x5467E4F8)[BTAPP] get wechatvoice data fail
05-27 18:58:49.151 18434 18434 D ANWJNI_SECOND: 
05-27 18:58:49.151 18434 18434 D ANWJNI_SECOND: (18434|0x5467E4F8)[BTAPP] XML : pair any way
05-27 18:58:49.151 18434 18434 D ANWJNI_SECOND: 
05-27 18:58:49.151 18434 18434 D ANWJNI_SECOND: (18434|0x5467E4F8)[BTAPP] pairing need confirmation  accept
05-27 18:58:49.151 18434 18434 D ANWJNI_SECOND: 
05-27 18:58:49.151 18434 18434 D ANWJNI_SECOND: (18434|0x5467E4F8)[BTAPP] get use_combine data fail
05-27 18:58:49.151 18434 18434 D ANWJNI_SECOND: 
05-27 18:58:49.151 18434 18434 D ANWJNI_SECOND: (18434|0x5467E4F8)[BTAPP] XML : select pbap_photo or not
05-27 18:58:49.151 18434 18434 D ANWJNI_SECOND: 
05-27 18:58:49.151 18434 18434 D ANWJNI_SECOND: (18434|0x5467E4F8)[BTAPP] select pbap_photo
05-27 18:58:49.151 18434 18434 D ANWJNI_SECOND: 
05-27 18:58:49.151 18434 18434 D ANWJNI_SECOND: (18434|0x5467E4F8)[BTAPP] XML : select pbap_email or not
05-27 18:58:49.151 18434 18434 D ANWJNI_SECOND: 
05-27 18:58:49.151 18434 18434 D ANWJNI_SECOND: (18434|0x5467E4F8)[BTAPP] select pbap_email
05-27 18:58:49.151 18434 18434 D ANWJNI_SECOND: 
05-27 18:58:49.151 18434 18434 D ANWJNI_SECOND: (18434|0x5467E4F8)[BTAPP] XML : select pbap_adr or not
05-27 18:58:49.151 18434 18434 D ANWJNI_SECOND: 
05-27 18:58:49.151 18434 18434 D ANWJNI_SECOND: (18434|0x5467E4F8)[BTAPP] select pbap_adr
05-27 18:58:49.151 18434 18434 D ANWJNI_SECOND: 
05-27 18:58:49.151 18434 18434 D ANWJNI_SECOND: (18434|0x5467E4F8)[BTAPP] XML : select pbap_url or not
05-27 18:58:49.151 18434 18434 D ANWJNI_SECOND: 
05-27 18:58:49.151 18434 18434 D ANWJNI_SECOND: (18434|0x5467E4F8)[BTAPP] select pbap_url
05-27 18:58:49.151 18434 18434 D ANWJNI_SECOND: 
05-27 18:58:49.152 18434 18434 D ANWJNI_SECOND: (18434|0x5467E4F8)[BTAPP] get volume_control data fail
05-27 18:58:49.152 18434 18434 D ANWJNI_SECOND: 
05-27 18:58:49.152 18434 18434 D ANWJNI_SECOND: (18434|0x5467E4F8)[BTAPP] get carplay data fail
05-27 18:58:49.152 18434 18434 D ANWJNI_SECOND: 
05-27 18:58:49.152   299 30844 D EvsDriver: forwardFrame
05-27 18:58:49.152 18434 18434 D ANWJNI_SECOND: (18434|0x5467E4F8)[BTAPP] XML : select socket or not
05-27 18:58:49.152 18434 18434 D ANWJNI_SECOND: 
05-27 18:58:49.152   299  1153 D EvsDriver: doneWithFrame
05-27 18:58:49.152 18434 18434 D ANWJNI_SECOND: (18434|0x5467E4F8)[BTAPP]  support socket
05-27 18:58:49.152 18434 18434 D ANWJNI_SECOND: 
05-27 18:58:49.152 18434 18434 D ANWJNI_SECOND: (18434|0x5467E4F8)[BTAPP] get androidauto data fail
05-27 18:58:49.152 18434 18434 D ANWJNI_SECOND: 
05-27 18:58:49.152 18434 18434 D ANWJNI_SECOND: (18434|0x5467E4F8)[BTAPP] get auto_transfer data fail
05-27 18:58:49.152 18434 18434 D ANWJNI_SECOND: 
05-27 18:58:49.152 18434 18434 D ANWJNI_SECOND: (18434|0x5467E4F8)[BTAPP] get audio_dsp_mute data fail
05-27 18:58:49.152 18434 18434 D ANWJNI_SECOND: 
05-27 18:58:49.152 18434 18434 D ANWJNI_SECOND: (18434|0x5467E4F8)[BTAPP] get audio_dsp_delay data fail
05-27 18:58:49.152 18434 18434 D ANWJNI_SECOND: 
05-27 18:58:49.152 18434 18434 D ANWJNI_SECOND: (18434|0x5467E4F8)[BTAPP] XML : hfp_audio_driver_open 
05-27 18:58:49.152 18434 18434 D ANWJNI_SECOND: 
05-27 18:58:49.152 13911 14183 I SentryImuMcuAngleSender: 179.993rollDeg
05-27 18:58:49.152 18434 18434 D ANWJNI_SECOND: (18434|0x5467E4F8)[BTAPP] hfp audio driver close
05-27 18:58:49.152 18434 18434 D ANWJNI_SECOND: 
05-27 18:58:49.152 13911 14183 I SentryImuMcuAngleSender: 1,0,0
05-27 18:58:49.152 18434 18434 D ANWJNI_SECOND: (18434|0x5467E4F8)[BTAPP] XML : hfp_wbs_open_data 
05-27 18:58:49.152 18434 18434 D ANWJNI_SECOND: 
05-27 18:58:49.152 18434 18434 D ANWJNI_SECOND: (18434|0x5467E4F8)[BTAPP] hfp wbs enable
05-27 18:58:49.152 18434 18434 D ANWJNI_SECOND: 
05-27 18:58:49.152 18434 18434 D ANWJNI_SECOND: (18434|0x5467E4F8)[BTAPP] get avrcp_browsing_open data fail
05-27 18:58:49.152 18434 18434 D ANWJNI_SECOND: 
05-27 18:58:49.152 18434 18434 D ANWJNI_SECOND: (18434|0x5467E4F8)[BTAPP] get connect_special_profile_id data fail
05-27 18:58:49.152 18434 18434 D ANWJNI_SECOND: 
05-27 18:58:49.152 18434 18434 D ANWJNI_SECOND: (18434|0x5467E4F8)[BTAPP] XML : connect_single_profile 
05-27 18:58:49.152 18434 18434 D ANWJNI_SECOND: 
05-27 18:58:49.153 18434 18434 D ANWJNI_SECOND: (18434|0x5467E4F8)[BTAPP] connect_single_profile open
05-27 18:58:49.153 18434 18434 D ANWJNI_SECOND: 
05-27 18:58:49.153 18434 18434 D ANWJNI_SECOND: (18434|0x5467E4F8)[BTAPP] XML : find waveout_pre_buffer_count setting
05-27 18:58:49.153 18434 18434 D ANWJNI_SECOND: 
05-27 18:58:49.153 18434 18434 D ANWJNI_SECOND: (18434|0x5467E4F8)[BTAPP] XML : set waveout_pre_buffer_count success(101)
05-27 18:58:49.153 18434 18434 D ANWJNI_SECOND: 
05-27 18:58:49.153 18434 18434 D ANWJNI_SECOND: (18434|0x5467E4F8)[BTAPP] XML : find waveout_pre_buffer_count setting
05-27 18:58:49.153 18434 18434 D ANWJNI_SECOND: 
05-27 18:58:49.153 18434 18434 D ANWJNI_SECOND: (18434|0x5467E4F8)[BTAPP] XML : set local_music_pre_buffer_count success(40)
05-27 18:58:49.153 18434 18434 D ANWJNI_SECOND: 
05-27 18:58:49.153 18434 18434 D ANWJNI_SECOND: (18434|0x5467E4F8)[BTAPP] XML : inband_ring 
05-27 18:58:49.153 18434 18434 D ANWJNI_SECOND: 
05-27 18:58:49.153   299 30844 D EvsDriver: Delivered 0xb400007b7ca56900 as id 0
05-27 18:58:49.153 18434 18434 D ANWJNI_SECOND: (18434|0x5467E4F8)[BTAPP] inband_ring open
05-27 18:58:49.153 18434 18434 D ANWJNI_SECOND: 
05-27 18:58:49.153  1167  1184 D evsmanagerd: /dev/video6 forwarded the buffer #0 to 0xb4000074bf5f5510 from 0xb4000074bf5f6d90
05-27 18:58:49.153 18434 18434 D ANWJNI_SECOND: (18434|0x5467E4F8)[BTAPP] XML : find map_download_max_size setting
05-27 18:58:49.153 18434 18434 D ANWJNI_SECOND: 
05-27 18:58:49.153 18434 18434 D ANWJNI_SECOND: (18434|0x5467E4F8)[BTAPP] XML : set map_download_max_size failed(20)
05-27 18:58:49.153 18434 18434 D ANWJNI_SECOND: 
05-27 18:58:49.153 18434 18434 D ANWJNI_SECOND: (18434|0x5467E4F8)[BTAPP] XML : stack debug
05-27 18:58:49.153 18434 18434 D ANWJNI_SECOND: 
05-27 18:58:49.153 18434 18434 D ANWJNI_SECOND: (18434|0x5467E4F8)[BTAPP] XML : stack debug open
05-27 18:58:49.153 18434 18434 D ANWJNI_SECOND: 
05-27 18:58:49.154 18434 18434 D ANWAPI_SECOND: (18434|0x5467E4F8)[BTAPI] >>>AnWBT_Usr_DebugLog
05-27 18:58:49.154 18434 18434 D ANWAPI_SECOND: (18434|0x5467E4F8)[BTAPI] <<<<AnWBT_Usr_DebugLog: ret=0
05-27 18:58:49.154 18434 18434 D ANWJNI_SECOND: (18434|0x5467E4F8)[BTAPP] XML : app debug
05-27 18:58:49.154 18434 18434 D ANWJNI_SECOND: 
05-27 18:58:49.154 18434 18434 D ANWJNI_SECOND: (18434|0x5467E4F8)[BTAPP] XML : app debug open
05-27 18:58:49.154 18434 18434 D ANWJNI_SECOND: 
05-27 18:58:49.154 18434 18434 D ANWJNI_SECOND: (18434|0x5467E4F8)[BTAPP] XML : api debug
05-27 18:58:49.154 18434 18434 D ANWJNI_SECOND: 
05-27 18:58:49.154 18434 18434 D ANWJNI_SECOND: (18434|0x5467E4F8)[BTAPP] XML : api debug open
05-27 18:58:49.154 18434 18434 D ANWJNI_SECOND: 
05-27 18:58:49.154 18434 18434 D ANWJNI_SECOND: (18434|0x5467E4F8)[BTAPP] XML : hfp debug
05-27 18:58:49.154 18434 18434 D ANWJNI_SECOND: 
05-27 18:58:49.154 18434 18434 D ANWJNI_SECOND: (18434|0x5467E4F8)[BTAPP] XML : hfp debug open
05-27 18:58:49.154 18434 18434 D ANWJNI_SECOND: 
05-27 18:58:49.154 18434 18434 D ANWJNI_SECOND: (18434|0x5467E4F8)[BTAPP] XML : a2dp debug
05-27 18:58:49.154 18434 18434 D ANWJNI_SECOND: 
05-27 18:58:49.154 18434 18434 D ANWJNI_SECOND: (18434|0x5467E4F8)[BTAPP] XML : a2dp debug open
05-27 18:58:49.154 18434 18434 D ANWJNI_SECOND: 
05-27 18:58:49.154 18434 18434 D ANWJNI_SECOND: (18434|0x5467E4F8)[BTAPP] XML : waveout debug
05-27 18:58:49.154 18434 18434 D ANWJNI_SECOND: 
05-27 18:58:49.154 18434 18434 D ANWJNI_SECOND: (18434|0x5467E4F8)[BTAPP] XML : waveout debug open
05-27 18:58:49.154 18434 18434 D ANWJNI_SECOND: 
05-27 18:58:49.154 18434 18434 D ANWJNI_SECOND: (18434|0x5467E4F8)[BTAPP] XML : avrcp debug
05-27 18:58:49.154 18434 18434 D ANWJNI_SECOND: 
05-27 18:58:49.154 18434 18434 D ANWJNI_SECOND: (18434|0x5467E4F8)[BTAPP] XML : avrcp debug open
05-27 18:58:49.154 18434 18434 D ANWJNI_SECOND: 
05-27 18:58:49.155 18434 18434 D ANWJNI_SECOND: (18434|0x5467E4F8)[BTAPP] XML : pbap debug
05-27 18:58:49.155 18434 18434 D ANWJNI_SECOND: 
05-27 18:58:49.155 18434 18434 D ANWJNI_SECOND: (18434|0x5467E4F8)[BTAPP] XML : pbap debug open
05-27 18:58:49.155 18434 18434 D ANWJNI_SECOND: 
05-27 18:58:49.155 18434 18434 D ANWJNI_SECOND: (18434|0x5467E4F8)[BTAPP] XML : map debug
05-27 18:58:49.155 18434 18434 D ANWJNI_SECOND: 
05-27 18:58:49.155 18434 18434 D ANWJNI_SECOND: (18434|0x5467E4F8)[BTAPP] XML : map debug open
05-27 18:58:49.155 18434 18434 D ANWJNI_SECOND: 
05-27 18:58:49.155 18434 18434 D ANWJNI_SECOND: (18434|0x5467E4F8)[BTAPP] get debug_iap data fail
05-27 18:58:49.155 18434 18434 D ANWJNI_SECOND: 
05-27 18:58:49.155 18434 18434 D ANWJNI_SECOND: (18434|0x5467E4F8)[BTAPP] XML : btsnoop
05-27 18:58:49.155 18434 18434 D ANWJNI_SECOND: 
05-27 18:58:49.155 18434 18434 D ANWJNI_SECOND: (18434|0x5467E4F8)[BTAPP] XML : btsnoop open
05-27 18:58:49.155 18434 18434 D ANWJNI_SECOND: 
05-27 18:58:49.155 18434 18434 D ANWJNI_SECOND: (18434|0x5467E4F8)[BTAPP] XML : file_path 
05-27 18:58:49.155 18434 18434 D ANWJNI_SECOND: 
05-27 18:58:49.155 18434 18434 D ANWJNI_SECOND: (18434|0x5467E4F8)[BTAPP] XML : file_path /data/misc/anw/ is exist,so break
05-27 18:58:49.155 18434 18434 D ANWJNI_SECOND: 
05-27 18:58:49.156 18434 18434 D ANW_AVRCP_SECOND: AnWBT_Set_Storage_Path path /data/misc/anw/
05-27 18:58:49.156 18434 18434 D ANWJNI_SECOND: (18434|0x5467E4F8)[BTAPP] XML : btsnoop_file_path 
05-27 18:58:49.156 18434 18434 D ANWJNI_SECOND: 
05-27 18:58:49.156 18434 18434 D ANWJNI_SECOND: (18434|0x5467E4F8)[BTAPP] XML : btsnoop_path /data/misc/anw/logs/ is exist,so break
05-27 18:58:49.156 18434 18434 D ANWJNI_SECOND: 
05-27 18:58:49.156 18434 18434 D ANWJNI_SECOND: (18434|0x5467E4F8)[BTAPP] XML : find btsnoop_file_size_MB setting
05-27 18:58:49.156 18434 18434 D ANWJNI_SECOND: 
05-27 18:58:49.156 18434 18434 D ANWJNI_SECOND: (18434|0x5467E4F8)[BTAPP] XML : find maxBtSnoopFileSize_MB(100)(100)
05-27 18:58:49.156 18434 18434 D ANWJNI_SECOND: 
05-27 18:58:49.156 18434 18434 D ANWJNI_SECOND: (18434|0x5467E4F8)[BTAPP] XML : find rfkillstate_path:/sys/class/gpio/gpio142/value
05-27 18:58:49.156 18434 18434 D ANWJNI_SECOND: 
05-27 18:58:49.156 18434 18434 D ANWAPI_SECOND: (18434|0x5467E4F8)[BTAPI] AnW_BT_SetRfkillStatePath
05-27 18:58:49.157 18434 18434 D ANWJNI_SECOND: (18434|0x5467E4F8)[BTAPP] get dump_pcm data fail
05-27 18:58:49.157 18434 18434 D ANWJNI_SECOND: 
05-27 18:58:49.157 18434 18434 D ANWJNI_SECOND: (18434|0x5467E4F8)[BTAPP] XML : accept_avrcp_ct_control
05-27 18:58:49.157 18434 18434 D ANWJNI_SECOND: 
05-27 18:58:49.157 18434 18434 D ANWJNI_SECOND: (18434|0x5467E4F8)[BTAPP] XML : accept_avrcp_ct_control close
05-27 18:58:49.157 18434 18434 D ANWJNI_SECOND: 
05-27 18:58:49.157 18434 18434 D ANWJNI_SECOND: (18434|0x5467E4F8)[BTAPP] XML : find maxHFPAGConnNum setting
05-27 18:58:49.157 18434 18434 D ANWJNI_SECOND: 
05-27 18:58:49.157 18434 18434 D ANWJNI_SECOND: (18434|0x5467E4F8)[BTAPP] XML : find maxHFPAGConnNum(2)(2)
05-27 18:58:49.157 18434 18434 D ANWJNI_SECOND: 
05-27 18:58:49.157 18434 18434 D ANWJNI_SECOND: (18434|0x5467E4F8)[BTAPP] XML : find maxHFPHFConnNum setting
05-27 18:58:49.157 18434 18434 D ANWJNI_SECOND: 
05-27 18:58:49.157 18434 18434 D ANWJNI_SECOND: (18434|0x5467E4F8)[BTAPP] XML : find maxHFPHFConnNum(0)(0)
05-27 18:58:49.157 18434 18434 D ANWJNI_SECOND: 
05-27 18:58:49.157 18434 18434 D ANWJNI_SECOND: (18434|0x5467E4F8)[BTAPP] XML : find maxPBAPConnNum setting
05-27 18:58:49.157 18434 18434 D ANWJNI_SECOND: 
05-27 18:58:49.157 18434 18434 D ANWJNI_SECOND: (18434|0x5467E4F8)[BTAPP] XML : find maxPBAPConnNum(0)(0)
05-27 18:58:49.157 18434 18434 D ANWJNI_SECOND: 
05-27 18:58:49.157 18434 18434 D ANWJNI_SECOND: (18434|0x5467E4F8)[BTAPP] XML : find maxMAPConnNum setting
05-27 18:58:49.157 18434 18434 D ANWJNI_SECOND: 
05-27 18:58:49.157 18434 18434 D ANWJNI_SECOND: (18434|0x5467E4F8)[BTAPP] XML : find maxMAPConnNum(0)(0)
05-27 18:58:49.157 18434 18434 D ANWJNI_SECOND: 
05-27 18:58:49.157 18434 18434 D ANWJNI_SECOND: (18434|0x5467E4F8)[BTAPP] XML : find maxA2DPSinkConnNum setting
05-27 18:58:49.157 18434 18434 D ANWJNI_SECOND: 
05-27 18:58:49.157 18434 18434 D ANWJNI_SECOND: (18434|0x5467E4F8)[BTAPP] XML : find maxA2DPSinkConnNum(0)(0)
05-27 18:58:49.157 18434 18434 D ANWJNI_SECOND: 
05-27 18:58:49.157 18434 18434 D ANWJNI_SECOND: (18434|0x5467E4F8)[BTAPP] XML : find maxA2DPSourceConnNum setting
05-27 18:58:49.157 18434 18434 D ANWJNI_SECOND: 
05-27 18:58:49.158 18434 18434 D ANWJNI_SECOND: (18434|0x5467E4F8)[BTAPP] XML : find maxA2DPSourceConnNum(2)(2)
05-27 18:58:49.158 18434 18434 D ANWJNI_SECOND: 
05-27 18:58:49.158 18434 18434 D ANWJNI_SECOND: (18434|0x5467E4F8)[BTAPP] XML : find maxAVRCPCTConnNum setting
05-27 18:58:49.158 18434 18434 D ANWJNI_SECOND: 
05-27 18:58:49.158 18434 18434 D ANWJNI_SECOND: (18434|0x5467E4F8)[BTAPP] XML : find (0)(0)
05-27 18:58:49.158 18434 18434 D ANWJNI_SECOND: 
05-27 18:58:49.158 18434 18434 D ANWJNI_SECOND: (18434|0x5467E4F8)[BTAPP] XML : find maxAVRCPTGConnNum setting
05-27 18:58:49.158 18434 18434 D ANWJNI_SECOND: 
05-27 18:58:49.158 18434 18434 D ANWJNI_SECOND: (18434|0x5467E4F8)[BTAPP] XML : find maxAVRCPTGConnNum(2)(2)
05-27 18:58:49.158 18434 18434 D ANWJNI_SECOND: 
05-27 18:58:49.158 18434 18434 D ANWJNI_SECOND: (18434|0x5467E4F8)[BTAPP] XML : find maxDeviceConnNum setting
05-27 18:58:49.158 18434 18434 D ANWJNI_SECOND: 
05-27 18:58:49.158 18434 18434 D ANWJNI_SECOND: (18434|0x5467E4F8)[BTAPP] XML : find maxDeviceConnNum(2)(2)
05-27 18:58:49.158 18434 18434 D ANWJNI_SECOND: 
05-27 18:58:49.158 18434 18434 D ANWJNI_SECOND: (18434|0x5467E4F8)[BTAPP] XML : find maxSCOConnNum setting
05-27 18:58:49.158 18434 18434 D ANWJNI_SECOND: 
05-27 18:58:49.158 18434 18434 D ANWJNI_SECOND: (18434|0x5467E4F8)[BTAPP] XML : find maxSCOConnNum(2)(2)
05-27 18:58:49.158 18434 18434 D ANWJNI_SECOND: 
05-27 18:58:49.158 18434 18434 D ANWJNI_SECOND: (18434|0x5467E4F8)[BTAPP] XML : find maxHFSCOConnNum setting
05-27 18:58:49.158 18434 18434 D ANWJNI_SECOND: 
05-27 18:58:49.158 18434 18434 D ANWJNI_SECOND: (18434|0x5467E4F8)[BTAPP] XML : find maxHFSCOConnNum(0)(0)
05-27 18:58:49.158 18434 18434 D ANWJNI_SECOND: 
05-27 18:58:49.159 18434 18434 D ANWJNI_SECOND: (18434|0x5467E4F8)[BTAPP] XML : find maxAGSCOConnNum setting
05-27 18:58:49.159 18434 18434 D ANWJNI_SECOND: 
05-27 18:58:49.159 18434 18434 D ANWJNI_SECOND: (18434|0x5467E4F8)[BTAPP] XML : find maxAGSCOConnNum(2)(2)
05-27 18:58:49.159 18434 18434 D ANWJNI_SECOND: 
05-27 18:58:49.159 18434 18434 D ANWJNI_SECOND: (18434|0x5467E4F8)[BTAPP] XML : find maxOppConnNum_data setting
05-27 18:58:49.159 18434 18434 D ANWJNI_SECOND: 
05-27 18:58:49.159 18434 18434 D ANWJNI_SECOND: (18434|0x5467E4F8)[BTAPP] XML : find maxOPPConnNum(0)(0)
05-27 18:58:49.159 18434 18434 D ANWJNI_SECOND: 
05-27 18:58:49.159 18434 18434 D ANWJNI_SECOND: (18434|0x5467E4F8)[BTAPP] XML : find maxHidHostConnNum_data setting
05-27 18:58:49.159 18434 18434 D ANWJNI_SECOND: 
05-27 18:58:49.159 18434 18434 D ANWJNI_SECOND: (18434|0x5467E4F8)[BTAPP] XML : find maxHidHostConnNum(0)(0)
05-27 18:58:49.159 18434 18434 D ANWJNI_SECOND: 
05-27 18:58:49.159 18434 18434 D ANWJNI_SECOND: (18434|0x5467E4F8)[BTAPP] XML : music_mode_auto_select
05-27 18:58:49.159 18434 18434 D ANWJNI_SECOND: 
05-27 18:58:49.159 18434 18434 D ANWJNI_SECOND: (18434|0x5467E4F8)[BTAPP] XML : music_mode_auto_select open
05-27 18:58:49.159 18434 18434 D ANWJNI_SECOND: 
05-27 18:58:49.159 18434 18434 D ANWJNI_SECOND: (18434|0x5467E4F8)[BTAPP] XML : BQB_test_setting
05-27 18:58:49.159 18434 18434 D ANWJNI_SECOND: 
05-27 18:58:49.159 18434 18434 D ANWJNI_SECOND: (18434|0x5467E4F8)[BTAPP] XML : BQB_test_setting close
05-27 18:58:49.159 18434 18434 D ANWJNI_SECOND: 
05-27 18:58:49.159 18434 18434 D ANWJNI_SECOND: (18434|0x5467E4F8)[BTAPP] XML : find aaudio_device_id setting
05-27 18:58:49.159 18434 18434 D ANWJNI_SECOND: 
05-27 18:58:49.159 18434 18434 D ANWJNI_SECOND: (18434|0x5467E4F8)[BTAPP] XML : find aaudio_device_id(16)(16)
05-27 18:58:49.159 18434 18434 D ANWJNI_SECOND: 
05-27 18:58:49.159 18434 18434 D ANWJNI_SECOND: (18434|0x5467E4F8)[BTAPP] XML : local_device_name_data 
05-27 18:58:49.159 18434 18434 D ANWJNI_SECOND: 
05-27 18:58:49.159 18434 18434 D ANWAPI_SECOND: (18434|0x5467E4F8)[BTAPI] AnWBT_Set_Local_Device_Before_Init LJ_FUJIA
05-27 18:58:49.159 18434 18434 D ANWJNI_SECOND: (18434|0x5467E4F8)[BTAPP] get a2dp_sink_pcm data fail
05-27 18:58:49.159 18434 18434 D ANWJNI_SECOND: 
05-27 18:58:49.159 18434 18434 D ANWJNI_SECOND: (18434|0x5467E4F8)[BTAPP] XML : master_device_file_path 
05-27 18:58:49.159 18434 18434 D ANWJNI_SECOND: 
05-27 18:58:49.160 18434 18434 D ANWJNI_SECOND: (18434|0x5467E4F8)[BTAPP] XML : master_device_file_path /anw/target_device_info is not exist
05-27 18:58:49.160 18434 18434 D ANWJNI_SECOND: 
05-27 18:58:49.160 18434 18434 D ANWJNI_SECOND: (18434|0x5467E4F8)[BTAPP] XML : read_rssi_switch
05-27 18:58:49.160 18434 18434 D ANWJNI_SECOND: 
05-27 18:58:49.160 18434 18434 D ANWJNI_SECOND: (18434|0x5467E4F8)[BTAPP] XML : read_rssi_switch close
05-27 18:58:49.160 18434 18434 D ANWJNI_SECOND: 
05-27 18:58:49.160 18434 18434 D ANWJNI_SECOND: (18434|0x5467E4F8)[BTAPP] XML : pbapClient_autoConnectAndDownload
05-27 18:58:49.160 18434 18434 D ANWJNI_SECOND: 
05-27 18:58:49.160 18434 18434 D ANWJNI_SECOND: (18434|0x5467E4F8)[BTAPP] XML : PBAP Client auto connect an download close
05-27 18:58:49.160 18434 18434 D ANWJNI_SECOND: 
05-27 18:58:49.160 18434 18434 D ANWJNI_SECOND: (18434|0x5467E4F8)[BTAPP] get callDisconnect_AutoDownloadCalllog data fail
05-27 18:58:49.160 18434 18434 D ANWJNI_SECOND: 
05-27 18:58:49.160 18434 18434 D ANWJNI_SECOND: (18434|0x5467E4F8)[BTAPP] XML : UART_path 
05-27 18:58:49.160 18434 18434 D ANWJNI_SECOND: 
05-27 18:58:49.160 18434 18434 D ANWJNI_SECOND: (18434|0x5467E4F8)[BTAPP] XML : UART_path:[/dev/ttyS3]
05-27 18:58:49.160 18434 18434 D ANWJNI_SECOND: 
05-27 18:58:49.160 18434 18434 D ANWJNI_SECOND: (18434|0x5467E4F8)[BTAPP] get BTADDR_path data fail
05-27 18:58:49.160 18434 18434 D ANWJNI_SECOND: 
05-27 18:58:49.160 18434 18434 D ANWJNI_SECOND: (18434|0x5467E4F8)[BTAPP] XML : BTADDR path not find
05-27 18:58:49.160 18434 18434 D ANWJNI_SECOND: 
05-27 18:58:49.160   299  1153 D EvsDriver: doneWithFrame
05-27 18:58:49.160 18434 18434 D ANWJNI_SECOND: (18434|0x5467E4F8)[BTAPP] XML : find UART_baudRate_init(115200)
05-27 18:58:49.160 18434 18434 D ANWJNI_SECOND: 
05-27 18:58:49.160 18434 18434 D ANWJNI_SECOND: (18434|0x5467E4F8)[BTAPP] XML : find UART_baudRate_normal(3000000)
05-27 18:58:49.160 18434 18434 D ANWJNI_SECOND: 
05-27 18:58:49.160 18434 18434 D ANWJNI_SECOND: (18434|0x5467E4F8)[BTAPP] XML : AVRCP_ABSOLUTE_VOLUME
05-27 18:58:49.160 18434 18434 D ANWJNI_SECOND: 
05-27 18:58:49.160 18434 18434 D ANWJNI_SECOND: (18434|0x5467E4F8)[BTAPP] XML : avrcp absolute volume change open
05-27 18:58:49.160 18434 18434 D ANWJNI_SECOND: 
05-27 18:58:49.160 18434 18434 D ANWAPI_SECOND: (18434|0x5467E4F8)[BTAPI] AnWBT_Set_Avrcp_Absoulte_Volume_Change[1]
05-27 18:58:49.161 18434 18434 D ANWJNI_SECOND: (18434|0x5467E4F8)[BTAPP] get generate_random_address data fail
05-27 18:58:49.161 18434 18434 D ANWJNI_SECOND: 
05-27 18:58:49.161 18434 18434 D ANWJNI_SECOND: (18434|0x5467E4F8)[BTAPP] get reject_a2dp_avrcp data fail
05-27 18:58:49.161 18434 18434 D ANWJNI_SECOND: 
05-27 18:58:49.161 18434 18434 D ANWJNI_SECOND: (18434|0x5467E4F8)[BTAPP] XML : find connect_by_sdp_limit setting
05-27 18:58:49.161 18434 18434 D ANWJNI_SECOND: 
05-27 18:58:49.161 18434 18434 D ANWJNI_SECOND: (18434|0x5467E4F8)[BTAPP] connect_by_sdp_limit set(close)
05-27 18:58:49.161 18434 18434 D ANWJNI_SECOND: 
05-27 18:58:49.161 18434 18434 D ANWJNI_SECOND: (18434|0x5467E4F8)[BTAPP] XML : find hfpag_auto_select_main_device setting
05-27 18:58:49.161 18434 18434 D ANWJNI_SECOND: 
05-27 18:58:49.161 18434 18434 D ANWJNI_SECOND: (18434|0x5467E4F8)[BTAPP] hfpag_auto_select_main_device set(open)
05-27 18:58:49.161 18434 18434 D ANWJNI_SECOND: 
05-27 18:58:49.161 18434 18434 D ANWJNI_SECOND: (18434|0x5467E4F8)[BTAPP] XML : find waveout_file_size_MB setting
05-27 18:58:49.161 18434 18434 D ANWJNI_SECOND: 
05-27 18:58:49.161 18434 18434 D ANWJNI_SECOND: (18434|0x5467E4F8)[BTAPP] XML : find waveout_file_size_MB_data(50)
05-27 18:58:49.161 18434 18434 D ANWJNI_SECOND: 
05-27 18:58:49.161 18434 18434 D ANWJNI_SECOND: (18434|0x5467E4F8)[BTAPP] free source_data
05-27 18:58:49.161 18434 18434 D ANWJNI_SECOND: 
05-27 18:58:49.161 18434 18434 D ANWJNI_SECOND: (18434|0x5467E4F8)[BTAPP] Read XMLfile End
05-27 18:58:49.161 18434 18434 D ANWJNI_SECOND: 
05-27 18:58:49.161 18434 18434 D ANWJNI_SECOND: (18434|0x5467E4F8)[BTAPP] run Read (/system/etc/bluetooth/anw_AA_CP_setting.cfg) Start
05-27 18:58:49.161 18434 18434 D ANWJNI_SECOND: 
05-27 18:58:49.161 18434 18434 D ANWJNI_SECOND: (18434|0x5467E4F8)[BTAPP] open BT config file (/system/etc/bluetooth/anw_AA_CP_setting.cfg) failed.
05-27 18:58:49.161 18434 18434 D ANWJNI_SECOND: 
05-27 18:58:49.161 18434 18434 D ANWJNI_SECOND: (18434|0x5467E4F8)[BTAPP] run Read (/data/misc/anw//btmonitor_lastrecord) Start
05-27 18:58:49.161 18434 18434 D ANWJNI_SECOND: 
05-27 18:58:49.162 18434 18434 D ANWJNI_SECOND: (18434|0x5467E4F8)[BTAPP] open BT last record file (/data/misc/anw//btmonitor_lastrecord) success.
05-27 18:58:49.162 18434 18434 D ANWJNI_SECOND: 
05-27 18:58:49.162 18434 18434 D ANWJNI_SECOND: (18434|0x5467E4F8)[BTAPP] read last_connected_device last_scan_mode::3
05-27 18:58:49.162 18434 18434 D ANWJNI_SECOND: 
05-27 18:58:49.162 18434 18434 D ANWJNI_SECOND: 
05-27 18:58:49.162 18434 18434 D ANWJNI_SECOND: (18434|0x5467E4F8)[BTAPP] read last_scan_mode
05-27 18:58:49.162 18434 18434 D ANWJNI_SECOND: 
05-27 18:58:49.162 18434 18434 D ANWJNI_SECOND: (18434|0x5467E4F8)[BTAPP] last_scan_mode find,value is 3
05-27 18:58:49.162 18434 18434 D ANWJNI_SECOND: 
05-27 18:58:49.162 18434 18434 D ANWJNI_SECOND: (18434|0x5467E4F8)[BTAPP] read last_poweron_state
05-27 18:58:49.162 18434 18434 D ANWJNI_SECOND: 
05-27 18:58:49.162 18434 18434 I ANWJNI_SECOND: --- JNI_OnLoad
05-27 18:58:49.165 13911 14131 D SVR_MNG_SvrMngProxy: getServer: mSvrManger is null
05-27 18:58:49.165  1008 30856 D [OMXB]  : usingANWBuffer: handle:0xee742530, format:1, w:1920, h:1080
05-27 08:49:58.130   581   581 D spi_rst_gpio_get_output: GPIO 145 value: 1
05-27 08:49:58.130   581   581 D spidev_ioctl: gpio status=1)
05-27 18:58:49.165   581   581 I SpiService: fgesysctrl_getGPIO_status success val=1
05-27 08:49:58.136   581   581 D spi_rst_gpio_get_output: GPIO 145 value: 1
05-27 08:49:58.136   581   581 D spidev_ioctl: gpio status=1)
05-27 18:58:49.165   536   536 D commservice260303: msg.id = 1028,1
05-27 18:58:49.165 13911 14131 D SVR_MNG_SvrMngProxy: getNewStub: 
05-27 18:58:49.166   536   536 D commservice260303: i = 170, msgid = 8A000404
05-27 18:58:49.166   536   536 D commservice260303: msgid = -1979710460,did=138
05-27 18:58:49.166   536   536 D commservice260303: CommProtocolLibCmdBaseI2C::dataproc {"command":{"id":"imu_status","sub":""},"content":{"TimeStamp":11,"FrameCounter":267448,"GD_X":-0.01091896090656519,"GD_Y":0.00549693126231432,"GD_Z":0.0018319635419175029,"AD_X":-0.0020884573459625244,"AD_Y":0.008940020576119423,"AD_Z":-0.17193889617919922,"TempDsp":0,"Status":0,"CalibState":1,"SigAmpInvalid":0}},-1979710460
