05-27 18:58:51.391   581   581 I SpiService: fgesysctrl_getGPIO_status success val=1
05-27 18:58:51.393   566 11459 I gps_hdbd: Received: '$GNGSA,A,1,,,,,,,,,,,,,,,,1*1D
'
05-27 18:58:51.394  1008 30856 D [OMXB]  : usingANWBuffer: handle:0xee7412a0, format:1, w:1920, h:1080
05-27 18:58:51.395 13911 14183 I SentryImuMcuAngleSender: 179.986rollDeg
05-27 18:58:51.396 13911 14183 I SentryImuMcuAngleSender: 1,0,0
05-27 18:58:51.396 30773 30789 I dvr_service_: Camera 0: MediaOK:40993147, frames:950, isKeyFrame:0,pts:11398579588
05-27 18:58:51.396   299  1153 D EvsDriver: doneWithFrame
05-27 18:58:51.397   581   581 I SpiService: fgesysctrl_getGPIO_status success val=0
05-27 18:58:51.398   481   597 I mcuc    : send SPI:6AA6017DAE00F8090137040109810201010000000000000000000000000000000000000000000000000000000000000000000000000000000000000000000000000000000000000000000000000000000000000000000000000000000000000000000000000000000000000000000000000000000000000000000000000000000000000000000000000000000000000000000000000000000000000000000000000000000000000000000000000000000000000000000000000000000000000000000000000000000000000000000000000000000000000000000000000000000000000000000000000000000000000000000000000000000000000000000008
05-27 08:50:00.356   581   581 D spi_rst_gpio_get_output: GPIO 145 value: 1
05-27 08:50:00.356   581   581 D spidev_ioctl: gpio status=1)
05-27 08:50:00.362   581   581 D spi_rst_gpio_get_output: GPIO 145 value: 0
05-27 08:50:00.362   581   581 D spidev_ioctl: gpio status=0)
05-27 18:58:51.402   566 11459 I gps_hdbd: Received: '$GNGSA,A,1,,,,,,,,,,,,,,,,3*1F
'
05-27 18:58:51.402   536   536 D commservice260303: msg.id = 1028,0
05-27 18:58:51.402   536   536 D commservice260303: i = 170, msgid = 8A000404
05-27 18:58:51.402   536   536 D commservice260303: msgid = -1979710460,did=138
05-27 18:58:51.402   536   536 D commservice260303: CommProtocolLibCmdBaseI2C::dataproc {"command":{"id":"imu_status","sub":""},"content":{"TimeStamp":11,"FrameCounter":267503,"GD_X":-0.0133620984852314,"GD_Y":0.005420989356935024,"GD_Z":0.002443138277158141,"AD_X":-0.0021355003118515015,"AD_Y":4.8414483899250627E-4,"AD_Z":-0.17071914672851562,"TempDsp":0,"Status":0,"CalibState":1,"SigAmpInvalid":0}},-1979710460
05-27 18:58:51.401 18434 18434 I auditd  : type=1400 audit(0.0:72985): avc: denied { read write } for comm="BTInit_Task" name="ttyS3" dev="tmpfs" ino=3005 scontext=u:r:system_app:s0 tcontext=u:object_r:serial_device:s0 tclass=chr_file permissive=1
05-27 18:58:51.401 18434 18434 I BTInit_Task: type=1400 audit(0.0:72985): avc: denied { read write } for name="ttyS3" dev="tmpfs" ino=3005 scontext=u:r:system_app:s0 tcontext=u:object_r:serial_device:s0 tclass=chr_file permissive=1
05-27 18:58:51.403   536   536 D commservice260303: Push Message into SendPool fn=-430570496
05-27 18:58:51.403   536   536 D commservice260303: ComProtocolLibSend2Cluster::send2ClusterRaw fn=-430570496 , len=331
05-27 18:58:51.401 18434 18434 I auditd  : type=1400 audit(0.0:72986): avc: denied { open } for comm="BTInit_Task" path="/dev/ttyS3" dev="tmpfs" ino=3005 scontext=u:r:system_app:s0 tcontext=u:object_r:serial_device:s0 tclass=chr_file permissive=1
05-27 18:58:51.401 18434 18434 I BTInit_Task: type=1400 audit(0.0:72986): avc: denied { open } for path="/dev/ttyS3" dev="tmpfs" ino=3005 scontext=u:r:system_app:s0 tcontext=u:object_r:serial_device:s0 tclass=chr_file permissive=1
05-27 18:58:51.403   536   536 D commservice260303: sendCmdToPort :331!!!
05-27 18:58:51.403   566 11459 I gps_hdbd: Received: '$GNGSA,A,1,,,,,,,,,,,,,,,,4*18
'
05-27 18:58:51.403   536   536 D commservice260303: send Cmd To Port ++++5AA501478A01000456E66A16CE6B7B22636F6D6D616E64223A7B226964223A22696D755F737461747573222C22737562223A22227D2C22636F6E74656E74223A7B2254696D655374616D70223A31312C224672616D65436F756E746572223A3236373530332C2247445F58223A2D302E303133333632303938343835323331342C2247445F59223A302E3030353432303938393335363933353032342C2247445F5A223A302E3030323434333133383237373135383134312C2241445F58223A2D302E303032313335353030333131383531353031352C2241445F59223A342E38343134343833383939323530363237452D342C2241445F5A223A2D302E31373037313931343637323835313536322C2254656D70447370223A302C22537461747573223A302C2243616C69625374617465223A312C22536967416D70496E76616C6964223A307D7D20E3
05-27 18:58:51.403   536   536 D commservice260303: bufferevent_write retrun value = 0
05-27 18:58:51.403   536   560 D commservice260303: client datas send succeed,send finish
05-27 18:58:51.404  1008 30857 D [OMXB]  : usingANWBuffer: handle:0xee7440b0, format:1, w:1920, h:1080
05-27 18:58:51.404 13911 14192 D Sentinelmode_1.2.5.17_sentry: <SentryImuClusterFgeSender>imu_status sent to Linux, frame=267503, tsNs=11398644, tsMs=11, intervalMs=41, ad=(-0.0021355003,4.8414484E-4,-0.17071915), gd=(-0.0133620985,0.0054209894,0.0024431383)
05-27 18:58:51.404   566 11459 I gps_hdbd: Received: '$BDGSV,1,1,00,1*75
'
05-27 18:58:51.404 18434 18464 D ANWAPI_SECOND: (18434|0x295D6CB0)[BTAPI] run AnWBT_WaitInitFinish
05-27 18:58:51.405 18434 18464 D ANWAPI_SECOND: (18434|0x295D6CB0)[BTAPI] bb_vendor(3)hcit_type(3)
05-27 18:58:51.405 18434 18464 D ANWAPI_SECOND: (18434|0x295D6CB0)[BTAPI] RTL8761, config_uart_path[/dev/ttyS3], baudrate_init(115200), baudrate_normal(3000000)
05-27 08:50:00.373 18464 18464 E sprd_serial 20230000.serial: request TX DMA channel failed, ret = -19
05-27 08:50:00.373 18464 18464 E sprd_serial 20230000.serial: request RX DMA channel failed, ret = -19
05-27 18:58:51.405 18434 18434 I auditd  : type=1400 audit(0.0:72987): avc: denied { ioctl } for comm="BTInit_Task" path="/dev/ttyS3" dev="tmpfs" ino=3005 ioctlcmd=0x540b scontext=u:r:system_app:s0 tcontext=u:object_r:serial_device:s0 tclass=chr_file permissive=1
05-27 18:58:51.405 18434 18434 I BTInit_Task: type=1400 audit(0.0:72987): avc: denied { ioctl } for path="/dev/ttyS3" dev="tmpfs" ino=3005 ioctlcmd=0x540b scontext=u:r:system_app:s0 tcontext=u:object_r:serial_device:s0 tclass=chr_file permissive=1
05-27 18:58:51.405 18434 18464 D ANWAPI_SECOND: (18434|0x295D6CB0)[BTAPI] RTL8761, config_BT_ADDR_path[]
05-27 18:58:51.405 18434 18464 D ANWAPI_SECOND: (18434|0x295D6CB0)[BTAPI] BTUart_Configure start
05-27 18:58:51.405   566 11459 I gps_hdbd: Received: '$BDGSV,1,1,00,5*71
'
05-27 18:58:51.405 18434 18464 I ANWStack: [  11398656][ANWBT] Device name = /dev/ttyS3,baudrate_init =115200(115200),baudrate =3000000(3000000)
05-27 18:58:51.405 18434 18464 I ANWStack: 
05-27 18:58:51.406 18434 18464 I ANWStack: [  11398656][ANWBT] BTUart_StartUp  speed = 115200
05-27 18:58:51.406 18434 18464 I ANWStack: 
05-27 18:58:51.406 18434 18464 D ANWStack: Mac Address /data/vendor/bluetooth/btmac.txt open fail - No such file or directory
05-27 18:58:51.406 18434 18464 D ANWStack: Mac Address from file  /data/vendor/bluetooth/btmac.txt -  (1)
05-27 18:58:51.407   566 11459 I gps_hdbd: Received: '$GPGSV,1,1,01,199,42,165,,1*60
'
05-27 18:58:51.409 18434 18464 D ANWStack: rtk_8761C_init@1, fd 0x55
05-27 18:58:51.409 18434 18464 D ANWStack: type RTL_8761C, init speed 115200
05-27 18:58:51.409 18434 18464 D ANWStack: rtk_8761C_init@2, fd 0x55
05-27 18:58:51.409 18434 18464 D ANWStack: Realtek Bluetooth init uart with init speed:115200, type:HCI UART H4
05-27 18:58:51.409 18434 18464 D ANWStack: Realtek Bluetooth :Realtek hciattach version 3.1.d5a90fd.20250813-162457 
05-27 18:58:51.409 18434 18464 D ANWStack: 
05-27 18:58:51.409 18434 18464 D ANWStack: Realtek Bluetooth :Use epoll
05-27 18:58:51.409 18434 18464 D ANWStack: Realtek Bluetooth :Realtek H4 IC
05-27 18:58:51.411   566 11459 I gps_hdbd: Received: '$GPGSV,1,1,00,8*6D
'
05-27 18:58:51.412   566 11459 I gps_hdbd: Received: '$GAGSV,1,1,00,7*73
'
05-27 08:50:00.377   581   581 D spi_rst_gpio_get_output: GPIO 145 value: 1
05-27 08:50:00.377   581   581 D spidev_ioctl: gpio status=1)
05-27 18:58:51.413   581   581 I SpiService: fgesysctrl_getGPIO_status success val=1
05-27 18:58:51.416 13911 14183 I SentryImuMcuAngleSender: 179.99649rollDeg
05-27 18:58:51.416 13911 14183 I SentryImuMcuAngleSender: 1,0,0
05-27 18:58:51.416   566 11459 I gps_hdbd: Received: '$GAGSV,1,1,00,1*75
'
05-27 18:58:51.418   299 30844 D EvsDriver: forwardFrame
05-27 18:58:51.419   581   581 I SpiService: fgesysctrl_getGPIO_status success val=1
05-27 18:58:51.419   299 30844 D EvsDriver: Delivered 0xb400007b7ca56900 as id 0
05-27 18:58:51.419  1167  1479 D evsmanagerd: /dev/video6 forwarded the buffer #0 to 0xb4000074bf5f5510 from 0xb4000074bf5f6d90
05-27 18:58:51.420 30773 30783 E dvr_service_: [myNum:1] Received S**** loss
05-27 18:58:51.420   299 30841 D EvsDriver: forwardFrame
05-27 18:58:51.420   299  1153 D EvsDriver: doneWithFrame
05-27 08:50:00.383   581   581 D spi_rst_gpio_get_output: GPIO 145 value: 1
05-27 08:50:00.383   581   581 D spidev_ioctl: gpio status=1)
05-27 18:58:51.421   299 30841 D EvsDriver: Delivered 0xb400007b7ca56a60 as id 0
05-27 18:58:51.421  1167  1479 D evsmanagerd: /dev/video4 forwarded the buffer #0 to 0xb4000074bf5f6850 from 0xb4000074bf5f41d0
05-27 18:58:51.421 30773 30783 E dvr_service_: [myNum:0] Received S**** loss
05-27 18:58:51.422   299  1153 D EvsDriver: doneWithFrame
05-27 18:58:51.422   566 11459 I gps_hdbd: Received: '$GNRMC,011442.000,V,,,,,,,270526,120.0,E,N,V*47
'
05-27 18:58:51.422   566 11459 I gps_hdbd: RMC : CALL gnss_sv_status_cb, view_in_sat <1>
05-27 18:58:51.422   566 11459 I gps_hdbd: [reportSvStatus]--->PLATFORM_BSP::Enter
05-27 18:58:51.422   566 11459 I gps_hdbd: hy abnormal deal:hy_cnr30_satellite_cnt=0
05-27 18:58:51.422   566 11459 D gps_hdbd: hy abnormal deal:hy_fixStatus_fail_count=0
05-27 18:58:51.422   566 11459 I gps_hdbd: Received: '$GNZDA,011442.000,27,05,2026,00,00*4C
'
05-27 18:58:51.423  1083  1083 W MyAppLog: [2026-05-27 18:58:51.422 W tboxap gpsSyncGpsInfoToDm:361] [Gps] [gpsSyncGpsInfoToDm] fix=0 mode=49 corner:0x01 alt=0.00 sat=0 hdop=0.00 pdop=0.00 vdop=0.00
05-27 18:58:51.424   581   581 I SpiService: fgesysctrl_getGPIO_status success val=1
05-27 08:50:00.389   581   581 D spi_rst_gpio_get_output: GPIO 145 value: 1
05-27 08:50:00.389   581   581 D spidev_ioctl: gpio status=1)
05-27 18:58:51.426  1008 30856 D [OMXB]  : usingANWBuffer: handle:0xee742530, format:1, w:1920, h:1080
05-27 18:58:51.430   581   581 I SpiService: fgesysctrl_getGPIO_status success val=1
05-27 08:50:00.394   581   581 D spi_rst_gpio_get_output: GPIO 145 value: 1
05-27 08:50:00.394   581   581 D spidev_ioctl: gpio status=1)
05-27 18:58:51.435   581   581 I SpiService: fgesysctrl_getGPIO_status success val=1
05-27 18:58:51.436   283   307 I rvcservice: t.code = 3, t.value = 0
05-27 18:58:51.436 13911 14183 I SentryImuMcuAngleSender: 179.99649rollDeg
05-27 18:58:51.436 13911 14183 I SentryImuMcuAngleSender: 1,0,0
05-27 18:58:51.437  1008 30857 D [OMXB]  : usingANWBuffer: handle:0xee742cc0, format:1, w:1920, h:1080
05-27 08:50:00.400   581   581 D spi_rst_gpio_get_output: GPIO 145 value: 1
05-27 08:50:00.400   581   581 D spidev_ioctl: gpio status=1)
05-27 18:58:51.441   581   581 I SpiService: fgesysctrl_getGPIO_status success val=0
05-27 08:50:00.405   581   581 D spi_rst_gpio_get_output: GPIO 145 value: 0
05-27 08:50:00.405   581   581 D spidev_ioctl: gpio status=0)
05-27 18:58:51.442   536   536 D commservice260303: msg.id = 1028,0
05-27 18:58:51.442   536   536 D commservice260303: i = 170, msgid = 8A000404
05-27 18:58:51.442   536   536 D commservice260303: msgid = -1979710460,did=138
05-27 18:58:51.442   536   536 D commservice260303: CommProtocolLibCmdBaseI2C::dataproc {"command":{"id":"imu_status","sub":""},"content":{"TimeStamp":11,"FrameCounter":267504,"GD_X":-0.01221725158393383,"GD_Y":0.005802778527140617,"GD_Z":0.002213752595707774,"AD_X":-0.003353402018547058,"AD_Y":-1.2565357610583305E-4,"AD_Z":-0.17071914672851562,"TempDsp":0,"Status":0,"CalibState":1,"SigAmpInvalid":0}},-1979710460
05-27 18:58:51.442   536   536 D commservice260303: send2Cluster len:316, 7B22636F6D6D616E64223A7B226964223A22696D755F737461747573222C22737562223A22227D2C22636F6E74656E74223A7B2254696D655374616D70223A31312C224672616D65436F756E746572223A3236373530342C2247445F58223A2D302E30313232313732353135383339333338332C2247445F59223A302E3030353830323737383532373134303631372C2247445F5A223A302E3030323231333735323539353730373737342C2241445F58223A2D302E3030333335333430323031383534373035382C2241445F59223A2D312E32353635333537363130353833333035452D342C2241445F5A223A2D302E31373037313931343637323835313536322C2254656D70447370223A302C22537461747573223A302C2243616C69625374617465223A312C22536967416D70496E76616C6964223A307D7D, 138 
05-27 18:58:51.442   536   536 D commservice260303: Push Message into SendPool fn=-413793280
05-27 18:58:51.442   536   536 D commservice260303: ComProtocolLibSend2Cluster::send2ClusterRaw fn=-413793280 , len=332
05-27 18:58:51.443   536   536 D commservice260303: sendCmdToPort :332!!!
05-27 18:58:51.443   536   536 D commservice260303: send Cmd To Port ++++5AA501488A01000456E76A16CE6B7B22636F6D6D616E64223A7B226964223A22696D755F737461747573222C22737562223A22227D2C22636F6E74656E74223A7B2254696D655374616D70223A31312C224672616D65436F756E746572223A3236373530342C2247445F58223A2D302E30313232313732353135383339333338332C2247445F59223A302E3030353830323737383532373134303631372C2247445F5A223A302E3030323231333735323539353730373737342C2241445F58223A2D302E3030333335333430323031383534373035382C2241445F59223A2D312E32353635333537363130353833333035452D342C2241445F5A223A2D302E31373037313931343637323835313536322C2254656D70447370223A302C22537461747573223A302C2243616C69625374617465223A312C22536967416D70496E76616C6964223A307D7D3DDA
05-27 18:58:51.443   536   536 D commservice260303: bufferevent_write retrun value = 0
05-27 18:58:51.443   536   560 D commservice260303: client datas send succeed,send finish
05-27 18:58:51.443 13911 14192 D Sentinelmode_1.2.5.17_sentry: <SentryImuClusterFgeSender>imu_status sent to Linux, frame=267504, tsNs=11398663, tsMs=11, intervalMs=39, ad=(-0.003353402,-1.2565358E-4,-0.17071915), gd=(-0.012217252,0.0058027785,0.0022137526)
05-27 18:58:51.444   299 30841 D EvsDriver: forwardFrame
05-27 18:58:51.445   566 11459 I gps_hdbd: Received: '$GNINS,1,1,TYPE,I,V,011442.000,19993000,FUS,-16,0,0,0,MOT,V,1,PATT,0.00,0.00,0.00,VEL,0.000,0.000,0.000,POS,40.0001330924,116.0001570688,84.176,IIA,1,0.00,0.00,0.00,BGA,0.31,-0.66,-0.13,0.000,0.000,0.000,IGA,0,-1,0,0,-2,98,VG,16c2ff1*2E
'
05-27 18:58:51.445   299 30841 D EvsDriver: Delivered 0xb400007b7ca56a60 as id 0
05-27 18:58:51.445  1167  1479 D evsmanagerd: /dev/video4 forwarded the buffer #0 to 0xb4000074bf5f6850 from 0xb4000074bf5f41d0
05-27 18:58:51.449   299  1153 D EvsDriver: doneWithFrame
05-27 18:58:51.451   566 11459 I gps_hdbd: Received: '$GNINS,CARSPEED,ADR_STATUS,0,Pulse_count,0,1,0,0,19993000,113780,0.000,0.000,0.000*01
'
05-27 18:58:51.451   299 30844 D EvsDriver: forwardFrame
05-27 18:58:51.454   481   598 I mcuc    : rev,n=1,6AA6827DAE0002090147
05-27 18:58:51.454   299 30844 D EvsDriver: Delivered 0xb400007b7ca56900 as id 0
05-27 18:58:51.454  1167  1479 D evsmanagerd: /dev/video6 forwarded the buffer #0 to 0xb4000074bf5f5510 from 0xb4000074bf5f6d90
05-27 18:58:51.456   581   581 I SpiService: fgesysctrl_getGPIO_status success val=1
05-27 08:50:00.420   581   581 D spi_rst_gpio_get_output: GPIO 145 value: 1
05-27 08:50:00.420   581   581 D spidev_ioctl: gpio status=1)
05-27 18:58:51.456 13911 14183 I SentryImuMcuAngleSender: 179.99649rollDeg
05-27 18:58:51.457 13911 14183 I SentryImuMcuAngleSender: 1,0,0
05-27 18:58:51.457   566 11459 I gps_hdbd: Received: '$GNTXT,04,01,04,INS,V,1,,,,FLG,1,000000,1,0,1,0,0,Con,0*71
'
05-27 18:58:51.457   299  1153 D EvsDriver: doneWithFrame
05-27 18:58:51.461   581   581 I SpiService: fgesysctrl_getGPIO_status success val=1
05-27 18:58:51.462   566 11459 I gps_hdbd: Received: '$GNTXT,INSTALL,0.00,0.00,0.00,0.00,0.00,0.00,0*20
'
05-27 18:58:51.462   572   622 I Sensors : 230 GyroSensor: x:-0.011988,y:0.005268,z:0.001679
05-27 18:58:51.464  1008 30856 D [OMXB]  : usingANWBuffer: handle:0xee742ab0, format:1, w:1920, h:1080
05-27 08:50:00.426   581   581 D spi_rst_gpio_get_output: GPIO 145 value: 1
05-27 08:50:00.426   581   581 D spidev_ioctl: gpio status=1)
05-27 18:58:51.467   581   581 I SpiService: fgesysctrl_getGPIO_status success val=1
05-27 08:50:00.432   581   581 D spi_rst_gpio_get_output: GPIO 145 value: 1
05-27 08:50:00.432   581   581 D spidev_ioctl: gpio status=1)
05-27 18:58:51.472   581   581 I SpiService: fgesysctrl_getGPIO_status success val=1
05-27 08:50:00.437   581   581 D spi_rst_gpio_get_output: GPIO 145 value: 1
05-27 08:50:00.437   581   581 D spidev_ioctl: gpio status=1)
05-27 18:58:51.476 13911 14183 I SentryImuMcuAngleSender: 179.986rollDeg
05-27 18:58:51.476 13911 14183 I SentryImuMcuAngleSender: 1,0,0
05-27 18:58:51.478   299 30844 D EvsDriver: forwardFrame
05-27 18:58:51.478   581   581 I SpiService: fgesysctrl_getGPIO_status success val=0
05-27 18:58:51.479   299 30844 D EvsDriver: Delivered 0xb400007b7ca56900 as id 0
05-27 18:58:51.479   299 30841 D EvsDriver: forwardFrame
05-27 18:58:51.479  1167  1479 D evsmanagerd: /dev/video6 forwarded the buffer #0 to 0xb4000074bf5f5510 from 0xb4000074bf5f6d90
05-27 18:58:51.480   299 30841 D EvsDriver: Delivered 0xb400007b7ca56a60 as id 0
05-27 18:58:51.480  1167  1479 D evsmanagerd: /dev/video4 forwarded the buffer #0 to 0xb4000074bf5f6850 from 0xb4000074bf5f41d0
05-27 08:50:00.443   581   581 D spi_rst_gpio_get_output: GPIO 145 value: 0
05-27 08:50:00.443   581   581 D spidev_ioctl: gpio status=0)
05-27 18:58:51.482  1008 30857 D [OMXB]  : usingANWBuffer: handle:0xee744630, format:1, w:1920, h:1080
05-27 18:58:51.483   536   536 D commservice260303: msg.id = 1028,0
05-27 18:58:51.484   536   536 D commservice260303: i = 170, msgid = 8A000404
05-27 18:58:51.484   536   536 D commservice260303: msgid = -1979710460,did=138
05-27 18:58:51.484   536   536 D commservice260303: CommProtocolLibCmdBaseI2C::dataproc {"command":{"id":"imu_status","sub":""},"content":{"TimeStamp":11,"FrameCounter":267505,"GD_X":-0.011223767884075642,"GD_Y":0.005268065724521875,"GD_Z":0.002213752595707774,"AD_X":-0.0021366477012634277,"AD_Y":0.001692086225375533,"AD_Z":-0.17315959930419922,"TempDsp":0,"Status":0,"CalibState":1,"SigAmpInvalid":0}},-1979710460
05-27 18:58:51.484   299  1153 D EvsDriver: doneWithFrame
05-27 18:58:51.484   536   536 D commservice260303: send2Cluster len:316, 7B22636F6D6D616E64223A7B226964223A22696D755F737461747573222C22737562223A22227D2C22636F6E74656E74223A7B2254696D655374616D70223A31312C224672616D65436F756E746572223A3236373530352C2247445F58223A2D302E3031313232333736373838343037353634322C2247445F59223A302E3030353236383036353732343532313837352C2247445F5A223A302E3030323231333735323539353730373737342C2241445F58223A2D302E303032313336363437373031323633343237372C2241445F59223A302E3030313639323038363232353337353533332C2241445F5A223A2D302E31373331353935393933303431393932322C2254656D70447370223A302C22537461747573223A302C2243616C69625374617465223A312C22536967416D70496E76616C6964223A307D7D, 138 
05-27 18:58:51.484   536   536 D commservice260303: Push Message into SendPool fn=-397016064
05-27 18:58:51.484   536   536 D commservice260303: ComProtocolLibSend2Cluster::send2ClusterRaw fn=-397016064 , len=332
05-27 18:58:51.484   536   536 D commservice260303: sendCmdToPort :332!!!
05-27 18:58:51.485   536   536 D commservice260303: send Cmd To Port ++++5AA501488A01000456E86A16CE6B7B22636F6D6D616E64223A7B226964223A22696D755F737461747573222C22737562223A22227D2C22636F6E74656E74223A7B2254696D655374616D70223A31312C224672616D65436F756E746572223A3236373530352C2247445F58223A2D302E3031313232333736373838343037353634322C2247445F59223A302E3030353236383036353732343532313837352C2247445F5A223A302E3030323231333735323539353730373737342C2241445F58223A2D302E303032313336363437373031323633343237372C2241445F59223A302E3030313639323038363232353337353533332C2241445F5A223A2D302E31373331353935393933303431393932322C2254656D70447370223A302C22537461747573223A302C2243616C69625374617465223A312C22536967416D70496E76616C6964223A307D7D6233
05-27 18:58:51.485   536   536 D commservice260303: bufferevent_write retrun value = 0
05-27 18:58:51.485   536   560 D commservice260303: client datas send succeed,send finish
05-27 18:58:51.487 13911 14192 D Sentinelmode_1.2.5.17_sentry: <SentryImuClusterFgeSender>imu_status sent to Linux, frame=267505, tsNs=11398730, tsMs=11, intervalMs=43, ad=(-0.0021366477,0.0016920862,-0.1731596), gd=(-0.011223768,0.0052680657,0.0022137526)
05-27 18:58:51.488   299  1153 D EvsDriver: doneWithFrame
05-27 08:50:00.461   581   581 D spi_rst_gpio_get_output: GPIO 145 value: 1
05-27 08:50:00.461   581   581 D spidev_ioctl: gpio status=1)
05-27 18:58:51.496 13911 14183 I SentryImuMcuAngleSender: 179.986rollDeg
05-27 18:58:51.496 13911 14183 I SentryImuMcuAngleSender: 1,0,0
05-27 18:58:51.497   581   581 I SpiService: fgesysctrl_getGPIO_status success val=1
05-27 18:58:51.501  1008 30856 D [OMXB]  : usingANWBuffer: handle:0xee7407a0, format:1, w:1920, h:1080
05-27 18:58:51.503   581   581 I SpiService: fgesysctrl_getGPIO_status success val=1
05-27 08:50:00.467   581   581 D spi_rst_gpio_get_output: GPIO 145 value: 1
05-27 08:50:00.467   581   581 D spidev_ioctl: gpio status=1)
05-27 18:58:51.508   581   581 I SpiService: fgesysctrl_getGPIO_status success val=1
05-27 08:50:00.473   581   581 D spi_rst_gpio_get_output: GPIO 145 value: 1
05-27 08:50:00.473   581   581 D spidev_ioctl: gpio status=1)
05-27 18:58:51.513   299 30844 D EvsDriver: forwardFrame
05-27 18:58:51.514   581   581 I SpiService: fgesysctrl_getGPIO_status success val=1
05-27 18:58:51.515   299 30844 D EvsDriver: Delivered 0xb400007b7ca56900 as id 0
05-27 18:58:51.515  1167  1479 D evsmanagerd: /dev/video6 forwarded the buffer #0 to 0xb4000074bf5f5510 from 0xb4000074bf5f6d90
05-27 18:58:51.517 13911 14183 I SentryImuMcuAngleSender: -179.986rollDeg
05-27 18:58:51.517 13911 14183 I SentryImuMcuAngleSender: 1,0,0
05-27 08:50:00.479   581   581 D spi_rst_gpio_get_output: GPIO 145 value: 1
05-27 08:50:00.479   581   581 D spidev_ioctl: gpio status=1)
05-27 18:58:51.518   299 30841 D EvsDriver: forwardFrame
05-27 18:58:51.518  1008 30857 D [OMXB]  : usingANWBuffer: handle:0xee742ed0, format:1, w:1920, h:1080
05-27 18:58:51.520   299  1153 D EvsDriver: doneWithFrame
05-27 18:58:51.520   581   581 I SpiService: fgesysctrl_getGPIO_status success val=0
05-27 08:50:00.485   581   581 D spi_rst_gpio_get_output: GPIO 145 value: 0
05-27 08:50:00.485   581   581 D spidev_ioctl: gpio status=0)
05-27 18:58:51.522   299 30841 D EvsDriver: Delivered 0xb400007b7ca56a60 as id 0
05-27 18:58:51.522  1167  1479 D evsmanagerd: /dev/video4 forwarded the buffer #0 to 0xb4000074bf5f6850 from 0xb4000074bf5f41d0
05-27 18:58:51.523   536   536 D commservice260303: msg.id = 1028,1
05-27 18:58:51.523   536   536 D commservice260303: i = 170, msgid = 8A000404
05-27 18:58:51.523   536   536 D commservice260303: msgid = -1979710460,did=138
05-27 18:58:51.523   536   536 D commservice260303: CommProtocolLibCmdBaseI2C::dataproc {"command":{"id":"imu_status","sub":""},"content":{"TimeStamp":11,"FrameCounter":267506,"GD_X":-0.010766036808490753,"GD_Y":0.005039200186729431,"GD_Z":0.002900869119912386,"AD_X":-0.0021418482065200806,"AD_Y":-0.0031748884357511997,"AD_Z":-0.17255115509033203,"TempDsp":0,"Status":0,"CalibState":1,"SigAmpInvalid":0}},-1979710460
05-27 18:58:51.523   536   536 D commservice260303: send2Cluster len:318, 7B22636F6D6D616E64223A7B226964223A22696D755F737461747573222C22737562223A22227D2C22636F6E74656E74223A7B2254696D655374616D70223A31312C224672616D65436F756E746572223A3236373530362C2247445F58223A2D302E3031303736363033363830383439303735332C2247445F59223A302E3030353033393230303138363732393433312C2247445F5A223A302E3030323930303836393131393931323338362C2241445F58223A2D302E303032313431383438323036353230303830362C2241445F59223A2D302E303033313734383838343335373531313939372C2241445F5A223A2D302E31373235353131353530393033333230332C2254656D70447370223A302C22537461747573223A302C2243616C69625374617465223A312C22536967416D70496E76616C6964223A307D7D, 138 
05-27 18:58:51.523   536   536 D commservice260303: Push Message into SendPool fn=-380238848
05-27 18:58:51.523   536   536 D commservice260303: ComProtocolLibSend2Cluster::send2ClusterRaw fn=-380238848 , len=334
05-27 18:58:51.523   536   536 D commservice260303: sendCmdToPort :334!!!
05-27 18:58:51.523   536   536 D commservice260303: send Cmd To Port ++++5AA5014A8A01000456E96A16CE6B7B22636F6D6D616E64223A7B226964223A22696D755F737461747573222C22737562223A22227D2C22636F6E74656E74223A7B2254696D655374616D70223A31312C224672616D65436F756E746572223A3236373530362C2247445F58223A2D302E3031303736363033363830383439303735332C2247445F59223A302E3030353033393230303138363732393433312C2247445F5A223A302E3030323930303836393131393931323338362C2241445F58223A2D302E303032313431383438323036353230303830362C2241445F59223A2D302E303033313734383838343335373531313939372C2241445F5A223A2D302E31373235353131353530393033333230332C2254656D70447370223A302C22537461747573223A302C2243616C69625374617465223A312C22536967416D70496E76616C6964223A307D7D80D3
05-27 18:58:51.523   536   536 D commservice260303: bufferevent_write retrun value = 0
05-27 18:58:51.523   536   560 D commservice260303: client datas send succeed,send finish
05-27 18:58:51.525 13911 14192 D Sentinelmode_1.2.5.17_sentry: <SentryImuClusterFgeSender>imu_status sent to Linux, frame=267506, tsNs=11398765, tsMs=11, intervalMs=38, ad=(-0.0021418482,-0.0031748884,-0.17255116), gd=(-0.010766037,0.0050392,0.0029008691)
05-27 18:58:51.529   299  1153 D EvsDriver: doneWithFrame
05-27 18:58:51.535   581   581 I SpiService: fgesysctrl_getGPIO_status success val=1
05-27 18:58:51.535   572   572 I Sensors : 230 AccelSensor: x:-0.172019,y:-0.001829,z:-9.977160
05-27 08:50:00.493     0     0 W         : c6 [    C6] Irq_monitor:Irq                                           IPI[1]occur        7769 times interval 1028 ms
05-27 08:50:00.499   581   581 D spi_rst_gpio_get_output: GPIO 145 value: 1
05-27 08:50:00.499   581   581 D spidev_ioctl: gpio status=1)
05-27 18:58:51.536   283   307 I rvcservice: t.code = 7, t.value = 11398663
05-27 18:58:51.538  1008 30856 D [OMXB]  : usingANWBuffer: handle:0xee7439d0, format:1, w:1920, h:1080
05-27 18:58:51.538 13911 14183 I SentryImuMcuAngleSender: -179.98949rollDeg
05-27 18:58:51.538 13911 14183 I SentryImuMcuAngleSender: 1,0,0
05-27 18:58:51.540   581   581 I SpiService: fgesysctrl_getGPIO_status success val=1
05-27 08:50:00.505   581   581 D spi_rst_gpio_get_output: GPIO 145 value: 1
05-27 08:50:00.505   581   581 D spidev_ioctl: gpio status=1)
05-27 18:58:51.546   581   581 I SpiService: fgesysctrl_getGPIO_status success val=1
05-27 18:58:51.547   299 30841 D EvsDriver: forwardFrame
05-27 18:58:51.549   299 30841 D EvsDriver: Delivered 0xb400007b7ca56a60 as id 0
05-27 08:50:00.511   581   581 D spi_rst_gpio_get_output: GPIO 145 value: 1
05-27 08:50:00.511   581   581 D spidev_ioctl: gpio status=1)
05-27 18:58:51.549  1167  1479 D evsmanagerd: /dev/video4 forwarded the buffer #0 to 0xb4000074bf5f6850 from 0xb4000074bf5f41d0
05-27 18:58:51.549   299 30844 D EvsDriver: forwardFrame
05-27 18:58:51.552   581   581 I SpiService: fgesysctrl_getGPIO_status success val=1
05-27 18:58:51.553   299 30844 D EvsDriver: Delivered 0xb400007b7ca56900 as id 0
05-27 18:58:51.553  1167  1184 D evsmanagerd: /dev/video6 forwarded the buffer #0 to 0xb4000074bf5f5510 from 0xb4000074bf5f6d90
05-27 08:50:00.517   581   581 D spi_rst_gpio_get_output: GPIO 145 value: 1
05-27 18:58:51.553   299  1153 D EvsDriver: doneWithFrame
05-27 08:50:00.517   581   581 D spidev_ioctl: gpio status=1)
05-27 18:58:51.557   299  1153 D EvsDriver: doneWithFrame
05-27 18:58:51.558   581   581 I SpiService: fgesysctrl_getGPIO_status success val=1
05-27 18:58:51.558 13911 14183 I SentryImuMcuAngleSender: 180.0rollDeg
05-27 18:58:51.558 13911 14183 I SentryImuMcuAngleSender: 1,0,0
05-27 18:58:51.558   536  2579 D commservice260303: send heart beat package to Cluster
05-27 18:58:51.558   536  2579 D commservice260303: send2Cluster len:40, 7B22636F6D6D616E64223A7B226964223A22686561727462656174222C22737562223A22227D7D0A, 129 
05-27 18:58:51.558   536  2579 D commservice260303: Push Message into SendPool fn=-363461632
05-27 18:58:51.558   536  2579 D commservice260303: ComProtocolLibSend2Cluster::send2ClusterRaw fn=-363461632 , len=56
05-27 18:58:51.558   536  2579 D commservice260303: sendCmdToPort :56!!!
05-27 18:58:51.558   536  2579 D commservice260303: send Cmd To Port ++++5AA500348101000456EA6A16CE6B7B22636F6D6D616E64223A7B226964223A22686561727462656174222C22737562223A22227D7D0AD448
05-27 18:58:51.559   536  2579 D commservice260303: bufferevent_write retrun value = 0
05-27 18:58:51.559   536   560 D commservice260303: client datas send succeed,send finish
05-27 18:58:51.560   536   560 D commservice260303: recv len:91, 5AA500570100000042BA6A16CE6B7B22636F6D6D616E64223A7B226964223A22686561727462656174222C22737562223A22227D2C22726573706F6E65223A7B22636F6465223A302C226D657373616765223A226F6B227D7DBD34 from server
05-27 18:58:51.560   536  2578 D commservice260303: mcuDataAnalyzeHandle templen:91,len:91,pos:0, 5AA500570100000042BA6A16CE6B7B22636F6D6D616E64223A7B226964223A22686561727462656174222C22737562223A22227D2C22726573706F6E65223A7B22636F6465223A302C226D657373616765223A226F6B227D7DBD34 
05-27 18:58:51.560   536  2578 I commservice260303: checksumCal = 48436
05-27 18:58:51.560   536  2578 D commservice260303: Protocol_C2I_Commservice::dataproc {"command":{"id":"heartbeat","sub":""},"respone":{"code":0,"message":"ok"}},1
05-27 18:58:51.560   536  2578 D commservice260303: Protocol_C2I_Commservice::dataproc Receive a heartbeat command from Cluster, setTcpHeartbeat = EID_UID_HEARTBEAT
05-27 08:50:00.522   581   581 D spi_rst_gpio_get_output: GPIO 145 value: 1
05-27 08:50:00.522   581   581 D spidev_ioctl: gpio status=1)
05-27 18:58:51.562  1008 30857 D [OMXB]  : usingANWBuffer: handle:0xee742f80, format:1, w:1920, h:1080
05-27 18:58:51.564   581   581 I SpiService: fgesysctrl_getGPIO_status success val=0
05-27 18:58:51.564   536   536 D commservice260303: msg.id = 1028,0
05-27 18:58:51.564   536   536 D commservice260303: i = 170, msgid = 8A000404
05-27 18:58:51.564   536   536 D commservice260303: msgid = -1979710460,did=138
05-27 18:58:51.564   536   536 D commservice260303: CommProtocolLibCmdBaseI2C::dataproc {"command":{"id":"imu_status","sub":""},"content":{"TimeStamp":11,"FrameCounter":267507,"GD_X":-0.010994902811944485,"GD_Y":0.005345047451555729,"GD_Z":0.0019079053308814764,"AD_X":-0.00517939031124115,"AD_Y":-7.245063316076994E-4,"AD_Z":-0.17132949829101562,"TempDsp":0,"Status":0,"CalibState":1,"SigAmpInvalid":0}},-1979710460
05-27 18:58:51.564   536   536 D commservice260303: send2Cluster len:316, 7B22636F6D6D616E64223A7B226964223A22696D755F737461747573222C22737562223A22227D2C22636F6E74656E74223A7B2254696D655374616D70223A31312C224672616D65436F756E746572223A3236373530372C2247445F58223A2D302E3031303939343930323831313934343438352C2247445F59223A302E3030353334353034373435313535353732392C2247445F5A223A302E303031393037393035333330383831343736342C2241445F58223A2D302E30303531373933393033313132343131352C2241445F59223A2D372E323435303633333136303736393934452D342C2241445F5A223A2D302E31373133323934393832393130313536322C2254656D70447370223A302C22537461747573223A302C2243616C69625374617465223A312C22536967416D70496E76616C6964223A307D7D, 138 
05-27 18:58:51.564   536   536 D commservice260303: Push Message into SendPool fn=-346684416
05-27 18:58:51.564   536   536 D commservice260303: ComProtocolLibSend2Cluster::send2ClusterRaw fn=-346684416 , len=332
05-27 18:58:51.564   536   536 D commservice260303: sendCmdToPort :332!!!
05-27 18:58:51.564   536   536 D commservice260303: send Cmd To Port ++++5AA501488A01000456EB6A16CE6B7B22636F6D6D616E64223A7B226964223A22696D755F737461747573222C22737562223A22227D2C22636F6E74656E74223A7B2254696D655374616D70223A31312C224672616D65436F756E746572223A3236373530372C2247445F58223A2D302E3031303939343930323831313934343438352C2247445F59223A302E3030353334353034373435313535353732392C2247445F5A223A302E303031393037393035333330383831343736342C2241445F58223A2D302E30303531373933393033313132343131352C2241445F59223A2D372E323435303633333136303736393934452D342C2241445F5A223A2D302E31373133323934393832393130313536322C2254656D70447370223A302C22537461747573223A302C2243616C69625374617465223A312C22536967416D70496E76616C6964223A307D7D741B
05-27 18:58:51.564 30773 30786 I dvr_service_: CameraX 0  audioOK: 40898779,audios:640
05-27 18:58:51.564   536   536 D commservice260303: bufferevent_write retrun value = 0
05-27 18:58:51.565   536   560 D commservice260303: client datas send succeed,send finish
05-27 08:50:00.528   581   581 D spi_rst_gpio_get_output: GPIO 145 value: 0
05-27 08:50:00.528   581   581 D spidev_ioctl: gpio status=0)
05-27 18:58:51.565 13911 14192 D Sentinelmode_1.2.5.17_sentry: <SentryImuClusterFgeSender>imu_status sent to Linux, frame=267507, tsNs=11398803, tsMs=11, intervalMs=41, ad=(-0.0051793903,-7.2450633E-4,-0.1713295), gd=(-0.010994903,0.0053450475,0.0019079053)
05-27 18:58:51.575   481   598 I mcuc    : rev,n=1,6AA681E595001B8900D80600030E303132333435363738394142434445464700000089
05-27 18:58:51.575   351   373 D automotive.vehicle@2.0-adayo-datacomm-mcu: MCUDatacomm sendMessageFromVehicle prop: 0x89, areaId: 0x0, status: 0xd8, timestamp: 0x6
05-27 18:58:51.575   351   373 D automotive.vehicle@2.0-adayo-datacomm-mcu: MCUDatacomm 1sendMessageFromVehicle ---> type = 3 
05-27 18:58:51.575   351   373 D automotive.vehicle@2.0-adayo-func-bcm: sendMessageFromVehicle sendMessageFromVehicle
05-27 18:58:51.575   351   516 D automotive.vehicle@2.0-adayo-func-bcm: jjfan1 ______procotolSize :1
05-27 18:58:51.575   351   516 D automotive.vehicle@2.0-adayo-func-bcm: BCMFunc sendMessageFromVehicle_l dataType: 13,mByte=7,propid=0x2110001a
05-27 18:58:51.575   351   516 D automotive.vehicle@2.0-adayo-func-bcm: BCMFunc VEHICLE_VIN_CODE111 0x2110001a 
05-27 18:58:51.575   351   516 E automotive.vehicle@2.0-adayo-func-bcm: byteArrayToASCIIString, index 7 hex: 30, ascii: 0
05-27 18:58:51.575   351   516 E automotive.vehicle@2.0-adayo-func-bcm: byteArrayToASCIIString, index 8 hex: 31, ascii: 01
05-27 18:58:51.575   351   516 E automotive.vehicle@2.0-adayo-func-bcm: byteArrayToASCIIString, index 9 hex: 32, ascii: 012
05-27 18:58:51.575   351   516 E automotive.vehicle@2.0-adayo-func-bcm: byteArrayToASCIIString, index 10 hex: 33, ascii: 0123
05-27 18:58:51.575   351   516 E automotive.vehicle@2.0-adayo-func-bcm: byteArrayToASCIIString, index 11 hex: 34, ascii: 01234
05-27 18:58:51.575   351   516 E automotive.vehicle@2.0-adayo-func-bcm: byteArrayToASCIIString, index 12 hex: 35, ascii: 012345
05-27 18:58:51.576   351   516 E automotive.vehicle@2.0-adayo-func-bcm: byteArrayToASCIIString, index 13 hex: 36, ascii: 0123456
05-27 18:58:51.576   351   516 E automotive.vehicle@2.0-adayo-func-bcm: byteArrayToASCIIString, index 14 hex: 37, ascii: 01234567
05-27 18:58:51.576   351   516 E automotive.vehicle@2.0-adayo-func-bcm: byteArrayToASCIIString, index 15 hex: 38, ascii: 012345678
05-27 18:58:51.576   351   516 E automotive.vehicle@2.0-adayo-func-bcm: byteArrayToASCIIString, index 16 hex: 39, ascii: 0123456789
05-27 18:58:51.576   351   516 E automotive.vehicle@2.0-adayo-func-bcm: byteArrayToASCIIString, index 17 hex: 41, ascii: 0123456789A
05-27 18:58:51.576   351   516 E automotive.vehicle@2.0-adayo-func-bcm: byteArrayToASCIIString, index 18 hex: 42, ascii: 0123456789AB
05-27 18:58:51.576   351   516 E automotive.vehicle@2.0-adayo-func-bcm: byteArrayToASCIIString, index 19 hex: 43, ascii: 0123456789ABC
05-27 18:58:51.576   351   516 E automotive.vehicle@2.0-adayo-func-bcm: byteArrayToASCIIString, index 20 hex: 44, ascii: 0123456789ABCD
05-27 18:58:51.576   351   516 E automotive.vehicle@2.0-adayo-func-bcm: byteArrayToASCIIString, index 21 hex: 45, ascii: 0123456789ABCDE
05-27 18:58:51.576   351   516 E automotive.vehicle@2.0-adayo-func-bcm: byteArrayToASCIIString, index 22 hex: 46, ascii: 0123456789ABCDEF
05-27 18:58:51.576   351   516 E automotive.vehicle@2.0-adayo-func-bcm: byteArrayToASCIIString, index 23 hex: 47, ascii: 0123456789ABCDEFG
05-27 18:58:51.576   351   516 D automotive.vehicle@2.0-adayo-func-bcm: BCMFunc VEHICLE_VIN_CODE222 0x2110001a ,value:0123456789ABCDEFG
05-27 18:58:51.576   351   516 D automotive.vehicle@2.0-adayo-func-bcm: BCMFunc sendMessageFromVehicle_l id:554696730, area:0 not report! 
05-27 18:58:51.577  1008 30856 D [OMXB]  : usingANWBuffer: handle:0xee744790, format:1, w:1920, h:1080
05-27 18:58:51.578   581   581 I SpiService: fgesysctrl_getGPIO_status success val=1
05-27 18:58:51.578   299 30841 D EvsDriver: forwardFrame
05-27 18:58:51.578 13911 14183 I SentryImuMcuAngleSender: 179.993rollDeg
05-27 18:58:51.578 13911 14183 I SentryImuMcuAngleSender: 1,0,0
05-27 18:58:51.579   299 30841 D EvsDriver: Delivered 0xb400007b7ca56a60 as id 0
05-27 18:58:51.580  1167  1184 D evsmanagerd: /dev/video4 forwarded the buffer #0 to 0xb4000074bf5f6850 from 0xb4000074bf5f41d0
05-27 18:58:51.580 30773 30783 E dvr_service_: [myNum:0] Received S**** loss
05-27 18:58:51.580   299  1153 D EvsDriver: doneWithFrame
05-27 08:50:00.542   581   581 D spi_rst_gpio_get_output: GPIO 145 value: 1
05-27 08:50:00.542   581   581 D spidev_ioctl: gpio status=1)
05-27 18:58:51.584   581   581 I SpiService: fgesysctrl_getGPIO_status success val=1
05-27 08:50:00.548   581   581 D spi_rst_gpio_get_output: GPIO 145 value: 1
05-27 08:50:00.548   581   581 D spidev_ioctl: gpio status=1)
05-27 18:58:51.585   299 30844 D EvsDriver: forwardFrame
05-27 18:58:51.586   299 30844 D EvsDriver: Delivered 0xb400007b7ca56900 as id 0
05-27 18:58:51.586  1167  1184 D evsmanagerd: /dev/video6 forwarded the buffer #0 to 0xb4000074bf5f5510 from 0xb4000074bf5f6d90
05-27 18:58:51.587 30773 30783 E dvr_service_: [myNum:1] Received S**** loss
05-27 18:58:51.587   299  1153 D EvsDriver: doneWithFrame
05-27 18:58:51.589   581   581 I SpiService: fgesysctrl_getGPIO_status success val=1
05-27 08:50:00.554   581   581 D spi_rst_gpio_get_output: GPIO 145 value: 1
05-27 08:50:00.554   581   581 D spidev_ioctl: gpio status=1)
05-27 18:58:51.594   581   581 I SpiService: fgesysctrl_getGPIO_status success val=1
05-27 08:50:00.559   581   581 D spi_rst_gpio_get_output: GPIO 145 value: 1
05-27 08:50:00.559   581   581 D spidev_ioctl: gpio status=1)
05-27 18:58:51.598 13911 14183 I SentryImuMcuAngleSender: 180.0rollDeg
05-27 18:58:51.598 13911 14183 I SentryImuMcuAngleSender: 1,0,0
05-27 18:58:51.600   581   581 I SpiService: fgesysctrl_getGPIO_status success val=1
05-27 08:50:00.564   581   581 D spi_rst_gpio_get_output: GPIO 145 value: 1
05-27 08:50:00.564   581   581 D spidev_ioctl: gpio status=1)
05-27 18:58:51.603   536   536 D commservice260303: msg.id = 1028,0
05-27 18:58:51.603   536   536 D commservice260303: i = 170, msgid = 8A000404
05-27 18:58:51.603   536   536 D commservice260303: msgid = -1979710460,did=138
05-27 18:58:51.603   536   536 D commservice260303: CommProtocolLibCmdBaseI2C::dataproc {"command":{"id":"imu_status","sub":""},"content":{"TimeStamp":11,"FrameCounter":267508,"GD_X":-0.011682018637657166,"GD_Y":0.004656890872865915,"GD_Z":0.0021378109231591225,"AD_X":-0.004557684063911438,"AD_Y":-7.237009704113007E-4,"AD_Z":-0.17315959930419922,"TempDsp":0,"Status":0,"CalibState":1,"SigAmpInvalid":0}},-1979710460
05-27 18:58:51.603   536   536 D commservice260303: send2Cluster len:317, 7B22636F6D6D616E64223A7B226964223A22696D755F737461747573222C22737562223A22227D2C22636F6E74656E74223A7B2254696D655374616D70223A31312C224672616D65436F756E746572223A3236373530382C2247445F58223A2D302E3031313638323031383633373635373136362C2247445F59223A302E3030343635363839303837323836353931352C2247445F5A223A302E303032313337383130393233313539313232352C2241445F58223A2D302E3030343535373638343036333931313433382C2241445F59223A2D372E323337303039373034313133303037452D342C2241445F5A223A2D302E31373331353935393933303431393932322C2254656D70447370223A302C22537461747573223A302C2243616C69625374617465223A312C22536967416D70496E76616C6964223A307D7D, 138 
05-27 18:58:51.603   536   536 D commservice260303: Push Message into SendPool fn=-329907200
05-27 18:58:51.604   536   536 D commservice260303: ComProtocolLibSend2Cluster::send2ClusterRaw fn=-329907200 , len=333
05-27 18:58:51.604   536   536 D commservice260303: sendCmdToPort :333!!!
05-27 18:58:51.604   536   536 D commservice260303: send Cmd To Port ++++5AA501498A01000456EC6A16CE6B7B22636F6D6D616E64223A7B226964223A22696D755F737461747573222C22737562223A22227D2C22636F6E74656E74223A7B2254696D655374616D70223A31312C224672616D65436F756E746572223A3236373530382C2247445F58223A2D302E3031313638323031383633373635373136362C2247445F59223A302E3030343635363839303837323836353931352C2247445F5A223A302E303032313337383130393233313539313232352C2241445F58223A2D302E3030343535373638343036333931313433382C2241445F59223A2D372E323337303039373034313133303037452D342C2241445F5A223A2D302E31373331353935393933303431393932322C2254656D70447370223A302C22537461747573223A302C2243616C69625374617465223A312C22536967416D70496E76616C6964223A307D7D0256
05-27 18:58:51.604   536   536 D commservice260303: bufferevent_write retrun value = 0
05-27 18:58:51.604   536   560 D commservice260303: client datas send succeed,send finish
05-27 18:58:51.604 13911 14192 D Sentinelmode_1.2.5.17_sentry: <SentryImuClusterFgeSender>imu_status sent to Linux, frame=267508, tsNs=11398837, tsMs=11, intervalMs=39, ad=(-0.004557684,-7.2370097E-4,-0.1731596), gd=(-0.011682019,0.004656891,0.002137811)
05-27 18:58:51.605   581   581 I SpiService: fgesysctrl_getGPIO_status success val=0
05-27 18:58:51.605   481   597 I mcuc    : send SPI:6AA602E59500028900F9
05-27 08:50:00.570   581   581 D spi_rst_gpio_get_output: GPIO 145 value: 0
05-27 08:50:00.570   581   581 D spidev_ioctl: gpio status=0)
05-27 18:58:51.611  1008 30857 D [OMXB]  : usingANWBuffer: handle:0xee740590, format:1, w:1920, h:1080
05-27 18:58:51.614   299 30841 D EvsDriver: forwardFrame
05-27 18:58:51.615   299 30841 D EvsDriver: Delivered 0xb400007b7ca56a60 as id 0
05-27 18:58:51.615  1167  1184 D evsmanagerd: /dev/video4 forwarded the buffer #0 to 0xb4000074bf5f6850 from 0xb4000074bf5f41d0
05-27 18:58:51.617   299  1153 D EvsDriver: doneWithFrame
05-27 18:58:51.618 13911 14183 I SentryImuMcuAngleSender: -179.99649rollDeg
05-27 18:58:51.618 13911 14183 I SentryImuMcuAngleSender: 1,0,0
05-27 18:58:51.619   299 30844 D EvsDriver: forwardFrame
05-27 18:58:51.620   581   581 I SpiService: fgesysctrl_getGPIO_status success val=1
05-27 18:58:51.620  1008 30856 D [OMXB]  : usingANWBuffer: handle:0xee743190, format:1, w:1920, h:1080
05-27 18:58:51.620   299 30844 D EvsDriver: Delivered 0xb400007b7ca56900 as id 0
05-27 18:58:51.620  1167  1184 D evsmanagerd: /dev/video6 forwarded the buffer #0 to 0xb4000074bf5f5510 from 0xb4000074bf5f6d90
05-27 08:50:00.584   581   581 D spi_rst_gpio_get_output: GPIO 145 value: 1
05-27 08:50:00.584   581   581 D spidev_ioctl: gpio status=1)
05-27 18:58:51.622   572   572 I Sensors : 230 GyroSensor: x:-0.011911,y:0.003817,z:0.001985
05-27 18:58:51.623   299  1153 D EvsDriver: doneWithFrame
05-27 18:58:51.625   581   581 I SpiService: fgesysctrl_getGPIO_status success val=1
05-27 18:58:51.626 30773 30786 I dvr_service_: CameraX 1  audioOK: 40898779,audios:640
05-27 08:50:00.590   581   581 D spi_rst_gpio_get_output: GPIO 145 value: 1
05-27 08:50:00.590   581   581 D spidev_ioctl: gpio status=1)
05-27 18:58:51.631   581   581 I SpiService: fgesysctrl_getGPIO_status success val=1
05-27 08:50:00.595   581   581 D spi_rst_gpio_get_output: GPIO 145 value: 1
05-27 08:50:00.595   581   581 D spidev_ioctl: gpio status=1)
05-27 18:58:51.636   581   581 I SpiService: fgesysctrl_getGPIO_status success val=1
05-27 18:58:51.636   283   307 I rvcservice: t.code = 3, t.value = 0
05-27 08:50:00.601   581   581 D spi_rst_gpio_get_output: GPIO 145 value: 1
05-27 08:50:00.601   581   581 D spidev_ioctl: gpio status=1)
05-27 18:58:51.639 13911 14183 I SentryImuMcuAngleSender: 180.0rollDeg
05-27 18:58:51.639 13911 14183 I SentryImuMcuAngleSender: 1,0,0
05-27 18:58:51.642   581   581 I SpiService: fgesysctrl_getGPIO_status success val=0
05-27 18:58:51.644   536   536 D commservice260303: msg.id = 1028,1
05-27 18:58:51.644   536   536 D commservice260303: i = 170, msgid = 8A000404
05-27 18:58:51.644   536   536 D commservice260303: msgid = -1979710460,did=138
05-27 18:58:51.644   536   536 D commservice260303: CommProtocolLibCmdBaseI2C::dataproc {"command":{"id":"imu_status","sub":""},"content":{"TimeStamp":11,"FrameCounter":267509,"GD_X":-0.011682018637657166,"GD_Y":0.004963258747011423,"GD_Z":0.0018319635419175029,"AD_X":-0.004542440176010132,"AD_Y":-7.147674914449453E-4,"AD_Z":-0.17315959930419922,"TempDsp":0,"Status":0,"CalibState":1,"SigAmpInvalid":0}},-1979710460
05-27 18:58:51.644   536   536 D commservice260303: send2Cluster len:317, 7B22636F6D6D616E64223A7B226964223A22696D755F737461747573222C22737562223A22227D2C22636F6E74656E74223A7B2254696D655374616D70223A31312C224672616D65436F756E746572223A3236373530392C2247445F58223A2D302E3031313638323031383633373635373136362C2247445F59223A302E3030343936333235383734373031313432332C2247445F5A223A302E303031383331393633353431393137353032392C2241445F58223A2D302E3030343534323434303137363031303133322C2241445F59223A2D372E313437363734393134343439343533452D342C2241445F5A223A2D302E31373331353935393933303431393932322C2254656D70447370223A302C22537461747573223A302C2243616C69625374617465223A312C22536967416D70496E76616C6964223A307D7D, 138 
05-27 18:58:51.644   536   536 D commservice260303: Push Message into SendPool fn=-313129984
05-27 18:58:51.644   536   536 D commservice260303: ComProtocolLibSend2Cluster::send2ClusterRaw fn=-313129984 , len=333
05-27 18:58:51.644   536   536 D commservice260303: sendCmdToPort :333!!!
05-27 18:58:51.644   536   536 D commservice260303: send Cmd To Port ++++5AA501498A01000456ED6A16CE6B7B22636F6D6D616E64223A7B226964223A22696D755F737461747573222C22737562223A22227D2C22636F6E74656E74223A7B2254696D655374616D70223A31312C224672616D65436F756E746572223A3236373530392C2247445F58223A2D302E3031313638323031383633373635373136362C2247445F59223A302E3030343936333235383734373031313432332C2247445F5A223A302E303031383331393633353431393137353032392C2241445F58223A2D302E3030343534323434303137363031303133322C2241445F59223A2D372E313437363734393134343439343533452D342C2241445F5A223A2D302E31373331353935393933303431393932322C2254656D70447370223A302C22537461747573223A302C2243616C69625374617465223A312C22536967416D70496E76616C6964223A307D7D7829
05-27 18:58:51.644   536   536 D commservice260303: bufferevent_write retrun value = 0
05-27 18:58:51.644   536   560 D commservice260303: client datas send succeed,send finish
05-27 08:50:00.606   581   581 D spi_rst_gpio_get_output: GPIO 145 value: 0
05-27 08:50:00.606   581   581 D spidev_ioctl: gpio status=0)
05-27 18:58:51.644 13911 14192 D Sentinelmode_1.2.5.17_sentry: <SentryImuClusterFgeSender>imu_status sent to Linux, frame=267509, tsNs=11398890, tsMs=11, intervalMs=40, ad=(-0.00454244,-7.147675E-4,-0.1731596), gd=(-0.011682019,0.0049632587,0.0018319635)
05-27 18:58:51.646  1008 30857 D [OMXB]  : usingANWBuffer: handle:0xee745760, format:1, w:1920, h:1080
05-27 18:58:51.647   299 30844 D EvsDriver: forwardFrame
05-27 18:58:51.649   299 30841 D EvsDriver: forwardFrame
05-27 18:58:51.649 30773 30785 I dvr_service_: [EncoderHandler::runMediaThread] runMediaThread started:1,state:1, cam2:started:1,state:1, lastSwitch:1, mIsMuxerStart:1,format:0,is_str_ing:0
05-27 18:58:51.650   299 30844 D EvsDriver: Delivered 0xb400007b7ca56900 as id 0
05-27 18:58:51.650  1167  1184 D evsmanagerd: /dev/video6 forwarded the buffer #0 to 0xb4000074bf5f5510 from 0xb4000074bf5f6d90
05-27 18:58:51.651   299 30841 D EvsDriver: Delivered 0xb400007b7ca56a60 as id 0
05-27 18:58:51.651  1167  1184 D evsmanagerd: /dev/video4 forwarded the buffer #0 to 0xb4000074bf5f6850 from 0xb4000074bf5f41d0
05-27 18:58:51.654   299  1163 D EvsDriver: doneWithFrame
05-27 18:58:51.654   299  1153 D EvsDriver: doneWithFrame
05-27 18:58:51.656   581   581 I SpiService: fgesysctrl_getGPIO_status success val=1
05-27 08:50:00.621   581   581 D spi_rst_gpio_get_output: GPIO 145 value: 1
05-27 08:50:00.621   581   581 D spidev_ioctl: gpio status=1)
05-27 18:58:51.658 13911 14183 I SentryImuMcuAngleSender: 180.0rollDeg
05-27 18:58:51.658 13911 14183 I SentryImuMcuAngleSender: 1,0,0
05-27 18:58:51.662   581   581 I SpiService: fgesysctrl_getGPIO_status success val=1
05-27 18:58:51.664  1008 30856 D [OMXB]  : usingANWBuffer: handle:0xee740bc0, format:1, w:1920, h:1080
05-27 08:50:00.626   581   581 D spi_rst_gpio_get_output: GPIO 145 value: 1
05-27 08:50:00.626   581   581 D spidev_ioctl: gpio status=1)
05-27 18:58:51.667   581   581 I SpiService: fgesysctrl_getGPIO_status success val=1
05-27 08:50:00.632   581   581 D spi_rst_gpio_get_output: GPIO 145 value: 1
05-27 08:50:00.632   581   581 D spidev_ioctl: gpio status=1)
05-27 18:58:51.673   581   581 I SpiService: fgesysctrl_getGPIO_status success val=1
05-27 08:50:00.637   581   581 D spi_rst_gpio_get_output: GPIO 145 value: 1
05-27 08:50:00.637   581   581 D spidev_ioctl: gpio status=1)
05-27 18:58:51.678 13911 14183 I SentryImuMcuAngleSender: 179.9895rollDeg
05-27 18:58:51.678 13911 14183 I SentryImuMcuAngleSender: 1,0,0
05-27 18:58:51.678   581   581 I SpiService: fgesysctrl_getGPIO_status success val=1
05-27 18:58:51.678   299 30841 D EvsDriver: forwardFrame
05-27 18:58:51.679   299 30841 D EvsDriver: Delivered 0xb400007b7ca56a60 as id 0
05-27 18:58:51.680  1167  1479 D evsmanagerd: /dev/video4 forwarded the buffer #0 to 0xb4000074bf5f6850 from 0xb4000074bf5f41d0
05-27 08:50:00.643   581   581 D spi_rst_gpio_get_output: GPIO 145 value: 1
05-27 08:50:00.643   581   581 D spidev_ioctl: gpio status=1)
