05-27 18:58:42.372 13911 14183 I SentryImuMcuAngleSender: 179.993rollDeg
05-27 18:58:42.372 13911 14183 I SentryImuMcuAngleSender: 1,0,0
05-27 18:58:42.373 13911 14147 D SVR_MNG_SvrMngProxy: getNewStub: getSvrManagerService end
05-27 18:58:42.373 13911 14147 D SVR_MNG_SvrMngProxy: getServer: svrMngService doesn't start
05-27 18:58:42.373 13911 14147 D SVR_MNG_SvrMngProxy: getClientBinder: binderName = com.incall.network.NETWORK_SERVICE
05-27 18:58:42.373 13911 14147 I SVR_MNG_BaseProxy: getInterface: mInterface = null
05-27 18:58:42.373 13911 14147 I SVR_MNG_BaseProxy: isBinderActive: clientBinder is null
05-27 18:58:42.373 13911 14147 I SVR_MNG_BaseProxy: isBinderActive: clientBinder is null
05-27 18:58:42.373 13911 14147 D SVR_MNG_SvrMngProxy: getServer: mSvrManger is null
05-27 18:58:42.373 13911 14147 D SVR_MNG_SvrMngProxy: getNewStub: 
05-27 18:58:42.373 13911 14147 D SVR_MNG_SvrMngProxy: getNewStub: getSvrManagerService start
05-27 18:58:42.374 13911 14147 D SVR_MNG_SvrMngProxy: getNewStub: getSvrManagerService end
05-27 18:58:42.374 13911 14147 D SVR_MNG_SvrMngProxy: getServer: svrMngService doesn't start
05-27 18:58:42.374 13911 14147 D SVR_MNG_SvrMngProxy: getClientBinder: binderName = com.incall.network.NETWORK_SERVICE
05-27 18:58:42.374 13911 14147 I SVR_MNG_BaseProxy: getInterface: mInterface = null
05-27 18:58:42.374 13911 14147 I SVR_MNG_BaseProxy: isBinderActive: clientBinder is null
05-27 18:58:42.374 13911 14147 I PicketModeManager: getProfileDetail: ["{\"name\":\"sentryModeSwitchSts\",\"value\":2,\"timeStamp\":\"1670000000000\"}","{\"name\":\"SentryModeSensitivity\",\"value\":-1,\"timeStamp\":\"1779879522355\"}"]
05-27 18:58:42.374   581   581 I SpiService: fgesysctrl_getGPIO_status success val=1
05-27 18:58:42.374 13911 14147 D Sentinelmode_1.2.5.17_sentry: <PicketModeManager>queryGuardInfo = {access_token=null, lastSyncTimeStramp=1779879522355, profileDetail=["{\"name\":\"sentryModeSwitchSts\",\"value\":2,\"timeStamp\":\"1670000000000\"}","{\"name\":\"SentryModeSensitivity\",\"value\":-1,\"timeStamp\":\"1779879522355\"}"], sign=sign, nonce=mnWXIAWPe0}
05-27 18:58:42.374 13911 14147 I SVR_MNG_BaseProxy: isBinderActive: clientBinder is null
05-27 18:58:42.374 13549 13800 I ADAYO_LOG_: execute(CmdFunc.java:99)logcat execute command finally : [logcat -b all -c]
05-27 18:58:42.374 13911 14147 D SVR_MNG_SvrMngProxy: getServer: mSvrManger is null
05-27 18:58:42.374 13911 14147 D SVR_MNG_SvrMngProxy: getNewStub: 
05-27 18:58:42.374 13911 14147 D SVR_MNG_SvrMngProxy: getNewStub: getSvrManagerService start
05-27 18:58:42.375 13911 14147 D SVR_MNG_SvrMngProxy: getNewStub: getSvrManagerService end
05-27 18:58:42.375 13911 14147 D SVR_MNG_SvrMngProxy: getServer: svrMngService doesn't start
05-27 18:58:42.375 13911 14147 D SVR_MNG_SvrMngProxy: getClientBinder: binderName = com.incall.network.NETWORK_SERVICE
05-27 18:58:42.375 13911 14147 I SVR_MNG_BaseProxy: getInterface: mInterface = null
05-27 18:58:42.375 13911 14147 I SVR_MNG_BaseProxy: isBinderActive: clientBinder is null
05-27 18:58:42.375 13911 14147 E Sentinelmode_1.2.5.17_sentry: <PicketModeManager>updateProfileCallBack onError:2817---Remote Service Exception
05-27 18:58:42.375 13911 14147 D Sentinelmode_1.2.5.17_sentry: <PicketModeManager>consumeMsg result = 1000
05-27 18:58:42.375 13911 14147 I SVR_MNG_BaseProxy: isBinderActive: clientBinder is null
05-27 18:58:42.375 13911 14147 D SVR_MNG_SvrMngProxy: getServer: mSvrManger is null
05-27 18:58:42.375 13911 14147 D SVR_MNG_SvrMngProxy: getNewStub: 
05-27 18:58:42.375 13549 13800 I ADAYO_LOG_: execute(CmdFunc.java:117)logcatexecute command end, errorMsg: , and status: 0: 
05-27 18:58:42.375 13911 14147 D SVR_MNG_SvrMngProxy: getNewStub: getSvrManagerService start
05-27 18:58:42.375 13911 14147 D SVR_MNG_SvrMngProxy: getNewStub: getSvrManagerService end
05-27 18:58:42.375 13911 14147 D SVR_MNG_SvrMngProxy: getServer: svrMngService doesn't start
05-27 18:58:42.375 13911 14147 D SVR_MNG_SvrMngProxy: getClientBinder: binderName = com.incall.network.NETWORK_SERVICE
05-27 18:58:42.375 13911 14147 I SVR_MNG_BaseProxy: getInterface: mInterface = null
05-27 18:58:42.375 13911 14147 I SVR_MNG_BaseProxy: isBinderActive: clientBinder is null
05-27 18:58:42.375 13911 14147 I SVR_MNG_BaseProxy: isBinderActive: clientBinder is null
05-27 18:58:42.375 13911 14147 D SVR_MNG_SvrMngProxy: getServer: mSvrManger is null
05-27 18:58:42.375 13911 14147 D SVR_MNG_SvrMngProxy: getNewStub: 
05-27 18:58:42.375 13911 14147 D SVR_MNG_SvrMngProxy: getNewStub: getSvrManagerService start
05-27 18:58:42.376 13911 14147 D SVR_MNG_SvrMngProxy: getNewStub: getSvrManagerService end
05-27 18:58:42.376 13911 14147 D SVR_MNG_SvrMngProxy: getServer: svrMngService doesn't start
05-27 18:58:42.376 13911 14147 D SVR_MNG_SvrMngProxy: getClientBinder: binderName = com.incall.network.NETWORK_SERVICE
05-27 18:58:42.376 13911 14147 I SVR_MNG_BaseProxy: getInterface: mInterface = null
05-27 18:58:42.376 13911 14147 I SVR_MNG_BaseProxy: isBinderActive: clientBinder is null
05-27 18:58:42.376 13911 14147 I SVR_MNG_BaseProxy: isBinderActive: clientBinder is null
05-27 18:58:42.376 13911 14147 D SVR_MNG_SvrMngProxy: getServer: mSvrManger is null
05-27 18:58:42.376 13911 14147 D SVR_MNG_SvrMngProxy: getNewStub: 
05-27 18:58:42.376 13911 14147 D SVR_MNG_SvrMngProxy: getNewStub: getSvrManagerService start
05-27 18:58:42.376 13911 14147 D SVR_MNG_SvrMngProxy: getNewStub: getSvrManagerService end
05-27 18:58:42.376 13911 14147 D SVR_MNG_SvrMngProxy: getServer: svrMngService doesn't start
05-27 18:58:42.376 13911 14147 D SVR_MNG_SvrMngProxy: getClientBinder: binderName = com.incall.network.NETWORK_SERVICE
05-27 18:58:42.376 13911 14147 I SVR_MNG_BaseProxy: getInterface: mInterface = null
05-27 18:58:42.376 13911 14147 I SVR_MNG_BaseProxy: isBinderActive: clientBinder is null
05-27 18:58:42.376 13911 14147 E Sentinelmode_1.2.5.17_sentry: <PicketModeManager>consumeProfileCallBack onError:2817---Remote Service Exception
05-27 18:58:42.376 13911 14147 I Sentinelmode_1.2.5.17_sentry: <SentinelCarServiceManager>[SentryTrace] getBCM_Status: bodyMix unavailable, fallback=2
05-27 18:58:42.376 13911 14147 D Sentinelmode_1.2.5.17_sentry: <PicketModeManager>BCM_Status1:2
05-27 18:58:42.377 13911 14147 I Sentinelmode_1.2.5.17_sentry: <SentinelCarServiceManager>[SentryTrace] getBCM_Status: bodyMix unavailable, fallback=2
05-27 18:58:42.377 13911 14147 I DvrLog_Ser->: (DvrLocalServiceManager.java:setGardModeStatus)1979 setGardModeStatus state = 2
05-27 18:58:42.377 13911 14147 D Sentinelmode_1.2.5.17_sentry: <PicketModeManager>gardMode SettingsObserver onChange  option persist.gard.mode
05-27 18:58:42.377 13911 14147 I Sentinelmode_1.2.5.17_sentry: <PicketModeManager>[SentryTrace] mode_status=2
05-27 18:58:42.378 13911 14147 D SensorManager: unregisterListenerImpl sensor = {Sensor name="ASM330LHH 3-axis Accelerometer Sensor", vendor="STMicroelectronics", version=1, type=1, maxRange=78.4532, resolution=9.35235E-6, power=0.6, minDelay=2000}, listener = com.incall.sentinelmode.manager.PicketModeManager$2@dd928ed
05-27 18:58:42.378 13911 14147 I Sentinelmode_1.2.5.17_sentry: <TlvManager>toCloud_SentryModePerHourMile:12
05-27 18:58:42.378 13911 14147 I Sentinelmode_1.2.5.17_sentry: <TlvManager>toCloud_GuardModeLeftTime:43200
05-27 18:58:42.378 13911 14147 I Sentinelmode_1.2.5.17_sentry: <PicketModeManager>onGradModeStatusChanage: mode_status = 2
05-27 18:58:42.378 13911 14147 D Sentinelmode_1.2.5.17_sentry: <PicketModeManager>noticeSensorWithPowerUp GardMode() = 2
05-27 18:58:42.378 13911 14147 I Sentinelmode_1.2.5.17_sentry: <SentinelCarServiceManager>[SentryTrace] getBmcValue: bodyMix unavailable, fallback=3 (powerUp ok)
05-27 18:58:42.378 13911 14148 I Sentinelmode_1.2.5.17_sentry: <PicketModeManager>setSentryModeAlarm：9:2
05-27 18:58:42.378 13911 14148 I Sentinelmode_1.2.5.17_sentry: <PicketModeManager>setSentryModeAlarm：12:1
05-27 18:58:42.378 13911 14147 I Sentinelmode_1.2.5.17_sentry: <PicketModeManager>onSettingsPutInt：true name:persist.gard.sum.up.show value:0
05-27 18:58:42.378 13911 14147 D Sentinelmode_1.2.5.17_sentry: <PicketModeManager>shakeLevel2:1
05-27 18:58:42.378 13911 14147 I Sentinelmode_1.2.5.17_sentry: <TlvManager>toCloud_GuardSensitivityLocalChange1
05-27 18:58:42.379   299 30841 D EvsDriver: forwardFrame
05-27 18:58:42.380   581   581 I SpiService: fgesysctrl_getGPIO_status success val=0
05-27 18:58:42.380   481   597 I mcuc    : send SPI:6AA602E5660002890028
05-27 18:58:42.381   299 30841 D EvsDriver: Delivered 0xb400007b7ca56a60 as id 0
05-27 18:58:42.381  1167  1184 D evsmanagerd: /dev/video4 forwarded the buffer #0 to 0xb4000074bf5f6850 from 0xb4000074bf5f41d0
05-27 18:58:42.382   536   560 D commservice260303: recv len:77, 5AA500490600000042AD6A16CE627B22636F6D6D616E64223A7B226964223A226473695F6C7578222C22737562223A22227D2C22636F6E74656E74223A7B2276616C7565223A3230307D7D3AD2 from server
05-27 18:58:42.382   536  2578 D commservice260303: mcuDataAnalyzeHandle templen:77,len:77,pos:0, 5AA500490600000042AD6A16CE627B22636F6D6D616E64223A7B226964223A226473695F6C7578222C22737562223A22227D2C22636F6E74656E74223A7B2276616C7565223A3230307D7D3AD2 
05-27 18:58:42.382   536  2578 I commservice260303: checksumCal = 15058
05-27 18:58:42.382   536  2578 D commservice260303: CommProtocolLibCmdBaseC2I::dataproc {"command":{"id":"dsi_lux","sub":""},"content":{"value":200}},6
05-27 18:58:42.382   536  2578 D commservice260303: mcuCommMessageManager::notifyMsgToClient hwbinder OK
05-27 18:58:42.382   536  2578 D commservice260303: McuProtocolLibSend2Service::send2Service ret=1
05-27 18:58:42.383 12246 12440 I liblog  : 3
05-27 18:58:42.383 12246 12440 D ivicomm_CommManager: fgeComServiceCallback: {"command":{"id":"dsi_lux","sub":""},"content":{"value":200}}
05-27 18:58:42.384   536   536 D commservice260303: msg.id = 1028,1
05-27 18:58:42.384   536   536 D commservice260303: i = 170, msgid = 8A000404
05-27 18:58:42.384   536   536 D commservice260303: msgid = -1979710460,did=138
05-27 18:58:42.384   536   536 D commservice260303: CommProtocolLibCmdBaseI2C::dataproc {"command":{"id":"imu_status","sub":""},"content":{"TimeStamp":11,"FrameCounter":267282,"GD_X":-0.011147825978696346,"GD_Y":0.0056498548947274685,"GD_Z":0.0020608289632946253,"AD_X":-0.0017363429069519043,"AD_Y":-1.1694291606545448E-4,"AD_Z":-0.17254638671875,"TempDsp":0,"Status":0,"CalibState":1,"SigAmpInvalid":0}},-1979710460
05-27 18:58:42.384   536   536 D commservice260303: send2Cluster len:317, 7B22636F6D6D616E64223A7B226964223A22696D755F737461747573222C22737562223A22227D2C22636F6E74656E74223A7B2254696D655374616D70223A31312C224672616D65436F756E746572223A3236373238322C2247445F58223A2D302E3031313134373832353937383639363334362C2247445F59223A302E303035363439383534383934373237343638352C2247445F5A223A302E303032303630383238393633323934363235332C2241445F58223A2D302E303031373336333432393036393531393034332C2241445F59223A2D312E31363934323931363036353435343438452D342C2241445F5A223A2D302E31373235343633383637313837352C2254656D70447370223A302C22537461747573223A302C2243616C69625374617465223A312C22536967416D70496E76616C6964223A307D7D, 138 
05-27 18:58:42.384   536   536 D commservice260303: Push Message into SendPool fn=89523200
05-27 18:58:42.384   536   536 D commservice260303: ComProtocolLibSend2Cluster::send2ClusterRaw fn=89523200 , len=333
05-27 18:58:42.384   536   536 D commservice260303: sendCmdToPort :333!!!
05-27 18:58:42.384   536   536 D commservice260303: send Cmd To Port ++++5AA501498A01000456056A16CE627B22636F6D6D616E64223A7B226964223A22696D755F737461747573222C22737562223A22227D2C22636F6E74656E74223A7B2254696D655374616D70223A31312C224672616D65436F756E746572223A3236373238322C2247445F58223A2D302E3031313134373832353937383639363334362C2247445F59223A302E303035363439383534383934373237343638352C2247445F5A223A302E303032303630383238393633323934363235332C2241445F58223A2D302E303031373336333432393036393531393034332C2241445F59223A2D312E31363934323931363036353435343438452D342C2241445F5A223A2D302E31373235343633383637313837352C2254656D70447370223A302C22537461747573223A302C2243616C69625374617465223A312C22536967416D70496E76616C6964223A307D7DD4E8
05-27 18:58:42.384   536   536 D commservice260303: bufferevent_write retrun value = 0
05-27 18:58:42.384   536   560 D commservice260303: client datas send succeed,send finish
05-27 18:58:42.384 12246 12440 D ivicomm_CallbackManager: registerCallback DSI_LUX: {"value":200} mCommStateCallbackMap size:4
05-27 18:58:42.385   299 30844 D EvsDriver: forwardFrame
05-27 18:58:42.387  1167  1479 D evsmanagerd: /dev/video6 forwarded the buffer #0 to 0xb4000074bf5f5510 from 0xb4000074bf5f6d90
05-27 18:58:42.387 11579 11719 D NSLogUtils_VehicleService: L2A comm state: id=dsi_lux, value=200
05-27 18:58:42.388   299 30844 D EvsDriver: Delivered 0xb400007b7ca56900 as id 0
05-27 18:58:42.389 13911 14192 D Sentinelmode_1.2.5.17_sentry: <SentryImuClusterFgeSender>imu_status sent to Linux, frame=267282, tsNs=11389619, tsMs=11, intervalMs=45, ad=(-0.0017363429,-1.16942916E-4,-0.17254639), gd=(-0.011147826,0.005649855,0.002060829)
05-27 18:58:42.389 11344  6594 I liblog  : 1
05-27 18:58:42.389 11344  6594 D SystemUI_SystemSettingsControllerService: onCommState: commandID = dsi_lux; value = 200
05-27 18:58:42.391   299  1153 D EvsDriver: doneWithFrame
05-27 18:58:42.393   481   598 I mcuc    : rev,n=1,6AA681E567000A8900CB0104091412345617
05-27 18:58:42.393 13911 14183 I SentryImuMcuAngleSender: 179.993rollDeg
05-27 18:58:42.393   351   373 D automotive.vehicle@2.0-adayo-datacomm-mcu: MCUDatacomm sendMessageFromVehicle prop: 0x89, areaId: 0x0, status: 0xcb, timestamp: 0x1
05-27 18:58:42.393  1121  1144 I liblog  : 1
05-27 18:58:42.393  1121  1144 I tboxmids_ap: [2026-05-27 18:58:42.393] [MCU RX] src=MCU dst=ZMQ len=10 type=BINARY data=00 08 CB 01 04 09 14 12 34 56 
05-27 18:58:42.393 13911 14183 I SentryImuMcuAngleSender: 1,0,0
05-27 18:58:42.393   351   373 D automotive.vehicle@2.0-adayo-datacomm-mcu: MCUDatacomm 1sendMessageFromVehicle ---> type = 12 
05-27 18:58:42.395  1083  1083 I liblog  : 5
05-27 18:58:42.395   566 11459 I gps_hdbd: Received: '$GNGGA,011433.000,,,,,0,00,,,M,,M,,*62
'
05-27 18:58:42.395   581   581 I SpiService: fgesysctrl_getGPIO_status success val=1
05-27 18:58:42.395  1083  1083 I MyAppLog: [2026-05-27 18:58:42.394 I tboxap mcuCommTboxmidsRecvCb:97] [Mcu] [mcuCommTboxmidsRecvCb] recv from tboxmids, size:10
05-27 18:58:42.396  1083  1083 I MyAppLog: [2026-05-27 18:58:42.394 I tboxap mcuCommTboxmidsRecvCb:98] [Mcu] [tboxmids -> tboxap]: :00 08 CB 01 04 09 14 12 34 56
05-27 18:58:42.433 13549 13549 I auditd  : type=1400 audit(0.0:72851): avc: denied { write } for comm="CACHEABLE" name="logcat" dev="vda93" ino=180226 scontext=u:r:system_app:s0 tcontext=u:object_r:log_data_file:s0 tclass=dir permissive=1
05-27 18:58:42.433 13549 13549 I CACHEABLE: type=1400 audit(0.0:72851): avc: denied { write } for name="logcat" dev="vda93" ino=180226 scontext=u:r:system_app:s0 tcontext=u:object_r:log_data_file:s0 tclass=dir permissive=1
05-27 18:58:42.433 13549 13549 I auditd  : type=1400 audit(0.0:72852): avc: denied { add_name } for comm="CACHEABLE" name="logcat_2026_05_27_18_58_41_758-49.zip" scontext=u:r:system_app:s0 tcontext=u:object_r:log_data_file:s0 tclass=dir permissive=1
05-27 18:58:42.433 13549 13549 I CACHEABLE: type=1400 audit(0.0:72852): avc: denied { add_name } for name="logcat_2026_05_27_18_58_41_758-49.zip" scontext=u:r:system_app:s0 tcontext=u:object_r:log_data_file:s0 tclass=dir permissive=1
05-27 18:58:42.433 13549 13549 I auditd  : type=1400 audit(0.0:72853): avc: denied { create } for comm="CACHEABLE" name="logcat_2026_05_27_18_58_41_758-49.zip" scontext=u:r:system_app:s0 tcontext=u:object_r:log_data_file:s0 tclass=file permissive=1
05-27 18:58:42.433 13549 13549 I CACHEABLE: type=1400 audit(0.0:72853): avc: denied { create } for name="logcat_2026_05_27_18_58_41_758-49.zip" scontext=u:r:system_app:s0 tcontext=u:object_r:log_data_file:s0 tclass=file permissive=1
05-27 18:58:42.433 13549 13549 I auditd  : type=1400 audit(0.0:72854): avc: denied { write open } for comm="CACHEABLE" path="/mnt/log_data/AndroidLog/logcat/logcat_2026_05_27_18_58_41_758-49.zip" dev="vda93" ino=180281 scontext=u:r:system_app:s0 tcontext=u:object_r:log_data_file:s0 tclass=file permissive=1
05-27 18:58:42.433 13549 13549 I CACHEABLE: type=1400 audit(0.0:72854): avc: denied { write open } for path="/mnt/log_data/AndroidLog/logcat/logcat_2026_05_27_18_58_41_758-49.zip" dev="vda93" ino=180281 scontext=u:r:system_app:s0 tcontext=u:object_r:log_data_file:s0 tclass=file permissive=1
05-27 18:58:42.396  1083  1083 W MyAppLog: [2026-05-27 18:58:42.394 W tboxap mcuPtlParseData:982] [Mcu] [mcuPtlParseData] invalid yadi frame, len:10
05-27 18:58:42.397   299  1153 D EvsDriver: doneWithFrame
05-27 18:58:42.397   566 11459 I gps_hdbd: Received: '$GNGSA,A,1,,,,,,,,,,,,,,,,1*1D
'
05-27 18:58:42.399  1008 30856 D [OMXB]  : usingANWBuffer: handle:0xee743ea0, format:1, w:1920, h:1080
05-27 18:58:42.400   566 11459 I gps_hdbd: Received: '$GNGSA,A,1,,,,,,,,,,,,,,,,3*1F
'
05-27 18:58:42.402   581   581 I SpiService: fgesysctrl_getGPIO_status success val=1
05-27 18:58:42.403   566 11459 I gps_hdbd: Received: '$GNGSA,A,1,,,,,,,,,,,,,,,,4*18
'
05-27 18:58:42.404   566 11459 I gps_hdbd: Received: '$BDGSV,1,1,00,1*75
'
05-27 18:58:42.407   566 11459 I gps_hdbd: Received: '$BDGSV,1,1,00,5*71
'
05-27 18:58:42.407   572   572 I liblog  : 1
05-27 18:58:42.407   572   572 I Sensors : 230 GyroSensor: x:-0.010919,y:0.006261,z:0.002290
05-27 18:58:42.407   283   307 I liblog  : 1
05-27 18:58:42.407   283   307 I rvcservice: t.code = 4, t.value = 0
05-27 18:58:42.408   581   581 I SpiService: fgesysctrl_getGPIO_status success val=1
05-27 18:58:42.411   566 11459 I gps_hdbd: Received: '$GPGSV,1,1,01,199,42,165,,1*60
'
05-27 18:58:42.411   299 30844 D EvsDriver: forwardFrame
05-27 18:58:42.412   566 11459 I gps_hdbd: Received: '$GPGSV,1,1,00,8*6D
'
05-27 18:58:42.412   566 11459 I gps_hdbd: Received: '$GAGSV,1,1,00,7*73
'
05-27 18:58:42.412   299 30844 D EvsDriver: Delivered 0xb400007b7ca56900 as id 0
05-27 18:58:42.412  1167  1479 D evsmanagerd: /dev/video6 forwarded the buffer #0 to 0xb4000074bf5f5510 from 0xb4000074bf5f6d90
05-27 18:58:42.412 30773 30783 E dvr_service_: [myNum:1] Received S**** loss
05-27 18:58:42.413   299  1153 D EvsDriver: doneWithFrame
05-27 18:58:42.413   581   581 I SpiService: fgesysctrl_getGPIO_status success val=1
05-27 18:58:42.414 13911 14183 I SentryImuMcuAngleSender: 179.986rollDeg
05-27 18:58:42.415 13911 14183 I SentryImuMcuAngleSender: 1,0,0
05-27 18:58:42.415  1008 30857 D [OMXB]  : usingANWBuffer: handle:0xee7439d0, format:1, w:1920, h:1080
05-27 18:58:42.418   566 11459 I gps_hdbd: Received: '$GAGSV,1,1,00,1*75
'
05-27 18:58:42.420   566 11459 I gps_hdbd: Received: '$GNRMC,011433.000,V,,,,,,,270526,120.0,E,N,V*41
'
05-27 18:58:42.420   581   581 I SpiService: fgesysctrl_getGPIO_status success val=0
05-27 18:58:42.420   481   597 I mcuc    : send SPI:6AA602E5670002890027
05-27 18:58:42.420   566 11459 I gps_hdbd: RMC : CALL gnss_sv_status_cb, view_in_sat <1>
05-27 18:58:42.421   566 11459 I gps_hdbd: [reportSvStatus]--->PLATFORM_BSP::Enter
05-27 18:58:42.421   299 30841 D EvsDriver: forwardFrame
05-27 18:58:42.422  1083  1083 W MyAppLog: [2026-05-27 18:58:42.421 W tboxap gpsSyncGpsInfoToDm:361] [Gps] [gpsSyncGpsInfoToDm] fix=0 mode=49 corner:0x01 alt=0.00 sat=0 hdop=0.00 pdop=0.00 vdop=0.00
05-27 18:58:42.423   299 30841 D EvsDriver: Delivered 0xb400007b7ca56a60 as id 0
05-27 18:58:42.423  1167  1479 D evsmanagerd: /dev/video4 forwarded the buffer #0 to 0xb4000074bf5f6850 from 0xb4000074bf5f41d0
05-27 18:58:42.423   536   536 D commservice260303: msg.id = 1028,1
05-27 18:58:42.423 30773 30783 E dvr_service_: [myNum:0] Received S**** loss
05-27 18:58:42.424   536   536 D commservice260303: i = 170, msgid = 8A000404
05-27 18:58:42.424   536   536 D commservice260303: msgid = -1979710460,did=138
05-27 18:58:42.424   536   536 D commservice260303: CommProtocolLibCmdBaseI2C::dataproc {"command":{"id":"imu_status","sub":""},"content":{"TimeStamp":11,"FrameCounter":267283,"GD_X":-0.01091896090656519,"GD_Y":0.006261029280722141,"GD_Z":0.0022902146447449923,"AD_X":-0.004784703254699707,"AD_Y":0.001099409768357873,"AD_Z":-0.17681503295898438,"TempDsp":0,"Status":0,"CalibState":1,"SigAmpInvalid":0}},-1979710460
05-27 18:58:42.424   536   536 D commservice260303: send2Cluster len:315, 7B22636F6D6D616E64223A7B226964223A22696D755F737461747573222C22737562223A22227D2C22636F6E74656E74223A7B2254696D655374616D70223A31312C224672616D65436F756E746572223A3236373238332C2247445F58223A2D302E30313039313839363039303635363531392C2247445F59223A302E3030363236313032393238303732323134312C2247445F5A223A302E303032323930323134363434373434393932332C2241445F58223A2D302E3030343738343730333235343639393730372C2241445F59223A302E3030313039393430393736383335373837332C2241445F5A223A2D302E31373638313530333239353839383433382C2254656D70447370223A302C22537461747573223A302C2243616C69625374617465223A312C22536967416D70496E76616C6964223A307D7D, 138 
05-27 18:58:42.424   536   536 D commservice260303: Push Message into SendPool fn=106300416
05-27 18:58:42.424   536   536 D commservice260303: ComProtocolLibSend2Cluster::send2ClusterRaw fn=106300416 , len=331
05-27 18:58:42.424   536   536 D commservice260303: sendCmdToPort :331!!!
05-27 18:58:42.424   536   536 D commservice260303: send Cmd To Port ++++5AA501478A01000456066A16CE627B22636F6D6D616E64223A7B226964223A22696D755F737461747573222C22737562223A22227D2C22636F6E74656E74223A7B2254696D655374616D70223A31312C224672616D65436F756E746572223A3236373238332C2247445F58223A2D302E30313039313839363039303635363531392C2247445F59223A302E3030363236313032393238303732323134312C2247445F5A223A302E303032323930323134363434373434393932332C2241445F58223A2D302E3030343738343730333235343639393730372C2241445F59223A302E3030313039393430393736383335373837332C2241445F5A223A2D302E31373638313530333239353839383433382C2254656D70447370223A302C22537461747573223A302C2243616C69625374617465223A312C22536967416D70496E76616C6964223A307D7D4E92
05-27 18:58:42.424   536   536 D commservice260303: bufferevent_write retrun value = 0
05-27 18:58:42.424   536   560 D commservice260303: client datas send succeed,send finish
05-27 18:58:42.424   299  1153 D EvsDriver: doneWithFrame
05-27 18:58:42.424 13911 14192 D Sentinelmode_1.2.5.17_sentry: <SentryImuClusterFgeSender>imu_status sent to Linux, frame=267283, tsNs=11389658, tsMs=11, intervalMs=36, ad=(-0.0047847033,0.0010994098,-0.17681503), gd=(-0.010918961,0.0062610293,0.0022902146)
05-27 18:58:42.426 13911 14147 I SVR_MNG_BaseProxy: isBinderActive: clientBinder is null
05-27 18:58:42.426 13911 14147 D SVR_MNG_SvrMngProxy: getServer: mSvrManger is null
05-27 18:58:42.426 13911 14147 D SVR_MNG_SvrMngProxy: getNewStub: 
05-27 18:58:42.426 13911 14147 D SVR_MNG_SvrMngProxy: getNewStub: getSvrManagerService start
05-27 18:58:42.427 13911 14147 D SVR_MNG_SvrMngProxy: getNewStub: getSvrManagerService end
05-27 18:58:42.427 13911 14147 D SVR_MNG_SvrMngProxy: getServer: svrMngService doesn't start
05-27 18:58:42.427 13911 14147 D SVR_MNG_SvrMngProxy: getClientBinder: binderName = com.incall.network.NETWORK_SERVICE
05-27 18:58:42.427 13911 14147 I SVR_MNG_BaseProxy: getInterface: mInterface = null
05-27 18:58:42.427 13911 14147 I SVR_MNG_BaseProxy: isBinderActive: clientBinder is null
05-27 18:58:42.427 13911 14147 I SVR_MNG_BaseProxy: isBinderActive: clientBinder is null
05-27 18:58:42.427 13911 14147 D SVR_MNG_SvrMngProxy: getServer: mSvrManger is null
05-27 18:58:42.427 13911 14147 D SVR_MNG_SvrMngProxy: getNewStub: 
05-27 18:58:42.427 13911 14147 D SVR_MNG_SvrMngProxy: getNewStub: getSvrManagerService start
05-27 18:58:42.428 13911 14147 D SVR_MNG_SvrMngProxy: getNewStub: getSvrManagerService end
05-27 18:58:42.428 13911 14147 D SVR_MNG_SvrMngProxy: getServer: svrMngService doesn't start
05-27 18:58:42.428 13911 14147 D SVR_MNG_SvrMngProxy: getClientBinder: binderName = com.incall.network.NETWORK_SERVICE
05-27 18:58:42.428 13911 14147 I SVR_MNG_BaseProxy: getInterface: mInterface = null
05-27 18:58:42.428 13911 14147 I SVR_MNG_BaseProxy: isBinderActive: clientBinder is null
05-27 18:58:42.428 13911 14147 I PicketModeManager: getProfileDetail: ["{\"name\":\"sentryModeSwitchSts\",\"value\":2,\"timeStamp\":\"1670000000000\"}","{\"name\":\"SentryModeSensitivity\",\"value\":-1,\"timeStamp\":\"1779879522379\"}"]
05-27 18:58:42.428 13911 14147 D Sentinelmode_1.2.5.17_sentry: <PicketModeManager>queryGuardInfo = {access_token=null, lastSyncTimeStramp=1779879522379, profileDetail=["{\"name\":\"sentryModeSwitchSts\",\"value\":2,\"timeStamp\":\"1670000000000\"}","{\"name\":\"SentryModeSensitivity\",\"value\":-1,\"timeStamp\":\"1779879522379\"}"], sign=sign, nonce=FPFgShi3u3}
05-27 18:58:42.428 13911 14147 I SVR_MNG_BaseProxy: isBinderActive: clientBinder is null
05-27 18:58:42.428 13911 14147 D SVR_MNG_SvrMngProxy: getServer: mSvrManger is null
05-27 18:58:42.428 13911 14147 D SVR_MNG_SvrMngProxy: getNewStub: 
05-27 18:58:42.428 13911 14147 D SVR_MNG_SvrMngProxy: getNewStub: getSvrManagerService start
05-27 18:58:42.428  1008 30856 D [OMXB]  : usingANWBuffer: handle:0xee742b60, format:1, w:1920, h:1080
05-27 18:58:42.429 13911 14147 D SVR_MNG_SvrMngProxy: getNewStub: getSvrManagerService end
05-27 18:58:42.429 13911 14147 D SVR_MNG_SvrMngProxy: getServer: svrMngService doesn't start
05-27 18:58:42.429 13911 14147 D SVR_MNG_SvrMngProxy: getClientBinder: binderName = com.incall.network.NETWORK_SERVICE
05-27 18:58:42.429 13911 14147 I SVR_MNG_BaseProxy: getInterface: mInterface = null
05-27 18:58:42.429 13911 14147 I SVR_MNG_BaseProxy: isBinderActive: clientBinder is null
05-27 18:58:42.430 13911 14147 E Sentinelmode_1.2.5.17_sentry: <PicketModeManager>updateProfileCallBack onError:2817---Remote Service Exception
05-27 18:58:42.430 13911 14147 D Sentinelmode_1.2.5.17_sentry: <PicketModeManager>consumeMsg result = 1000
05-27 18:58:42.430 13911 14147 I SVR_MNG_BaseProxy: isBinderActive: clientBinder is null
05-27 18:58:42.430 13911 14147 D SVR_MNG_SvrMngProxy: getServer: mSvrManger is null
05-27 18:58:42.430 13911 14147 D SVR_MNG_SvrMngProxy: getNewStub: 
05-27 18:58:42.430 13911 14147 D SVR_MNG_SvrMngProxy: getNewStub: getSvrManagerService start
05-27 18:58:42.430   586   614 D vendor.sprd.hardware.aprd-service: GPS Get GPSver failed No such file or directory
05-27 18:58:42.430   566 11459 I gps_hdbd: hy abnormal deal:hy_cnr30_satellite_cnt=0
05-27 18:58:42.430   566 11459 D gps_hdbd: hy abnormal deal:hy_fixStatus_fail_count=0
05-27 18:58:42.430   586   614 D vendor.sprd.hardware.aprd-service: GE xmlDoc is NULL, may not set GPS on.
05-27 18:58:42.430   566 11459 I gps_hdbd: Received: '$GNZDA,011433.000,27,05,2026,00,00*4A
'
05-27 18:58:42.431 13549 13800 I ADAYO_LOG_: executeSaveLogcat_l(LogcatFunc.java:186)path:/mnt/log_data/AndroidLog/logcat/logcat_2026_05_27_18_58_41_759-50.txt
05-27 18:58:42.431 13911 14147 I service_manager_stats: [100,96,54457]
05-27 18:58:42.431 13911 14147 D SVR_MNG_SvrMngProxy: getNewStub: getSvrManagerService end
05-27 18:58:42.431 13911 14147 D SVR_MNG_SvrMngProxy: getServer: svrMngService doesn't start
05-27 18:58:42.431 13911 14147 D SVR_MNG_SvrMngProxy: getClientBinder: binderName = com.incall.network.NETWORK_SERVICE
05-27 18:58:42.431 13911 14147 I SVR_MNG_BaseProxy: getInterface: mInterface = null
05-27 08:49:51.417   581   581 D spi_rst_gpio_get_output: GPIO 145 value: 1
05-27 08:49:51.417   581   581 D spidev_ioctl: gpio status=1)
05-27 18:58:42.431 13911 14147 I SVR_MNG_BaseProxy: isBinderActive: clientBinder is null
05-27 18:58:42.431 13911 14147 I SVR_MNG_BaseProxy: isBinderActive: clientBinder is null
05-27 18:58:42.431 13911 14147 D SVR_MNG_SvrMngProxy: getServer: mSvrManger is null
05-27 18:58:42.431 13911 14147 D SVR_MNG_SvrMngProxy: getNewStub: 
05-27 18:58:42.431 13911 14147 D SVR_MNG_SvrMngProxy: getNewStub: getSvrManagerService start
05-27 18:58:42.432 13911 14147 D SVR_MNG_SvrMngProxy: getNewStub: getSvrManagerService end
05-27 18:58:42.432 13911 14147 D SVR_MNG_SvrMngProxy: getServer: svrMngService doesn't start
05-27 18:58:42.432 13911 14147 D SVR_MNG_SvrMngProxy: getClientBinder: binderName = com.incall.network.NETWORK_SERVICE
05-27 18:58:42.432 13911 14147 I SVR_MNG_BaseProxy: getInterface: mInterface = null
05-27 18:58:42.432 13911 14147 I SVR_MNG_BaseProxy: isBinderActive: clientBinder is null
05-27 18:58:42.432 13911 14147 I SVR_MNG_BaseProxy: isBinderActive: clientBinder is null
05-27 18:58:42.432 13911 14147 D SVR_MNG_SvrMngProxy: getServer: mSvrManger is null
05-27 18:58:42.432 13911 14147 D SVR_MNG_SvrMngProxy: getNewStub: 
05-27 18:58:42.432 13911 14147 D SVR_MNG_SvrMngProxy: getNewStub: getSvrManagerService start
05-27 18:58:42.432 13911 14147 D SVR_MNG_SvrMngProxy: getNewStub: getSvrManagerService end
05-27 18:58:42.432 13911 14147 D SVR_MNG_SvrMngProxy: getServer: svrMngService doesn't start
05-27 18:58:42.432 13911 14147 D SVR_MNG_SvrMngProxy: getClientBinder: binderName = com.incall.network.NETWORK_SERVICE
05-27 18:58:42.433 13911 14147 I SVR_MNG_BaseProxy: getInterface: mInterface = null
05-27 18:58:42.433 13911 14147 I SVR_MNG_BaseProxy: isBinderActive: clientBinder is null
05-27 18:58:42.433 13911 14147 E Sentinelmode_1.2.5.17_sentry: <PicketModeManager>consumeProfileCallBack onError:2817---Remote Service Exception
05-27 18:58:42.433 13911 14147 I Sentinelmode_1.2.5.17_sentry: <SentinelCarServiceManager>[SentryTrace] getBCM_Status: bodyMix unavailable, fallback=2
05-27 18:58:42.433 13911 14147 D Sentinelmode_1.2.5.17_sentry: <PicketModeManager>BCM_Status1:2
05-27 18:58:42.433 13911 14147 I Sentinelmode_1.2.5.17_sentry: <SentinelCarServiceManager>[SentryTrace] getBCM_Status: bodyMix unavailable, fallback=2
05-27 18:58:42.433 13911 14147 I DvrLog_Ser->: (DvrLocalServiceManager.java:setGardModeStatus)1979 setGardModeStatus state = 2
05-27 18:58:42.433 13911 14147 I Sentinelmode_1.2.5.17_sentry: <SentinelCarServiceManager>[SentryTrace] getBmcValue: bodyMix unavailable, fallback=3 (powerUp ok)
05-27 18:58:42.433 13911 14147 I Sentinelmode_1.2.5.17_sentry: <SentinelCarServiceManager>[SentryTrace] getBmcValue: bodyMix unavailable, fallback=3 (powerUp ok)
05-27 18:58:42.434 13911 14147 I Sentinelmode_1.2.5.17_sentry: <PicketModeManager>[SentryTrace] powerUp ok -> GARD_MODE_STATE=3
05-27 18:58:42.435 13911 14183 I SentryImuMcuAngleSender: 179.9825rollDeg
05-27 18:58:42.435 13911 14183 I SentryImuMcuAngleSender: 1,0,0
05-27 18:58:42.435   581   581 I SpiService: fgesysctrl_getGPIO_status success val=1
05-27 18:58:42.437 13911 14147 I Sentinelmode_1.2.5.17_sentry: <PicketModeManager>onSettingsPutInt：true name:persist.gard.mode value:3
05-27 18:58:42.438 13911 14147 D Sentinelmode_1.2.5.17_sentry: <PicketModeManager>gardMode SettingsObserver onChange  option persist.gard.mode
05-27 18:58:42.438 13911 14147 I Sentinelmode_1.2.5.17_sentry: <PicketModeManager>[SentryTrace] mode_status=3
05-27 18:58:42.439 13911 14147 D SensorManager: unregisterListenerImpl sensor = {Sensor name="ASM330LHH 3-axis Accelerometer Sensor", vendor="STMicroelectronics", version=1, type=1, maxRange=78.4532, resolution=9.35235E-6, power=0.6, minDelay=2000}, listener = com.incall.sentinelmode.manager.PicketModeManager$2@dd928ed
05-27 18:58:42.439 13911 14147 I Sentinelmode_1.2.5.17_sentry: <TlvManager>toCloud_SentryModePerHourMile:12
05-27 18:58:42.439 13911 14147 I Sentinelmode_1.2.5.17_sentry: <TlvManager>toCloud_GuardModeLeftTime:43200
05-27 18:58:42.439 13911 14147 I Sentinelmode_1.2.5.17_sentry: <PicketModeManager>onGradModeStatusChanage: mode_status = 3
05-27 18:58:42.439 13911 14147 I Sentinelmode_1.2.5.17_sentry: <PicketModeManager>onGradModeStatusChanage: isStop = false
05-27 18:58:42.439 13911 14147 I Sentinelmode_1.2.5.17_sentry: <TlvManager>toCloud_sentryModeSwitchSts:4
05-27 18:58:42.439 13911 14147 I Sentinelmode_1.2.5.17_sentry: <TlvManager>toCloud_SendEvent:1
05-27 18:58:42.439 13549 13800 I ADAYO_LOG_: executeSaveLogcat_l(LogcatFunc.java:189)COLLECT_INT_START
05-27 18:58:42.439 13549 13800 I ADAYO_LOG_: startZip(LogcatFunc.java:393)logcat file is zip packing, zipFilePath: /mnt/log_data/AndroidLog/logcat/logcat_2026_05_27_18_58_41_758-49.zip
05-27 18:58:42.439 13549 13800 I ADAYO_LOG_: startZip(LogcatFunc.java:396)isOpenEncrypt: false
05-27 18:58:42.440   581   581 I SpiService: fgesysctrl_getGPIO_status success val=1
05-27 18:58:42.443 13911 14147 I Sentinelmode_1.2.5.17_sentry: <PicketModeManager>onSettingsPutInt：true name:persist.gard.ar.type value:1
05-27 18:58:42.443 13911 14147 I Sentinelmode_1.2.5.17_sentry: <TlvManager>toCloud_RequestGuard isSuccess :1 errorCode : 1310
05-27 18:58:42.445 13911 14148 I Sentinelmode_1.2.5.17_sentry: <PicketModeManager>setSentryModeAlarm：9:3
05-27 18:58:42.445 13911 14148 I Sentinelmode_1.2.5.17_sentry: <PicketModeManager>setSentryModeAlarm：12:1
05-27 18:58:42.446  1008 30857 D [OMXB]  : usingANWBuffer: handle:0xee741b90, format:1, w:1920, h:1080
05-27 18:58:42.446 13911 14147 I Sentinelmode_1.2.5.17_sentry: <PicketModeManager>onSettingsPutInt：true name:persist.gard.sum.up.show value:0
05-27 18:58:42.446   581   581 I SpiService: fgesysctrl_getGPIO_status success val=1
05-27 18:58:42.447   566 11459 I gps_hdbd: Received: '$GNINS,1,1,TYPE,I,V,011433.000,19984000,FUS,-2,0,0,0,MOT,V,1,PATT,0.00,0.00,0.00,VEL,0.000,0.000,0.000,POS,40.0001330924,116.0001570688,84.176,IIA,1,0.00,0.00,0.00,BGA,0.31,-0.66,-0.13,0.000,0.000,0.000,IGA,0,-1,0,0,-2,98,VG,16c2ff1*1B
'
05-27 18:58:42.451   299 30841 D EvsDriver: forwardFrame
05-27 18:58:42.452   581   581 I SpiService: fgesysctrl_getGPIO_status success val=1
05-27 18:58:42.455   299 30841 D EvsDriver: Delivered 0xb400007b7ca56a60 as id 0
05-27 18:58:42.455  1167  1479 D evsmanagerd: /dev/video4 forwarded the buffer #0 to 0xb4000074bf5f6850 from 0xb4000074bf5f41d0
05-27 18:58:42.455 13911 14183 I SentryImuMcuAngleSender: 179.9825rollDeg
05-27 18:58:42.457   299 30844 D EvsDriver: forwardFrame
05-27 18:58:42.457 13911 14147 D Sentinelmode_1.2.5.17_sentry: <PicketModeManager>shakeLevel2:1
05-27 18:58:42.457 13911 14147 I Sentinelmode_1.2.5.17_sentry: <TlvManager>toCloud_GuardSensitivityLocalChange1
05-27 18:58:42.458   581   581 I SpiService: fgesysctrl_getGPIO_status success val=0
05-27 18:58:42.459  1167  1479 D evsmanagerd: /dev/video6 forwarded the buffer #0 to 0xb4000074bf5f5510 from 0xb4000074bf5f6d90
05-27 18:58:42.459   299 30844 D EvsDriver: Delivered 0xb400007b7ca56900 as id 0
05-27 18:58:42.459   566 11459 I gps_hdbd: Received: '$GNINS,CARSPEED,ADR_STATUS,0,Pulse_count,0,1,0,0,19984000,113690,0.000,0.000,0.000*07
'
05-27 18:58:42.459   566 11459 I gps_hdbd: Received: '$GNTXT,04,01,04,INS,V,1,,,,FLG,1,000000,1,0,1,0,0,Con,0*71
'
05-27 18:58:42.461   299  1153 D EvsDriver: doneWithFrame
05-27 18:58:42.461   299  1163 D EvsDriver: doneWithFrame
05-27 18:58:42.467  1008 30856 D [OMXB]  : usingANWBuffer: handle:0xee742cc0, format:1, w:1920, h:1080
05-27 18:58:42.469   566 11459 I gps_hdbd: Received: '$GNTXT,INSTALL,0.00,0.00,0.00,0.00,0.00,0.00,0*20
'
05-27 18:58:42.471 13911 14183 I SentryImuMcuAngleSender: 1,0,0
05-27 18:58:42.475   581   581 I SpiService: fgesysctrl_getGPIO_status success val=1
05-27 18:58:42.477   536   536 D commservice260303: msg.id = 1028,1
05-27 18:58:42.477   536   536 D commservice260303: i = 170, msgid = 8A000404
05-27 18:58:42.477   536   536 D commservice260303: msgid = -1979710460,did=138
05-27 18:58:42.478   536   536 D commservice260303: CommProtocolLibCmdBaseI2C::dataproc {"command":{"id":"imu_status","sub":""},"content":{"TimeStamp":11,"FrameCounter":267284,"GD_X":-0.01160607673227787,"GD_Y":0.005879240110516548,"GD_Z":0.002519079949706793,"AD_X":-0.005995765328407288,"AD_Y":0.0017043320694938302,"AD_Z":-0.17681503295898438,"TempDsp":0,"Status":0,"CalibState":1,"SigAmpInvalid":0}},-1979710460
05-27 18:58:42.478   536   536 D commservice260303: send2Cluster len:315, 7B22636F6D6D616E64223A7B226964223A22696D755F737461747573222C22737562223A22227D2C22636F6E74656E74223A7B2254696D655374616D70223A31312C224672616D65436F756E746572223A3236373238342C2247445F58223A2D302E30313136303630373637333232373738372C2247445F59223A302E3030353837393234303131303531363534382C2247445F5A223A302E3030323531393037393934393730363739332C2241445F58223A2D302E3030353939353736353332383430373238382C2241445F59223A302E303031373034333332303639343933383330322C2241445F5A223A2D302E31373638313530333239353839383433382C2254656D70447370223A302C22537461747573223A302C2243616C69625374617465223A312C22536967416D70496E76616C6964223A307D7D, 138 
05-27 18:58:42.478   536   536 D commservice260303: Push Message into SendPool fn=123077632
05-27 18:58:42.478   536   536 D commservice260303: ComProtocolLibSend2Cluster::send2ClusterRaw fn=123077632 , len=331
05-27 18:58:42.478   536   536 D commservice260303: sendCmdToPort :331!!!
05-27 18:58:42.478   536   536 D commservice260303: send Cmd To Port ++++5AA501478A01000456076A16CE627B22636F6D6D616E64223A7B226964223A22696D755F737461747573222C22737562223A22227D2C22636F6E74656E74223A7B2254696D655374616D70223A31312C224672616D65436F756E746572223A3236373238342C2247445F58223A2D302E30313136303630373637333232373738372C2247445F59223A302E3030353837393234303131303531363534382C2247445F5A223A302E3030323531393037393934393730363739332C2241445F58223A2D302E3030353939353736353332383430373238382C2241445F59223A302E303031373034333332303639343933383330322C2241445F5A223A2D302E31373638313530333239353839383433382C2254656D70447370223A302C22537461747573223A302C2243616C69625374617465223A312C22536967416D70496E76616C6964223A307D7DDD92
05-27 18:58:42.478 13911 14147 I SVR_MNG_BaseProxy: isBinderActive: clientBinder is null
05-27 18:58:42.478 13911 14147 D SVR_MNG_SvrMngProxy: getServer: mSvrManger is null
05-27 18:58:42.478   536   536 D commservice260303: bufferevent_write retrun value = 0
05-27 18:58:42.478 13911 14147 D SVR_MNG_SvrMngProxy: getNewStub: 
05-27 18:58:42.478 13911 14147 D SVR_MNG_SvrMngProxy: getNewStub: getSvrManagerService start
05-27 18:58:42.478   536   560 D commservice260303: client datas send succeed,send finish
05-27 18:58:42.479 13911 14192 D Sentinelmode_1.2.5.17_sentry: <SentryImuClusterFgeSender>imu_status sent to Linux, frame=267284, tsNs=11389681, tsMs=11, intervalMs=54, ad=(-0.0059957653,0.0017043321,-0.17681503), gd=(-0.011606077,0.00587924,0.00251908)
05-27 18:58:42.479 13911 14147 D SVR_MNG_SvrMngProxy: getNewStub: getSvrManagerService end
05-27 18:58:42.479 13911 14147 D SVR_MNG_SvrMngProxy: getServer: svrMngService doesn't start
05-27 18:58:42.479 13911 14147 D SVR_MNG_SvrMngProxy: getClientBinder: binderName = com.incall.network.NETWORK_SERVICE
05-27 18:58:42.480 13911 14147 I SVR_MNG_BaseProxy: getInterface: mInterface = null
05-27 18:58:42.480 13911 14147 I SVR_MNG_BaseProxy: isBinderActive: clientBinder is null
05-27 18:58:42.480 13911 14147 I SVR_MNG_BaseProxy: isBinderActive: clientBinder is null
05-27 18:58:42.480 13911 14147 D SVR_MNG_SvrMngProxy: getServer: mSvrManger is null
05-27 18:58:42.480 13911 14147 D SVR_MNG_SvrMngProxy: getNewStub: 
05-27 18:58:42.480 13911 14147 D SVR_MNG_SvrMngProxy: getNewStub: getSvrManagerService start
05-27 18:58:42.480 13911 14147 D SVR_MNG_SvrMngProxy: getNewStub: getSvrManagerService end
05-27 18:58:42.480 13911 14147 D SVR_MNG_SvrMngProxy: getServer: svrMngService doesn't start
05-27 18:58:42.480 13911 14147 D SVR_MNG_SvrMngProxy: getClientBinder: binderName = com.incall.network.NETWORK_SERVICE
05-27 18:58:42.480 13911 14147 I SVR_MNG_BaseProxy: getInterface: mInterface = null
05-27 18:58:42.480 13911 14147 I SVR_MNG_BaseProxy: isBinderActive: clientBinder is null
05-27 18:58:42.481   581   581 I SpiService: fgesysctrl_getGPIO_status success val=1
05-27 18:58:42.481   299 30844 D EvsDriver: forwardFrame
05-27 18:58:42.483 13911 14147 I PicketModeManager: getProfileDetail: ["{\"name\":\"sentryModeSwitchSts\",\"value\":3,\"timeStamp\":\"1670000000000\"}","{\"name\":\"SentryModeSensitivity\",\"value\":-1,\"timeStamp\":\"1779879522457\"}"]
05-27 18:58:42.483   299 30844 D EvsDriver: Delivered 0xb400007b7ca56900 as id 0
05-27 18:58:42.483  1167  1184 D evsmanagerd: /dev/video6 forwarded the buffer #0 to 0xb4000074bf5f5510 from 0xb4000074bf5f6d90
05-27 18:58:42.483 13911 14147 D Sentinelmode_1.2.5.17_sentry: <PicketModeManager>queryGuardInfo = {access_token=null, lastSyncTimeStramp=1779879522457, profileDetail=["{\"name\":\"sentryModeSwitchSts\",\"value\":3,\"timeStamp\":\"1670000000000\"}","{\"name\":\"SentryModeSensitivity\",\"value\":-1,\"timeStamp\":\"1779879522457\"}"], sign=sign, nonce=dDKitGTAqh}
05-27 18:58:42.483 13911 14147 I SVR_MNG_BaseProxy: isBinderActive: clientBinder is null
05-27 18:58:42.483 13911 14147 D SVR_MNG_SvrMngProxy: getServer: mSvrManger is null
05-27 18:58:42.483 13911 14147 D SVR_MNG_SvrMngProxy: getNewStub: 
05-27 18:58:42.483 13911 14147 D SVR_MNG_SvrMngProxy: getNewStub: getSvrManagerService start
05-27 18:58:42.484   299 30841 D EvsDriver: forwardFrame
05-27 18:58:42.487   581   581 I SpiService: fgesysctrl_getGPIO_status success val=1
05-27 18:58:42.487   299  1153 D EvsDriver: doneWithFrame
05-27 18:58:42.489  1167  1184 D evsmanagerd: /dev/video4 forwarded the buffer #0 to 0xb4000074bf5f6850 from 0xb4000074bf5f41d0
05-27 18:58:42.489   299 30841 D EvsDriver: Delivered 0xb400007b7ca56a60 as id 0
05-27 18:58:42.491 13911 14183 I SentryImuMcuAngleSender: 179.98248rollDeg
05-27 18:58:42.491 13911 14183 I SentryImuMcuAngleSender: 1,0,0
05-27 18:58:42.491 13911 14147 D SVR_MNG_SvrMngProxy: getNewStub: getSvrManagerService end
05-27 18:58:42.491 13911 14147 D SVR_MNG_SvrMngProxy: getServer: svrMngService doesn't start
05-27 18:58:42.492 13911 14147 D SVR_MNG_SvrMngProxy: getClientBinder: binderName = com.incall.network.NETWORK_SERVICE
05-27 18:58:42.492   299  1153 D EvsDriver: doneWithFrame
05-27 18:58:42.492 13911 14147 I SVR_MNG_BaseProxy: getInterface: mInterface = null
05-27 18:58:42.492 13911 14147 I SVR_MNG_BaseProxy: isBinderActive: clientBinder is null
05-27 18:58:42.492 13911 14147 E Sentinelmode_1.2.5.17_sentry: <PicketModeManager>updateProfileCallBack onError:2817---Remote Service Exception
05-27 18:58:42.492 13911 14147 D Sentinelmode_1.2.5.17_sentry: <PicketModeManager>consumeMsg result = 1000
05-27 18:58:42.493   581   581 I SpiService: fgesysctrl_getGPIO_status success val=1
05-27 18:58:42.493  1008 30856 D [OMXB]  : usingANWBuffer: handle:0xee743b30, format:1, w:1920, h:1080
05-27 18:58:42.494 13911 14147 I SVR_MNG_BaseProxy: isBinderActive: clientBinder is null
05-27 18:58:42.494 13911 14147 D SVR_MNG_SvrMngProxy: getServer: mSvrManger is null
05-27 18:58:42.494 13911 14147 D SVR_MNG_SvrMngProxy: getNewStub: 
05-27 18:58:42.494 13911 14147 D SVR_MNG_SvrMngProxy: getNewStub: getSvrManagerService start
05-27 18:58:42.495 13911 14147 D SVR_MNG_SvrMngProxy: getNewStub: getSvrManagerService end
05-27 18:58:42.495 13911 14147 D SVR_MNG_SvrMngProxy: getServer: svrMngService doesn't start
05-27 18:58:42.495 13911 14147 D SVR_MNG_SvrMngProxy: getClientBinder: binderName = com.incall.network.NETWORK_SERVICE
05-27 18:58:42.495 13911 14147 I SVR_MNG_BaseProxy: getInterface: mInterface = null
05-27 18:58:42.495 13911 14147 I SVR_MNG_BaseProxy: isBinderActive: clientBinder is null
05-27 18:58:42.495 13911 14147 I SVR_MNG_BaseProxy: isBinderActive: clientBinder is null
05-27 18:58:42.495 13911 14147 D SVR_MNG_SvrMngProxy: getServer: mSvrManger is null
05-27 18:58:42.495 13911 14147 D SVR_MNG_SvrMngProxy: getNewStub: 
05-27 18:58:42.495 13911 14147 D SVR_MNG_SvrMngProxy: getNewStub: getSvrManagerService start
05-27 18:58:42.496 13911 14147 D SVR_MNG_SvrMngProxy: getNewStub: getSvrManagerService end
05-27 08:49:51.457   581   581 D spidev_ioctl: gpio status=1)
05-27 18:58:42.498 13911 14147 D SVR_MNG_SvrMngProxy: getServer: svrMngService doesn't start
05-27 18:58:42.498 13911 14147 D SVR_MNG_SvrMngProxy: getClientBinder: binderName = com.incall.network.NETWORK_SERVICE
05-27 18:58:42.499   581   581 I SpiService: fgesysctrl_getGPIO_status success val=0
05-27 18:58:42.499 13911 14147 I SVR_MNG_BaseProxy: getInterface: mInterface = null
05-27 18:58:42.499 13911 14147 I SVR_MNG_BaseProxy: isBinderActive: clientBinder is null
05-27 18:58:42.500 13911 14147 I SVR_MNG_BaseProxy: isBinderActive: clientBinder is null
05-27 18:58:42.500 13911 14147 D SVR_MNG_SvrMngProxy: getServer: mSvrManger is null
05-27 18:58:42.500 13911 14147 D SVR_MNG_SvrMngProxy: getNewStub: 
05-27 18:58:42.500 13911 14147 D SVR_MNG_SvrMngProxy: getNewStub: getSvrManagerService start
05-27 18:58:42.501 13911 14147 D SVR_MNG_SvrMngProxy: getNewStub: getSvrManagerService end
05-27 08:49:51.463   581   581 D spi_rst_gpio_get_output: GPIO 145 value: 0
05-27 08:49:51.463   581   581 D spidev_ioctl: gpio status=0)
05-27 18:58:42.501 13911 14147 D SVR_MNG_SvrMngProxy: getServer: svrMngService doesn't start
05-27 18:58:42.501 13911 14147 D SVR_MNG_SvrMngProxy: getClientBinder: binderName = com.incall.network.NETWORK_SERVICE
05-27 18:58:42.501 13911 14147 I SVR_MNG_BaseProxy: getInterface: mInterface = null
05-27 18:58:42.501 13911 14147 I SVR_MNG_BaseProxy: isBinderActive: clientBinder is null
05-27 18:58:42.501 13911 14147 E Sentinelmode_1.2.5.17_sentry: <PicketModeManager>consumeProfileCallBack onError:2817---Remote Service Exception
05-27 18:58:42.502 13911 14147 I Sentinelmode_1.2.5.17_sentry: <SentinelCarServiceManager>[SentryTrace] getBCM_Status: bodyMix unavailable, fallback=2
05-27 18:58:42.502 13911 14147 D Sentinelmode_1.2.5.17_sentry: <PicketModeManager>BCM_Status1:2
05-27 18:58:42.502 13911 14147 I Sentinelmode_1.2.5.17_sentry: <SentinelCarServiceManager>[SentryTrace] getBCM_Status: bodyMix unavailable, fallback=2
05-27 18:58:42.502 13911 14147 I Sentinelmode_1.2.5.17_sentry: <SentinelCarServiceManager>[SentryTrace] getBCM_Status: bodyMix unavailable, fallback=2
05-27 18:58:42.502 13911 14147 D Sentinelmode_1.2.5.17_sentry: <PicketModeManager>getshakeLevel:1BCM_Status:2
05-27 18:58:42.502 13911 14147 I Sentinelmode_1.2.5.17_sentry: <PicketModeManager>onPowerValueChanage:PowerValue100 充电状态:0 开关状态:3 BCM:2
05-27 18:58:42.502 13911 14147 I Sentinelmode_1.2.5.17_sentry: <PicketModeManager>getDvrEnableState=true (MMKV DVR_ENABLE_STATE)
05-27 18:58:42.502 13911 14147 I Sentinelmode_1.2.5.17_sentry: <PicketModeManager>getRemoteOpen isRemoteOpen = false
05-27 18:58:42.503 13911 14147 I Sentinelmode_1.2.5.17_sentry: <PicketModeManager>Camera error
05-27 18:58:42.503 13911 14147 I Sentinelmode_1.2.5.17_sentry: <TlvManager>toCloud_SendEvent:14
05-27 18:58:42.503 13911 14147 I Sentinelmode_1.2.5.17_sentry: <PicketModeManager>gardMode stopGardMode 
05-27 18:58:42.503 13911 14147 I Sentinelmode_1.2.5.17_sentry: <PicketModeManager>setSentryModeAlarm：8:0
05-27 18:58:42.506 13911 14147 I Sentinelmode_1.2.5.17_sentry: <PicketModeManager>onSettingsPutInt：true name:persist.gard.mode value:0
05-27 18:58:42.508   283   307 I rvcservice: t.code = 3, t.value = 0
05-27 18:58:42.508 13911 14163 I Sentinelmode_1.2.5.17_sentry: <SentryMcuTriggerStatus>MCU 0x04 0x13 trigger=false payload=[4, 19, 0]
05-27 18:58:42.509 13911 14163 I McuCommManager: mcuCommSendcmd [4, 19, 0]
05-27 18:58:42.509 13911 14147 I Sentinelmode_1.2.5.17_sentry: <PicketModeManager>onSettingsPutInt：true name:persist.gard.ar.type value:14
05-27 18:58:42.509 13911 14147 I DvrLog_Ser->: (DvrLocalServiceManager.java:setGardModeStatus)1979 setGardModeStatus state = 3
05-27 18:58:42.509 13911 14147 I DvrLog_Ser->: (ShowSystemDialog.java:excludeErrorIndex)1523 showDialog i = 1
05-27 18:58:42.509 13911 14147 I DvrLog_Ser->: (DvrLocalServiceManager.java:setGardModeStatus)1985 startRecord currentErrorState = 1001
05-27 18:58:42.509 13911 14147 I DvrLog_Ser->: (ShowSystemDialog.java:showDialogByOrder)327 isBootComplete = false
05-27 18:58:42.509 13911 14147 I DvrLog_Ser->: (DvrManagerAIDL.java:notifyDeviceValue)228 key = RECORD_ERROR value = 6
05-27 18:58:42.511  8307  8307 I DvrLog->: (:accept)3 key = RECORD_ERROR value = 6
05-27 18:58:42.511   572   622 I Sensors : 230 AccelSensor: x:-0.170800,y:-0.002440,z:-9.975940
05-27 18:58:42.512 13911 14183 I SentryImuMcuAngleSender: -179.99649rollDeg
05-27 18:58:42.512 13911 14183 I SentryImuMcuAngleSender: 1,0,0
05-27 18:58:42.512   299 30841 D EvsDriver: forwardFrame
05-27 18:58:42.512 13911 14147 D Sentinelmode_1.2.5.17_sentry: <PicketModeManager>gardMode SettingsObserver onChange  option persist.gard.mode
05-27 18:58:42.513   581   581 I SpiService: fgesysctrl_getGPIO_status success val=1
05-27 18:58:42.515 18297 18297 I ADAYO_LOG_TRACE_LOGCAT: execute start
05-27 18:58:42.515 13911 14147 I Sentinelmode_1.2.5.17_sentry: <PicketModeManager>[SentryTrace] mode_status=0
05-27 18:58:42.516 13911 14147 D SensorManager: unregisterListenerImpl sensor = {Sensor name="ASM330LHH 3-axis Accelerometer Sensor", vendor="STMicroelectronics", version=1, type=1, maxRange=78.4532, resolution=9.35235E-6, power=0.6, minDelay=2000}, listener = com.incall.sentinelmode.manager.PicketModeManager$2@dd928ed
05-27 18:58:42.516   299 30841 D EvsDriver: Delivered 0xb400007b7ca56a60 as id 0
05-27 18:58:42.516 13911 14147 I Sentinelmode_1.2.5.17_sentry: <TlvManager>toCloud_SentryModePerHourMile:12
05-27 18:58:42.516  1167  1184 D evsmanagerd: /dev/video4 forwarded the buffer #0 to 0xb4000074bf5f6850 from 0xb4000074bf5f41d0
05-27 18:58:42.516 13911 14147 I Sentinelmode_1.2.5.17_sentry: <TlvManager>toCloud_GuardModeLeftTime:43200
05-27 18:58:42.516 13911 14147 I Sentinelmode_1.2.5.17_sentry: <PicketModeManager>onGradModeStatusChanage: mode_status = 0
05-27 18:58:42.517   299 30844 D EvsDriver: forwardFrame
05-27 18:58:42.520  1167  1184 D evsmanagerd: /dev/video6 forwarded the buffer #0 to 0xb4000074bf5f5510 from 0xb4000074bf5f6d90
05-27 18:58:42.520   299 30844 D EvsDriver: Delivered 0xb400007b7ca56900 as id 0
05-27 18:58:42.521   299  1153 D EvsDriver: doneWithFrame
