05-27 18:58:48.513   536   536 D commservice260303: CommProtocolLibCmdBaseI2C::dataproc {"command":{"id":"imu_status","sub":""},"content":{"TimeStamp":11,"FrameCounter":267432,"GD_X":-0.012063807807862759,"GD_Y":0.004733873065561056,"GD_Z":0.0018319635419175029,"AD_X":-0.00830724835395813,"AD_Y":0.0021818778477609158,"AD_Z":-0.1731548309326172,"TempDsp":0,"Status":0,"CalibState":1,"SigAmpInvalid":0}},-1979710460
05-27 18:58:48.513   536   536 D commservice260303: send2Cluster len:315, 7B22636F6D6D616E64223A7B226964223A22696D755F737461747573222C22737562223A22227D2C22636F6E74656E74223A7B2254696D655374616D70223A31312C224672616D65436F756E746572223A3236373433322C2247445F58223A2D302E3031323036333830373830373836323735392C2247445F59223A302E3030343733333837333036353536313035362C2247445F5A223A302E303031383331393633353431393137353032392C2241445F58223A2D302E30303833303732343833353339353831332C2241445F59223A302E303032313831383737383437373630393135382C2241445F5A223A2D302E313733313534383330393332363137322C2254656D70447370223A302C22537461747573223A302C2243616C69625374617465223A312C22536967416D70496E76616C6964223A307D7D, 138 
05-27 18:58:48.513   536   536 D commservice260303: Push Message into SendPool fn=-1638530048
05-27 18:58:48.513   536   536 D commservice260303: ComProtocolLibSend2Cluster::send2ClusterRaw fn=-1638530048 , len=331
05-27 18:58:48.513   536   536 D commservice260303: sendCmdToPort :331!!!
05-27 18:58:48.513   536   536 D commservice260303: send Cmd To Port ++++5AA501478A010004569E6A16CE687B22636F6D6D616E64223A7B226964223A22696D755F737461747573222C22737562223A22227D2C22636F6E74656E74223A7B2254696D655374616D70223A31312C224672616D65436F756E746572223A3236373433322C2247445F58223A2D302E3031323036333830373830373836323735392C2247445F59223A302E3030343733333837333036353536313035362C2247445F5A223A302E303031383331393633353431393137353032392C2241445F58223A2D302E30303833303732343833353339353831332C2241445F59223A302E303032313831383737383437373630393135382C2241445F5A223A2D302E313733313534383330393332363137322C2254656D70447370223A302C22537461747573223A302C2243616C69625374617465223A312C22536967416D70496E76616C6964223A307D7D3F60
05-27 18:58:48.514   536   536 D commservice260303: bufferevent_write retrun value = 0
05-27 18:58:48.514   536   560 D commservice260303: client datas send succeed,send finish
05-27 18:58:48.514 13911 14192 D Sentinelmode_1.2.5.17_sentry: <SentryImuClusterFgeSender>imu_status sent to Linux, frame=267432, tsNs=11395752, tsMs=11, intervalMs=41, ad=(-0.008307248,0.0021818778,-0.17315483), gd=(-0.012063808,0.004733873,0.0018319635)
05-27 18:58:48.514   481   598 I mcuc    : rev,n=1,6AA681E587001B8900D50600030E303132333435363738394142434445464700D807BB
05-27 18:58:48.515   351   373 D automotive.vehicle@2.0-adayo-datacomm-mcu: MCUDatacomm sendMessageFromVehicle prop: 0x89, areaId: 0x0, status: 0xd5, timestamp: 0x6
05-27 18:58:48.515   351   373 D automotive.vehicle@2.0-adayo-datacomm-mcu: MCUDatacomm 1sendMessageFromVehicle ---> type = 3 
05-27 18:58:48.515   351   373 D automotive.vehicle@2.0-adayo-func-bcm: sendMessageFromVehicle sendMessageFromVehicle
05-27 18:58:48.515   351   516 D automotive.vehicle@2.0-adayo-func-bcm: jjfan1 ______procotolSize :1
05-27 18:58:48.515   351   516 D automotive.vehicle@2.0-adayo-func-bcm: BCMFunc sendMessageFromVehicle_l dataType: 13,mByte=7,propid=0x2110001a
05-27 18:58:48.515   351   516 D automotive.vehicle@2.0-adayo-func-bcm: BCMFunc VEHICLE_VIN_CODE111 0x2110001a 
05-27 18:58:48.515   351   516 E automotive.vehicle@2.0-adayo-func-bcm: byteArrayToASCIIString, index 7 hex: 30, ascii: 0
05-27 18:58:48.515   351   516 E automotive.vehicle@2.0-adayo-func-bcm: byteArrayToASCIIString, index 8 hex: 31, ascii: 01
05-27 18:58:48.515   351   516 E automotive.vehicle@2.0-adayo-func-bcm: byteArrayToASCIIString, index 9 hex: 32, ascii: 012
05-27 18:58:48.515   351   516 E automotive.vehicle@2.0-adayo-func-bcm: byteArrayToASCIIString, index 10 hex: 33, ascii: 0123
05-27 18:58:48.515   351   516 E automotive.vehicle@2.0-adayo-func-bcm: byteArrayToASCIIString, index 11 hex: 34, ascii: 01234
05-27 18:58:48.515   351   516 E automotive.vehicle@2.0-adayo-func-bcm: byteArrayToASCIIString, index 12 hex: 35, ascii: 012345
05-27 18:58:48.515   351   516 E automotive.vehicle@2.0-adayo-func-bcm: byteArrayToASCIIString, index 13 hex: 36, ascii: 0123456
05-27 18:58:48.515   351   516 E automotive.vehicle@2.0-adayo-func-bcm: byteArrayToASCIIString, index 14 hex: 37, ascii: 01234567
05-27 18:58:48.515   351   516 E automotive.vehicle@2.0-adayo-func-bcm: byteArrayToASCIIString, index 15 hex: 38, ascii: 012345678
05-27 18:58:48.515   351   516 E automotive.vehicle@2.0-adayo-func-bcm: byteArrayToASCIIString, index 16 hex: 39, ascii: 0123456789
05-27 18:58:48.515   351   516 E automotive.vehicle@2.0-adayo-func-bcm: byteArrayToASCIIString, index 17 hex: 41, ascii: 0123456789A
05-27 18:58:48.515   351   516 E automotive.vehicle@2.0-adayo-func-bcm: byteArrayToASCIIString, index 18 hex: 42, ascii: 0123456789AB
05-27 18:58:48.515   351   516 E automotive.vehicle@2.0-adayo-func-bcm: byteArrayToASCIIString, index 19 hex: 43, ascii: 0123456789ABC
05-27 18:58:48.515   351   516 E automotive.vehicle@2.0-adayo-func-bcm: byteArrayToASCIIString, index 20 hex: 44, ascii: 0123456789ABCD
05-27 18:58:48.515   351   516 E automotive.vehicle@2.0-adayo-func-bcm: byteArrayToASCIIString, index 21 hex: 45, ascii: 0123456789ABCDE
05-27 18:58:48.515   351   516 E automotive.vehicle@2.0-adayo-func-bcm: byteArrayToASCIIString, index 22 hex: 46, ascii: 0123456789ABCDEF
05-27 18:58:48.515   351   516 E automotive.vehicle@2.0-adayo-func-bcm: byteArrayToASCIIString, index 23 hex: 47, ascii: 0123456789ABCDEFG
05-27 18:58:48.515   351   516 D automotive.vehicle@2.0-adayo-func-bcm: BCMFunc VEHICLE_VIN_CODE222 0x2110001a ,value:0123456789ABCDEFG
05-27 18:58:48.515   351   516 D automotive.vehicle@2.0-adayo-func-bcm: BCMFunc sendMessageFromVehicle_l id:554696730, area:0 not report! 
05-27 18:58:48.516   581   581 I SpiService: fgesysctrl_getGPIO_status success val=1
05-27 08:49:57.480   581   581 D spidev_ioctl: gpio status=1)
05-27 18:58:48.517   299 30844 D EvsDriver: forwardFrame
05-27 18:58:48.519   299 30844 D EvsDriver: Delivered 0xb400007b7ca56900 as id 0
05-27 18:58:48.519  1167  1184 D evsmanagerd: /dev/video6 forwarded the buffer #0 to 0xb4000074bf5f5510 from 0xb4000074bf5f6d90
05-27 18:58:48.522   581   581 I SpiService: fgesysctrl_getGPIO_status success val=1
05-27 18:58:48.523   299  1163 D EvsDriver: doneWithFrame
05-27 18:58:48.523   299 30841 D EvsDriver: forwardFrame
05-27 18:58:48.524   299 30841 D EvsDriver: Delivered 0xb400007b7ca56a60 as id 0
05-27 18:58:48.524  1167  1184 D evsmanagerd: /dev/video4 forwarded the buffer #0 to 0xb4000074bf5f6850 from 0xb4000074bf5f41d0
05-27 18:58:48.527   299  1163 D EvsDriver: doneWithFrame
05-27 18:58:48.527   581   581 I SpiService: fgesysctrl_getGPIO_status success val=1
05-27 18:58:48.528 13911 14183 I SentryImuMcuAngleSender: -179.993rollDeg
05-27 18:58:48.528 13911 14183 I SentryImuMcuAngleSender: 1,0,0
05-27 18:58:48.528  1008 30856 D [OMXB]  : usingANWBuffer: handle:0xee742ed0, format:1, w:1920, h:1080
05-27 18:58:48.528   283   307 I rvcservice: t.code = 2, t.value = 9980210
05-27 18:58:48.534   581   581 I SpiService: fgesysctrl_getGPIO_status success val=1
05-27 08:49:57.498   581   581 D spidev_ioctl: gpio status=1)
05-27 18:58:48.539   581   581 I SpiService: fgesysctrl_getGPIO_status success val=0
05-27 18:58:48.539   481   597 I mcuc    : send SPI:6AA602E5870002890007
05-27 08:49:57.504   581   581 D spi_rst_gpio_get_output: GPIO 145 value: 0
05-27 08:49:57.504   581   581 D spidev_ioctl: gpio status=0)
05-27 18:58:48.544   536   760 I commservice260303: [mcuCommFunctionTcp::ProtocolCheckConnectTimeOutProc:613] keyID:256,tcpEvent:5,tcpcount:0,heartbeat:1,noHeartBeatNumber:0,endispatch:0,strState:0
05-27 18:58:48.544   536   760 D commservice260303: ProtocolCheckConnectTimeOutProc,629,clear heartbeat
05-27 18:58:48.545   299 30844 D EvsDriver: forwardFrame
05-27 18:58:48.546  1008 30857 D [OMXB]  : usingANWBuffer: handle:0xee7407a0, format:1, w:1920, h:1080
05-27 18:58:48.547  1167  1184 D evsmanagerd: /dev/video6 forwarded the buffer #0 to 0xb4000074bf5f5510 from 0xb4000074bf5f6d90
05-27 18:58:48.547   299 30844 D EvsDriver: Delivered 0xb400007b7ca56900 as id 0
05-27 18:58:48.547 13911 14183 I SentryImuMcuAngleSender: -179.99298rollDeg
05-27 18:58:48.547 13911 14183 I SentryImuMcuAngleSender: 1,0,0
05-27 18:58:48.548 30773 30789 I dvr_service_: Camera 1: MediaOK:37854679, frames:880, isKeyFrame:0,pts:11395572925
05-27 18:58:48.552   299 30841 D EvsDriver: forwardFrame
05-27 18:58:48.552   299  1163 D EvsDriver: doneWithFrame
05-27 18:58:48.556   536   536 D commservice260303: msg.id = 1028,1
05-27 18:58:48.556   536   536 D commservice260303: i = 170, msgid = 8A000404
05-27 18:58:48.556   536   536 D commservice260303: msgid = -1979710460,did=138
05-27 18:58:48.556   536   536 D commservice260303: CommProtocolLibCmdBaseI2C::dataproc {"command":{"id":"imu_status","sub":""},"content":{"TimeStamp":11,"FrameCounter":267433,"GD_X":-0.011300750076770782,"GD_Y":0.0048857564106583595,"GD_Z":0.0019079053308814764,"AD_X":-0.005839362740516663,"AD_Y":-0.0020751499105244875,"AD_Z":-0.16828060150146484,"TempDsp":0,"Status":0,"CalibState":1,"SigAmpInvalid":0}},-1979710460
05-27 18:58:48.557   536   536 D commservice260303: send2Cluster len:319, 7B22636F6D6D616E64223A7B226964223A22696D755F737461747573222C22737562223A22227D2C22636F6E74656E74223A7B2254696D655374616D70223A31312C224672616D65436F756E746572223A3236373433332C2247445F58223A2D302E3031313330303735303037363737303738322C2247445F59223A302E303034383835373536343130363538333539352C2247445F5A223A302E303031393037393035333330383831343736342C2241445F58223A2D302E3030353833393336323734303531363636332C2241445F59223A2D302E303032303735313439393130353234343837352C2241445F5A223A2D302E31363832383036303135303134363438342C2254656D70447370223A302C22537461747573223A302C2243616C69625374617465223A312C22536967416D70496E76616C6964223A307D7D, 138 
05-27 18:58:48.557   536   536 D commservice260303: Push Message into SendPool fn=-1621752832
05-27 18:58:48.557   536   536 D commservice260303: ComProtocolLibSend2Cluster::send2ClusterRaw fn=-1621752832 , len=335
05-27 18:58:48.557   536   536 D commservice260303: sendCmdToPort :335!!!
05-27 18:58:48.557   536   536 D commservice260303: send Cmd To Port ++++5AA5014B8A010004569F6A16CE687B22636F6D6D616E64223A7B226964223A22696D755F737461747573222C22737562223A22227D2C22636F6E74656E74223A7B2254696D655374616D70223A31312C224672616D65436F756E746572223A3236373433332C2247445F58223A2D302E3031313330303735303037363737303738322C2247445F59223A302E303034383835373536343130363538333539352C2247445F5A223A302E303031393037393035333330383831343736342C2241445F58223A2D302E3030353833393336323734303531363636332C2241445F59223A2D302E303032303735313439393130353234343837352C2241445F5A223A2D302E31363832383036303135303134363438342C2254656D70447370223A302C22537461747573223A302C2243616C69625374617465223A312C22536967416D70496E76616C6964223A307D7D3A63
05-27 18:58:48.557   536   536 D commservice260303: bufferevent_write retrun value = 0
05-27 18:58:48.557   536   560 D commservice260303: client datas send succeed,send finish
05-27 18:58:48.558 13911 14192 D Sentinelmode_1.2.5.17_sentry: <SentryImuClusterFgeSender>imu_status sent to Linux, frame=267433, tsNs=11395788, tsMs=11, intervalMs=43, ad=(-0.0058393627,-0.00207515,-0.1682806), gd=(-0.01130075,0.0048857564,0.0019079053)
05-27 18:58:48.559   581   581 I SpiService: fgesysctrl_getGPIO_status success val=1
05-27 18:58:48.559  1167  1184 D evsmanagerd: /dev/video4 forwarded the buffer #0 to 0xb4000074bf5f6850 from 0xb4000074bf5f41d0
05-27 18:58:48.559   299 30841 D EvsDriver: Delivered 0xb400007b7ca56a60 as id 0
05-27 18:58:48.562   299  1163 D EvsDriver: doneWithFrame
05-27 18:58:48.564   581   581 I SpiService: fgesysctrl_getGPIO_status success val=1
05-27 08:49:57.529   581   581 D spi_rst_gpio_get_output: GPIO 145 value: 1
05-27 18:58:48.566  1008 30856 D [OMXB]  : usingANWBuffer: handle:0xee7404e0, format:1, w:1920, h:1080
05-27 18:58:48.567 30773 30789 I dvr_service_: Camera 0: MediaOK:38053861, frames:880, isKeyFrame:0,pts:11395640302
05-27 18:58:48.567 13911 14183 I SentryImuMcuAngleSender: 180.0rollDeg
05-27 18:58:48.567 13911 14183 I SentryImuMcuAngleSender: 1,0,0
05-27 18:58:48.571   581   581 I SpiService: fgesysctrl_getGPIO_status success val=1
05-27 08:49:57.535   581   581 D spi_rst_gpio_get_output: GPIO 145 value: 1
05-27 18:58:48.577   581   581 I SpiService: fgesysctrl_getGPIO_status success val=1
05-27 18:58:48.582  1008 30857 D [OMXB]  : usingANWBuffer: handle:0xee7432f0, format:1, w:1920, h:1080
05-27 18:58:48.582   581   581 I SpiService: fgesysctrl_getGPIO_status success val=0
05-27 18:58:48.583   299 30841 D EvsDriver: forwardFrame
05-27 18:58:48.585   299 30841 D EvsDriver: Delivered 0xb400007b7ca56a60 as id 0
05-27 18:58:48.585  1167  1184 D evsmanagerd: /dev/video4 forwarded the buffer #0 to 0xb4000074bf5f6850 from 0xb4000074bf5f41d0
05-27 18:58:48.585 30773 30783 E dvr_service_: [myNum:0] Received S**** loss
05-27 18:58:48.586   299  1163 D EvsDriver: doneWithFrame
05-27 18:58:48.586   299 30844 D EvsDriver: forwardFrame
05-27 18:58:48.587   299 30844 D EvsDriver: Delivered 0xb400007b7ca56900 as id 0
05-27 18:58:48.587  1167  1184 D evsmanagerd: /dev/video6 forwarded the buffer #0 to 0xb4000074bf5f5510 from 0xb4000074bf5f6d90
05-27 18:58:48.588 30773 30783 E dvr_service_: [myNum:1] Received S**** loss
05-27 18:58:48.588 13911 14183 I SentryImuMcuAngleSender: 179.98949rollDeg
05-27 18:58:48.588 13911 14183 I SentryImuMcuAngleSender: 1,0,0
05-27 18:58:48.588   299  1163 D EvsDriver: doneWithFrame
05-27 18:58:48.590   572   572 I Sensors : 230 AccelSensor: x:-0.174459,y:0.003659,z:-9.974720
05-27 18:58:48.593   536   536 D commservice260303: msg.id = 1028,0
05-27 18:58:48.594   536   536 D commservice260303: i = 170, msgid = 8A000404
05-27 18:58:48.594   536   536 D commservice260303: msgid = -1979710460,did=138
05-27 18:58:48.594   536   536 D commservice260303: CommProtocolLibCmdBaseI2C::dataproc {"command":{"id":"imu_status","sub":""},"content":{"TimeStamp":11,"FrameCounter":267434,"GD_X":-0.010994902811944485,"GD_Y":0.005879240110516548,"GD_Z":0.0021378109231591225,"AD_X":-0.007038280367851257,"AD_Y":0.002795178908854723,"AD_Z":-0.16949939727783203,"TempDsp":0,"Status":0,"CalibState":1,"SigAmpInvalid":0}},-1979710460
05-27 18:58:48.594   536   536 D commservice260303: send2Cluster len:316, 7B22636F6D6D616E64223A7B226964223A22696D755F737461747573222C22737562223A22227D2C22636F6E74656E74223A7B2254696D655374616D70223A31312C224672616D65436F756E746572223A3236373433342C2247445F58223A2D302E3031303939343930323831313934343438352C2247445F59223A302E3030353837393234303131303531363534382C2247445F5A223A302E303032313337383130393233313539313232352C2241445F58223A2D302E3030373033383238303336373835313235372C2241445F59223A302E3030323739353137383930383835343732332C2241445F5A223A2D302E31363934393933393732373738333230332C2254656D70447370223A302C22537461747573223A302C2243616C69625374617465223A312C22536967416D70496E76616C6964223A307D7D, 138 
05-27 18:58:48.594   536   536 D commservice260303: Push Message into SendPool fn=-1604975616
05-27 18:58:48.594   536   536 D commservice260303: ComProtocolLibSend2Cluster::send2ClusterRaw fn=-1604975616 , len=332
05-27 18:58:48.594   536   536 D commservice260303: sendCmdToPort :332!!!
05-27 18:58:48.594   536   536 D commservice260303: send Cmd To Port ++++5AA501488A01000456A06A16CE687B22636F6D6D616E64223A7B226964223A22696D755F737461747573222C22737562223A22227D2C22636F6E74656E74223A7B2254696D655374616D70223A31312C224672616D65436F756E746572223A3236373433342C2247445F58223A2D302E3031303939343930323831313934343438352C2247445F59223A302E3030353837393234303131303531363534382C2247445F5A223A302E303032313337383130393233313539313232352C2241445F58223A2D302E3030373033383238303336373835313235372C2241445F59223A302E3030323739353137383930383835343732332C2241445F5A223A2D302E31363934393933393732373738333230332C2254656D70447370223A302C22537461747573223A302C2243616C69625374617465223A312C22536967416D70496E76616C6964223A307D7DF303
05-27 18:58:48.594   536   536 D commservice260303: bufferevent_write retrun value = 0
05-27 18:58:48.594   536   560 D commservice260303: client datas send succeed,send finish
05-27 18:58:48.594 13911 14192 D Sentinelmode_1.2.5.17_sentry: <SentryImuClusterFgeSender>imu_status sent to Linux, frame=267434, tsNs=11395841, tsMs=11, intervalMs=37, ad=(-0.0070382804,0.002795179,-0.1694994), gd=(-0.010994903,0.00587924,0.002137811)
05-27 18:58:48.597   581   581 I SpiService: fgesysctrl_getGPIO_status success val=1
05-27 18:58:48.598  1008 30856 D [OMXB]  : usingANWBuffer: handle:0xee7427f0, format:1, w:1920, h:1080
05-27 08:49:57.562   581   581 D spi_rst_gpio_get_output: GPIO 145 value: 1
05-27 18:58:48.603   581   581 I SpiService: fgesysctrl_getGPIO_status success val=1
05-27 08:49:57.567   581   581 D spidev_ioctl: gpio status=1)
05-27 18:58:48.607 13911 14183 I SentryImuMcuAngleSender: 179.97899rollDeg
05-27 18:58:48.607 13911 14183 I SentryImuMcuAngleSender: 1,0,0
05-27 18:58:48.608   581   581 I SpiService: fgesysctrl_getGPIO_status success val=1
05-27 18:58:48.614   581   581 I SpiService: fgesysctrl_getGPIO_status success val=1
05-27 18:58:48.619   299 30841 D EvsDriver: forwardFrame
05-27 18:58:48.619   581   581 I SpiService: fgesysctrl_getGPIO_status success val=1
05-27 18:58:48.619   299 30841 D EvsDriver: Delivered 0xb400007b7ca56a60 as id 0
05-27 18:58:48.619  1167  1184 D evsmanagerd: /dev/video4 forwarded the buffer #0 to 0xb4000074bf5f6850 from 0xb4000074bf5f41d0
05-27 18:58:48.620   299 30844 D EvsDriver: forwardFrame
05-27 18:58:48.621   299 30844 D EvsDriver: Delivered 0xb400007b7ca56900 as id 0
05-27 18:58:48.621  1167  1184 D evsmanagerd: /dev/video6 forwarded the buffer #0 to 0xb4000074bf5f5510 from 0xb4000074bf5f6d90
05-27 18:58:48.621   299  1163 D EvsDriver: doneWithFrame
05-27 18:58:48.623   299  1163 D EvsDriver: doneWithFrame
05-27 18:58:48.624  1008 30857 D [OMXB]  : usingANWBuffer: handle:0xee745760, format:1, w:1920, h:1080
05-27 18:58:48.625   581   581 I SpiService: fgesysctrl_getGPIO_status success val=0
05-27 18:58:48.627 13911 14183 I SentryImuMcuAngleSender: 179.986rollDeg
05-27 18:58:48.627 13911 14183 I SentryImuMcuAngleSender: 1,0,0
05-27 18:58:48.628   283   307 I rvcservice: t.code = 3, t.value = 0
05-27 18:58:48.634   536   536 D commservice260303: msg.id = 1028,1
05-27 18:58:48.634   536   536 D commservice260303: i = 170, msgid = 8A000404
05-27 18:58:48.634   536   536 D commservice260303: msgid = -1979710460,did=138
05-27 18:58:48.634   536   536 D commservice260303: CommProtocolLibCmdBaseI2C::dataproc {"command":{"id":"imu_status","sub":""},"content":{"TimeStamp":11,"FrameCounter":267435,"GD_X":-0.011834942735731602,"GD_Y":0.0059551820158958435,"GD_Z":0.00259606190957129,"AD_X":-0.0021570920944213867,"AD_Y":-0.0020827301777899265,"AD_Z":-0.1743793487548828,"TempDsp":0,"Status":0,"CalibState":1,"SigAmpInvalid":0}},-1979710460
05-27 18:58:48.634   536   536 D commservice260303: send2Cluster len:317, 7B22636F6D6D616E64223A7B226964223A22696D755F737461747573222C22737562223A22227D2C22636F6E74656E74223A7B2254696D655374616D70223A31312C224672616D65436F756E746572223A3236373433352C2247445F58223A2D302E3031313833343934323733353733313630322C2247445F59223A302E303035393535313832303135383935383433352C2247445F5A223A302E30303235393630363139303935373132392C2241445F58223A2D302E303032313537303932303934343231333836372C2241445F59223A2D302E303032303832373330313737373839393236352C2241445F5A223A2D302E313734333739333438373534383832382C2254656D70447370223A302C22537461747573223A302C2243616C69625374617465223A312C22536967416D70496E76616C6964223A307D7D, 138 
05-27 18:58:48.634   536   536 D commservice260303: Push Message into SendPool fn=-1588198400
05-27 18:58:48.634   536   536 D commservice260303: ComProtocolLibSend2Cluster::send2ClusterRaw fn=-1588198400 , len=333
05-27 18:58:48.634   536   536 D commservice260303: sendCmdToPort :333!!!
05-27 18:58:48.635   536   536 D commservice260303: send Cmd To Port ++++5AA501498A01000456A16A16CE687B22636F6D6D616E64223A7B226964223A22696D755F737461747573222C22737562223A22227D2C22636F6E74656E74223A7B2254696D655374616D70223A31312C224672616D65436F756E746572223A3236373433352C2247445F58223A2D302E3031313833343934323733353733313630322C2247445F59223A302E303035393535313832303135383935383433352C2247445F5A223A302E30303235393630363139303935373132392C2241445F58223A2D302E303032313537303932303934343231333836372C2241445F59223A2D302E303032303832373330313737373839393236352C2241445F5A223A2D302E313734333739333438373534383832382C2254656D70447370223A302C22537461747573223A302C2243616C69625374617465223A312C22536967416D70496E76616C6964223A307D7D06AF
05-27 18:58:48.635   536   536 D commservice260303: bufferevent_write retrun value = 0
05-27 18:58:48.635   536   560 D commservice260303: client datas send succeed,send finish
05-27 18:58:48.635 13911 14192 D Sentinelmode_1.2.5.17_sentry: <SentryImuClusterFgeSender>imu_status sent to Linux, frame=267435, tsNs=11395877, tsMs=11, intervalMs=41, ad=(-0.002157092,-0.0020827302,-0.17437935), gd=(-0.011834943,0.005955182,0.002596062)
05-27 18:58:48.639   581   581 I SpiService: fgesysctrl_getGPIO_status success val=1
05-27 18:58:48.641   481   598 I mcuc    : rev,n=1,6AA681E588000A8900D901040913123456E9
05-27 18:58:48.641   351   373 D automotive.vehicle@2.0-adayo-datacomm-mcu: MCUDatacomm sendMessageFromVehicle prop: 0x89, areaId: 0x0, status: 0xd9, timestamp: 0x1
05-27 18:58:48.641  1121  1144 I tboxmids_ap: [2026-05-27 18:58:48.641] [MCU RX] src=MCU dst=ZMQ len=10 type=BINARY data=00 08 D9 01 04 09 13 12 34 56 
05-27 18:58:48.641   351   373 D automotive.vehicle@2.0-adayo-datacomm-mcu: MCUDatacomm 1sendMessageFromVehicle ---> type = 12 
05-27 18:58:48.642  1083  1083 I MyAppLog: [2026-05-27 18:58:48.641 I tboxap mcuCommTboxmidsRecvCb:97] [Mcu] [mcuCommTboxmidsRecvCb] recv from tboxmids, size:10
05-27 18:58:48.642  1083  1083 I MyAppLog: [2026-05-27 18:58:48.641 I tboxap mcuCommTboxmidsRecvCb:98] [Mcu] [tboxmids -> tboxap]: :00 08 D9 01 04 09 13 12 34 56
05-27 18:58:48.642  1083  1083 W MyAppLog: [2026-05-27 18:58:48.641 W tboxap mcuYadiFrameParse:852] [Mcu] [mcuYadiFrameParse] cmd:0913(MCU_SEC_BATT1_DYNAMIC_IND) payload too short:5 < 36
05-27 18:58:48.642  1083  1083 W MyAppLog: [2026-05-27 18:58:48.641 W tboxap mcuPtlParseData:982] [Mcu] [mcuPtlParseData] invalid yadi frame, len:10
05-27 18:58:48.643 18363 18391 D ANWStack: Realtek Bluetooth :01 01 10 00
05-27 18:58:48.644  1008 30856 D [OMXB]  : usingANWBuffer: handle:0xee7433a0, format:1, w:1920, h:1080
05-27 18:58:48.645   581   581 I SpiService: fgesysctrl_getGPIO_status success val=1
05-27 18:58:48.647 13911 14183 I SentryImuMcuAngleSender: -179.97899rollDeg
05-27 18:58:48.647 13911 14183 I SentryImuMcuAngleSender: 1,0,0
05-27 18:58:48.650   581   581 I SpiService: fgesysctrl_getGPIO_status success val=1
05-27 18:58:48.654   299 30841 D EvsDriver: forwardFrame
05-27 18:58:48.654   299 30844 D EvsDriver: forwardFrame
05-27 18:58:48.656   581   581 I SpiService: fgesysctrl_getGPIO_status success val=1
05-27 18:58:48.656   299 30841 D EvsDriver: Delivered 0xb400007b7ca56a60 as id 0
05-27 18:58:48.656   299 30844 D EvsDriver: Delivered 0xb400007b7ca56900 as id 0
05-27 18:58:48.656  1167  1184 D evsmanagerd: /dev/video6 forwarded the buffer #0 to 0xb4000074bf5f5510 from 0xb4000074bf5f6d90
05-27 18:58:48.656  1167  1479 D evsmanagerd: /dev/video4 forwarded the buffer #0 to 0xb4000074bf5f6850 from 0xb4000074bf5f41d0
05-27 18:58:48.660   299  1153 D EvsDriver: doneWithFrame
05-27 18:58:48.660   299  1163 D EvsDriver: doneWithFrame
05-27 18:58:48.662   581   581 I SpiService: fgesysctrl_getGPIO_status success val=0
05-27 18:58:48.662   481   597 I mcuc    : send SPI:6AA602E5880002890006
05-27 08:49:57.626   581   581 D spidev_ioctl: gpio status=0)
05-27 18:58:48.668 13911 14183 I SentryImuMcuAngleSender: -179.96848rollDeg
05-27 18:58:48.668 13911 14183 I SentryImuMcuAngleSender: 1,0,0
05-27 18:58:48.672  1008 30856 D [OMXB]  : usingANWBuffer: handle:0xee7412a0, format:1, w:1920, h:1080
05-27 18:58:48.676   536   536 D commservice260303: msg.id = 1028,1
05-27 18:58:48.676   536   536 D commservice260303: i = 170, msgid = 8A000404
05-27 18:58:48.676   536   536 D commservice260303: msgid = -1979710460,did=138
05-27 18:58:48.676   536   536 D commservice260303: CommProtocolLibCmdBaseI2C::dataproc {"command":{"id":"imu_status","sub":""},"content":{"TimeStamp":11,"FrameCounter":267436,"GD_X":-0.01160607673227787,"GD_Y":0.0057257963344454765,"GD_Z":0.002443138277158141,"AD_X":-0.0021621882915496826,"AD_Y":-0.006317447870969772,"AD_Z":-0.17193889617919922,"TempDsp":0,"Status":0,"CalibState":1,"SigAmpInvalid":0}},-1979710460
05-27 18:58:48.676   536   536 D commservice260303: send2Cluster len:317, 7B22636F6D6D616E64223A7B226964223A22696D755F737461747573222C22737562223A22227D2C22636F6E74656E74223A7B2254696D655374616D70223A31312C224672616D65436F756E746572223A3236373433362C2247445F58223A2D302E30313136303630373637333232373738372C2247445F59223A302E303035373235373936333334343435343736352C2247445F5A223A302E3030323434333133383237373135383134312C2241445F58223A2D302E303032313632313838323931353439363832362C2241445F59223A2D302E3030363331373434373837303936393737322C2241445F5A223A2D302E31373139333838393631373931393932322C2254656D70447370223A302C22537461747573223A302C2243616C69625374617465223A312C22536967416D70496E76616C6964223A307D7D, 138 
05-27 18:58:48.676   536   536 D commservice260303: Push Message into SendPool fn=-1571421184
05-27 18:58:48.676   536   536 D commservice260303: ComProtocolLibSend2Cluster::send2ClusterRaw fn=-1571421184 , len=333
05-27 18:58:48.676   536   536 D commservice260303: sendCmdToPort :333!!!
05-27 18:58:48.676   536   536 D commservice260303: send Cmd To Port ++++5AA501498A01000456A26A16CE687B22636F6D6D616E64223A7B226964223A22696D755F737461747573222C22737562223A22227D2C22636F6E74656E74223A7B2254696D655374616D70223A31312C224672616D65436F756E746572223A3236373433362C2247445F58223A2D302E30313136303630373637333232373738372C2247445F59223A302E303035373235373936333334343435343736352C2247445F5A223A302E3030323434333133383237373135383134312C2241445F58223A2D302E303032313632313838323931353439363832362C2241445F59223A2D302E3030363331373434373837303936393737322C2241445F5A223A2D302E31373139333838393631373931393932322C2254656D70447370223A302C22537461747573223A302C2243616C69625374617465223A312C22536967416D70496E76616C6964223A307D7D7C67
05-27 18:58:48.677   536   536 D commservice260303: bufferevent_write retrun value = 0
05-27 18:58:48.677   581   581 I SpiService: fgesysctrl_getGPIO_status success val=1
05-27 18:58:48.677   536   560 D commservice260303: client datas send succeed,send finish
05-27 18:58:48.677 13911 14192 D Sentinelmode_1.2.5.17_sentry: <SentryImuClusterFgeSender>imu_status sent to Linux, frame=267436, tsNs=11395913, tsMs=11, intervalMs=42, ad=(-0.0021621883,-0.006317448,-0.1719389), gd=(-0.011606077,0.0057257963,0.0024431383)
05-27 18:58:48.679   572   572 I Sensors : 230 GyroSensor: x:-0.011301,y:0.005345,z:0.002443
05-27 18:58:48.682   581   581 I SpiService: fgesysctrl_getGPIO_status success val=1
05-27 08:49:57.647   581   581 D spi_rst_gpio_get_output: GPIO 145 value: 1
05-27 08:49:57.647   581   581 D spidev_ioctl: gpio status=1)
05-27 18:58:48.685   299 30844 D EvsDriver: forwardFrame
05-27 18:58:48.686   299 30841 D EvsDriver: forwardFrame
05-27 18:58:48.686   299 30844 D EvsDriver: Delivered 0xb400007b7ca56900 as id 0
05-27 18:58:48.686  1167  1479 D evsmanagerd: /dev/video6 forwarded the buffer #0 to 0xb4000074bf5f5510 from 0xb4000074bf5f6d90
05-27 18:58:48.687   299 30841 D EvsDriver: Delivered 0xb400007b7ca56a60 as id 0
05-27 18:58:48.687  1167  1479 D evsmanagerd: /dev/video4 forwarded the buffer #0 to 0xb4000074bf5f6850 from 0xb4000074bf5f41d0
05-27 18:58:48.688   581   581 I SpiService: fgesysctrl_getGPIO_status success val=1
05-27 18:58:48.688  1008 30857 D [OMXB]  : usingANWBuffer: handle:0xee7439d0, format:1, w:1920, h:1080
05-27 18:58:48.688   299  1153 D EvsDriver: doneWithFrame
05-27 18:58:48.689 13911 14183 I SentryImuMcuAngleSender: -179.97197rollDeg
05-27 18:58:48.689 13911 14183 I SentryImuMcuAngleSender: 1,0,0
05-27 18:58:48.692   299  1153 D EvsDriver: doneWithFrame
05-27 18:58:48.694   581   581 I SpiService: fgesysctrl_getGPIO_status success val=1
05-27 18:58:48.699   581   581 I SpiService: fgesysctrl_getGPIO_status success val=1
05-27 18:58:48.700  1008 30856 D [OMXB]  : usingANWBuffer: handle:0xee7421c0, format:1, w:1920, h:1080
05-27 08:49:57.664   581   581 D spidev_ioctl: gpio status=1)
05-27 18:58:48.705   581   581 I SpiService: fgesysctrl_getGPIO_status success val=0
05-27 18:58:48.710 13911 14183 I SentryImuMcuAngleSender: -179.986rollDeg
05-27 18:58:48.710 13911 14183 I SentryImuMcuAngleSender: 1,0,0
05-27 18:58:48.713   299 30844 D EvsDriver: forwardFrame
05-27 18:58:48.714   299 30841 D EvsDriver: forwardFrame
05-27 08:49:57.684   581   581 D spi_rst_gpio_get_output: GPIO 145 value: 1
05-27 08:49:57.684   581   581 D spidev_ioctl: gpio status=1)
05-27 18:58:48.717   299 30841 D EvsDriver: Delivered 0xb400007b7ca56a60 as id 0
05-27 18:58:48.717  1167  1479 D evsmanagerd: /dev/video4 forwarded the buffer #0 to 0xb4000074bf5f6850 from 0xb4000074bf5f41d0
05-27 18:58:48.717   536   536 D commservice260303: msg.id = 1028,1
05-27 18:58:48.717   299 30844 D EvsDriver: Delivered 0xb400007b7ca56900 as id 0
05-27 18:58:48.717   536   536 D commservice260303: i = 170, msgid = 8A000404
05-27 18:58:48.717  1167  1184 D evsmanagerd: /dev/video6 forwarded the buffer #0 to 0xb4000074bf5f5510 from 0xb4000074bf5f6d90
05-27 18:58:48.717   536   536 D commservice260303: msgid = -1979710460,did=138
05-27 18:58:48.717   536   536 D commservice260303: CommProtocolLibCmdBaseI2C::dataproc {"command":{"id":"imu_status","sub":""},"content":{"TimeStamp":11,"FrameCounter":267437,"GD_X":-0.010841978713870049,"GD_Y":0.004963258747011423,"GD_Z":0.0019848872907459736,"AD_X":-0.007025808095932007,"AD_Y":-0.00323859928175807,"AD_Z":-0.17071914672851562,"TempDsp":0,"Status":0,"CalibState":1,"SigAmpInvalid":0}},-1979710460
05-27 18:58:48.717   536   536 D commservice260303: send2Cluster len:316, 7B22636F6D6D616E64223A7B226964223A22696D755F737461747573222C22737562223A22227D2C22636F6E74656E74223A7B2254696D655374616D70223A31312C224672616D65436F756E746572223A3236373433372C2247445F58223A2D302E3031303834313937383731333837303034392C2247445F59223A302E3030343936333235383734373031313432332C2247445F5A223A302E303031393834383837323930373435393733362C2241445F58223A2D302E3030373032353830383039353933323030372C2241445F59223A2D302E30303332333835393932383137353830372C2241445F5A223A2D302E31373037313931343637323835313536322C2254656D70447370223A302C22537461747573223A302C2243616C69625374617465223A312C22536967416D70496E76616C6964223A307D7D, 138 
05-27 18:58:48.717   536   536 D commservice260303: Push Message into SendPool fn=-1554643968
05-27 18:58:48.717   536   536 D commservice260303: ComProtocolLibSend2Cluster::send2ClusterRaw fn=-1554643968 , len=332
05-27 18:58:48.717   536   536 D commservice260303: sendCmdToPort :332!!!
05-27 18:58:48.718   536   536 D commservice260303: send Cmd To Port ++++5AA501488A01000456A36A16CE687B22636F6D6D616E64223A7B226964223A22696D755F737461747573222C22737562223A22227D2C22636F6E74656E74223A7B2254696D655374616D70223A31312C224672616D65436F756E746572223A3236373433372C2247445F58223A2D302E3031303834313937383731333837303034392C2247445F59223A302E3030343936333235383734373031313432332C2247445F5A223A302E303031393834383837323930373435393733362C2241445F58223A2D302E3030373032353830383039353933323030372C2241445F59223A2D302E30303332333835393932383137353830372C2241445F5A223A2D302E31373037313931343637323835313536322C2254656D70447370223A302C22537461747573223A302C2243616C69625374617465223A312C22536967416D70496E76616C6964223A307D7DE8B8
05-27 18:58:48.718   536   536 D commservice260303: bufferevent_write retrun value = 0
05-27 18:58:48.718   536   560 D commservice260303: client datas send succeed,send finish
05-27 18:58:48.719   581   581 I SpiService: fgesysctrl_getGPIO_status success val=1
05-27 18:58:48.721   299  1153 D EvsDriver: doneWithFrame
05-27 18:58:48.721   299  1163 D EvsDriver: doneWithFrame
05-27 18:58:48.725   581   581 I SpiService: fgesysctrl_getGPIO_status success val=1
05-27 18:58:48.725 13911 14192 D Sentinelmode_1.2.5.17_sentry: <SentryImuClusterFgeSender>imu_status sent to Linux, frame=267437, tsNs=11395948, tsMs=11, intervalMs=48, ad=(-0.007025808,-0.0032385993,-0.17071915), gd=(-0.010841979,0.0049632587,0.0019848873)
05-27 18:58:48.729   283   307 I rvcservice: t.code = 0, t.value = 1829
05-27 18:58:48.730 13911 14183 I SentryImuMcuAngleSender: 180.0rollDeg
05-27 18:58:48.730 13911 14183 I SentryImuMcuAngleSender: 1,0,0
05-27 18:58:48.731   581   581 I SpiService: fgesysctrl_getGPIO_status success val=1
05-27 08:49:57.695   581   581 D spidev_ioctl: gpio status=1)
05-27 18:58:48.733  1008 30857 D [OMXB]  : usingANWBuffer: handle:0xee7428a0, format:1, w:1920, h:1080
05-27 18:58:48.737   581   581 I SpiService: fgesysctrl_getGPIO_status success val=1
05-27 18:58:48.742   581   581 I SpiService: fgesysctrl_getGPIO_status success val=0
05-27 18:58:48.751 13911 14183 I SentryImuMcuAngleSender: 179.993rollDeg
05-27 18:58:48.751 13911 14183 I SentryImuMcuAngleSender: 1,0,0
05-27 18:58:48.751  1008 30856 D [OMXB]  : usingANWBuffer: handle:0xee746ec0, format:1, w:1920, h:1080
05-27 18:58:48.752 10188 10922 I ActivityManager: Death received in com.android.server.am.ActivityManagerService$AppDeathRecipient@77a24c7 for thread android.os.BinderProxy@f207af4, proc:ProcessRecord{e8f3d30 18363:com.anwsdk.service:remote/1000}
05-27 18:58:48.753 10188 10922 I ActivityManager: Process com.anwsdk.service:remote (pid 18363) has died: cch CACC
05-27 18:58:48.753 10188 10922 I am_proc_died: [0,18363,com.anwsdk.service:remote,900,17]
05-27 18:58:48.753 13435 13435 D BtManager: onServiceDisconnected
05-27 18:58:48.753 10188 10922 I ActivityManager: app ProcessRecord{e8f3d30 18363:com.anwsdk.service:remote/1000} mThread:android.app.IApplicationThread$Stub$Proxy@302e21d mDeathRecipient:com.android.server.am.ActivityManagerService$AppDeathRecipient@77a24c7 has been unlinked.
05-27 18:58:48.753 10188 10678 I libprocessgroup: Successfully killed process cgroup uid 1000 pid 18363 in 0ms
05-27 18:58:48.753 10188 10922 W ActivityManager: Scheduling restart of crashed service com.anwsdk.service/.anwbtservice in 0ms for persistent
05-27 18:58:48.753 10188 10922 I am_schedule_service_restart: [0,com.anwsdk.service/.anwbtservice,0]
05-27 18:58:48.753 10188 10922 I ActivityManager: note: ProcessRecord{e8f3d30 18363:com.anwsdk.service:remote/1000} died, saving the exit info
05-27 18:58:48.754 10188 10680 I ActivityManager: Update process exit info for com.anwsdk.service(18363/u1000)
05-27 18:58:48.754 10188 10922 D ActivityTaskManager: put all activities to cleanup list, wpc=ProcessRecord{e8f3d30 0:com.anwsdk.service:remote/1000} mHasActivities=false activeActivitySize=0
05-27 18:58:48.755   299 30844 D EvsDriver: forwardFrame
05-27 18:58:48.755 10041 10041 I Zygote  : Process 18363 exited cleanly (1)
05-27 18:58:48.756 10188 10188 D JobScheduler.Quota: Processing event 31 for <0>com.anwsdk.service
05-27 18:58:48.756  1167  1184 D evsmanagerd: /dev/video6 forwarded the buffer #0 to 0xb4000074bf5f5510 from 0xb4000074bf5f6d90
05-27 18:58:48.756   299 30844 D EvsDriver: Delivered 0xb400007b7ca56900 as id 0
05-27 18:58:48.756 30773 30782 E dvr_service_: [myNum:1] Received S**** loss
05-27 18:58:48.756   536   536 D commservice260303: msg.id = 1028,0
05-27 18:58:48.756   536   536 D commservice260303: i = 170, msgid = 8A000404
05-27 18:58:48.756   536   536 D commservice260303: msgid = -1979710460,did=138
05-27 18:58:48.756 10188 10660 I ActivityManager: com.anwsdk.service is exempt from freezer
05-27 18:58:48.756   536   536 D commservice260303: CommProtocolLibCmdBaseI2C::dataproc {"command":{"id":"imu_status","sub":""},"content":{"TimeStamp":11,"FrameCounter":267438,"GD_X":-0.011910883709788322,"GD_Y":0.004809814505279064,"GD_Z":0.0020608289632946253,"AD_X":-0.003932207822799683,"AD_Y":-1.8665031529963017E-4,"AD_Z":-0.17193889617919922,"TempDsp":0,"Status":0,"CalibState":1,"SigAmpInvalid":0}},-1979710460
05-27 18:58:48.756   536   536 D commservice260303: send2Cluster len:318, 7B22636F6D6D616E64223A7B226964223A22696D755F737461747573222C22737562223A22227D2C22636F6E74656E74223A7B2254696D655374616D70223A31312C224672616D65436F756E746572223A3236373433382C2247445F58223A2D302E3031313931303838333730393738383332322C2247445F59223A302E3030343830393831343530353237393036342C2247445F5A223A302E303032303630383238393633323934363235332C2241445F58223A2D302E3030333933323230373832323739393638332C2241445F59223A2D312E38363635303331353239393633303137452D342C2241445F5A223A2D302E31373139333838393631373931393932322C2254656D70447370223A302C22537461747573223A302C2243616C69625374617465223A312C22536967416D70496E76616C6964223A307D7D, 138 
05-27 18:58:48.756   536   536 D commservice260303: Push Message into SendPool fn=-1537866752
05-27 18:58:48.756   536   536 D commservice260303: ComProtocolLibSend2Cluster::send2ClusterRaw fn=-1537866752 , len=334
05-27 18:58:48.756   536   536 D commservice260303: sendCmdToPort :334!!!
05-27 18:58:48.756   581   581 I SpiService: fgesysctrl_getGPIO_status success val=1
05-27 18:58:48.756   536   536 D commservice260303: send Cmd To Port ++++5AA5014A8A01000456A46A16CE687B22636F6D6D616E64223A7B226964223A22696D755F737461747573222C22737562223A22227D2C22636F6E74656E74223A7B2254696D655374616D70223A31312C224672616D65436F756E746572223A3236373433382C2247445F58223A2D302E3031313931303838333730393738383332322C2247445F59223A302E3030343830393831343530353237393036342C2247445F5A223A302E303032303630383238393633323934363235332C2241445F58223A2D302E3030333933323230373832323739393638332C2241445F59223A2D312E38363635303331353239393633303137452D342C2241445F5A223A2D302E31373139333838393631373931393932322C2254656D70447370223A302C22537461747573223A302C2243616C69625374617465223A312C22536967416D70496E76616C6964223A307D7DF4F0
05-27 18:58:48.757 10188 10660 D CompatibilityChangeReporter: Compat change id reported: 135634846; UID 1000; state: DISABLED
05-27 18:58:48.757   299  1153 D EvsDriver: doneWithFrame
05-27 18:58:48.757   536   536 D commservice260303: bufferevent_write retrun value = 0
05-27 18:58:48.757   536   560 D commservice260303: client datas send succeed,send finish
05-27 18:58:48.757 10188 10660 D CompatibilityChangeReporter: Compat change id reported: 177438394; UID 1000; state: DISABLED
05-27 18:58:48.757 10188 10660 D CompatibilityChangeReporter: Compat change id reported: 135772972; UID 1000; state: DISABLED
05-27 18:58:48.757 13911 14192 D Sentinelmode_1.2.5.17_sentry: <SentryImuClusterFgeSender>imu_status sent to Linux, frame=267438, tsNs=11396002, tsMs=11, intervalMs=32, ad=(-0.003932208,-1.8665032E-4,-0.1719389), gd=(-0.011910884,0.0048098145,0.002060829)
05-27 18:58:48.757 10188 10660 D CompatibilityChangeReporter: Compat change id reported: 135754954; UID 1000; state: ENABLED
05-27 18:58:48.757   299 30841 D EvsDriver: forwardFrame
05-27 18:58:48.757 10188 10660 D ActivityManager: ProcessRecord{88d4c92 0:com.anwsdk.service:remote/1000} setPendingStart=true callers=com.android.server.am.ProcessList.startProcessLocked:1922 com.android.server.am.UnisocProcessList.startProcessLocked:320 com.android.server.am.ProcessList.startProcessLocked:2391 com.android.server.am.ProcessList.startProcessLocked:2534 com.android.server.am.ActivityManagerService.startProcessLocked:2890 com.android.server.am.ActiveServices.bringUpServiceLocked:4326 com.android.server.am.ActiveServices.performServiceRestartLocked:4104 com.android.server.am.ActiveServices$ServiceRestarter.run:3320 android.os.Handler.handleCallback:942 android.os.Handler.dispatchMessage:99 
05-27 18:58:48.758 10188 10660 I ActivityManager: Posting procStart msg for 0:com.anwsdk.service:remote/1000
05-27 18:58:48.758   299 30841 D EvsDriver: Delivered 0xb400007b7ca56a60 as id 0
05-27 18:58:48.758  1167  1184 D evsmanagerd: /dev/video4 forwarded the buffer #0 to 0xb4000074bf5f6850 from 0xb4000074bf5f41d0
05-27 18:58:48.758 10188 10661 D ActivityManager: asking zygote to start proc:ProcessRecord{88d4c92 0:com.anwsdk.service:remote/1000}
05-27 18:58:48.758 10188 10661 D Prefork : startResult is empty and running normal execution.
05-27 18:58:48.758 30773 30782 E dvr_service_: [myNum:0] Received S**** loss
05-27 18:58:48.759   299  1153 D EvsDriver: doneWithFrame
05-27 18:58:48.759 10188 10678 I ActivityManager: Got SIGCHLD from zygote: pid=18363, uid=1000, status=100
05-27 18:58:48.759 10188 10680 I ActivityManager: zygote: proc died: pid=18363 uid=1000, status=256
05-27 18:58:48.759 10188 10680 E UnisocStabilityCollection: getKill:true,cur=0,killType=3 ,name=proc_died:1000, reason=proc_died
05-27 18:58:48.759 10188 10680 E UnisocStabilityCollection: getKill sum:18
05-27 18:58:48.762   581   581 I SpiService: fgesysctrl_getGPIO_status success val=1
05-27 18:58:48.767   581   581 I SpiService: fgesysctrl_getGPIO_status success val=1
05-27 18:58:48.771 10041 10041 D Zygote  : Forked child process 18434
05-27 18:58:48.771 13911 14183 I SentryImuMcuAngleSender: 179.99649rollDeg
05-27 18:58:48.771 13911 14183 I SentryImuMcuAngleSender: 1,0,0
05-27 18:58:48.771 10188 10661 I am_proc_start: [0,18434,1000,com.anwsdk.service:remote,service,{com.anwsdk.service/com.anwsdk.service.anwbtservice}]
05-27 18:58:48.771 10188 10661 I ActivityManager: Start proc 18434:com.anwsdk.service:remote/1000 for service {com.anwsdk.service/com.anwsdk.service.anwbtservice}
05-27 18:58:48.772 10188 10661 D ActivityManager: ProcessRecord{88d4c92 18434:com.anwsdk.service:remote/1000} setPendingStart=false callers=com.android.server.am.ProcessList.handleProcessStartedLocked:2646 com.android.server.am.UnisocProcessList.handleProcessStartedLocked:377 com.android.server.am.ProcessList.handleProcessStartedLocked:2585 com.android.server.am.ProcessList.lambda$handleProcessStart$1$com-android-server-am-ProcessList:1993 com.android.server.am.ProcessList$$ExternalSyntheticLambda1.run:22 com.android.server.am.ProcessList.handleProcessStart:2016 com.android.server.am.ProcessList.lambda$startProcessLocked$0$com-android-server-am-ProcessList:1950 com.android.server.am.ProcessList$$ExternalSyntheticLambda5.run:22 android.os.Handler.handleCallback:942 android.os.Handler.dispatchMessage:99 
05-27 18:58:48.773   581   581 I SpiService: fgesysctrl_getGPIO_status success val=1
05-27 18:58:48.776 18434 18434 I Zygote  : seccomp disabled by setenforce 0
05-27 18:58:48.778   581   581 I SpiService: fgesysctrl_getGPIO_status success val=1
05-27 18:58:48.781 18434 18434 I .service:remote: Late-enabling -Xcheck:jni
05-27 18:58:48.782  1008 30857 D [OMXB]  : usingANWBuffer: handle:0xee744b00, format:1, w:1920, h:1080
05-27 18:58:48.777 18433 18433 I cat     : type=1400 audit(0.0:72962): avc: denied { append } for path="/mnt/log_data/AndroidLog/kernel/default-1.txt" dev="vda93" ino=180272 scontext=u:r:toolbox:s0 tcontext=u:object_r:log_data_file:s0 tclass=file permissive=1
05-27 18:58:48.777  1008  1008 I auditd  : type=1400 audit(0.0:72963): avc: denied { call } for comm="OMXCallbackDisp" scontext=u:r:mediacodec:s0 tcontext=u:r:adayo_dvr_service:s0 tclass=binder permissive=1
05-27 18:58:48.777  1008  1008 I OMXCallbackDisp: type=1400 audit(0.0:72963): avc: denied { call } for scontext=u:r:mediacodec:s0 tcontext=u:r:adayo_dvr_service:s0 tclass=binder permissive=1
05-27 18:58:48.784   581   581 I SpiService: fgesysctrl_getGPIO_status success val=0
05-27 18:58:48.788   572   572 I Sensors : 230 AccelSensor: x:-0.170800,y:0.003659,z:-9.979600
05-27 18:58:48.788   299 30841 D EvsDriver: forwardFrame
05-27 18:58:48.789   299 30844 D EvsDriver: forwardFrame
05-27 18:58:48.777   581   581 I auditd  : type=1400 audit(0.0:72964): avc: denied { read write } for comm="spi@1.0-service" name="spidev2.0" dev="tmpfs" ino=23621 scontext=u:r:hal_spi_default:s0 tcontext=u:object_r:spi_consumerir_device:s0 tclass=chr_file permissive=1
05-27 18:58:48.777   581   581 I spi@1.0-service: type=1400 audit(0.0:72964): avc: denied { read write } for name="spidev2.0" dev="tmpfs" ino=23621 scontext=u:r:hal_spi_default:s0 tcontext=u:object_r:spi_consumerir_device:s0 tclass=chr_file permissive=1
05-27 18:58:48.777   581   581 I auditd  : type=1400 audit(0.0:72965): avc: denied { open } for comm="spi@1.0-service" path="/dev/spidev2.0" dev="tmpfs" ino=23621 scontext=u:r:hal_spi_default:s0 tcontext=u:object_r:spi_consumerir_device:s0 tclass=chr_file permissive=1
05-27 18:58:48.777   581   581 I spi@1.0-service: type=1400 audit(0.0:72965): avc: denied { open } for path="/dev/spidev2.0" dev="tmpfs" ino=23621 scontext=u:r:hal_spi_default:s0 tcontext=u:object_r:spi_consumerir_device:s0 tclass=chr_file permissive=1
05-27 18:58:48.777   581   581 I auditd  : type=1400 audit(0.0:72966): avc: denied { ioctl } for comm="spi@1.0-service" path="/dev/spidev2.0" dev="tmpfs" ino=23621 ioctlcmd=0x6b06 scontext=u:r:hal_spi_default:s0 tcontext=u:object_r:spi_consumerir_device:s0 tclass=chr_file permissive=1
05-27 18:58:48.777   581   581 I spi@1.0-service: type=1400 audit(0.0:72966): avc: denied { ioctl } for path="/dev/spidev2.0" dev="tmpfs" ino=23621 ioctlcmd=0x6b06 scontext=u:r:hal_spi_default:s0 tcontext=u:object_r:spi_consumerir_device:s0 tclass=chr_file permissive=1
05-27 18:58:48.794   299 30841 D EvsDriver: Delivered 0xb400007b7ca56a60 as id 0
05-27 18:58:48.794   299 30844 D EvsDriver: Delivered 0xb400007b7ca56900 as id 0
05-27 18:58:48.794  1167  1184 D evsmanagerd: /dev/video6 forwarded the buffer #0 to 0xb4000074bf5f5510 from 0xb4000074bf5f6d90
05-27 18:58:48.795  1167  1479 D evsmanagerd: /dev/video4 forwarded the buffer #0 to 0xb4000074bf5f6850 from 0xb4000074bf5f41d0
05-27 18:58:48.796   536   536 D commservice260303: msg.id = 1028,2
05-27 18:58:48.796   536   536 D commservice260303: i = 170, msgid = 8A000404
05-27 18:58:48.796   536   536 D commservice260303: msgid = -1979710460,did=138
05-27 18:58:48.796   536   536 D commservice260303: CommProtocolLibCmdBaseI2C::dataproc {"command":{"id":"imu_status","sub":""},"content":{"TimeStamp":11,"FrameCounter":267439,"GD_X":-0.011223767884075642,"GD_Y":0.006185087841004133,"GD_Z":0.0018319635419175029,"AD_X":-0.003323599696159363,"AD_Y":0.0028538149781525135,"AD_Z":-0.1743793487548828,"TempDsp":0,"Status":0,"CalibState":1,"SigAmpInvalid":0}},-1979710460
05-27 18:58:48.797   536   536 D commservice260303: send2Cluster len:316, 7B22636F6D6D616E64223A7B226964223A22696D755F737461747573222C22737562223A22227D2C22636F6E74656E74223A7B2254696D655374616D70223A31312C224672616D65436F756E746572223A3236373433392C2247445F58223A2D302E3031313232333736373838343037353634322C2247445F59223A302E3030363138353038373834313030343133332C2247445F5A223A302E303031383331393633353431393137353032392C2241445F58223A2D302E3030333332333539393639363135393336332C2241445F59223A302E303032383533383134393738313532353133352C2241445F5A223A2D302E313734333739333438373534383832382C2254656D70447370223A302C22537461747573223A302C2243616C69625374617465223A312C22536967416D70496E76616C6964223A307D7D, 138 
05-27 18:58:48.797   536   536 D commservice260303: Push Message into SendPool fn=-1521089536
05-27 18:58:48.797   536   536 D commservice260303: ComProtocolLibSend2Cluster::send2ClusterRaw fn=-1521089536 , len=332
05-27 18:58:48.797   536   536 D commservice260303: sendCmdToPort :332!!!
05-27 18:58:48.797   536   536 D commservice260303: send Cmd To Port ++++5AA501488A01000456A56A16CE687B22636F6D6D616E64223A7B226964223A22696D755F737461747573222C22737562223A22227D2C22636F6E74656E74223A7B2254696D655374616D70223A31312C224672616D65436F756E746572223A3236373433392C2247445F58223A2D302E3031313232333736373838343037353634322C2247445F59223A302E3030363138353038373834313030343133332C2247445F5A223A302E303031383331393633353431393137353032392C2241445F58223A2D302E3030333332333539393639363135393336332C2241445F59223A302E303032383533383134393738313532353133352C2241445F5A223A2D302E313734333739333438373534383832382C2254656D70447370223A302C22537461747573223A302C2243616C69625374617465223A312C22536967416D70496E76616C6964223A307D7D5FA6
05-27 18:58:48.797   536   536 D commservice260303: bufferevent_write retrun value = 0
05-27 18:58:48.798 13911 14192 D Sentinelmode_1.2.5.17_sentry: <SentryImuClusterFgeSender>imu_status sent to Linux, frame=267439, tsNs=11396038, tsMs=11, intervalMs=40, ad=(-0.0033235997,0.002853815,-0.17437935), gd=(-0.011223768,0.006185088,0.0018319635)
05-27 18:58:48.799  1008 30856 D [OMXB]  : usingANWBuffer: handle:0xee7467e0, format:1, w:1920, h:1080
05-27 18:58:48.799   536   560 D commservice260303: client datas send succeed,send finish
05-27 18:58:48.800   299  1153 D EvsDriver: doneWithFrame
05-27 18:58:48.800 13911 14183 I SentryImuMcuAngleSender: 179.99649rollDeg
05-27 18:58:48.800 13911 14183 I SentryImuMcuAngleSender: 1,0,0
05-27 18:58:48.802 10188 10922 D NetworkPolicy: Blocked state of 10080: {blocked=NONE,allowed=FOREGROUND|METERED_FOREGROUND,effective=NONE}
05-27 18:58:48.802   299  1153 D EvsDriver: doneWithFrame
05-27 18:58:48.802   581   581 I SpiService: fgesysctrl_getGPIO_status success val=1
05-27 18:58:48.808   581   581 I SpiService: fgesysctrl_getGPIO_status success val=1
05-27 08:49:57.773   581   581 D spi_rst_gpio_get_output: GPIO 145 value: 1
05-27 18:58:48.814   581   581 I SpiService: fgesysctrl_getGPIO_status success val=1
05-27 18:58:48.817   299 30844 D EvsDriver: forwardFrame
05-27 18:58:48.817   299 30841 D EvsDriver: forwardFrame
