05-27 18:58:45.811   536   536 D commservice260303: CommProtocolLibCmdBaseI2C::dataproc {"command":{"id":"imu_status","sub":""},"content":{"TimeStamp":11,"FrameCounter":267365,"GD_X":-0.011377211660146713,"GD_Y":0.0051151420921087265,"GD_Z":0.0020608289632946253,"AD_X":-0.0021030306816101074,"AD_Y":-0.002315934281796217,"AD_Z":-0.18780040740966797,"TempDsp":0,"Status":0,"CalibState":1,"SigAmpInvalid":0}},-1979710460
05-27 18:58:45.811   536   536 D commservice260303: send2Cluster len:319, 7B22636F6D6D616E64223A7B226964223A22696D755F737461747573222C22737562223A22227D2C22636F6E74656E74223A7B2254696D655374616D70223A31312C224672616D65436F756E746572223A3236373336352C2247445F58223A2D302E3031313337373231313636303134363731332C2247445F59223A302E303035313135313432303932313038373236352C2247445F5A223A302E303032303630383238393633323934363235332C2241445F58223A2D302E303032313033303330363831363130313037342C2241445F59223A2D302E3030323331353933343238313739363231372C2241445F5A223A2D302E31383738303034303734303936363739372C2254656D70447370223A302C22537461747573223A302C2243616C69625374617465223A312C22536967416D70496E76616C6964223A307D7D, 138 
05-27 18:58:45.811   536   536 D commservice260303: Push Message into SendPool fn=1515586560
05-27 18:58:45.811   536   536 D commservice260303: ComProtocolLibSend2Cluster::send2ClusterRaw fn=1515586560 , len=335
05-27 18:58:45.812   536   536 D commservice260303: sendCmdToPort :335!!!
05-27 18:58:45.812   299 30844 D EvsDriver: forwardFrame
05-27 18:58:45.812   536   536 D commservice260303: send Cmd To Port ++++5AA5014B8A010004565A6A16CE657B22636F6D6D616E64223A7B226964223A22696D755F737461747573222C22737562223A22227D2C22636F6E74656E74223A7B2254696D655374616D70223A31312C224672616D65436F756E746572223A3236373336352C2247445F58223A2D302E3031313337373231313636303134363731332C2247445F59223A302E303035313135313432303932313038373236352C2247445F5A223A302E303032303630383238393633323934363235332C2241445F58223A2D302E303032313033303330363831363130313037342C2241445F59223A2D302E3030323331353933343238313739363231372C2241445F5A223A2D302E31383738303034303734303936363739372C2254656D70447370223A302C22537461747573223A302C2243616C69625374617465223A312C22536967416D70496E76616C6964223A307D7DA547
05-27 18:58:45.812   536   536 D commservice260303: bufferevent_write retrun value = 0
05-27 18:58:45.812   536   560 D commservice260303: client datas send succeed,send finish
05-27 18:58:45.812 13911 14192 D Sentinelmode_1.2.5.17_sentry: <SentryImuClusterFgeSender>imu_status sent to Linux, frame=267365, tsNs=11393042, tsMs=11, intervalMs=42, ad=(-0.0021030307,-0.0023159343,-0.1878004), gd=(-0.011377212,0.005115142,0.002060829)
05-27 08:49:54.774   581   581 D spi_rst_gpio_get_output: GPIO 145 value: 1
05-27 08:49:54.774   581   581 D spidev_ioctl: gpio status=1)
05-27 18:58:45.813   299 30844 D EvsDriver: Delivered 0xb400007b7ca56900 as id 0
05-27 18:58:45.813  1167  1479 D evsmanagerd: /dev/video6 forwarded the buffer #0 to 0xb4000074bf5f5510 from 0xb4000074bf5f6d90
05-27 18:58:45.814   581   581 I SpiService: fgesysctrl_getGPIO_status success val=1
05-27 18:58:45.815   283   307 I rvcservice: t.code = 3, t.value = 0
05-27 18:58:45.815   299  1163 D EvsDriver: doneWithFrame
05-27 18:58:45.816  1008 30857 D [OMXB]  : usingANWBuffer: handle:0xee7432f0, format:1, w:1920, h:1080
05-27 08:49:54.779   581   581 D spi_rst_gpio_get_output: GPIO 145 value: 1
05-27 08:49:54.779   581   581 D spidev_ioctl: gpio status=1)
05-27 18:58:45.819   299 30841 D EvsDriver: forwardFrame
05-27 18:58:45.820   581   581 I SpiService: fgesysctrl_getGPIO_status success val=1
05-27 08:49:54.785   581   581 D spi_rst_gpio_get_output: GPIO 145 value: 1
05-27 08:49:54.785   581   581 D spidev_ioctl: gpio status=1)
05-27 18:58:45.821   299 30841 D EvsDriver: Delivered 0xb400007b7ca56a60 as id 0
05-27 18:58:45.821  1167  1479 D evsmanagerd: /dev/video4 forwarded the buffer #0 to 0xb4000074bf5f6850 from 0xb4000074bf5f41d0
05-27 18:58:45.823   299  1163 D EvsDriver: doneWithFrame
05-27 18:58:45.824 10188 10659 I am_pss  : [13557,1000,com.sprd.commlog,9546752,7593984,14336,94646272,2,0,14]
05-27 18:58:45.825   594   594 E vendor.sprd.hardware.memtrack-service: MemTrack_DEBUG--Open mali gpu_memory failed
05-27 18:58:45.826   581   581 I SpiService: fgesysctrl_getGPIO_status success val=0
05-27 18:58:45.826   481   597 I mcuc    : send SPI:6AA602E5760002890018
05-27 08:49:54.790   581   581 D spi_rst_gpio_get_output: GPIO 145 value: 0
05-27 08:49:54.790   581   581 D spidev_ioctl: gpio status=0)
05-27 18:58:45.830 13911 14183 I SentryImuMcuAngleSender: -179.97894rollDeg
05-27 18:58:45.831 13911 14183 I SentryImuMcuAngleSender: 1,0,0
05-27 18:58:45.838   481   598 I mcuc    : rev,n=1,6AA681E577000B8300E00000000000000000B5
05-27 18:58:45.838   351   373 D automotive.vehicle@2.0-adayo-datacomm-mcu: MCUDatacomm sendMessageFromVehicle prop: 0x83, areaId: 0x0, status: 0x0, timestamp: 0x0
05-27 18:58:45.838   351   373 D automotive.vehicle@2.0-adayo-datacomm-mcu: MCUDatacomm 1sendMessageFromVehicle ---> type = 7 
05-27 18:58:45.838   351   373 I automotive.vehicle@2.0-adayo-func-mcu: MCUFunc :sendMessageFromVehicle  msgBuff[0] = 131 
05-27 18:58:45.839   351   373 I automotive.vehicle@2.0-adayo-func-mcu: MCUFunc :sendMessageFromVehicle  msgBuff[1] = 0 
05-27 18:58:45.839   351   373 I automotive.vehicle@2.0-adayo-func-mcu: MCUFunc :sendMessageFromVehicle  msgBuff[2] = 0 
05-27 18:58:45.839   351   373 I automotive.vehicle@2.0-adayo-func-mcu: MCUFunc :sendMessageFromVehicle  msgBuff[3] = 0 
05-27 18:58:45.839   351   373 I automotive.vehicle@2.0-adayo-func-mcu: MCUFunc :sendMessageFromVehicle  msgBuff[4] = 3 
05-27 18:58:45.839   351   373 I automotive.vehicle@2.0-adayo-func-mcu: MCUFunc :sendMessageFromVehicle  msgBuff[5] = 1 
05-27 18:58:45.839   351   373 I automotive.vehicle@2.0-adayo-func-mcu: MCUFunc :sendMessageFromVehicle  msgBuff[6] = 0 
05-27 18:58:45.839   351   373 I automotive.vehicle@2.0-adayo-func-mcu: MCUFunc :sendMessageFromVehicle  msgBuff[7] = 0 
05-27 18:58:45.839   351   373 I automotive.vehicle@2.0-adayo-func-mcu: MCUFunc :sendMessageFromVehicle  msgBuff[8] = 0 
05-27 18:58:45.839   351   373 I automotive.vehicle@2.0-adayo-func-mcu: MCUFunc :sendMessageFromVehicle  msgBuff[9] = 0 
05-27 18:58:45.839   351   373 I automotive.vehicle@2.0-adayo-func-mcu: MCUFunc :sendMessageFromVehicle  msgBuff[10] = 0 
05-27 18:58:45.839   351   373 I automotive.vehicle@2.0-adayo-func-mcu: MCUFunc :sendMessageFromVehicle  msgBuff[11] = 0 
05-27 18:58:45.839   351   373 I automotive.vehicle@2.0-adayo-func-mcu: MCUFunc :sendMessageFromVehicle  msgBuff[12] = 0 
05-27 18:58:45.839   351   373 I automotive.vehicle@2.0-adayo-func-mcu: MCUFunc :sendMessageFromVehicle  msgBuff[13] = 0 
05-27 18:58:45.839   351   373 I automotive.vehicle@2.0-adayo-func-mcu: MCUFunc :sendMessageFromVehicle  msgBuff[14] = 0 
05-27 18:58:45.839   351   373 I automotive.vehicle@2.0-adayo-func-mcu: MCUFunc :sendMessageFromVehicle  msgBuff[15] = 0 
05-27 18:58:45.839   351   373 I automotive.vehicle@2.0-adayo-func-mcu: MCUFunc :sendMessageFromVehicle  msgBuff[16] = 0 
05-27 18:58:45.840 10188 10659 I am_pss  : [13523,10022,com.android.car.hvac,16518144,13201408,13312,120479744,2,0,13]
05-27 18:58:45.840   581   581 I SpiService: fgesysctrl_getGPIO_status success val=1
05-27 18:58:45.840   481   598 I mcuc    : rev,n=2,6AA681E578000384150086
05-27 08:49:54.805   581   581 D spi_rst_gpio_get_output: GPIO 145 value: 1
05-27 08:49:54.805   581   581 D spidev_ioctl: gpio status=1)
05-27 18:58:45.841   594   594 E vendor.sprd.hardware.memtrack-service: MemTrack_DEBUG--Open mali gpu_memory failed
05-27 18:58:45.842  1008 30856 D [OMXB]  : usingANWBuffer: handle:0xee742060, format:1, w:1920, h:1080
05-27 18:58:45.843   481   598 I mcuc    : rev,n=3,6AA681E579008C8305000055000000B0000000000001000100006FFB06B1D68A1806D706D6C3FD06D60DAE06D7B2223597BB446E00000000040000B3000000000000000000000000000000B44300000000000300000000000000AA000000E40701010000000000000000BB06050507EA051B000008009403CB00CC000000000000000000000000000000B5000000000000000064
05-27 18:58:45.843   351   373 D automotive.vehicle@2.0-adayo-datacomm-mcu: MCUDatacomm sendMessageFromVehicle prop: 0x83, areaId: 0x5, status: 0x0, timestamp: 0x0
05-27 18:58:45.843   351   373 D automotive.vehicle@2.0-adayo-datacomm-mcu: MCUDatacomm 1sendMessageFromVehicle ---> type = 7 
05-27 18:58:45.843   351   373 I automotive.vehicle@2.0-adayo-func-mcu: MCUFunc :sendMessageFromVehicle  msgBuff[0] = 131 
05-27 18:58:45.843   351   373 I automotive.vehicle@2.0-adayo-func-mcu: MCUFunc :sendMessageFromVehicle  msgBuff[1] = 5 
05-27 18:58:45.843   351   373 I automotive.vehicle@2.0-adayo-func-mcu: MCUFunc :sendMessageFromVehicle  msgBuff[2] = 0 
05-27 18:58:45.843   351   373 I automotive.vehicle@2.0-adayo-func-mcu: MCUFunc :sendMessageFromVehicle  msgBuff[3] = 0 
05-27 18:58:45.843   351   373 I automotive.vehicle@2.0-adayo-func-mcu: MCUFunc :sendMessageFromVehicle  msgBuff[4] = 85 
05-27 18:58:45.843   351   373 I automotive.vehicle@2.0-adayo-func-mcu: MCUFunc :sendMessageFromVehicle  msgBuff[5] = 0 
05-27 18:58:45.845 30773 30789 I dvr_service_: Camera 0: MediaOK:35131981, frames:810, isKeyFrame:0,pts:11392718422
05-27 18:58:45.845   481   598 I mcuc    : rev,n=4,6AA681E57A009E8B30024E01020403A0030000030100000100000000002901A100000000003B000202000002020002A208FA29018000028000038000048000A3058000068000070000080000000000A4000000000000000000000101000700A5020000000D0102000200FF0100A64FDD01010101010000000101010000000A0A0A0000010101040402020000000000000000000000000000000000000000000000000000EEC6
05-27 18:58:45.847   572   622 I Sensors : 230 AccelSensor: x:-0.176290,y:0.000000,z:-9.975940
05-27 18:58:45.847   581   581 I SpiService: fgesysctrl_getGPIO_status success val=1
05-27 18:58:45.848   299 30844 D EvsDriver: forwardFrame
05-27 08:49:54.811   581   581 D spi_rst_gpio_get_output: GPIO 145 value: 1
05-27 08:49:54.811   581   581 D spidev_ioctl: gpio status=1)
05-27 18:58:45.850   299 30844 D EvsDriver: Delivered 0xb400007b7ca56900 as id 0
05-27 18:58:45.850  1167  1479 D evsmanagerd: /dev/video6 forwarded the buffer #0 to 0xb4000074bf5f5510 from 0xb4000074bf5f6d90
05-27 18:58:45.851 30773 30786 I dvr_service_: CameraX 1  audioOK: 35138779,audios:550
05-27 18:58:45.851   299 30841 D EvsDriver: forwardFrame
05-27 18:58:45.851   536   536 D commservice260303: msg.id = 1028,0
05-27 18:58:45.851   536   536 D commservice260303: i = 170, msgid = 8A000404
05-27 18:58:45.851   536   536 D commservice260303: msgid = -1979710460,did=138
05-27 18:58:45.851   536   536 D commservice260303: CommProtocolLibCmdBaseI2C::dataproc {"command":{"id":"imu_status","sub":""},"content":{"TimeStamp":11,"FrameCounter":267366,"GD_X":-0.01160607673227787,"GD_Y":0.005268065724521875,"GD_Z":0.0016030981205403805,"AD_X":-0.00878836214542389,"AD_Y":-0.0010592926992103457,"AD_Z":-0.17071914672851562,"TempDsp":0,"Status":0,"CalibState":1,"SigAmpInvalid":0}},-1979710460
05-27 18:58:45.851   536   536 D commservice260303: send2Cluster len:316, 7B22636F6D6D616E64223A7B226964223A22696D755F737461747573222C22737562223A22227D2C22636F6E74656E74223A7B2254696D655374616D70223A31312C224672616D65436F756E746572223A3236373336362C2247445F58223A2D302E30313136303630373637333232373738372C2247445F59223A302E3030353236383036353732343532313837352C2247445F5A223A302E303031363033303938313230353430333830352C2241445F58223A2D302E30303837383833363231343534323338392C2241445F59223A2D302E303031303539323932363939323130333435372C2241445F5A223A2D302E31373037313931343637323835313536322C2254656D70447370223A302C22537461747573223A302C2243616C69625374617465223A312C22536967416D70496E76616C6964223A307D7D, 138 
05-27 18:58:45.851   536   536 D commservice260303: Push Message into SendPool fn=1532363776
05-27 18:58:45.851   536   536 D commservice260303: ComProtocolLibSend2Cluster::send2ClusterRaw fn=1532363776 , len=332
05-27 18:58:45.851 13911 14183 I SentryImuMcuAngleSender: 180.0rollDeg
05-27 18:58:45.851   536   536 D commservice260303: sendCmdToPort :332!!!
05-27 18:58:45.852 13911 14183 I SentryImuMcuAngleSender: 1,0,0
05-27 18:58:45.852   536   536 D commservice260303: send Cmd To Port ++++5AA501488A010004565B6A16CE657B22636F6D6D616E64223A7B226964223A22696D755F737461747573222C22737562223A22227D2C22636F6E74656E74223A7B2254696D655374616D70223A31312C224672616D65436F756E746572223A3236373336362C2247445F58223A2D302E30313136303630373637333232373738372C2247445F59223A302E3030353236383036353732343532313837352C2247445F5A223A302E303031363033303938313230353430333830352C2241445F58223A2D302E30303837383833363231343534323338392C2241445F59223A2D302E303031303539323932363939323130333435372C2241445F5A223A2D302E31373037313931343637323835313536322C2254656D70447370223A302C22537461747573223A302C2243616C69625374617465223A312C22536967416D70496E76616C6964223A307D7D6D1D
05-27 18:58:45.852   536   536 D commservice260303: bufferevent_write retrun value = 0
05-27 18:58:45.852   536   560 D commservice260303: client datas send succeed,send finish
05-27 18:58:45.852 13911 14192 D Sentinelmode_1.2.5.17_sentry: <SentryImuClusterFgeSender>imu_status sent to Linux, frame=267366, tsNs=11393096, tsMs=11, intervalMs=40, ad=(-0.008788362,-0.0010592927,-0.17071915), gd=(-0.011606077,0.0052680657,0.0016030981)
05-27 18:58:45.853   581   581 I SpiService: fgesysctrl_getGPIO_status success val=1
05-27 18:58:45.853   299 30841 D EvsDriver: Delivered 0xb400007b7ca56a60 as id 0
05-27 18:58:45.853  1167  1479 D evsmanagerd: /dev/video4 forwarded the buffer #0 to 0xb4000074bf5f6850 from 0xb4000074bf5f41d0
05-27 08:49:54.818   581   581 D spi_rst_gpio_get_output: GPIO 145 value: 1
05-27 08:49:54.818   581   581 D spidev_ioctl: gpio status=1)
05-27 08:49:54.823   581   581 D spi_rst_gpio_get_output: GPIO 145 value: 1
05-27 08:49:54.823   581   581 D spidev_ioctl: gpio status=1)
05-27 18:58:45.856   299  1163 D EvsDriver: doneWithFrame
05-27 18:58:45.857   299  1163 D EvsDriver: doneWithFrame
05-27 18:58:45.859   581   581 I SpiService: fgesysctrl_getGPIO_status success val=1
05-27 18:58:45.862   566 11459 I gps_hdbd: nmea_cs <0> != calc_cs <e0>, return -1
05-27 18:58:45.863 10188 10659 I am_pss  : [13507,1000,com.adayo.fotaapp,10801152,8822784,14336,96374784,2,0,17]
05-27 18:58:45.864   594   594 E vendor.sprd.hardware.memtrack-service: MemTrack_DEBUG--Open mali gpu_memory failed
05-27 18:58:45.864  1008 30857 D [OMXB]  : usingANWBuffer: handle:0xee746c00, format:1, w:1920, h:1080
05-27 18:58:45.864   581   581 I SpiService: fgesysctrl_getGPIO_status success val=0
05-27 18:58:45.864   481   597 I mcuc    : send SPI:6AA602E577000283001D6AA602E57800028415066AA602E57900028305166AA602E57A00028B30E2
05-27 08:49:54.829   581   581 D spi_rst_gpio_get_output: GPIO 145 value: 0
05-27 08:49:54.829   581   581 D spidev_ioctl: gpio status=0)
05-27 18:58:45.871 13911 14183 I SentryImuMcuAngleSender: -179.993rollDeg
05-27 18:58:45.871 13911 14183 I SentryImuMcuAngleSender: 1,0,0
05-27 18:58:45.878   299 30841 D EvsDriver: forwardFrame
05-27 18:58:45.879   581   581 I SpiService: fgesysctrl_getGPIO_status success val=1
05-27 18:58:45.880   299 30841 D EvsDriver: Delivered 0xb400007b7ca56a60 as id 0
05-27 18:58:45.880  1167  1479 D evsmanagerd: /dev/video4 forwarded the buffer #0 to 0xb4000074bf5f6850 from 0xb4000074bf5f41d0
05-27 18:58:45.880   299 30844 D EvsDriver: forwardFrame
05-27 08:49:54.844   581   581 D spi_rst_gpio_get_output: GPIO 145 value: 1
05-27 08:49:54.844   581   581 D spidev_ioctl: gpio status=1)
05-27 18:58:45.882   299 30844 D EvsDriver: Delivered 0xb400007b7ca56900 as id 0
05-27 18:58:45.882  1167  1479 D evsmanagerd: /dev/video6 forwarded the buffer #0 to 0xb4000074bf5f5510 from 0xb4000074bf5f6d90
05-27 18:58:45.882   299  1163 D EvsDriver: doneWithFrame
05-27 18:58:45.883 10188 10659 I am_pss  : [13463,1000,com.adayo.fotaservice,16484352,14295040,14336,107012096,2,0,16]
05-27 18:58:45.884   299  1163 D EvsDriver: doneWithFrame
05-27 18:58:45.884  1008 30856 D [OMXB]  : usingANWBuffer: handle:0xee7440b0, format:1, w:1920, h:1080
05-27 18:58:45.885   581   581 I SpiService: fgesysctrl_getGPIO_status success val=1
05-27 18:58:45.886   594   594 E vendor.sprd.hardware.memtrack-service: MemTrack_DEBUG--Open mali gpu_memory failed
05-27 08:49:54.850   581   581 D spi_rst_gpio_get_output: GPIO 145 value: 1
05-27 08:49:54.850   581   581 D spidev_ioctl: gpio status=1)
05-27 18:58:45.891   581   581 I SpiService: fgesysctrl_getGPIO_status success val=1
05-27 18:58:45.891   536   536 D commservice260303: msg.id = 1028,1
05-27 18:58:45.891   536   536 D commservice260303: i = 170, msgid = 8A000404
05-27 18:58:45.891   536   536 D commservice260303: msgid = -1979710460,did=138
05-27 18:58:45.891   536   536 D commservice260303: CommProtocolLibCmdBaseI2C::dataproc {"command":{"id":"imu_status","sub":""},"content":{"TimeStamp":11,"FrameCounter":267367,"GD_X":-0.012063807807862759,"GD_Y":0.004428025335073471,"GD_Z":0.0021378109231591225,"AD_X":-0.0069206953048706055,"AD_Y":-0.0059126997366547585,"AD_Z":-0.1743793487548828,"TempDsp":0,"Status":0,"CalibState":1,"SigAmpInvalid":0}},-1979710460
05-27 18:58:45.891   536   536 D commservice260303: send2Cluster len:318, 7B22636F6D6D616E64223A7B226964223A22696D755F737461747573222C22737562223A22227D2C22636F6E74656E74223A7B2254696D655374616D70223A31312C224672616D65436F756E746572223A3236373336372C2247445F58223A2D302E3031323036333830373830373836323735392C2247445F59223A302E3030343432383032353333353037333437312C2247445F5A223A302E303032313337383130393233313539313232352C2241445F58223A2D302E303036393230363935333034383730363035352C2241445F59223A2D302E303035393132363939373336363534373538352C2241445F5A223A2D302E313734333739333438373534383832382C2254656D70447370223A302C22537461747573223A302C2243616C69625374617465223A312C22536967416D70496E76616C6964223A307D7D, 138 
05-27 18:58:45.891   536   536 D commservice260303: Push Message into SendPool fn=1549140992
05-27 18:58:45.891   536   536 D commservice260303: ComProtocolLibSend2Cluster::send2ClusterRaw fn=1549140992 , len=334
05-27 18:58:45.891   536   536 D commservice260303: sendCmdToPort :334!!!
05-27 18:58:45.892   536   536 D commservice260303: send Cmd To Port ++++5AA5014A8A010004565C6A16CE657B22636F6D6D616E64223A7B226964223A22696D755F737461747573222C22737562223A22227D2C22636F6E74656E74223A7B2254696D655374616D70223A31312C224672616D65436F756E746572223A3236373336372C2247445F58223A2D302E3031323036333830373830373836323735392C2247445F59223A302E3030343432383032353333353037333437312C2247445F5A223A302E303032313337383130393233313539313232352C2241445F58223A2D302E303036393230363935333034383730363035352C2241445F59223A2D302E303035393132363939373336363534373538352C2241445F5A223A2D302E313734333739333438373534383832382C2254656D70447370223A302C22537461747573223A302C2243616C69625374617465223A312C22536967416D70496E76616C6964223A307D7DC6A3
05-27 18:58:45.892 13911 14183 I SentryImuMcuAngleSender: -179.97198rollDeg
05-27 18:58:45.892 13911 14183 I SentryImuMcuAngleSender: 1,0,0
05-27 18:58:45.892   536   536 D commservice260303: bufferevent_write retrun value = 0
05-27 18:58:45.892   536   560 D commservice260303: client datas send succeed,send finish
05-27 18:58:45.892 13911 14192 D Sentinelmode_1.2.5.17_sentry: <SentryImuClusterFgeSender>imu_status sent to Linux, frame=267367, tsNs=11393131, tsMs=11, intervalMs=40, ad=(-0.0069206953,-0.0059126997,-0.17437935), gd=(-0.012063808,0.0044280253,0.002137811)
05-27 08:49:54.855   581   581 D spi_rst_gpio_get_output: GPIO 145 value: 1
05-27 08:49:54.855   581   581 D spidev_ioctl: gpio status=1)
05-27 08:49:54.861   581   581 D spi_rst_gpio_get_output: GPIO 145 value: 1
05-27 08:49:54.861   581   581 D spidev_ioctl: gpio status=1)
05-27 18:58:45.897   581   581 I SpiService: fgesysctrl_getGPIO_status success val=1
05-27 18:58:45.902   581   581 I SpiService: fgesysctrl_getGPIO_status success val=1
05-27 08:49:54.867   581   581 D spi_rst_gpio_get_output: GPIO 145 value: 1
05-27 08:49:54.867   581   581 D spidev_ioctl: gpio status=1)
05-27 18:58:45.907  1008 30857 D [OMXB]  : usingANWBuffer: handle:0xee740170, format:1, w:1920, h:1080
05-27 18:58:45.908   581   581 I SpiService: fgesysctrl_getGPIO_status success val=0
05-27 08:49:54.873   581   581 D spi_rst_gpio_get_output: GPIO 145 value: 0
05-27 08:49:54.873   581   581 D spidev_ioctl: gpio status=0)
05-27 18:58:45.909 10188 10659 I am_pss  : [17284,1000,com.aispeech.lyra.assistant,37848064,34471936,13312,138162176,2,0,18]
05-27 18:58:45.911   594   594 E vendor.sprd.hardware.memtrack-service: MemTrack_DEBUG--Open mali gpu_memory failed
05-27 18:58:45.912 13911 14183 I SentryImuMcuAngleSender: -179.97197rollDeg
05-27 18:58:45.912 13911 14183 I SentryImuMcuAngleSender: 1,0,0
05-27 18:58:45.915   283   307 I rvcservice: t.code = 3, t.value = 0
05-27 18:58:45.919   299 30841 D EvsDriver: forwardFrame
05-27 18:58:45.920   299 30844 D EvsDriver: forwardFrame
05-27 18:58:45.922   299 30841 D EvsDriver: Delivered 0xb400007b7ca56a60 as id 0
05-27 18:58:45.922   299 30844 D EvsDriver: Delivered 0xb400007b7ca56900 as id 0
05-27 18:58:45.922  1167  1184 D evsmanagerd: /dev/video6 forwarded the buffer #0 to 0xb4000074bf5f5510 from 0xb4000074bf5f6d90
05-27 18:58:45.922  1167  1479 D evsmanagerd: /dev/video4 forwarded the buffer #0 to 0xb4000074bf5f6850 from 0xb4000074bf5f41d0
05-27 18:58:45.922 30773 30782 E dvr_service_: [myNum:1] Received S**** loss
05-27 18:58:45.922 30773 30783 E dvr_service_: [myNum:0] Received S**** loss
05-27 18:58:45.923   299  1163 D EvsDriver: doneWithFrame
05-27 18:58:45.923   299  1153 D EvsDriver: doneWithFrame
05-27 18:58:45.923   581   581 I SpiService: fgesysctrl_getGPIO_status success val=1
05-27 08:49:54.887   581   581 D spi_rst_gpio_get_output: GPIO 145 value: 1
05-27 08:49:54.887   581   581 D spidev_ioctl: gpio status=1)
05-27 18:58:45.925  1008 30856 D [OMXB]  : usingANWBuffer: handle:0xee742270, format:1, w:1920, h:1080
05-27 18:58:45.927 10188 10659 I am_pss  : [11731,10095,android.ext.services,14051328,11022336,882688,102141952,2,5,13]
05-27 18:58:45.928   594   594 E vendor.sprd.hardware.memtrack-service: MemTrack_DEBUG--Open mali gpu_memory failed
05-27 18:58:45.928   581   581 I SpiService: fgesysctrl_getGPIO_status success val=1
05-27 08:49:54.893   581   581 D spi_rst_gpio_get_output: GPIO 145 value: 1
05-27 08:49:54.893   581   581 D spidev_ioctl: gpio status=1)
05-27 18:58:45.931   536   536 D commservice260303: msg.id = 1028,0
05-27 18:58:45.931   536   536 D commservice260303: i = 170, msgid = 8A000404
05-27 18:58:45.931   536   536 D commservice260303: msgid = -1979710460,did=138
05-27 18:58:45.931   536   536 D commservice260303: CommProtocolLibCmdBaseI2C::dataproc {"command":{"id":"imu_status","sub":""},"content":{"TimeStamp":11,"FrameCounter":267368,"GD_X":-0.011682018637657166,"GD_Y":0.0048857564106583595,"GD_Z":0.001679039909504354,"AD_X":0.004033893346786499,"AD_Y":-0.003442672546952963,"AD_Z":-0.16705989837646484,"TempDsp":0,"Status":0,"CalibState":1,"SigAmpInvalid":0}},-1979710460
05-27 18:58:45.931   536   536 D commservice260303: send2Cluster len:316, 7B22636F6D6D616E64223A7B226964223A22696D755F737461747573222C22737562223A22227D2C22636F6E74656E74223A7B2254696D655374616D70223A31312C224672616D65436F756E746572223A3236373336382C2247445F58223A2D302E3031313638323031383633373635373136362C2247445F59223A302E303034383835373536343130363538333539352C2247445F5A223A302E3030313637393033393930393530343335342C2241445F58223A302E3030343033333839333334363738363439392C2241445F59223A2D302E3030333434323637323534363935323936332C2241445F5A223A2D302E31363730353938393833373634363438342C2254656D70447370223A302C22537461747573223A302C2243616C69625374617465223A312C22536967416D70496E76616C6964223A307D7D, 138 
05-27 18:58:45.931   536   536 D commservice260303: Push Message into SendPool fn=1565918208
05-27 18:58:45.931   536   536 D commservice260303: ComProtocolLibSend2Cluster::send2ClusterRaw fn=1565918208 , len=332
05-27 18:58:45.931   536   536 D commservice260303: sendCmdToPort :332!!!
05-27 18:58:45.931   536   536 D commservice260303: send Cmd To Port ++++5AA501488A010004565D6A16CE657B22636F6D6D616E64223A7B226964223A22696D755F737461747573222C22737562223A22227D2C22636F6E74656E74223A7B2254696D655374616D70223A31312C224672616D65436F756E746572223A3236373336382C2247445F58223A2D302E3031313638323031383633373635373136362C2247445F59223A302E303034383835373536343130363538333539352C2247445F5A223A302E3030313637393033393930393530343335342C2241445F58223A302E3030343033333839333334363738363439392C2241445F59223A2D302E3030333434323637323534363935323936332C2241445F5A223A2D302E31363730353938393833373634363438342C2254656D70447370223A302C22537461747573223A302C2243616C69625374617465223A312C22536967416D70496E76616C6964223A307D7DCAAE
05-27 18:58:45.932   536   536 D commservice260303: bufferevent_write retrun value = 0
05-27 18:58:45.932   536   560 D commservice260303: client datas send succeed,send finish
05-27 18:58:45.932 13911 14192 D Sentinelmode_1.2.5.17_sentry: <SentryImuClusterFgeSender>imu_status sent to Linux, frame=267368, tsNs=11393167, tsMs=11, intervalMs=40, ad=(0.0040338933,-0.0034426725,-0.1670599), gd=(-0.011682019,0.0048857564,0.0016790399)
05-27 18:58:45.932 13911 14183 I SentryImuMcuAngleSender: -179.98598rollDeg
05-27 18:58:45.932 13911 14183 I SentryImuMcuAngleSender: 1,0,0
05-27 18:58:45.933   581   581 I SpiService: fgesysctrl_getGPIO_status success val=1
05-27 18:58:45.934   572   572 I Sensors : 230 GyroSensor: x:-0.011453,y:0.005192,z:0.002214
05-27 08:49:54.898   581   581 D spi_rst_gpio_get_output: GPIO 145 value: 1
05-27 08:49:54.898   581   581 D spidev_ioctl: gpio status=1)
05-27 18:58:45.939   581   581 I SpiService: fgesysctrl_getGPIO_status success val=1
05-27 18:58:45.940 10188 10659 I am_pss  : [12564,10071,com.yadea.apf.gesture,9415680,7462912,14336,93585408,2,0,11]
05-27 08:49:54.903   581   581 D spi_rst_gpio_get_output: GPIO 145 value: 1
05-27 08:49:54.903   581   581 D spidev_ioctl: gpio status=1)
05-27 18:58:45.941   594   594 E vendor.sprd.hardware.memtrack-service: MemTrack_DEBUG--Open mali gpu_memory failed
05-27 18:58:45.944   581   581 I SpiService: fgesysctrl_getGPIO_status success val=0
05-27 08:49:54.909   581   581 D spi_rst_gpio_get_output: GPIO 145 value: 0
05-27 08:49:54.909   581   581 D spidev_ioctl: gpio status=0)
05-27 18:58:45.952 13911 14183 I SentryImuMcuAngleSender: 180.0rollDeg
05-27 18:58:45.952 13911 14183 I SentryImuMcuAngleSender: 1,0,0
05-27 18:58:45.953 10188 10659 I am_pss  : [12348,1000,com.ts.car.dcm.dccontroller,20977664,18493440,14336,114442240,2,6,11]
05-27 18:58:45.953  1008 30857 D [OMXB]  : usingANWBuffer: handle:0xee743190, format:1, w:1920, h:1080
05-27 18:58:45.954   594   594 E vendor.sprd.hardware.memtrack-service: MemTrack_DEBUG--Open mali gpu_memory failed
05-27 18:58:45.958   299 30841 D EvsDriver: forwardFrame
05-27 18:58:45.958   299 30844 D EvsDriver: forwardFrame
05-27 18:58:45.958   581   581 I SpiService: fgesysctrl_getGPIO_status success val=1
05-27 18:58:45.960   299 30841 D EvsDriver: Delivered 0xb400007b7ca56a60 as id 0
05-27 18:58:45.960   299 30844 D EvsDriver: Delivered 0xb400007b7ca56900 as id 0
05-27 18:58:45.960  1167  1479 D evsmanagerd: /dev/video4 forwarded the buffer #0 to 0xb4000074bf5f6850 from 0xb4000074bf5f41d0
05-27 18:58:45.960  1167  1184 D evsmanagerd: /dev/video6 forwarded the buffer #0 to 0xb4000074bf5f5510 from 0xb4000074bf5f6d90
05-27 08:49:54.923   581   581 D spi_rst_gpio_get_output: GPIO 145 value: 1
05-27 08:49:54.923   581   581 D spidev_ioctl: gpio status=1)
05-27 18:58:45.957 30773 30773 I auditd  : type=1400 audit(0.0:72932): avc: denied { call } for comm="binder:30773_3" scontext=u:r:adayo_dvr_service:s0 tcontext=u:r:evsmanagerd:s0 tclass=binder permissive=1
05-27 18:58:45.957 30773 30773 I binder:30773_3: type=1400 audit(0.0:72932): avc: denied { call } for scontext=u:r:adayo_dvr_service:s0 tcontext=u:r:evsmanagerd:s0 tclass=binder permissive=1
05-27 18:58:45.965   299  1153 D EvsDriver: doneWithFrame
05-27 18:58:45.965   299  1163 D EvsDriver: doneWithFrame
05-27 18:58:45.965   581   581 I SpiService: fgesysctrl_getGPIO_status success val=1
05-27 18:58:45.968 13911 14183 I SentryImuMcuAngleSender: [4, 18, 1, 0, 0],5
05-27 18:58:45.968 13911 14183 I McuCommManager: mcuCommSendcmd [4, 18, 1, 0, 0]
05-27 08:49:54.930   581   581 D spi_rst_gpio_get_output: GPIO 145 value: 1
05-27 08:49:54.930   581   581 D spidev_ioctl: gpio status=1)
05-27 18:58:45.970 13911 14183 I SentryImuMcuAngleSender: true
05-27 18:58:45.970 13911 14183 W Sentinelmode_1.2.5.17_sentry: <SentryImuMcuAngleSender>MCU IMU send interval abnormal: 1001ms
05-27 18:58:45.971   581   581 I SpiService: fgesysctrl_getGPIO_status success val=1
05-27 18:58:45.972   536   536 D commservice260303: msg.id = 1028,0
05-27 18:58:45.972   536   536 D commservice260303: i = 170, msgid = 8A000404
05-27 18:58:45.972   536   536 D commservice260303: msgid = -1979710460,did=138
05-27 18:58:45.972   536   536 D commservice260303: CommProtocolLibCmdBaseI2C::dataproc {"command":{"id":"imu_status","sub":""},"content":{"TimeStamp":11,"FrameCounter":267369,"GD_X":-0.011147825978696346,"GD_Y":0.004656890872865915,"GD_Z":0.0021378109231591225,"AD_X":0.00883801281452179,"AD_Y":0.0014355822931975126,"AD_Z":-0.17010974884033203,"TempDsp":0,"Status":0,"CalibState":1,"SigAmpInvalid":0}},-1979710460
05-27 18:58:45.972   536   536 D commservice260303: send2Cluster len:315, 7B22636F6D6D616E64223A7B226964223A22696D755F737461747573222C22737562223A22227D2C22636F6E74656E74223A7B2254696D655374616D70223A31312C224672616D65436F756E746572223A3236373336392C2247445F58223A2D302E3031313134373832353937383639363334362C2247445F59223A302E3030343635363839303837323836353931352C2247445F5A223A302E303032313337383130393233313539313232352C2241445F58223A302E30303838333830313238313435323137392C2241445F59223A302E303031343335353832323933313937353132362C2241445F5A223A2D302E31373031303937343838343033333230332C2254656D70447370223A302C22537461747573223A302C2243616C69625374617465223A312C22536967416D70496E76616C6964223A307D7D, 138 
05-27 18:58:45.972   536   536 D commservice260303: Push Message into SendPool fn=1582695424
05-27 18:58:45.972   536   536 D commservice260303: ComProtocolLibSend2Cluster::send2ClusterRaw fn=1582695424 , len=331
05-27 18:58:45.972   536   536 D commservice260303: sendCmdToPort :331!!!
05-27 18:58:45.972 13911 14183 I SentryImuMcuAngleSender: 179.986rollDeg
05-27 18:58:45.972   536   536 D commservice260303: send Cmd To Port ++++5AA501478A010004565E6A16CE657B22636F6D6D616E64223A7B226964223A22696D755F737461747573222C22737562223A22227D2C22636F6E74656E74223A7B2254696D655374616D70223A31312C224672616D65436F756E746572223A3236373336392C2247445F58223A2D302E3031313134373832353937383639363334362C2247445F59223A302E3030343635363839303837323836353931352C2247445F5A223A302E303032313337383130393233313539313232352C2241445F58223A302E30303838333830313238313435323137392C2241445F59223A302E303031343335353832323933313937353132362C2241445F5A223A2D302E31373031303937343838343033333230332C2254656D70447370223A302C22537461747573223A302C2243616C69625374617465223A312C22536967416D70496E76616C6964223A307D7DAEB5
05-27 18:58:45.972 13911 14183 I SentryImuMcuAngleSender: 1,0,0
05-27 18:58:45.972   536   536 D commservice260303: bufferevent_write retrun value = 0
05-27 18:58:45.972   536   560 D commservice260303: client datas send succeed,send finish
05-27 08:49:54.936   581   581 D spi_rst_gpio_get_output: GPIO 145 value: 1
05-27 08:49:54.936   581   581 D spidev_ioctl: gpio status=1)
05-27 18:58:45.972 13911 14192 D Sentinelmode_1.2.5.17_sentry: <SentryImuClusterFgeSender>imu_status sent to Linux, frame=267369, tsNs=11393203, tsMs=11, intervalMs=40, ad=(0.008838013,0.0014355823,-0.17010975), gd=(-0.011147826,0.004656891,0.002137811)
05-27 18:58:45.977   581   581 I SpiService: fgesysctrl_getGPIO_status success val=0
05-27 18:58:45.977   481   597 I mcuc    : send SPI:6AA6007D9E00050412010000C9
05-27 18:58:45.979  1008 30856 D [OMXB]  : usingANWBuffer: handle:0xee742a00, format:1, w:1920, h:1080
05-27 18:58:45.980 10188 10659 I am_pss  : [12197,1000,com.android.experimentalcar,9482240,7536640,14336,94326784,2,6,15]
05-27 08:49:54.942   581   581 D spi_rst_gpio_get_output: GPIO 145 value: 0
05-27 08:49:54.942   581   581 D spidev_ioctl: gpio status=0)
05-27 18:58:45.984   594   594 E vendor.sprd.hardware.memtrack-service: MemTrack_DEBUG--Open mali gpu_memory failed
05-27 18:58:45.990   299 30844 D EvsDriver: forwardFrame
05-27 18:58:45.991   299 30841 D EvsDriver: forwardFrame
05-27 08:49:54.957   581   581 D spi_rst_gpio_get_output: GPIO 145 value: 1
05-27 08:49:54.957   581   581 D spidev_ioctl: gpio status=1)
05-27 18:58:45.992   581   581 I SpiService: fgesysctrl_getGPIO_status success val=1
05-27 18:58:45.993   481   598 I mcuc    : rev,n=1,6AA681E57B00148900D2060003080101010101010101010103FF0192
05-27 18:58:45.993   299 30844 D EvsDriver: Delivered 0xb400007b7ca56900 as id 0
05-27 18:58:45.993 13911 14183 I SentryImuMcuAngleSender: 179.99649rollDeg
05-27 18:58:45.994 13911 14183 I SentryImuMcuAngleSender: 1,0,0
05-27 18:58:45.994   351   373 D automotive.vehicle@2.0-adayo-datacomm-mcu: MCUDatacomm sendMessageFromVehicle prop: 0x89, areaId: 0x0, status: 0xd2, timestamp: 0x6
05-27 18:58:45.994   351   373 D automotive.vehicle@2.0-adayo-datacomm-mcu: MCUDatacomm 1sendMessageFromVehicle ---> type = 3 
05-27 18:58:45.994   351   373 D automotive.vehicle@2.0-adayo-func-bcm: sendMessageFromVehicle sendMessageFromVehicle
05-27 18:58:45.994  1167  1479 D evsmanagerd: /dev/video6 forwarded the buffer #0 to 0xb4000074bf5f5510 from 0xb4000074bf5f6d90
05-27 18:58:45.994   299 30841 D EvsDriver: Delivered 0xb400007b7ca56a60 as id 0
05-27 18:58:45.994   351   516 D automotive.vehicle@2.0-adayo-func-bcm: jjfan1 ______procotolSize :13
05-27 18:58:45.994  1167  1184 D evsmanagerd: /dev/video4 forwarded the buffer #0 to 0xb4000074bf5f6850 from 0xb4000074bf5f41d0
05-27 18:58:45.994   351   516 D automotive.vehicle@2.0-adayo-func-bcm: BCMFunc sendMessageFromVehicle_l dataType: 12,mByte=7,propid=0x21400056
05-27 18:58:45.994   351   516 D automotive.vehicle@2.0-adayo-func-bcm: BCMFunc sendMessageFromVehicle_l msgBuff[7]=0x1,start:0,len:8,temp:8,
05-27 18:58:45.994   351   516 D automotive.vehicle@2.0-adayo-func-bcm: BCMFunc sendMessageFromVehicle_l prop: 0x21400056 ,areaId: 0x0  SPLITE_BIT_DATA_INTEGER : 1
05-27 18:58:45.994   351   516 D automotive.vehicle@2.0-adayo-func-bcm: BCMFunc sendMessageFromVehicle_l id:557842518, area:0 not report! 
05-27 18:58:45.994   351   516 D automotive.vehicle@2.0-adayo-func-bcm: BCMFunc sendMessageFromVehicle_l dataType: 12,mByte=8,propid=0x21400057
05-27 18:58:45.994   351   516 D automotive.vehicle@2.0-adayo-func-bcm: BCMFunc sendMessageFromVehicle_l msgBuff[8]=0x1,start:0,len:8,temp:8,
05-27 18:58:45.994   351   516 D automotive.vehicle@2.0-adayo-func-bcm: BCMFunc sendMessageFromVehicle_l prop: 0x21400057 ,areaId: 0x0  SPLITE_BIT_DATA_INTEGER : 1
05-27 18:58:45.994   351   516 D automotive.vehicle@2.0-adayo-func-bcm: BCMFunc sendMessageFromVehicle_l id:557842519, area:0 not report! 
05-27 18:58:45.994   351   516 D automotive.vehicle@2.0-adayo-func-bcm: BCMFunc sendMessageFromVehicle_l dataType: 12,mByte=9,propid=0x21400058
05-27 18:58:45.994   351   516 D automotive.vehicle@2.0-adayo-func-bcm: BCMFunc sendMessageFromVehicle_l msgBuff[9]=0x1,start:0,len:8,temp:8,
05-27 18:58:45.994   351   516 D automotive.vehicle@2.0-adayo-func-bcm: BCMFunc sendMessageFromVehicle_l prop: 0x21400058 ,areaId: 0x0  SPLITE_BIT_DATA_INTEGER : 1
05-27 18:58:45.994   351   516 D automotive.vehicle@2.0-adayo-func-bcm: BCMFunc sendMessageFromVehicle_l id:557842520, area:0 not report! 
05-27 18:58:45.994   351   516 D automotive.vehicle@2.0-adayo-func-bcm: BCMFunc sendMessageFromVehicle_l dataType: 12,mByte=10,propid=0x21400059
05-27 18:58:45.994   351   516 D automotive.vehicle@2.0-adayo-func-bcm: BCMFunc sendMessageFromVehicle_l msgBuff[10]=0x1,start:0,len:8,temp:8,
05-27 18:58:45.994   351   516 D automotive.vehicle@2.0-adayo-func-bcm: BCMFunc sendMessageFromVehicle_l prop: 0x21400059 ,areaId: 0x0  SPLITE_BIT_DATA_INTEGER : 1
05-27 18:58:45.994   351   516 D automotive.vehicle@2.0-adayo-func-bcm: BCMFunc sendMessageFromVehicle_l id:557842521, area:0 not report! 
05-27 18:58:45.994   351   516 D automotive.vehicle@2.0-adayo-func-bcm: BCMFunc sendMessageFromVehicle_l dataType: 12,mByte=11,propid=0x2140005a
05-27 18:58:45.995   351   516 D automotive.vehicle@2.0-adayo-func-bcm: BCMFunc sendMessageFromVehicle_l msgBuff[11]=0x1,start:0,len:8,temp:8,
05-27 18:58:45.995   351   516 D automotive.vehicle@2.0-adayo-func-bcm: BCMFunc sendMessageFromVehicle_l prop: 0x2140005a ,areaId: 0x0  SPLITE_BIT_DATA_INTEGER : 1
05-27 18:58:45.995   351   516 D automotive.vehicle@2.0-adayo-func-bcm: BCMFunc sendMessageFromVehicle_l id:557842522, area:0 not report! 
05-27 18:58:45.995   351   516 D automotive.vehicle@2.0-adayo-func-bcm: BCMFunc sendMessageFromVehicle_l dataType: 12,mByte=12,propid=0x2140005b
05-27 18:58:45.995   351   516 D automotive.vehicle@2.0-adayo-func-bcm: BCMFunc sendMessageFromVehicle_l msgBuff[12]=0x1,start:0,len:8,temp:8,
05-27 18:58:45.995   351   516 D automotive.vehicle@2.0-adayo-func-bcm: BCMFunc sendMessageFromVehicle_l prop: 0x2140005b ,areaId: 0x0  SPLITE_BIT_DATA_INTEGER : 1
05-27 18:58:45.995   351   516 D automotive.vehicle@2.0-adayo-func-bcm: BCMFunc sendMessageFromVehicle_l id:557842523, area:0 not report! 
05-27 18:58:45.995   351   516 D automotive.vehicle@2.0-adayo-func-bcm: BCMFunc sendMessageFromVehicle_l dataType: 12,mByte=13,propid=0x2140005c
05-27 18:58:45.995   351   516 D automotive.vehicle@2.0-adayo-func-bcm: BCMFunc sendMessageFromVehicle_l msgBuff[13]=0x1,start:0,len:8,temp:8,
05-27 18:58:45.995   351   516 D automotive.vehicle@2.0-adayo-func-bcm: BCMFunc sendMessageFromVehicle_l prop: 0x2140005c ,areaId: 0x0  SPLITE_BIT_DATA_INTEGER : 1
05-27 18:58:45.995   351   516 D automotive.vehicle@2.0-adayo-func-bcm: BCMFunc sendMessageFromVehicle_l id:557842524, area:0 not report! 
05-27 18:58:45.995   351   516 D automotive.vehicle@2.0-adayo-func-bcm: BCMFunc sendMessageFromVehicle_l dataType: 12,mByte=14,propid=0x2140005d
05-27 18:58:45.995   351   516 D automotive.vehicle@2.0-adayo-func-bcm: BCMFunc sendMessageFromVehicle_l msgBuff[14]=0x1,start:0,len:8,temp:8,
05-27 18:58:45.995   351   516 D automotive.vehicle@2.0-adayo-func-bcm: BCMFunc sendMessageFromVehicle_l prop: 0x2140005d ,areaId: 0x0  SPLITE_BIT_DATA_INTEGER : 1
05-27 18:58:45.995   351   516 D automotive.vehicle@2.0-adayo-func-bcm: BCMFunc sendMessageFromVehicle_l id:557842525, area:0 not report! 
05-27 18:58:45.995   351   516 D automotive.vehicle@2.0-adayo-func-bcm: BCMFunc sendMessageFromVehicle_l dataType: 12,mByte=15,propid=0x2140005e
05-27 18:58:45.995   351   516 D automotive.vehicle@2.0-adayo-func-bcm: BCMFunc sendMessageFromVehicle_l msgBuff[15]=0x1,start:0,len:8,temp:8,
05-27 18:58:45.995   351   516 D automotive.vehicle@2.0-adayo-func-bcm: BCMFunc sendMessageFromVehicle_l prop: 0x2140005e ,areaId: 0x0  SPLITE_BIT_DATA_INTEGER : 1
05-27 18:58:45.995   351   516 D automotive.vehicle@2.0-adayo-func-bcm: BCMFunc sendMessageFromVehicle_l id:557842526, area:0 not report! 
05-27 18:58:45.995   351   516 D automotive.vehicle@2.0-adayo-func-bcm: BCMFunc sendMessageFromVehicle_l dataType: 12,mByte=16,propid=0x2140005f
05-27 18:58:45.995   351   516 D automotive.vehicle@2.0-adayo-func-bcm: BCMFunc sendMessageFromVehicle_l msgBuff[16]=0x1,start:0,len:8,temp:8,
05-27 18:58:45.995   351   516 D automotive.vehicle@2.0-adayo-func-bcm: BCMFunc sendMessageFromVehicle_l prop: 0x2140005f ,areaId: 0x0  SPLITE_BIT_DATA_INTEGER : 1
05-27 18:58:45.995   351   516 D automotive.vehicle@2.0-adayo-func-bcm: BCMFunc sendMessageFromVehicle_l id:557842527, area:0 not report! 
05-27 18:58:45.995   351   516 D automotive.vehicle@2.0-adayo-func-bcm: BCMFunc sendMessageFromVehicle_l dataType: 12,mByte=17,propid=0x21400060
05-27 18:58:45.995   351   516 D automotive.vehicle@2.0-adayo-func-bcm: BCMFunc sendMessageFromVehicle_l msgBuff[17]=0x3,start:0,len:8,temp:8,
05-27 18:58:45.995   351   516 D automotive.vehicle@2.0-adayo-func-bcm: BCMFunc sendMessageFromVehicle_l prop: 0x21400060 ,areaId: 0x0  SPLITE_BIT_DATA_INTEGER : 3
05-27 18:58:45.995   351   516 D automotive.vehicle@2.0-adayo-func-bcm: BCMFunc sendMessageFromVehicle_l id:557842528, area:0 not report! 
05-27 18:58:45.995   351   516 D automotive.vehicle@2.0-adayo-func-bcm: BCMFunc sendMessageFromVehicle_l dataType: 12,mByte=18,propid=0x21400061
05-27 18:58:45.995   351   516 D automotive.vehicle@2.0-adayo-func-bcm: BCMFunc sendMessageFromVehicle_l msgBuff[18]=0xff,start:0,len:8,temp:8,
05-27 18:58:45.995   351   516 D automotive.vehicle@2.0-adayo-func-bcm: BCMFunc sendMessageFromVehicle_l prop: 0x21400061 ,areaId: 0x0  SPLITE_BIT_DATA_INTEGER : 255
05-27 18:58:45.995   351   516 D automotive.vehicle@2.0-adayo-func-bcm: BCMFunc sendMessageFromVehicle_l id:557842529, area:0 not report! 
05-27 18:58:45.995   351   516 D automotive.vehicle@2.0-adayo-func-bcm: BCMFunc sendMessageFromVehicle_l dataType: 12,mByte=19,propid=0x2140010a
05-27 18:58:45.995   351   516 D automotive.vehicle@2.0-adayo-func-bcm: BCMFunc sendMessageFromVehicle_l msgBuff[19]=0x1,start:0,len:8,temp:8,
05-27 18:58:45.995   351   516 D automotive.vehicle@2.0-adayo-func-bcm: BCMFunc sendMessageFromVehicle_l prop: 0x2140010a ,areaId: 0x0  SPLITE_BIT_DATA_INTEGER : 1
05-27 18:58:45.995   351   516 D automotive.vehicle@2.0-adayo-func-bcm: BCMFunc sendMessageFromVehicle_l id:557842698, area:0 not report! 
05-27 18:58:45.996   299  1153 D EvsDriver: doneWithFrame
05-27 18:58:45.997   299  1163 D EvsDriver: doneWithFrame
05-27 08:49:54.963   581   581 D spi_rst_gpio_get_output: GPIO 145 value: 1
05-27 18:58:45.998   581   581 I SpiService: fgesysctrl_getGPIO_status success val=1
05-27 18:58:45.999  1008 30857 D [OMXB]  : usingANWBuffer: handle:0xee744000, format:1, w:1920, h:1080
05-27 08:49:54.963   581   581 D spidev_ioctl: gpio status=1)
05-27 18:58:46.004   581   581 I SpiService: fgesysctrl_getGPIO_status success val=1
05-27 08:49:54.968   581   581 D spi_rst_gpio_get_output: GPIO 145 value: 1
05-27 08:49:54.968   581   581 D spidev_ioctl: gpio status=1)
05-27 18:58:46.005 10188 10659 I am_pss  : [16728,1000,com.ts.car.carlink,21314560,18186240,14336,110526464,2,0,15]
05-27 18:58:46.006   594   594 E vendor.sprd.hardware.memtrack-service: MemTrack_DEBUG--Open mali gpu_memory failed
05-27 18:58:46.010   581   581 I SpiService: fgesysctrl_getGPIO_status success val=1
05-27 18:58:46.012   536   536 D commservice260303: msg.id = 1028,1
05-27 18:58:46.012   536   536 D commservice260303: i = 170, msgid = 8A000404
05-27 08:49:54.974   581   581 D spi_rst_gpio_get_output: GPIO 145 value: 1
05-27 18:58:46.012   536   536 D commservice260303: msgid = -1979710460,did=138
05-27 08:49:54.974   581   581 D spidev_ioctl: gpio status=1)
05-27 18:58:46.012   536   536 D commservice260303: CommProtocolLibCmdBaseI2C::dataproc {"command":{"id":"imu_status","sub":""},"content":{"TimeStamp":11,"FrameCounter":267370,"GD_X":-0.011223767884075642,"GD_Y":0.004580949433147907,"GD_Z":0.0017560218693688512,"AD_X":-0.003972038626670837,"AD_Y":0.0026471400633454323,"AD_Z":-0.17193889617919922,"TempDsp":0,"Status":0,"CalibState":1,"SigAmpInvalid":0}},-1979710460
05-27 18:58:46.012   536   536 D commservice260303: send2Cluster len:317, 7B22636F6D6D616E64223A7B226964223A22696D755F737461747573222C22737562223A22227D2C22636F6E74656E74223A7B2254696D655374616D70223A31312C224672616D65436F756E746572223A3236373337302C2247445F58223A2D302E3031313232333736373838343037353634322C2247445F59223A302E3030343538303934393433333134373930372C2247445F5A223A302E303031373536303231383639333638383531322C2241445F58223A2D302E3030333937323033383632363637303833372C2241445F59223A302E303032363437313430303633333435343332332C2241445F5A223A2D302E31373139333838393631373931393932322C2254656D70447370223A302C22537461747573223A302C2243616C69625374617465223A312C22536967416D70496E76616C6964223A307D7D, 138 
05-27 18:58:46.012   536   536 D commservice260303: Push Message into SendPool fn=1599472640
05-27 18:58:46.012   536   536 D commservice260303: ComProtocolLibSend2Cluster::send2ClusterRaw fn=1599472640 , len=333
05-27 18:58:46.012   536   536 D commservice260303: sendCmdToPort :333!!!
05-27 18:58:46.012   536   536 D commservice260303: send Cmd To Port ++++5AA501498A010004565F6A16CE667B22636F6D6D616E64223A7B226964223A22696D755F737461747573222C22737562223A22227D2C22636F6E74656E74223A7B2254696D655374616D70223A31312C224672616D65436F756E746572223A3236373337302C2247445F58223A2D302E3031313232333736373838343037353634322C2247445F59223A302E3030343538303934393433333134373930372C2247445F5A223A302E303031373536303231383639333638383531322C2241445F58223A2D302E3030333937323033383632363637303833372C2241445F59223A302E303032363437313430303633333435343332332C2241445F5A223A2D302E31373139333838393631373931393932322C2254656D70447370223A302C22537461747573223A302C2243616C69625374617465223A312C22536967416D70496E76616C6964223A307D7DF7FD
05-27 18:58:46.012   536   536 D commservice260303: bufferevent_write retrun value = 0
05-27 18:58:46.013   536   560 D commservice260303: client datas send succeed,send finish
05-27 18:58:46.013 13911 14192 D Sentinelmode_1.2.5.17_sentry: <SentryImuClusterFgeSender>imu_status sent to Linux, frame=267370, tsNs=11393256, tsMs=11, intervalMs=40, ad=(-0.0039720386,0.00264714,-0.1719389), gd=(-0.011223768,0.0045809494,0.0017560219)
05-27 18:58:46.013 13911 14183 I SentryImuMcuAngleSender: 179.97899rollDeg
05-27 18:58:46.013 13911 14183 I SentryImuMcuAngleSender: 1,0,0
05-27 18:58:46.015   283   307 I rvcservice: t.code = 0, t.value = 0
05-27 18:58:46.015   581   581 I SpiService: fgesysctrl_getGPIO_status success val=1
05-27 08:49:54.980   581   581 D spi_rst_gpio_get_output: GPIO 145 value: 1
05-27 08:49:54.980   581   581 D spidev_ioctl: gpio status=1)
05-27 18:58:46.018  1008 30856 D [OMXB]  : usingANWBuffer: handle:0xee741ae0, format:1, w:1920, h:1080
05-27 18:58:46.018   299 30841 D EvsDriver: forwardFrame
05-27 18:58:46.019   299 30844 D EvsDriver: forwardFrame
05-27 18:58:46.020   299 30841 D EvsDriver: Delivered 0xb400007b7ca56a60 as id 0
05-27 18:58:46.020  1167  1479 D evsmanagerd: /dev/video4 forwarded the buffer #0 to 0xb4000074bf5f6850 from 0xb4000074bf5f41d0
05-27 18:58:46.021   581   581 I SpiService: fgesysctrl_getGPIO_status success val=0
05-27 18:58:46.022   481   597 I mcuc    : send SPI:6AA602E57B0002890013
05-27 18:58:46.022   299 30844 D EvsDriver: Delivered 0xb400007b7ca56900 as id 0
05-27 18:58:46.022  1167  1479 D evsmanagerd: /dev/video6 forwarded the buffer #0 to 0xb4000074bf5f5510 from 0xb4000074bf5f6d90
05-27 08:49:54.986   581   581 D spi_rst_gpio_get_output: GPIO 145 value: 0
05-27 08:49:54.986   581   581 D spidev_ioctl: gpio status=0)
05-27 18:58:46.026   299  1153 D EvsDriver: doneWithFrame
05-27 18:58:46.026   299  1163 D EvsDriver: doneWithFrame
05-27 18:58:46.028 10188 10659 I am_pss  : [11981,1000,com.ts.car.hicar.appservice,19654656,15958016,13312,113594368,2,0,15]
05-27 18:58:46.030   594   594 E vendor.sprd.hardware.memtrack-service: MemTrack_DEBUG--Open mali gpu_memory failed
05-27 18:58:46.034 13911 14183 I SentryImuMcuAngleSender: 179.95796rollDeg
05-27 18:58:46.034 13911 14183 I SentryImuMcuAngleSender: 1,0,0
05-27 18:58:46.036   581   581 I SpiService: fgesysctrl_getGPIO_status success val=1
05-27 08:49:55.001   581   581 D spi_rst_gpio_get_output: GPIO 145 value: 1
05-27 08:49:55.001   581   581 D spidev_ioctl: gpio status=1)
05-27 18:58:46.038  1083  1083 I MyAppLog: [2026-05-27 18:58:46.038 I tboxap mcuSendYadiTransfer:196] [Mcu] [mcuYadiSend]: :00 08 30 04 01 09 81 02 01 01
05-27 18:58:46.041   481   599 I mcuc    : start timer OK = 32159 
05-27 18:58:46.042   572   622 I Sensors : 230 AccelSensor: x:-0.178120,y:0.007319,z:-9.973500
05-27 18:58:46.042   581   581 I SpiService: fgesysctrl_getGPIO_status success val=1
05-27 18:58:46.044 10188 10659 I am_pss  : [11722,1000,com.anwsdk.service,15715328,8474624,4569088,95182848,2,0,13]
05-27 18:58:46.045   594   594 E vendor.sprd.hardware.memtrack-service: MemTrack_DEBUG--Open mali gpu_memory failed
05-27 08:49:55.007   581   581 D spi_rst_gpio_get_output: GPIO 145 value: 1
05-27 08:49:55.007   581   581 D spidev_ioctl: gpio status=1)
05-27 18:58:46.047   581   581 I SpiService: fgesysctrl_getGPIO_status success val=1
05-27 08:49:55.012   581   581 D spi_rst_gpio_get_output: GPIO 145 value: 1
05-27 08:49:55.012   581   581 D spidev_ioctl: gpio status=1)
05-27 18:58:46.051  1008 30856 D [OMXB]  : usingANWBuffer: handle:0xee741da0, format:1, w:1920, h:1080
05-27 18:58:46.052   536   536 D commservice260303: msg.id = 1028,1
05-27 18:58:46.052   536   536 D commservice260303: i = 170, msgid = 8A000404
05-27 18:58:46.052   536   536 D commservice260303: msgid = -1979710460,did=138
05-27 18:58:46.052   536   536 D commservice260303: CommProtocolLibCmdBaseI2C::dataproc {"command":{"id":"imu_status","sub":""},"content":{"TimeStamp":11,"FrameCounter":267371,"GD_X":-0.01091896090656519,"GD_Y":0.005420989356935024,"GD_Z":0.0020608289632946253,"AD_X":-0.01065199077129364,"AD_Y":0.006267179735004902,"AD_Z":-0.16828060150146484,"TempDsp":0,"Status":0,"CalibState":1,"SigAmpInvalid":0}},-1979710460
