05-27 18:58:48.820   299 30841 D EvsDriver: Delivered 0xb400007b7ca56a60 as id 0
05-27 18:58:48.820   299 30844 D EvsDriver: Delivered 0xb400007b7ca56900 as id 0
05-27 18:58:48.820   581   581 I SpiService: fgesysctrl_getGPIO_status success val=1
05-27 18:58:48.820  1167  1184 D evsmanagerd: /dev/video4 forwarded the buffer #0 to 0xb4000074bf5f6850 from 0xb4000074bf5f41d0
05-27 18:58:48.820  1167  1479 D evsmanagerd: /dev/video6 forwarded the buffer #0 to 0xb4000074bf5f5510 from 0xb4000074bf5f6d90
05-27 18:58:48.821 13911 14183 I SentryImuMcuAngleSender: 179.979rollDeg
05-27 18:58:48.821 13911 14183 I SentryImuMcuAngleSender: 1,0,0
05-27 18:58:48.823   299  1153 D EvsDriver: doneWithFrame
05-27 18:58:48.825   581   581 I SpiService: fgesysctrl_getGPIO_status success val=0
05-27 18:58:48.829   299  1153 D EvsDriver: doneWithFrame
05-27 18:58:48.829   283   307 I rvcservice: t.code = 3, t.value = 0
05-27 18:58:48.829  1008 30857 D [OMXB]  : usingANWBuffer: handle:0xee742530, format:1, w:1920, h:1080
05-27 18:58:48.837   536   536 D commservice260303: msg.id = 1028,1
05-27 18:58:48.838   536   536 D commservice260303: i = 170, msgid = 8A000404
05-27 18:58:48.838   536   536 D commservice260303: msgid = -1979710460,did=138
05-27 18:58:48.838   536   536 D commservice260303: CommProtocolLibCmdBaseI2C::dataproc {"command":{"id":"imu_status","sub":""},"content":{"TimeStamp":11,"FrameCounter":267440,"GD_X":-0.01153013575822115,"GD_Y":0.004733873065561056,"GD_Z":0.0016030981205403805,"AD_X":-0.0014966577291488647,"AD_Y":0.004052506759762764,"AD_Z":-0.1749897003173828,"TempDsp":0,"Status":0,"CalibState":1,"SigAmpInvalid":0}},-1979710460
05-27 18:58:48.838   536   536 D commservice260303: send2Cluster len:315, 7B22636F6D6D616E64223A7B226964223A22696D755F737461747573222C22737562223A22227D2C22636F6E74656E74223A7B2254696D655374616D70223A31312C224672616D65436F756E746572223A3236373434302C2247445F58223A2D302E30313135333031333537353832323131352C2247445F59223A302E3030343733333837333036353536313035362C2247445F5A223A302E303031363033303938313230353430333830352C2241445F58223A2D302E303031343936363537373239313438383634372C2241445F59223A302E3030343035323530363735393736323736342C2241445F5A223A2D302E313734393839373030333137333832382C2254656D70447370223A302C22537461747573223A302C2243616C69625374617465223A312C22536967416D70496E76616C6964223A307D7D, 138 
05-27 18:58:48.838   536   536 D commservice260303: Push Message into SendPool fn=-1504312320
05-27 18:58:48.838   536   536 D commservice260303: ComProtocolLibSend2Cluster::send2ClusterRaw fn=-1504312320 , len=331
05-27 18:58:48.838   536   536 D commservice260303: sendCmdToPort :331!!!
05-27 18:58:48.838   536   536 D commservice260303: send Cmd To Port ++++5AA501478A01000456A66A16CE687B22636F6D6D616E64223A7B226964223A22696D755F737461747573222C22737562223A22227D2C22636F6E74656E74223A7B2254696D655374616D70223A31312C224672616D65436F756E746572223A3236373434302C2247445F58223A2D302E30313135333031333537353832323131352C2247445F59223A302E3030343733333837333036353536313035362C2247445F5A223A302E303031363033303938313230353430333830352C2241445F58223A2D302E303031343936363537373239313438383634372C2241445F59223A302E3030343035323530363735393736323736342C2241445F5A223A2D302E313734393839373030333137333832382C2254656D70447370223A302C22537461747573223A302C2243616C69625374617465223A312C22536967416D70496E76616C6964223A307D7DB679
05-27 18:58:48.838   536   536 D commservice260303: bufferevent_write retrun value = 0
05-27 18:58:48.839   536   560 D commservice260303: client datas send succeed,send finish
05-27 18:58:48.839 13911 14192 D Sentinelmode_1.2.5.17_sentry: <SentryImuClusterFgeSender>imu_status sent to Linux, frame=267440, tsNs=11396073, tsMs=11, intervalMs=42, ad=(-0.0014966577,0.0040525068,-0.1749897), gd=(-0.011530136,0.004733873,0.0016030981)
05-27 18:58:48.842 13911 14183 I SentryImuMcuAngleSender: 179.96147rollDeg
05-27 18:58:48.842 13911 14183 I SentryImuMcuAngleSender: 1,0,0
05-27 18:58:48.842   581   581 I SpiService: fgesysctrl_getGPIO_status success val=1
05-27 18:58:48.845  1008 30856 D [OMXB]  : usingANWBuffer: handle:0xee742480, format:1, w:1920, h:1080
05-27 18:58:48.847   299 30841 D EvsDriver: forwardFrame
05-27 18:58:48.848   581   581 I SpiService: fgesysctrl_getGPIO_status success val=1
05-27 18:58:48.849   299 30841 D EvsDriver: Delivered 0xb400007b7ca56a60 as id 0
05-27 18:58:48.849  1167  1479 D evsmanagerd: /dev/video4 forwarded the buffer #0 to 0xb4000074bf5f6850 from 0xb4000074bf5f41d0
05-27 18:58:48.853   299  1153 D EvsDriver: doneWithFrame
05-27 08:49:57.819   581   581 D spi_rst_gpio_get_output: GPIO 145 value: 1
05-27 08:49:57.819   581   581 D spidev_ioctl: gpio status=1)
05-27 18:58:48.855   581   581 I SpiService: fgesysctrl_getGPIO_status success val=1
05-27 18:58:48.855   299 30844 D EvsDriver: forwardFrame
05-27 18:58:48.857   299 30844 D EvsDriver: Delivered 0xb400007b7ca56900 as id 0
05-27 18:58:48.857  1167  1479 D evsmanagerd: /dev/video6 forwarded the buffer #0 to 0xb4000074bf5f5510 from 0xb4000074bf5f6d90
05-27 18:58:48.861 18434 18434 D .service:remote: Received session metadata: 2100199922793363306
05-27 18:58:48.862   581   581 I SpiService: fgesysctrl_getGPIO_status success val=1
05-27 18:58:48.863   299  1153 D EvsDriver: doneWithFrame
05-27 18:58:48.864 13911 14183 I SentryImuMcuAngleSender: 179.993rollDeg
05-27 18:58:48.864 13911 14183 I SentryImuMcuAngleSender: 1,0,0
05-27 08:49:57.827   581   581 D spi_rst_gpio_get_output: GPIO 145 value: 1
05-27 08:49:57.827   581   581 D spidev_ioctl: gpio status=1)
05-27 18:58:48.868   581   581 I SpiService: fgesysctrl_getGPIO_status success val=0
05-27 08:49:57.832   581   581 D spi_rst_gpio_get_output: GPIO 145 value: 0
05-27 18:58:48.868  1008 30857 D [OMXB]  : usingANWBuffer: handle:0xee743ea0, format:1, w:1920, h:1080
05-27 08:49:57.832   581   581 D spidev_ioctl: gpio status=0)
05-27 18:58:48.876   572   572 I Sensors : 230 GyroSensor: x:-0.011682,y:0.004810,z:0.001985
05-27 18:58:48.877   536   536 D commservice260303: msg.id = 1028,0
05-27 18:58:48.877   536   536 D commservice260303: i = 170, msgid = 8A000404
05-27 18:58:48.877   536   536 D commservice260303: msgid = -1979710460,did=138
05-27 18:58:48.877   536   536 D commservice260303: CommProtocolLibCmdBaseI2C::dataproc {"command":{"id":"imu_status","sub":""},"content":{"TimeStamp":11,"FrameCounter":267441,"GD_X":-0.011682018637657166,"GD_Y":0.005268065724521875,"GD_Z":0.0018319635419175029,"AD_X":0.0021395236253738403,"AD_Y":3.736437647603452E-4,"AD_Z":-0.1762094497680664,"TempDsp":0,"Status":0,"CalibState":1,"SigAmpInvalid":0}},-1979710460
05-27 18:58:48.878   536   536 D commservice260303: send2Cluster len:315, 7B22636F6D6D616E64223A7B226964223A22696D755F737461747573222C22737562223A22227D2C22636F6E74656E74223A7B2254696D655374616D70223A31312C224672616D65436F756E746572223A3236373434312C2247445F58223A2D302E3031313638323031383633373635373136362C2247445F59223A302E3030353236383036353732343532313837352C2247445F5A223A302E303031383331393633353431393137353032392C2241445F58223A302E303032313339353233363235333733383430332C2241445F59223A332E373336343337363437363033343532452D342C2241445F5A223A2D302E313736323039343439373638303636342C2254656D70447370223A302C22537461747573223A302C2243616C69625374617465223A312C22536967416D70496E76616C6964223A307D7D, 138 
05-27 18:58:48.878   536   536 D commservice260303: Push Message into SendPool fn=-1487535104
05-27 18:58:48.878   536   536 D commservice260303: ComProtocolLibSend2Cluster::send2ClusterRaw fn=-1487535104 , len=331
05-27 18:58:48.878   536   536 D commservice260303: sendCmdToPort :331!!!
05-27 18:58:48.878   536   536 D commservice260303: send Cmd To Port ++++5AA501478A01000456A76A16CE687B22636F6D6D616E64223A7B226964223A22696D755F737461747573222C22737562223A22227D2C22636F6E74656E74223A7B2254696D655374616D70223A31312C224672616D65436F756E746572223A3236373434312C2247445F58223A2D302E3031313638323031383633373635373136362C2247445F59223A302E3030353236383036353732343532313837352C2247445F5A223A302E303031383331393633353431393137353032392C2241445F58223A302E303032313339353233363235333733383430332C2241445F59223A332E373336343337363437363033343532452D342C2241445F5A223A2D302E313736323039343439373638303636342C2254656D70447370223A302C22537461747573223A302C2243616C69625374617465223A312C22536967416D70496E76616C6964223A307D7D09C0
05-27 18:58:48.878   536   536 D commservice260303: bufferevent_write retrun value = 0
05-27 18:58:48.878   536   560 D commservice260303: client datas send succeed,send finish
05-27 18:58:48.878 13911 14192 D Sentinelmode_1.2.5.17_sentry: <SentryImuClusterFgeSender>imu_status sent to Linux, frame=267441, tsNs=11396109, tsMs=11, intervalMs=39, ad=(0.0021395236,3.7364376E-4,-0.17620945), gd=(-0.011682019,0.0052680657,0.0018319635)
05-27 18:58:48.880   299 30844 D EvsDriver: forwardFrame
05-27 18:58:48.880   299 30841 D EvsDriver: forwardFrame
05-27 18:58:48.883   581   581 I SpiService: fgesysctrl_getGPIO_status success val=1
05-27 18:58:48.883  1167  1479 D evsmanagerd: /dev/video6 forwarded the buffer #0 to 0xb4000074bf5f5510 from 0xb4000074bf5f6d90
05-27 18:58:48.883  1167  1184 D evsmanagerd: /dev/video4 forwarded the buffer #0 to 0xb4000074bf5f6850 from 0xb4000074bf5f41d0
05-27 18:58:48.884   299 30841 D EvsDriver: Delivered 0xb400007b7ca56a60 as id 0
05-27 18:58:48.884 18441 18441 I ADAYO_LOG_TRACE_KERNEL: execute interrupt
05-27 18:58:48.885 13911 14183 I SentryImuMcuAngleSender: -179.95097rollDeg
05-27 18:58:48.885 13911 14183 I SentryImuMcuAngleSender: 1,0,0
05-27 08:49:57.847   581   581 D spi_rst_gpio_get_output: GPIO 145 value: 1
05-27 08:49:57.847   581   581 D spidev_ioctl: gpio status=1)
05-27 18:58:48.888   299 30844 D EvsDriver: Delivered 0xb400007b7ca56900 as id 0
05-27 18:58:48.889   299  1153 D EvsDriver: doneWithFrame
05-27 18:58:48.889  1116  1135 I adbd    : jdwp connection from 18434
05-27 18:58:48.890   581   581 I SpiService: fgesysctrl_getGPIO_status success val=1
05-27 18:58:48.891   299  1153 D EvsDriver: doneWithFrame
05-27 08:49:57.854   581   581 D spi_rst_gpio_get_output: GPIO 145 value: 1
05-27 08:49:57.854   581   581 D spidev_ioctl: gpio status=1)
05-27 18:58:48.896   581   581 I SpiService: fgesysctrl_getGPIO_status success val=1
05-27 08:49:57.860   581   581 D spi_rst_gpio_get_output: GPIO 145 value: 1
05-27 08:49:57.860   581   581 D spidev_ioctl: gpio status=1)
05-27 18:58:48.902   581   581 I SpiService: fgesysctrl_getGPIO_status success val=1
05-27 18:58:48.902  1008 30857 D [OMXB]  : usingANWBuffer: handle:0xee744630, format:1, w:1920, h:1080
05-27 08:49:57.866   581   581 D spi_rst_gpio_get_output: GPIO 145 value: 1
05-27 08:49:57.866   581   581 D spidev_ioctl: gpio status=1)
05-27 18:58:48.906 13911 14183 I SentryImuMcuAngleSender: -179.92995rollDeg
05-27 18:58:48.906 13911 14183 I SentryImuMcuAngleSender: 1,0,0
05-27 18:58:48.908   581   581 I SpiService: fgesysctrl_getGPIO_status success val=0
05-27 08:49:57.873   581   581 D spi_rst_gpio_get_output: GPIO 145 value: 0
05-27 08:49:57.873   581   581 D spidev_ioctl: gpio status=0)
05-27 18:58:48.914 18444 18444 I ADAYO_LOG_TRACE_KERNEL: execute end
05-27 18:58:48.915 18434 18434 W ziparchive: Unable to open '/system_ext/framework/unisoc-framework.dm': No such file or directory
05-27 18:58:48.915 18434 18434 W ziparchive: Unable to open '/system_ext/framework/unisoc-framework.dm': No such file or directory
05-27 18:58:48.915   299 30841 D EvsDriver: forwardFrame
05-27 18:58:48.916   299 30841 D EvsDriver: Delivered 0xb400007b7ca56a60 as id 0
05-27 18:58:48.916  1167  1479 D evsmanagerd: /dev/video4 forwarded the buffer #0 to 0xb4000074bf5f6850 from 0xb4000074bf5f41d0
05-27 18:58:48.917 30773 30782 E dvr_service_: [myNum:0] Received S**** loss
05-27 18:58:48.917   299  1153 D EvsDriver: doneWithFrame
05-27 18:58:48.917  1008 30856 D [OMXB]  : usingANWBuffer: handle:0xee740bc0, format:1, w:1920, h:1080
05-27 08:49:57.884     1     1 I init    : Service 'trace_kernel' (pid 18409) exited with status 0
05-27 08:49:57.884     1     1 I init    : Sending signal 9 to service 'trace_kernel' (pid 18409) process group...
05-27 08:49:57.885     1     1 I libprocessgroup: Successfully killed process cgroup uid 0 pid 18409 in 0ms
05-27 18:58:48.921   536   536 D commservice260303: msg.id = 1028,1
05-27 18:58:48.921   536   536 D commservice260303: i = 170, msgid = 8A000404
05-27 18:58:48.921   536   536 D commservice260303: msgid = -1979710460,did=138
05-27 18:58:48.922   536   536 D commservice260303: CommProtocolLibCmdBaseI2C::dataproc {"command":{"id":"imu_status","sub":""},"content":{"TimeStamp":11,"FrameCounter":267442,"GD_X":-0.011834942735731602,"GD_Y":0.005573912989348173,"GD_Z":0.0021378109231591225,"AD_X":-0.009446471929550171,"AD_Y":-0.008069225586950779,"AD_Z":-0.17193889617919922,"TempDsp":0,"Status":0,"CalibState":1,"SigAmpInvalid":0}},-1979710460
05-27 18:58:48.922   536   536 D commservice260303: send2Cluster len:317, 7B22636F6D6D616E64223A7B226964223A22696D755F737461747573222C22737562223A22227D2C22636F6E74656E74223A7B2254696D655374616D70223A31312C224672616D65436F756E746572223A3236373434322C2247445F58223A2D302E3031313833343934323733353733313630322C2247445F59223A302E3030353537333931323938393334383137332C2247445F5A223A302E303032313337383130393233313539313232352C2241445F58223A2D302E3030393434363437313932393535303137312C2241445F59223A2D302E3030383036393232353538363935303737392C2241445F5A223A2D302E31373139333838393631373931393932322C2254656D70447370223A302C22537461747573223A302C2243616C69625374617465223A312C22536967416D70496E76616C6964223A307D7D, 138 
05-27 18:58:48.922   536   536 D commservice260303: Push Message into SendPool fn=-1470757888
05-27 18:58:48.922   536   536 D commservice260303: ComProtocolLibSend2Cluster::send2ClusterRaw fn=-1470757888 , len=333
05-27 18:58:48.922   536   536 D commservice260303: sendCmdToPort :333!!!
05-27 18:58:48.922   536   536 D commservice260303: send Cmd To Port ++++5AA501498A01000456A86A16CE687B22636F6D6D616E64223A7B226964223A22696D755F737461747573222C22737562223A22227D2C22636F6E74656E74223A7B2254696D655374616D70223A31312C224672616D65436F756E746572223A3236373434322C2247445F58223A2D302E3031313833343934323733353733313630322C2247445F59223A302E3030353537333931323938393334383137332C2247445F5A223A302E303032313337383130393233313539313232352C2241445F58223A2D302E3030393434363437313932393535303137312C2241445F59223A2D302E3030383036393232353538363935303737392C2241445F5A223A2D302E31373139333838393631373931393932322C2254656D70447370223A302C22537461747573223A302C2243616C69625374617465223A312C22536967416D70496E76616C6964223A307D7D1DCD
05-27 18:58:48.923   536   536 D commservice260303: bufferevent_write retrun value = 0
05-27 18:58:48.923   299 30844 D EvsDriver: forwardFrame
05-27 18:58:48.923   536   560 D commservice260303: client datas send succeed,send finish
05-27 18:58:48.924   581   581 I SpiService: fgesysctrl_getGPIO_status success val=1
05-27 18:58:48.924   299 30844 D EvsDriver: Delivered 0xb400007b7ca56900 as id 0
05-27 08:49:57.889   581   581 D spi_rst_gpio_get_output: GPIO 145 value: 1
05-27 08:49:57.889   581   581 D spidev_ioctl: gpio status=1)
05-27 18:58:48.924  1167  1479 D evsmanagerd: /dev/video6 forwarded the buffer #0 to 0xb4000074bf5f5510 from 0xb4000074bf5f6d90
05-27 18:58:48.924 13911 14192 D Sentinelmode_1.2.5.17_sentry: <SentryImuClusterFgeSender>imu_status sent to Linux, frame=267442, tsNs=11396162, tsMs=11, intervalMs=46, ad=(-0.009446472,-0.008069226,-0.1719389), gd=(-0.011834943,0.005573913,0.002137811)
05-27 18:58:48.925 30773 30782 E dvr_service_: [myNum:1] Received S**** loss
05-27 18:58:48.925   299  1153 D EvsDriver: doneWithFrame
05-27 18:58:48.925 10188 10922 I am_proc_bound: [0,18434,com.anwsdk.service:remote]
05-27 18:58:48.926 13911 14183 I SentryImuMcuAngleSender: -179.95796rollDeg
05-27 18:58:48.926 13911 14183 I SentryImuMcuAngleSender: 1,0,0
05-27 18:58:48.928 10188 10922 I am_create_service: [0,208025669,.anwbtservice,1000,18434]
05-27 18:58:48.929   283   307 I rvcservice: t.code = 7, t.value = 11396002
05-27 18:58:48.930   581   581 I SpiService: fgesysctrl_getGPIO_status success val=1
05-27 18:58:48.930  8130  8180 D ANWAPI  : (8130|0x05ECFCB0)[BTAPI] testing: step3: (2)
05-27 18:58:48.931  8130  8180 D ANWAPI  : (8130|0x05ECFCB0)[BTAPI] testing: step1: send HCI local read infor
05-27 18:58:48.931  8130  8180 D ANWStack: [  11396181][ANWBT] HCI: Sending HCI_ReadLocalVersionInformation command
05-27 18:58:48.932  8130  8180 D ANWStack: [  11396182][ANWBT] HCI Rx: CommandComplete event for ReadLocalVersionInformation, numCommandPackets=0x1, status=0x00 (Success)
05-27 18:58:48.932  8130  8180 D ANWStack: 
05-27 18:58:48.932  8130  8180 D ANWStack: [  11396183][ANWBT] HCI Rx:     CommandComplete Parameters: HCIversion=0xD, HCIrevision=0xB, LMP version=0xD, ManufacturerId=0xB3B, LMP subversion=0xB
05-27 18:58:48.932  8130  8180 D ANWStack: 
05-27 18:58:48.932  8130  8180 D ANWAPI  : (8130|0x05ECFCB0)[BTAPI] AnwhciEventCallback 14 1
05-27 18:58:48.932  8130  8180 D ANWAPI  : (8130|0x05ECFCB0)[BTAPI] btsdk_command_complete_event_handler cmdOpcode = 4097
05-27 18:58:48.932  8130  8180 D ANWAPI  : (8130|0x05ECFCB0)[BTAPI] testing: step2: receive complete(1)
05-27 18:58:48.932  8130  8180 D ANWStack: [  11396183][ANWBT] HCI: Host Controller manufacturer ID 0x0B3B
05-27 18:58:48.932  8130  8180 D ANWStack: 
05-27 18:58:48.933 30773 30785 I dvr_service_: [EncoderHandler::runMediaThread] runMediaThread started:1,state:1, cam2:started:1,state:1, lastSwitch:1, mIsMuxerStart:1,format:0,is_str_ing:0
05-27 08:49:57.895   581   581 D spi_rst_gpio_get_output: GPIO 145 value: 1
05-27 08:49:57.895   581   581 D spidev_ioctl: gpio status=1)
05-27 18:58:48.934 18434 18434 D CompatibilityChangeReporter: Compat change id reported: 171979766; UID 1000; state: ENABLED
05-27 18:58:48.936   581   581 I SpiService: fgesysctrl_getGPIO_status success val=1
05-27 08:49:57.900   581   581 D spi_rst_gpio_get_output: GPIO 145 value: 1
05-27 08:49:57.900   581   581 D spidev_ioctl: gpio status=1)
05-27 18:58:48.937  1008 30857 D [OMXB]  : usingANWBuffer: handle:0xee741ae0, format:1, w:1920, h:1080
05-27 18:58:48.941   581   581 I SpiService: fgesysctrl_getGPIO_status success val=1
05-27 08:49:57.906   581   581 D spi_rst_gpio_get_output: GPIO 145 value: 1
05-27 08:49:57.906   581   581 D spidev_ioctl: gpio status=1)
05-27 18:58:48.945 18434 18434 D CompatibilityInfo: applyToConfigurationCompat inoutConfig.densityDpi= 160
05-27 18:58:48.946 13911 14183 I SentryImuMcuAngleSender: 179.986rollDeg
05-27 18:58:48.946 13911 14183 I SentryImuMcuAngleSender: 1,0,0
05-27 18:58:48.946   299 30844 D EvsDriver: forwardFrame
05-27 18:58:48.947   581   581 I SpiService: fgesysctrl_getGPIO_status success val=0
05-27 08:49:57.912   581   581 D spi_rst_gpio_get_output: GPIO 145 value: 0
05-27 08:49:57.912   581   581 D spidev_ioctl: gpio status=0)
05-27 18:58:48.950   299 30841 D EvsDriver: forwardFrame
05-27 18:58:48.950   299 30844 D EvsDriver: Delivered 0xb400007b7ca56900 as id 0
05-27 18:58:48.950  1167  1479 D evsmanagerd: /dev/video6 forwarded the buffer #0 to 0xb4000074bf5f5510 from 0xb4000074bf5f6d90
05-27 18:58:48.951  1167  1479 D evsmanagerd: /dev/video4 forwarded the buffer #0 to 0xb4000074bf5f6850 from 0xb4000074bf5f41d0
05-27 18:58:48.951   299 30841 D EvsDriver: Delivered 0xb400007b7ca56a60 as id 0
05-27 18:58:48.953  1008 30856 D [OMXB]  : usingANWBuffer: handle:0xee741da0, format:1, w:1920, h:1080
05-27 18:58:48.953   299  1153 D EvsDriver: doneWithFrame
05-27 18:58:48.958   299  1153 D EvsDriver: doneWithFrame
05-27 18:58:48.961   536   536 D commservice260303: msg.id = 1028,1
05-27 18:58:48.961   536   536 D commservice260303: i = 170, msgid = 8A000404
05-27 18:58:48.961   536   536 D commservice260303: msgid = -1979710460,did=138
05-27 18:58:48.961   536   536 D commservice260303: CommProtocolLibCmdBaseI2C::dataproc {"command":{"id":"imu_status","sub":""},"content":{"TimeStamp":11,"FrameCounter":267443,"GD_X":-0.011987865902483463,"GD_Y":0.005268065724521875,"GD_Z":0.0016030981205403805,"AD_X":-0.005754739046096802,"AD_Y":0.008976607583463192,"AD_Z":-0.1737689971923828,"TempDsp":0,"Status":0,"CalibState":1,"SigAmpInvalid":0}},-1979710460
05-27 18:58:48.961   536   536 D commservice260303: send2Cluster len:315, 7B22636F6D6D616E64223A7B226964223A22696D755F737461747573222C22737562223A22227D2C22636F6E74656E74223A7B2254696D655374616D70223A31312C224672616D65436F756E746572223A3236373434332C2247445F58223A2D302E3031313938373836353930323438333436332C2247445F59223A302E3030353236383036353732343532313837352C2247445F5A223A302E303031363033303938313230353430333830352C2241445F58223A2D302E3030353735343733393034363039363830322C2241445F59223A302E3030383937363630373538333436333139322C2241445F5A223A2D302E313733373638393937313932333832382C2254656D70447370223A302C22537461747573223A302C2243616C69625374617465223A312C22536967416D70496E76616C6964223A307D7D, 138 
05-27 18:58:48.962   536   536 D commservice260303: Push Message into SendPool fn=-1453980672
05-27 18:58:48.962   536   536 D commservice260303: ComProtocolLibSend2Cluster::send2ClusterRaw fn=-1453980672 , len=331
05-27 18:58:48.962   536   536 D commservice260303: sendCmdToPort :331!!!
05-27 18:58:48.962   536   536 D commservice260303: send Cmd To Port ++++5AA501478A01000456A96A16CE687B22636F6D6D616E64223A7B226964223A22696D755F737461747573222C22737562223A22227D2C22636F6E74656E74223A7B2254696D655374616D70223A31312C224672616D65436F756E746572223A3236373434332C2247445F58223A2D302E3031313938373836353930323438333436332C2247445F59223A302E3030353236383036353732343532313837352C2247445F5A223A302E303031363033303938313230353430333830352C2241445F58223A2D302E3030353735343733393034363039363830322C2241445F59223A302E3030383937363630373538333436333139322C2241445F5A223A2D302E313733373638393937313932333832382C2254656D70447370223A302C22537461747573223A302C2243616C69625374617465223A312C22536967416D70496E76616C6964223A307D7D2879
05-27 18:58:48.962   536   536 D commservice260303: bufferevent_write retrun value = 0
05-27 18:58:48.962   536   560 D commservice260303: client datas send succeed,send finish
05-27 18:58:48.962 13911 14192 D Sentinelmode_1.2.5.17_sentry: <SentryImuClusterFgeSender>imu_status sent to Linux, frame=267443, tsNs=11396198, tsMs=11, intervalMs=38, ad=(-0.005754739,0.008976608,-0.173769), gd=(-0.011987866,0.0052680657,0.0016030981)
05-27 08:49:57.930   581   581 D spi_rst_gpio_get_output: GPIO 145 value: 1
05-27 08:49:57.930   581   581 D spidev_ioctl: gpio status=1)
05-27 18:58:48.966   581   581 I SpiService: fgesysctrl_getGPIO_status success val=1
05-27 18:58:48.966 13911 14183 I SentryImuMcuAngleSender: 179.94395rollDeg
05-27 18:58:48.966 13911 14183 I SentryImuMcuAngleSender: 1,0,0
05-27 18:58:48.967 30773 30786 I dvr_service_: CameraX 0  audioOK: 38338779,audios:600
05-27 08:49:57.936   581   581 D spi_rst_gpio_get_output: GPIO 145 value: 1
05-27 08:49:57.936   581   581 D spidev_ioctl: gpio status=1)
05-27 18:58:48.971  1008 30857 D [OMXB]  : usingANWBuffer: handle:0xee744000, format:1, w:1920, h:1080
05-27 18:58:48.971   581   581 I SpiService: fgesysctrl_getGPIO_status success val=1
05-27 18:58:48.972 13911 14183 I SentryImuMcuAngleSender: [4, 18, 1, 0, 0],5
05-27 18:58:48.972 13911 14183 I McuCommManager: mcuCommSendcmd [4, 18, 1, 0, 0]
05-27 18:58:48.973 13911 14183 I SentryImuMcuAngleSender: true
05-27 18:58:48.973 13911 14183 W Sentinelmode_1.2.5.17_sentry: <SentryImuMcuAngleSender>MCU IMU send interval abnormal: 1001ms
05-27 18:58:48.975 30773 30789 I dvr_service_: Camera 1: MediaOK:38258618, frames:890, isKeyFrame:0,pts:11395976864
05-27 08:49:57.941   581   581 D spi_rst_gpio_get_output: GPIO 145 value: 1
05-27 08:49:57.941   581   581 D spidev_ioctl: gpio status=1)
05-27 18:58:48.977   581   581 I SpiService: fgesysctrl_getGPIO_status success val=1
05-27 18:58:48.983   581   581 I SpiService: fgesysctrl_getGPIO_status success val=1
05-27 18:58:48.983   572   622 I Sensors : 230 AccelSensor: x:-0.168360,y:0.001829,z:-9.975940
05-27 08:49:57.947   581   581 D spi_rst_gpio_get_output: GPIO 145 value: 1
05-27 08:49:57.947   581   581 D spidev_ioctl: gpio status=1)
05-27 18:58:48.985 15863 16024 D AIN-ExternalMapLocation: MSG_LOCATE
05-27 18:58:48.985 15863 16024 D AIN-CustomMapProxy: sendMsgToCustomMap hascallback : true
05-27 18:58:48.985 15863 16024 D AIN-ServiceHub: getService with: name = service_multi_dhu_control
05-27 18:58:48.985 15863 16024 D AIN-NaviThirdPartyAccessor: hasCallback : true
05-27 18:58:48.985 15863 16024 D AIN-NaviThirdPartyAccessor: sendMsgToCustomMap msg : {"needResponse":true,"protocolFrom":"com.aispeech.lyra.daemon","protocolId":14012,"protocolVersion":"v1","requestCode":"328ac57d-6c5c-4e43-9c1b-002ce48b7fc1"}
05-27 18:58:48.986 17284 17302 D AIN-AiNaviManager: speech send msg to navi : {"needResponse":true,"protocolFrom":"com.aispeech.lyra.daemon","protocolId":14012,"protocolVersion":"v1","requestCode":"328ac57d-6c5c-4e43-9c1b-002ce48b7fc1"}
05-27 18:58:48.986 17284 17302 I AIN-MapAccessLayer: onMessage_with: protocolMsg = [{"needResponse":true,"protocolFrom":"com.aispeech.lyra.daemon","protocolId":14012,"protocolVersion":"v1","requestCode":"328ac57d-6c5c-4e43-9c1b-002ce48b7fc1"}]
05-27 18:58:48.986 17284 17344 D AIN-MapAccessLayer: 请求定位 14012
05-27 18:58:48.986 15863 16024 D AIN-NaviThirdPartyAccessor: callback[navi_com.aispeech.lyra.assistant] is invoked
05-27 18:58:48.986 15863 16024 I AIN-CustomMapProxy: requestCurLocation，requestLocationCount=2164 callTag=toLocate
05-27 18:58:48.986 13911 14183 I SentryImuMcuAngleSender: 179.98949rollDeg
05-27 18:58:48.986 13911 14183 I SentryImuMcuAngleSender: 1,0,0
05-27 18:58:48.988   299 30844 D EvsDriver: forwardFrame
05-27 18:58:48.988   581   581 I SpiService: fgesysctrl_getGPIO_status success val=0
05-27 18:58:48.988   481   597 I mcuc    : send SPI:6AA6007DA700050412010000C0
05-27 18:58:48.990   299 30841 D EvsDriver: forwardFrame
05-27 08:49:57.953   581   581 D spi_rst_gpio_get_output: GPIO 145 value: 0
05-27 18:58:48.992  1167  1479 D evsmanagerd: /dev/video4 forwarded the buffer #0 to 0xb4000074bf5f6850 from 0xb4000074bf5f41d0
05-27 18:58:48.993   299 30841 D EvsDriver: Delivered 0xb400007b7ca56a60 as id 0
05-27 18:58:48.993  1167  1479 D evsmanagerd: /dev/video6 forwarded the buffer #0 to 0xb4000074bf5f5510 from 0xb4000074bf5f6d90
05-27 08:49:57.953   581   581 D spidev_ioctl: gpio status=0)
05-27 18:58:48.993   299 30844 D EvsDriver: Delivered 0xb400007b7ca56900 as id 0
05-27 18:58:48.995 18434 18434 D adservices: Registering AdServices's TopicsManager.
05-27 18:58:48.996   299  1153 D EvsDriver: doneWithFrame
05-27 18:58:48.996   299  1163 D EvsDriver: doneWithFrame
05-27 18:58:48.996  1008 30857 D [OMXB]  : usingANWBuffer: handle:0xee744790, format:1, w:1920, h:1080
05-27 18:58:49.003 18434 18434 D CompatibilityInfo: applyToConfigurationCompat inoutConfig.densityDpi= 160
05-27 18:58:49.003   536   536 D commservice260303: msg.id = 1028,1
05-27 18:58:49.003   536   536 D commservice260303: i = 170, msgid = 8A000404
05-27 18:58:49.003   536   536 D commservice260303: msgid = -1979710460,did=138
05-27 18:58:49.004   536   536 D commservice260303: CommProtocolLibCmdBaseI2C::dataproc {"command":{"id":"imu_status","sub":""},"content":{"TimeStamp":11,"FrameCounter":267444,"GD_X":-0.011910883709788322,"GD_Y":0.005268065724521875,"GD_Z":0.0012207889230921865,"AD_X":-8.843094110488892E-4,"AD_Y":0.001010037725791335,"AD_Z":-0.17071914672851562,"TempDsp":0,"Status":0,"CalibState":1,"SigAmpInvalid":0}},-1979710460
05-27 18:58:49.004   536   536 D commservice260303: send2Cluster len:316, 7B22636F6D6D616E64223A7B226964223A22696D755F737461747573222C22737562223A22227D2C22636F6E74656E74223A7B2254696D655374616D70223A31312C224672616D65436F756E746572223A3236373434342C2247445F58223A2D302E3031313931303838333730393738383332322C2247445F59223A302E3030353236383036353732343532313837352C2247445F5A223A302E303031323230373838393233303932313836352C2241445F58223A2D382E383433303934313130343838383932452D342C2241445F59223A302E3030313031303033373732353739313333352C2241445F5A223A2D302E31373037313931343637323835313536322C2254656D70447370223A302C22537461747573223A302C2243616C69625374617465223A312C22536967416D70496E76616C6964223A307D7D, 138 
05-27 18:58:49.004   536   536 D commservice260303: Push Message into SendPool fn=-1437203456
05-27 18:58:49.004   536   536 D commservice260303: ComProtocolLibSend2Cluster::send2ClusterRaw fn=-1437203456 , len=332
05-27 18:58:49.004   536   536 D commservice260303: sendCmdToPort :332!!!
05-27 18:58:49.004   536   536 D commservice260303: send Cmd To Port ++++5AA501488A01000456AA6A16CE697B22636F6D6D616E64223A7B226964223A22696D755F737461747573222C22737562223A22227D2C22636F6E74656E74223A7B2254696D655374616D70223A31312C224672616D65436F756E746572223A3236373434342C2247445F58223A2D302E3031313931303838333730393738383332322C2247445F59223A302E3030353236383036353732343532313837352C2247445F5A223A302E303031323230373838393233303932313836352C2241445F58223A2D382E383433303934313130343838383932452D342C2241445F59223A302E3030313031303033373732353739313333352C2241445F5A223A2D302E31373037313931343637323835313536322C2254656D70447370223A302C22537461747573223A302C2243616C69625374617465223A312C22536967416D70496E76616C6964223A307D7DF991
05-27 18:58:49.004   536   536 D commservice260303: bufferevent_write retrun value = 0
05-27 08:49:57.970   581   581 D spi_rst_gpio_get_output: GPIO 145 value: 1
05-27 08:49:57.970   581   581 D spidev_ioctl: gpio status=1)
05-27 18:58:49.004   536   560 D commservice260303: client datas send succeed,send finish
05-27 18:58:49.005 13911 14192 D Sentinelmode_1.2.5.17_sentry: <SentryImuClusterFgeSender>imu_status sent to Linux, frame=267444, tsNs=11396234, tsMs=11, intervalMs=42, ad=(-8.843094E-4,0.0010100377,-0.17071915), gd=(-0.011910884,0.0052680657,0.0012207889)
05-27 18:58:49.005   581   581 I SpiService: fgesysctrl_getGPIO_status success val=1
05-27 18:58:49.006 13911 14183 I SentryImuMcuAngleSender: -179.95798rollDeg
05-27 18:58:49.006 13911 14183 I SentryImuMcuAngleSender: 1,0,0
05-27 18:58:49.007   269   269 D libvintf: HalManifest::getHidlTransport(framework): Cannot find android.hardware.usb@1.0::IUsb/default
05-27 18:58:49.007   269   269 D libvintf: HalManifest::getHidlTransport(device): Cannot find android.hardware.usb@1.0::IUsb/default
05-27 18:58:49.007   481   598 I mcuc    : rev,n=1,6AA681E589000A8900DA01040910123456EA
05-27 18:58:49.007   269   269 I hwservicemanager: getTransport: Cannot find entry android.hardware.usb@1.0::IUsb/default in either framework or device VINTF manifest.
05-27 18:58:49.007  1121  1144 I tboxmids_ap: [2026-05-27 18:58:49.007] [MCU RX] src=MCU dst=ZMQ len=10 type=BINARY data=00 08 DA 01 04 09 10 12 34 56 
05-27 08:49:57.976   581   581 D spi_rst_gpio_get_output: GPIO 145 value: 1
05-27 08:49:57.976   581   581 D spidev_ioctl: gpio status=1)
05-27 18:58:49.007   351   373 D automotive.vehicle@2.0-adayo-datacomm-mcu: MCUDatacomm sendMessageFromVehicle prop: 0x89, areaId: 0x0, status: 0xda, timestamp: 0x1
05-27 18:58:49.008   351   373 D automotive.vehicle@2.0-adayo-datacomm-mcu: MCUDatacomm 1sendMessageFromVehicle ---> type = 12 
05-27 18:58:49.008 12348 12448 E ExtUsbManager: UsbHalController: android.hardware.usb.V1_0.IUsb getService failed!
05-27 18:58:49.008 12348 12448 E ExtUsbManager: java.util.NoSuchElementException
05-27 18:58:49.008 12348 12448 E ExtUsbManager: 	at android.os.HwBinder.getService(Native Method)
05-27 18:58:49.008 12348 12448 E ExtUsbManager: 	at android.os.HwBinder.getService(HwBinder.java:81)
05-27 18:58:49.008 12348 12448 E ExtUsbManager: 	at android.hardware.usb.V1_0.IUsb.getService(IUsb.java:74)
05-27 18:58:49.008 12348 12448 E ExtUsbManager: 	at android.hardware.usb.V1_0.IUsb.getService(IUsb.java:84)
05-27 18:58:49.008 12348 12448 E ExtUsbManager: 	at ts.car.usb.UsbHalController.createService(UsbHalController.java:37)
05-27 18:58:49.008 12348 12448 E ExtUsbManager: 	at ts.car.usb.UsbHalController.createService(UsbHalController.java:18)
05-27 18:58:49.008 12348 12448 E ExtUsbManager: 	at ts.car.usb.utils.AutoServiceConnector4Hidl.autoConnect(AutoServiceConnector4Hidl.java:47)
05-27 18:58:49.008 12348 12448 E ExtUsbManager: 	at ts.car.usb.utils.AutoServiceConnector4Hidl$$ExternalSyntheticLambda0.run(Unknown Source:2)
05-27 18:58:49.008 12348 12448 E ExtUsbManager: 	at android.os.Handler.handleCallback(Handler.java:942)
05-27 18:58:49.008 12348 12448 E ExtUsbManager: 	at android.os.Handler.dispatchMessage(Handler.java:99)
05-27 18:58:49.008 12348 12448 E ExtUsbManager: 	at android.os.Looper.loopOnce(Looper.java:201)
05-27 18:58:49.008 12348 12448 E ExtUsbManager: 	at android.os.Looper.loop(Looper.java:288)
05-27 18:58:49.008 12348 12448 E ExtUsbManager: 	at android.os.HandlerThread.run(HandlerThread.java:67)
05-27 18:58:49.009  1083  1083 I MyAppLog: [2026-05-27 18:58:49.008 I tboxap mcuCommTboxmidsRecvCb:97] [Mcu] [mcuCommTboxmidsRecvCb] recv from tboxmids, size:10
05-27 18:58:49.009  1083  1083 I MyAppLog: [2026-05-27 18:58:49.008 I tboxap mcuCommTboxmidsRecvCb:98] [Mcu] [tboxmids -> tboxap]: :00 08 DA 01 04 09 10 12 34 56
05-27 18:58:49.009  1083  1083 I MyAppLog: [2026-05-27 18:58:49.008 I tboxap mcuPtlParseData:990] [Mcu] [Mcu  Parse]: (cmd):0910 (param):0910123456
05-27 18:58:49.009  1083  1083 W MyAppLog: [2026-05-27 18:58:49.008 W tboxap mcuParamDataRevPack:918] [Mcu] mcuParamDataRevPack start pack data!!!
05-27 18:58:49.010  1083  1083 I MyAppLog: [2026-05-27 18:58:49.009 I tboxap MCU_BATT_STATIC_DATA_IND_McuInd:515] [Mcu] [MCU_BATT_STATIC_DATA_IND_McuInd] staticData type:0x12 len:5
05-27 18:58:49.011   581   581 I SpiService: fgesysctrl_getGPIO_status success val=1
05-27 18:58:49.012   269   269 D libvintf: HalManifest::getHidlTransport(framework): Cannot find vendor.ts.usbext@1.0::IUsbext/default
05-27 18:58:49.012   269   269 D libvintf: HalManifest::getHidlTransport(device): Cannot find vendor.ts.usbext@1.0::IUsbext/default
05-27 18:58:49.012   269   269 I hwservicemanager: getTransport: Cannot find entry vendor.ts.usbext@1.0::IUsbext/default in either framework or device VINTF manifest.
05-27 18:58:49.013 12348 12448 E ExtUsbManager: UsbHalExtController: vendor.ts.usbext.V1_0.IUsbext getService failed!
05-27 18:58:49.013 12348 12448 E ExtUsbManager: java.util.NoSuchElementException
05-27 18:58:49.013 12348 12448 E ExtUsbManager: 	at android.os.HwBinder.getService(Native Method)
05-27 18:58:49.013 12348 12448 E ExtUsbManager: 	at android.os.HwBinder.getService(HwBinder.java:81)
05-27 18:58:49.013 12348 12448 E ExtUsbManager: 	at vendor.ts.usbext.V1_0.IUsbext.getService(IUsbext.java:74)
05-27 18:58:49.013 12348 12448 E ExtUsbManager: 	at vendor.ts.usbext.V1_0.IUsbext.getService(IUsbext.java:84)
05-27 18:58:49.013 12348 12448 E ExtUsbManager: 	at ts.car.usb.UsbHalExtController.createService(UsbHalExtController.java:37)
05-27 18:58:49.013 12348 12448 E ExtUsbManager: 	at ts.car.usb.UsbHalExtController.createService(UsbHalExtController.java:18)
05-27 18:58:49.013 12348 12448 E ExtUsbManager: 	at ts.car.usb.utils.AutoServiceConnector4Hidl.autoConnect(AutoServiceConnector4Hidl.java:47)
05-27 18:58:49.013 12348 12448 E ExtUsbManager: 	at ts.car.usb.utils.AutoServiceConnector4Hidl$$ExternalSyntheticLambda0.run(Unknown Source:2)
05-27 18:58:49.013 12348 12448 E ExtUsbManager: 	at android.os.Handler.handleCallback(Handler.java:942)
05-27 18:58:49.013 12348 12448 E ExtUsbManager: 	at android.os.Handler.dispatchMessage(Handler.java:99)
05-27 18:58:49.013 12348 12448 E ExtUsbManager: 	at android.os.Looper.loopOnce(Looper.java:201)
05-27 18:58:49.013 12348 12448 E ExtUsbManager: 	at android.os.Looper.loop(Looper.java:288)
05-27 18:58:49.013 12348 12448 E ExtUsbManager: 	at android.os.HandlerThread.run(HandlerThread.java:67)
05-27 18:58:49.014  1008 30856 D [OMXB]  : usingANWBuffer: handle:0xee747180, format:1, w:1920, h:1080
05-27 18:58:49.014 30773 30789 I dvr_service_: Camera 0: MediaOK:38490241, frames:890, isKeyFrame:0,pts:11396076682
05-27 18:58:49.014   299 30841 D EvsDriver: forwardFrame
05-27 18:58:49.016   299 30841 D EvsDriver: Delivered 0xb400007b7ca56a60 as id 0
05-27 18:58:49.016  1167  1479 D evsmanagerd: /dev/video4 forwarded the buffer #0 to 0xb4000074bf5f6850 from 0xb4000074bf5f41d0
05-27 18:58:49.016   269   269 D libvintf: HalManifest::getHidlTransport(framework): Cannot find android.hardware.usb.gadget@1.0::IUsbGadget/default
05-27 18:58:49.016   269   269 D libvintf: HalManifest::getHidlTransport(device): Cannot find android.hardware.usb.gadget@1.0::IUsbGadget/default
05-27 18:58:49.016   269   269 I hwservicemanager: getTransport: Cannot find entry android.hardware.usb.gadget@1.0::IUsbGadget/default in either framework or device VINTF manifest.
05-27 18:58:49.017   581   581 I SpiService: fgesysctrl_getGPIO_status success val=1
05-27 18:58:49.017 12348 12448 E ExtUsbManager: UsbGadgetController: android.hardware.usb.gadget.V1_0.IUsbGadget getService failed!
05-27 18:58:49.017 12348 12448 E ExtUsbManager: java.util.NoSuchElementException
05-27 18:58:49.017 12348 12448 E ExtUsbManager: 	at android.os.HwBinder.getService(Native Method)
05-27 18:58:49.017 12348 12448 E ExtUsbManager: 	at android.os.HwBinder.getService(HwBinder.java:81)
05-27 18:58:49.017 12348 12448 E ExtUsbManager: 	at android.hardware.usb.gadget.V1_0.IUsbGadget.getService(IUsbGadget.java:74)
05-27 18:58:49.017 12348 12448 E ExtUsbManager: 	at android.hardware.usb.gadget.V1_0.IUsbGadget.getService(IUsbGadget.java:84)
05-27 18:58:49.017 12348 12448 E ExtUsbManager: 	at ts.car.usb.UsbGadgetController.createService(UsbGadgetController.java:36)
05-27 18:58:49.017 12348 12448 E ExtUsbManager: 	at ts.car.usb.UsbGadgetController.createService(UsbGadgetController.java:17)
05-27 18:58:49.017 12348 12448 E ExtUsbManager: 	at ts.car.usb.utils.AutoServiceConnector4Hidl.autoConnect(AutoServiceConnector4Hidl.java:47)
05-27 18:58:49.017 12348 12448 E ExtUsbManager: 	at ts.car.usb.utils.AutoServiceConnector4Hidl$$ExternalSyntheticLambda0.run(Unknown Source:2)
05-27 18:58:49.017 12348 12448 E ExtUsbManager: 	at android.os.Handler.handleCallback(Handler.java:942)
05-27 18:58:49.017 12348 12448 E ExtUsbManager: 	at android.os.Handler.dispatchMessage(Handler.java:99)
05-27 18:58:49.017 12348 12448 E ExtUsbManager: 	at android.os.Looper.loopOnce(Looper.java:201)
05-27 18:58:49.017 12348 12448 E ExtUsbManager: 	at android.os.Looper.loop(Looper.java:288)
05-27 18:58:49.017 12348 12448 E ExtUsbManager: 	at android.os.HandlerThread.run(HandlerThread.java:67)
05-27 18:58:49.019   299  1163 D EvsDriver: doneWithFrame
05-27 08:49:57.981   581   581 D spi_rst_gpio_get_output: GPIO 145 value: 1
05-27 08:49:57.981   581   581 D spidev_ioctl: gpio status=1)
05-27 18:58:49.021 10188 10922 I DexManager: com.anwsdk.service loads from null-0 : 0 : /system/framework/javax.obex.jar
05-27 18:58:49.021 10188 10922 I DexManager: Could not find owning package for dex file: /system/framework/javax.obex.jar
05-27 18:58:49.022   299 30844 D EvsDriver: forwardFrame
05-27 08:49:57.987   581   581 D spi_rst_gpio_get_output: GPIO 145 value: 1
05-27 08:49:57.987   581   581 D spidev_ioctl: gpio status=1)
05-27 18:58:49.023   581   581 I SpiService: fgesysctrl_getGPIO_status success val=1
05-27 18:58:49.023   299 30844 D EvsDriver: Delivered 0xb400007b7ca56900 as id 0
05-27 18:58:49.023  1167  1479 D evsmanagerd: /dev/video6 forwarded the buffer #0 to 0xb4000074bf5f5510 from 0xb4000074bf5f6d90
05-27 18:58:49.026 13911 14183 I SentryImuMcuAngleSender: -179.95447rollDeg
05-27 18:58:49.026 13911 14183 I SentryImuMcuAngleSender: 1,0,0
05-27 18:58:49.027   299  1163 D EvsDriver: doneWithFrame
05-27 18:58:49.029   581   581 I SpiService: fgesysctrl_getGPIO_status success val=0
05-27 18:58:49.029   481   597 I mcuc    : send SPI:6AA602E5890002890005
05-27 18:58:49.030   283   307 I rvcservice: t.code = 3, t.value = 0
05-27 08:49:57.993   581   581 D spi_rst_gpio_get_output: GPIO 145 value: 0
05-27 08:49:57.993   581   581 D spidev_ioctl: gpio status=0)
05-27 18:58:49.038 18434 18434 W .service:remote: ClassLoaderContext shared library size mismatch. Expected=0, found=1 (PCL[] | PCL[]{PCL[/system/framework/javax.obex.jar*2267184930]})
05-27 18:58:49.042  1008 30856 D [OMXB]  : usingANWBuffer: handle:0xee7427f0, format:1, w:1920, h:1080
05-27 18:58:49.043   536   536 D commservice260303: msg.id = 1028,1
05-27 08:49:58.009   581   581 D spi_rst_gpio_get_output: GPIO 145 value: 1
05-27 18:58:49.043   536   536 D commservice260303: i = 170, msgid = 8A000404
05-27 18:58:49.043   536   536 D commservice260303: msgid = -1979710460,did=138
05-27 18:58:49.043   536   536 D commservice260303: CommProtocolLibCmdBaseI2C::dataproc {"command":{"id":"imu_status","sub":""},"content":{"TimeStamp":11,"FrameCounter":267445,"GD_X":-0.012063807807862759,"GD_Y":0.005268065724521875,"GD_Z":0.0019079053308814764,"AD_X":-0.005153045058250427,"AD_Y":4.5335793402045965E-4,"AD_Z":-0.17193889617919922,"TempDsp":0,"Status":0,"CalibState":1,"SigAmpInvalid":0}},-1979710460
05-27 18:58:49.044   536   536 D commservice260303: send2Cluster len:317, 7B22636F6D6D616E64223A7B226964223A22696D755F737461747573222C22737562223A22227D2C22636F6E74656E74223A7B2254696D655374616D70223A31312C224672616D65436F756E746572223A3236373434352C2247445F58223A2D302E3031323036333830373830373836323735392C2247445F59223A302E3030353236383036353732343532313837352C2247445F5A223A302E303031393037393035333330383831343736342C2241445F58223A2D302E3030353135333034353035383235303432372C2241445F59223A342E35333335373933343032303435393635452D342C2241445F5A223A2D302E31373139333838393631373931393932322C2254656D70447370223A302C22537461747573223A302C2243616C69625374617465223A312C22536967416D70496E76616C6964223A307D7D, 138 
05-27 18:58:49.044   536   536 D commservice260303: Push Message into SendPool fn=-1420426240
05-27 18:58:49.044   581   581 I SpiService: fgesysctrl_getGPIO_status success val=1
05-27 18:58:49.044   536   536 D commservice260303: ComProtocolLibSend2Cluster::send2ClusterRaw fn=-1420426240 , len=333
05-27 18:58:49.044   536   536 D commservice260303: sendCmdToPort :333!!!
05-27 18:58:49.045   536   536 D commservice260303: send Cmd To Port ++++5AA501498A01000456AB6A16CE697B22636F6D6D616E64223A7B226964223A22696D755F737461747573222C22737562223A22227D2C22636F6E74656E74223A7B2254696D655374616D70223A31312C224672616D65436F756E746572223A3236373434352C2247445F58223A2D302E3031323036333830373830373836323735392C2247445F59223A302E3030353236383036353732343532313837352C2247445F5A223A302E303031393037393035333330383831343736342C2241445F58223A2D302E3030353135333034353035383235303432372C2241445F59223A342E35333335373933343032303435393635452D342C2241445F5A223A2D302E31373139333838393631373931393932322C2254656D70447370223A302C22537461747573223A302C2243616C69625374617465223A312C22536967416D70496E76616C6964223A307D7D4361
05-27 18:58:49.045   536   536 D commservice260303: bufferevent_write retrun value = 0
05-27 18:58:49.045   536   560 D commservice260303: client datas send succeed,send finish
05-27 18:58:49.047 13911 14192 D Sentinelmode_1.2.5.17_sentry: <SentryImuClusterFgeSender>imu_status sent to Linux, frame=267445, tsNs=11396287, tsMs=11, intervalMs=41, ad=(-0.005153045,4.5335793E-4,-0.1719389), gd=(-0.012063808,0.0052680657,0.0019079053)
05-27 08:49:58.009   581   581 D spidev_ioctl: gpio status=1)
05-27 18:58:49.047 13911 14183 I SentryImuMcuAngleSender: 179.993rollDeg
05-27 18:58:49.047 13911 14183 I SentryImuMcuAngleSender: 1,0,0
05-27 18:58:49.048 30773 30786 I dvr_service_: CameraX 1  audioOK: 38338779,audios:600
05-27 18:58:49.050 10188 10922 I DexManager: com.anwsdk.service loads from com.anwsdk.service-1 : 0 : /system/app/BluetoothExt/BluetoothExt.apk
05-27 18:58:49.050   581   581 I SpiService: fgesysctrl_getGPIO_status success val=1
05-27 18:58:49.051   299 30841 D EvsDriver: forwardFrame
05-27 08:49:58.015   581   581 D spi_rst_gpio_get_output: GPIO 145 value: 1
05-27 08:49:58.015   581   581 D spidev_ioctl: gpio status=1)
05-27 08:49:58.020   581   581 D spi_rst_gpio_get_output: GPIO 145 value: 1
05-27 08:49:58.020   581   581 D spidev_ioctl: gpio status=1)
05-27 18:58:49.051   299 30844 D EvsDriver: forwardFrame
05-27 18:58:49.054   299 30841 D EvsDriver: Delivered 0xb400007b7ca56a60 as id 0
05-27 18:58:49.054   299 30844 D EvsDriver: Delivered 0xb400007b7ca56900 as id 0
05-27 18:58:49.054  1167  1479 D evsmanagerd: /dev/video4 forwarded the buffer #0 to 0xb4000074bf5f6850 from 0xb4000074bf5f41d0
05-27 18:58:49.055  1167  1184 D evsmanagerd: /dev/video6 forwarded the buffer #0 to 0xb4000074bf5f5510 from 0xb4000074bf5f6d90
05-27 18:58:49.056   581   581 I SpiService: fgesysctrl_getGPIO_status success val=1
05-27 18:58:49.058   299  1163 D EvsDriver: doneWithFrame
05-27 18:58:49.059   299  1153 D EvsDriver: doneWithFrame
05-27 18:58:49.061   581   581 I SpiService: fgesysctrl_getGPIO_status success val=1
05-27 18:58:49.065  1008 30857 D [OMXB]  : usingANWBuffer: handle:0xee742ed0, format:1, w:1920, h:1080
05-27 08:49:58.026   581   581 D spi_rst_gpio_get_output: GPIO 145 value: 1
05-27 08:49:58.026   581   581 D spidev_ioctl: gpio status=1)
05-27 08:49:58.031   581   581 D spi_rst_gpio_get_output: GPIO 145 value: 1
05-27 08:49:58.032   581   581 D spidev_ioctl: gpio status=1)
05-27 18:58:49.067   581   581 I SpiService: fgesysctrl_getGPIO_status success val=1
05-27 18:58:49.067 18434 18434 D CompatibilityInfo: applyToConfigurationCompat inoutConfig.densityDpi= 160
05-27 18:58:49.068 13911 14183 I SentryImuMcuAngleSender: 179.92294rollDeg
05-27 18:58:49.068 13911 14183 I SentryImuMcuAngleSender: 1,0,0
05-27 18:58:49.073   581   581 I SpiService: fgesysctrl_getGPIO_status success val=0
05-27 18:58:49.073   572   572 I Sensors : 230 GyroSensor: x:-0.011759,y:0.005268,z:0.001985
05-27 08:49:58.037   581   581 D spi_rst_gpio_get_output: GPIO 145 value: 0
05-27 08:49:58.037   581   581 D spidev_ioctl: gpio status=0)
05-27 18:58:49.080   299 30841 D EvsDriver: forwardFrame
05-27 18:58:49.081   299 30844 D EvsDriver: forwardFrame
05-27 18:58:49.082   299 30841 D EvsDriver: Delivered 0xb400007b7ca56a60 as id 0
05-27 18:58:49.082  1167  1184 D evsmanagerd: /dev/video4 forwarded the buffer #0 to 0xb4000074bf5f6850 from 0xb4000074bf5f41d0
05-27 18:58:49.082 30773 30783 E dvr_service_: [myNum:0] Received S**** loss
05-27 18:58:49.082  1167  1479 D evsmanagerd: /dev/video6 forwarded the buffer #0 to 0xb4000074bf5f5510 from 0xb4000074bf5f6d90
05-27 18:58:49.083   299 30844 D EvsDriver: Delivered 0xb400007b7ca56900 as id 0
05-27 18:58:49.083 30773 30782 E dvr_service_: [myNum:1] Received S**** loss
05-27 18:58:49.083   299  1163 D EvsDriver: doneWithFrame
05-27 18:58:49.083   299  1153 D EvsDriver: doneWithFrame
05-27 18:58:49.083   536   536 D commservice260303: msg.id = 1028,0
05-27 18:58:49.083   536   536 D commservice260303: i = 170, msgid = 8A000404
05-27 18:58:49.083   536   536 D commservice260303: msgid = -1979710460,did=138
05-27 18:58:49.083   536   536 D commservice260303: CommProtocolLibCmdBaseI2C::dataproc {"command":{"id":"imu_status","sub":""},"content":{"TimeStamp":11,"FrameCounter":267446,"GD_X":-0.011759000830352306,"GD_Y":0.005268065724521875,"GD_Z":0.0019848872907459736,"AD_X":-0.004523664712905884,"AD_Y":0.013787253759801388,"AD_Z":-0.17193889617919922,"TempDsp":0,"Status":0,"CalibState":1,"SigAmpInvalid":0}},-1979710460
05-27 18:58:49.084   536   536 D commservice260303: send2Cluster len:316, 7B22636F6D6D616E64223A7B226964223A22696D755F737461747573222C22737562223A22227D2C22636F6E74656E74223A7B2254696D655374616D70223A31312C224672616D65436F756E746572223A3236373434362C2247445F58223A2D302E3031313735393030303833303335323330362C2247445F59223A302E3030353236383036353732343532313837352C2247445F5A223A302E303031393834383837323930373435393733362C2241445F58223A2D302E3030343532333636343731323930353838342C2241445F59223A302E3031333738373235333735393830313338382C2241445F5A223A2D302E31373139333838393631373931393932322C2254656D70447370223A302C22537461747573223A302C2243616C69625374617465223A312C22536967416D70496E76616C6964223A307D7D, 138 
05-27 18:58:49.084   536   536 D commservice260303: Push Message into SendPool fn=-1403649024
05-27 18:58:49.084   536   536 D commservice260303: ComProtocolLibSend2Cluster::send2ClusterRaw fn=-1403649024 , len=332
05-27 18:58:49.084   536   536 D commservice260303: sendCmdToPort :332!!!
05-27 18:58:49.084  1008 30856 D [OMXB]  : usingANWBuffer: handle:0xee742270, format:1, w:1920, h:1080
05-27 18:58:49.084   536   536 D commservice260303: send Cmd To Port ++++5AA501488A01000456AC6A16CE697B22636F6D6D616E64223A7B226964223A22696D755F737461747573222C22737562223A22227D2C22636F6E74656E74223A7B2254696D655374616D70223A31312C224672616D65436F756E746572223A3236373434362C2247445F58223A2D302E3031313735393030303833303335323330362C2247445F59223A302E3030353236383036353732343532313837352C2247445F5A223A302E303031393834383837323930373435393733362C2241445F58223A2D302E3030343532333636343731323930353838342C2241445F59223A302E3031333738373235333735393830313338382C2241445F5A223A2D302E31373139333838393631373931393932322C2254656D70447370223A302C22537461747573223A302C2243616C69625374617465223A312C22536967416D70496E76616C6964223A307D7DD5B3
05-27 18:58:49.084   536   536 D commservice260303: bufferevent_write retrun value = 0
05-27 18:58:49.084   536   560 D commservice260303: client datas send succeed,send finish
05-27 18:58:49.084 13911 14192 D Sentinelmode_1.2.5.17_sentry: <SentryImuClusterFgeSender>imu_status sent to Linux, frame=267446, tsNs=11396324, tsMs=11, intervalMs=39, ad=(-0.0045236647,0.013787254,-0.1719389), gd=(-0.011759001,0.0052680657,0.0019848873)
05-27 18:58:49.085  1982  1982 E health_guardian: UID for PID 11579 is 1000
05-27 18:58:49.085  1982  1982 E health_guardian: The 1000 process is system app,I refused to kill it,try next one!
05-27 18:58:49.085  1982  1982 E health_guardian: UID for PID 13435 is 1000
