05-27 18:58:44.585   351   373 I automotive.vehicle@2.0-adayo-func-mcu: MCUFunc :sendMessageFromVehicle  msgBuff[1] = 5 
05-27 18:58:44.585   351   373 I automotive.vehicle@2.0-adayo-func-mcu: MCUFunc :sendMessageFromVehicle  msgBuff[2] = 0 
05-27 18:58:44.585   299 30844 D EvsDriver: Delivered 0xb400007b7ca56900 as id 0
05-27 18:58:44.585  1167  1479 D evsmanagerd: /dev/video6 forwarded the buffer #0 to 0xb4000074bf5f5510 from 0xb4000074bf5f6d90
05-27 18:58:44.585 30773 30783 E dvr_service_: [myNum:1] Received S**** loss
05-27 18:58:44.585   351   373 I automotive.vehicle@2.0-adayo-func-mcu: MCUFunc :sendMessageFromVehicle  msgBuff[3] = 0 
05-27 18:58:44.585   581   581 I SpiService: fgesysctrl_getGPIO_status success val=1
05-27 18:58:44.585   351   373 I automotive.vehicle@2.0-adayo-func-mcu: MCUFunc :sendMessageFromVehicle  msgBuff[4] = 85 
05-27 18:58:44.585   351   373 I automotive.vehicle@2.0-adayo-func-mcu: MCUFunc :sendMessageFromVehicle  msgBuff[5] = 0 
05-27 18:58:44.586   299 30841 D EvsDriver: forwardFrame
05-27 18:58:44.586   594   594 E vendor.sprd.hardware.memtrack-service: MemTrack_DEBUG--Open mali gpu_memory failed
05-27 18:58:44.586  1008 30856 D [OMXB]  : usingANWBuffer: handle:0xee743b30, format:1, w:1920, h:1080
05-27 18:58:44.587   299  1163 D EvsDriver: doneWithFrame
05-27 18:58:44.587  1167  1479 D evsmanagerd: /dev/video4 forwarded the buffer #0 to 0xb4000074bf5f6850 from 0xb4000074bf5f41d0
05-27 18:58:44.588 30773 30783 E dvr_service_: [myNum:0] Received S**** loss
05-27 18:58:44.588   299 30841 D EvsDriver: Delivered 0xb400007b7ca56a60 as id 0
05-27 18:58:44.588   299  1163 D EvsDriver: doneWithFrame
05-27 08:49:53.550   581   581 D spi_rst_gpio_get_output: GPIO 145 value: 1
05-27 08:49:53.550   581   581 D spidev_ioctl: gpio status=1)
05-27 18:58:44.590   594   594 E vendor.sprd.hardware.memtrack-service: MemTrack_DEBUG--Open mali gpu_memory failed
05-27 18:58:44.591   581   581 I SpiService: fgesysctrl_getGPIO_status success val=1
05-27 18:58:44.591 13911 14183 I SentryImuMcuAngleSender: 179.986rollDeg
05-27 18:58:44.591 13911 14183 I SentryImuMcuAngleSender: 1,0,0
05-27 18:58:44.593   594   594 E vendor.sprd.hardware.memtrack-service: MemTrack_DEBUG--Open mali gpu_memory failed
05-27 08:49:53.555   581   581 D spi_rst_gpio_get_output: GPIO 145 value: 1
05-27 08:49:53.555   581   581 D spidev_ioctl: gpio status=1)
05-27 18:58:44.595   594   594 E vendor.sprd.hardware.memtrack-service: MemTrack_DEBUG--Open mali gpu_memory failed
05-27 18:58:44.596   581   581 I SpiService: fgesysctrl_getGPIO_status success val=1
05-27 08:49:53.561   581   581 D spi_rst_gpio_get_output: GPIO 145 value: 1
05-27 08:49:53.561   581   581 D spidev_ioctl: gpio status=1)
05-27 18:58:44.597   594   594 E vendor.sprd.hardware.memtrack-service: MemTrack_DEBUG--Open mali gpu_memory failed
05-27 18:58:44.598  1008 30857 D [OMXB]  : usingANWBuffer: handle:0xee7439d0, format:1, w:1920, h:1080
05-27 18:58:44.601   594   594 E vendor.sprd.hardware.memtrack-service: MemTrack_DEBUG--Open mali gpu_memory failed
05-27 18:58:44.602   581   581 I SpiService: fgesysctrl_getGPIO_status success val=1
05-27 18:58:44.604   594   594 E vendor.sprd.hardware.memtrack-service: MemTrack_DEBUG--Open mali gpu_memory failed
05-27 08:49:53.566   581   581 D spi_rst_gpio_get_output: GPIO 145 value: 1
05-27 08:49:53.566   581   581 D spidev_ioctl: gpio status=1)
05-27 18:58:44.606   594   594 E vendor.sprd.hardware.memtrack-service: MemTrack_DEBUG--Open mali gpu_memory failed
05-27 18:58:44.607   581   581 I SpiService: fgesysctrl_getGPIO_status success val=0
05-27 18:58:44.607   481   597 I mcuc    : send SPI:6AA602E572000283051D
05-27 08:49:53.572   581   581 D spi_rst_gpio_get_output: GPIO 145 value: 0
05-27 08:49:53.572   581   581 D spidev_ioctl: gpio status=0)
05-27 18:58:44.609   594   594 E vendor.sprd.hardware.memtrack-service: MemTrack_DEBUG--Open mali gpu_memory failed
05-27 18:58:44.611   594   594 E vendor.sprd.hardware.memtrack-service: MemTrack_DEBUG--Open mali gpu_memory failed
05-27 18:58:44.612 13911 14183 I SentryImuMcuAngleSender: 180.0rollDeg
05-27 18:58:44.612 13911 14183 I SentryImuMcuAngleSender: 1,0,0
05-27 18:58:44.613   283   307 I rvcservice: t.code = 3, t.value = 0
05-27 18:58:44.613   594   594 E vendor.sprd.hardware.memtrack-service: MemTrack_DEBUG--Open mali gpu_memory failed
05-27 18:58:44.616   594   594 E vendor.sprd.hardware.memtrack-service: MemTrack_DEBUG--Open mali gpu_memory failed
05-27 18:58:44.619   594   594 E vendor.sprd.hardware.memtrack-service: MemTrack_DEBUG--Open mali gpu_memory failed
05-27 18:58:44.621   536   536 D commservice260303: msg.id = 1028,0
05-27 18:58:44.621   536   536 D commservice260303: i = 170, msgid = 8A000404
05-27 18:58:44.621   536   536 D commservice260303: msgid = -1979710460,did=138
05-27 18:58:44.621   536   536 D commservice260303: CommProtocolLibCmdBaseI2C::dataproc {"command":{"id":"imu_status","sub":""},"content":{"TimeStamp":11,"FrameCounter":267336,"GD_X":-0.01153013575822115,"GD_Y":0.004505007527768612,"GD_Z":0.002213752595707774,"AD_X":4.000663757324219E-4,"AD_Y":-0.0023761845659464598,"AD_Z":-0.1743793487548828,"TempDsp":0,"Status":0,"CalibState":1,"SigAmpInvalid":0}},-1979710460
05-27 18:58:44.621   536   536 D commservice260303: send2Cluster len:314, 7B22636F6D6D616E64223A7B226964223A22696D755F737461747573222C22737562223A22227D2C22636F6E74656E74223A7B2254696D655374616D70223A31312C224672616D65436F756E746572223A3236373333362C2247445F58223A2D302E30313135333031333537353832323131352C2247445F59223A302E3030343530353030373532373736383631322C2247445F5A223A302E3030323231333735323539353730373737342C2241445F58223A342E303030363633373537333234323139452D342C2241445F59223A2D302E303032333736313834353635393436343539382C2241445F5A223A2D302E313734333739333438373534383832382C2254656D70447370223A302C22537461747573223A302C2243616C69625374617465223A312C22536967416D70496E76616C6964223A307D7D, 138 
05-27 18:58:44.621   536   536 D commservice260303: Push Message into SendPool fn=1012270080
05-27 18:58:44.621   536   536 D commservice260303: ComProtocolLibSend2Cluster::send2ClusterRaw fn=1012270080 , len=330
05-27 18:58:44.621   536   536 D commservice260303: sendCmdToPort :330!!!
05-27 18:58:44.621   299 30841 D EvsDriver: forwardFrame
05-27 18:58:44.621   536   536 D commservice260303: send Cmd To Port ++++5AA501468A010004563C6A16CE647B22636F6D6D616E64223A7B226964223A22696D755F737461747573222C22737562223A22227D2C22636F6E74656E74223A7B2254696D655374616D70223A31312C224672616D65436F756E746572223A3236373333362C2247445F58223A2D302E30313135333031333537353832323131352C2247445F59223A302E3030343530353030373532373736383631322C2247445F5A223A302E3030323231333735323539353730373737342C2241445F58223A342E303030363633373537333234323139452D342C2241445F59223A2D302E303032333736313834353635393436343539382C2241445F5A223A2D302E313734333739333438373534383832382C2254656D70447370223A302C22537461747573223A302C2243616C69625374617465223A312C22536967416D70496E76616C6964223A307D7D7686
05-27 18:58:44.621   536   536 D commservice260303: bufferevent_write retrun value = 0
05-27 18:58:44.621   536   560 D commservice260303: client datas send succeed,send finish
05-27 18:58:44.622   299 30844 D EvsDriver: forwardFrame
05-27 18:58:44.622   581   581 I SpiService: fgesysctrl_getGPIO_status success val=1
05-27 18:58:44.622 13911 14192 D Sentinelmode_1.2.5.17_sentry: <SentryImuClusterFgeSender>imu_status sent to Linux, frame=267336, tsNs=11391865, tsMs=11, intervalMs=40, ad=(4.0006638E-4,-0.0023761846,-0.17437935), gd=(-0.011530136,0.0045050075,0.0022137526)
05-27 18:58:44.623   299 30841 D EvsDriver: Delivered 0xb400007b7ca56a60 as id 0
05-27 18:58:44.623  1167  1479 D evsmanagerd: /dev/video4 forwarded the buffer #0 to 0xb4000074bf5f6850 from 0xb4000074bf5f41d0
05-27 18:58:44.623  1167  1479 D evsmanagerd: /dev/video6 forwarded the buffer #0 to 0xb4000074bf5f5510 from 0xb4000074bf5f6d90
05-27 18:58:44.623   299 30844 D EvsDriver: Delivered 0xb400007b7ca56900 as id 0
05-27 18:58:44.625   594   594 E vendor.sprd.hardware.memtrack-service: MemTrack_DEBUG--Open mali gpu_memory failed
05-27 18:58:44.627   299  1163 D EvsDriver: doneWithFrame
05-27 08:49:53.586   581   581 D spi_rst_gpio_get_output: GPIO 145 value: 1
05-27 08:49:53.586   581   581 D spidev_ioctl: gpio status=1)
05-27 08:49:53.592   581   581 D spi_rst_gpio_get_output: GPIO 145 value: 1
05-27 08:49:53.592   581   581 D spidev_ioctl: gpio status=1)
05-27 18:58:44.627   581   581 I SpiService: fgesysctrl_getGPIO_status success val=1
05-27 18:58:44.627   299  1153 D EvsDriver: doneWithFrame
05-27 18:58:44.633 13911 14183 I SentryImuMcuAngleSender: -179.993rollDeg
05-27 18:58:44.633   594   594 E vendor.sprd.hardware.memtrack-service: MemTrack_DEBUG--Open mali gpu_memory failed
05-27 18:58:44.633   581   581 I SpiService: fgesysctrl_getGPIO_status success val=1
05-27 18:58:44.633 13911 14183 I SentryImuMcuAngleSender: 1,0,0
05-27 18:58:44.636  1008 30857 D [OMXB]  : usingANWBuffer: handle:0xee742ed0, format:1, w:1920, h:1080
05-27 18:58:44.636   594   594 E vendor.sprd.hardware.memtrack-service: MemTrack_DEBUG--Open mali gpu_memory failed
05-27 08:49:53.598   581   581 D spi_rst_gpio_get_output: GPIO 145 value: 1
05-27 08:49:53.598   581   581 D spidev_ioctl: gpio status=1)
05-27 18:58:44.639   581   581 I SpiService: fgesysctrl_getGPIO_status success val=1
05-27 18:58:44.641   594   594 E vendor.sprd.hardware.memtrack-service: MemTrack_DEBUG--Open mali gpu_memory failed
05-27 08:49:53.603   581   581 D spi_rst_gpio_get_output: GPIO 145 value: 1
05-27 08:49:53.603   581   581 D spidev_ioctl: gpio status=1)
05-27 18:58:44.645   581   581 I SpiService: fgesysctrl_getGPIO_status success val=1
05-27 08:49:53.609   581   581 D spi_rst_gpio_get_output: GPIO 145 value: 1
05-27 08:49:53.609   581   581 D spidev_ioctl: gpio status=1)
05-27 18:58:44.647   594   594 E vendor.sprd.hardware.memtrack-service: MemTrack_DEBUG--Open mali gpu_memory failed
05-27 18:58:44.648  1008 30856 D [OMXB]  : usingANWBuffer: handle:0xee742950, format:1, w:1920, h:1080
05-27 18:58:44.649   594   594 E vendor.sprd.hardware.memtrack-service: MemTrack_DEBUG--Open mali gpu_memory failed
05-27 18:58:44.650   581   581 I SpiService: fgesysctrl_getGPIO_status success val=0
05-27 08:49:53.615   581   581 D spi_rst_gpio_get_output: GPIO 145 value: 0
05-27 08:49:53.615   581   581 D spidev_ioctl: gpio status=0)
05-27 18:58:44.653 13911 14183 I SentryImuMcuAngleSender: -179.97899rollDeg
05-27 18:58:44.653 13911 14183 I SentryImuMcuAngleSender: 1,0,0
05-27 18:58:44.654   594   594 E vendor.sprd.hardware.memtrack-service: MemTrack_DEBUG--Open mali gpu_memory failed
05-27 18:58:44.656   299 30841 D EvsDriver: forwardFrame
05-27 18:58:44.657  1167  1479 D evsmanagerd: /dev/video4 forwarded the buffer #0 to 0xb4000074bf5f6850 from 0xb4000074bf5f41d0
05-27 18:58:44.657   299 30844 D EvsDriver: forwardFrame
05-27 18:58:44.657   299 30841 D EvsDriver: Delivered 0xb400007b7ca56a60 as id 0
05-27 18:58:44.653  1167  1167 I auditd  : type=1400 audit(0.0:72902): avc: denied { call } for comm="binder:1167_3" scontext=u:r:evsmanagerd:s0 tcontext=u:r:adayo_dvr_service:s0 tclass=binder permissive=1
05-27 18:58:44.653  1167  1167 I binder:1167_3: type=1400 audit(0.0:72902): avc: denied { call } for scontext=u:r:evsmanagerd:s0 tcontext=u:r:adayo_dvr_service:s0 tclass=binder permissive=1
05-27 18:58:44.660   594   594 E vendor.sprd.hardware.memtrack-service: MemTrack_DEBUG--Open mali gpu_memory failed
05-27 18:58:44.661   581   581 I auditd  : type=1400 audit(0.0:72903): avc: denied { read write } for comm="spi@1.0-service" name="spidev2.0" dev="tmpfs" ino=23621 scontext=u:r:hal_spi_default:s0 tcontext=u:object_r:spi_consumerir_device:s0 tclass=chr_file permissive=1
05-27 18:58:44.661   581   581 I spi@1.0-service: type=1400 audit(0.0:72903): avc: denied { read write } for name="spidev2.0" dev="tmpfs" ino=23621 scontext=u:r:hal_spi_default:s0 tcontext=u:object_r:spi_consumerir_device:s0 tclass=chr_file permissive=1
05-27 18:58:44.661   581   581 I auditd  : type=1400 audit(0.0:72904): avc: denied { open } for comm="spi@1.0-service" path="/dev/spidev2.0" dev="tmpfs" ino=23621 scontext=u:r:hal_spi_default:s0 tcontext=u:object_r:spi_consumerir_device:s0 tclass=chr_file permissive=1
05-27 18:58:44.661   581   581 I spi@1.0-service: type=1400 audit(0.0:72904): avc: denied { open } for path="/dev/spidev2.0" dev="tmpfs" ino=23621 scontext=u:r:hal_spi_default:s0 tcontext=u:object_r:spi_consumerir_device:s0 tclass=chr_file permissive=1
05-27 18:58:44.661   581   581 I auditd  : type=1400 audit(0.0:72905): avc: denied { ioctl } for comm="spi@1.0-service" path="/dev/spidev2.0" dev="tmpfs" ino=23621 ioctlcmd=0x6b06 scontext=u:r:hal_spi_default:s0 tcontext=u:object_r:spi_consumerir_device:s0 tclass=chr_file permissive=1
05-27 18:58:44.661   581   581 I spi@1.0-service: type=1400 audit(0.0:72905): avc: denied { ioctl } for path="/dev/spidev2.0" dev="tmpfs" ino=23621 ioctlcmd=0x6b06 scontext=u:r:hal_spi_default:s0 tcontext=u:object_r:spi_consumerir_device:s0 tclass=chr_file permissive=1
05-27 18:58:44.661  1167  1479 D evsmanagerd: /dev/video6 forwarded the buffer #0 to 0xb4000074bf5f5510 from 0xb4000074bf5f6d90
05-27 18:58:44.664   299  1153 D EvsDriver: doneWithFrame
05-27 18:58:44.665   299  1163 D EvsDriver: doneWithFrame
05-27 18:58:44.665   581   581 I SpiService: fgesysctrl_getGPIO_status success val=1
05-27 18:58:44.665   299 30844 D EvsDriver: Delivered 0xb400007b7ca56900 as id 0
05-27 18:58:44.666   536   536 D commservice260303: msg.id = 1028,0
05-27 18:58:44.666   536   536 D commservice260303: i = 170, msgid = 8A000404
05-27 18:58:44.666   536   536 D commservice260303: msgid = -1979710460,did=138
05-27 18:58:44.666   536   536 D commservice260303: CommProtocolLibCmdBaseI2C::dataproc {"command":{"id":"imu_status","sub":""},"content":{"TimeStamp":11,"FrameCounter":267337,"GD_X":-0.011377211660146713,"GD_Y":0.00549693126231432,"GD_Z":0.00259606190957129,"AD_X":-0.0014438927173614502,"AD_Y":-0.004787991754710674,"AD_Z":-0.17315959930419922,"TempDsp":0,"Status":0,"CalibState":1,"SigAmpInvalid":0}},-1979710460
05-27 18:58:44.666   536   536 D commservice260303: send2Cluster len:315, 7B22636F6D6D616E64223A7B226964223A22696D755F737461747573222C22737562223A22227D2C22636F6E74656E74223A7B2254696D655374616D70223A31312C224672616D65436F756E746572223A3236373333372C2247445F58223A2D302E3031313337373231313636303134363731332C2247445F59223A302E30303534393639333132363233313433322C2247445F5A223A302E30303235393630363139303935373132392C2241445F58223A2D302E303031343433383932373137333631343530322C2241445F59223A2D302E3030343738373939313735343731303637342C2241445F5A223A2D302E31373331353935393933303431393932322C2254656D70447370223A302C22537461747573223A302C2243616C69625374617465223A312C22536967416D70496E76616C6964223A307D7D, 138 
05-27 18:58:44.666   536   536 D commservice260303: Push Message into SendPool fn=1029047296
05-27 18:58:44.666   536   536 D commservice260303: ComProtocolLibSend2Cluster::send2ClusterRaw fn=1029047296 , len=331
05-27 18:58:44.666   536   536 D commservice260303: sendCmdToPort :331!!!
05-27 18:58:44.666   536   536 D commservice260303: send Cmd To Port ++++5AA501478A010004563D6A16CE647B22636F6D6D616E64223A7B226964223A22696D755F737461747573222C22737562223A22227D2C22636F6E74656E74223A7B2254696D655374616D70223A31312C224672616D65436F756E746572223A3236373333372C2247445F58223A2D302E3031313337373231313636303134363731332C2247445F59223A302E30303534393639333132363233313433322C2247445F5A223A302E30303235393630363139303935373132392C2241445F58223A2D302E303031343433383932373137333631343530322C2241445F59223A2D302E3030343738373939313735343731303637342C2241445F5A223A2D302E31373331353935393933303431393932322C2254656D70447370223A302C22537461747573223A302C2243616C69625374617465223A312C22536967416D70496E76616C6964223A307D7D5208
05-27 18:58:44.666   536   536 D commservice260303: bufferevent_write retrun value = 0
05-27 18:58:44.666   536   560 D commservice260303: client datas send succeed,send finish
05-27 18:58:44.667 13911 14192 D Sentinelmode_1.2.5.17_sentry: <SentryImuClusterFgeSender>imu_status sent to Linux, frame=267337, tsNs=11391901, tsMs=11, intervalMs=46, ad=(-0.0014438927,-0.0047879918,-0.1731596), gd=(-0.011377212,0.0054969313,0.002596062)
05-27 18:58:44.669   572   622 I Sensors : 230 AccelSensor: x:-0.172019,y:-0.002440,z:-9.974720
05-27 08:49:53.630   581   581 D spi_rst_gpio_get_output: GPIO 145 value: 1
05-27 08:49:53.630   581   581 D spidev_ioctl: gpio status=1)
05-27 18:58:44.671   581   581 I SpiService: fgesysctrl_getGPIO_status success val=1
05-27 08:49:53.635   581   581 D spi_rst_gpio_get_output: GPIO 145 value: 1
05-27 08:49:53.635   581   581 D spidev_ioctl: gpio status=1)
05-27 18:58:44.673 13911 14183 I SentryImuMcuAngleSender: -179.986rollDeg
05-27 18:58:44.673 13911 14183 I SentryImuMcuAngleSender: 1,0,0
05-27 18:58:44.676   594   594 E vendor.sprd.hardware.memtrack-service: MemTrack_DEBUG--Open mali gpu_memory failed
05-27 18:58:44.676   581   581 I SpiService: fgesysctrl_getGPIO_status success val=1
05-27 08:49:53.641   581   581 D spi_rst_gpio_get_output: GPIO 145 value: 1
05-27 08:49:53.641   581   581 D spidev_ioctl: gpio status=1)
05-27 18:58:44.679   594   594 E vendor.sprd.hardware.memtrack-service: MemTrack_DEBUG--Open mali gpu_memory failed
05-27 18:58:44.682  1008 30857 D [OMXB]  : usingANWBuffer: handle:0xee742b60, format:1, w:1920, h:1080
05-27 18:58:44.682   581   581 I SpiService: fgesysctrl_getGPIO_status success val=1
05-27 08:49:53.647   581   581 D spi_rst_gpio_get_output: GPIO 145 value: 1
05-27 08:49:53.647   581   581 D spidev_ioctl: gpio status=1)
05-27 08:49:53.652   581   581 D spi_rst_gpio_get_output: GPIO 145 value: 1
05-27 08:49:53.652   581   581 D spidev_ioctl: gpio status=1)
05-27 18:58:44.688   581   581 I SpiService: fgesysctrl_getGPIO_status success val=1
05-27 18:58:44.681 30773 30773 I auditd  : type=1400 audit(0.0:72906): avc: denied { use } for comm=4E444B204D65646961436F6465635F path="/dmabuf:" dev="dmabuf" ino=1960919 scontext=u:r:adayo_dvr_service:s0 tcontext=u:r:mediaswcodec:s0 tclass=fd permissive=1
05-27 18:58:44.681 30773 30773 I /system/bin/adayo_dvr_service: type=1400 audit(0.0:72906): avc: denied { use } for comm=4E444B204D65646961436F6465635F path="/dmabuf:" dev="dmabuf" ino=1960919 scontext=u:r:adayo_dvr_service:s0 tcontext=u:r:mediaswcodec:s0 tclass=fd permissive=1
05-27 18:58:44.691   299 30841 D EvsDriver: forwardFrame
05-27 18:58:44.691   299 30844 D EvsDriver: forwardFrame
05-27 18:58:44.693   299 30844 D EvsDriver: Delivered 0xb400007b7ca56900 as id 0
05-27 18:58:44.693   581   581 I SpiService: fgesysctrl_getGPIO_status success val=0
05-27 18:58:44.694  1167  1479 D evsmanagerd: /dev/video6 forwarded the buffer #0 to 0xb4000074bf5f5510 from 0xb4000074bf5f6d90
05-27 18:58:44.694 13911 14183 I SentryImuMcuAngleSender: -179.986rollDeg
05-27 18:58:44.695 13911 14183 I SentryImuMcuAngleSender: 1,0,0
05-27 08:49:53.658   581   581 D spi_rst_gpio_get_output: GPIO 145 value: 0
05-27 08:49:53.658   581   581 D spidev_ioctl: gpio status=0)
05-27 18:58:44.697   299  1163 D EvsDriver: doneWithFrame
05-27 18:58:44.698  1008 30856 D [OMXB]  : usingANWBuffer: handle:0xee7407a0, format:1, w:1920, h:1080
05-27 18:58:44.701   594   594 E vendor.sprd.hardware.memtrack-service: MemTrack_DEBUG--Open mali gpu_memory failed
05-27 18:58:44.702   566  1171 I gps_hdbd: [gps_upgrade_thread 3506]Enter
05-27 18:58:44.702   566  1171 I gps_hdbd: [gps_upgrade_thread 3535] sys.gps.update:0 ,file:not ,upgrate_ing:0
05-27 18:58:44.704   299 30841 D EvsDriver: Delivered 0xb400007b7ca56a60 as id 0
05-27 18:58:44.704  1167  1479 D evsmanagerd: /dev/video4 forwarded the buffer #0 to 0xb4000074bf5f6850 from 0xb4000074bf5f41d0
05-27 18:58:44.706   536   536 D commservice260303: msg.id = 1028,1
05-27 18:58:44.706   536   536 D commservice260303: i = 170, msgid = 8A000404
05-27 18:58:44.706   536   536 D commservice260303: msgid = -1979710460,did=138
05-27 18:58:44.706   536   536 D commservice260303: CommProtocolLibCmdBaseI2C::dataproc {"command":{"id":"imu_status","sub":""},"content":{"TimeStamp":11,"FrameCounter":267338,"GD_X":-0.011223767884075642,"GD_Y":0.005039200186729431,"GD_Z":0.0019079053308814764,"AD_X":-0.006905123591423035,"AD_Y":-0.0023189419880509377,"AD_Z":-0.1743793487548828,"TempDsp":0,"Status":0,"CalibState":1,"SigAmpInvalid":0}},-1979710460
05-27 18:58:44.707   536   536 D commservice260303: send2Cluster len:317, 7B22636F6D6D616E64223A7B226964223A22696D755F737461747573222C22737562223A22227D2C22636F6E74656E74223A7B2254696D655374616D70223A31312C224672616D65436F756E746572223A3236373333382C2247445F58223A2D302E3031313232333736373838343037353634322C2247445F59223A302E3030353033393230303138363732393433312C2247445F5A223A302E303031393037393035333330383831343736342C2241445F58223A2D302E3030363930353132333539313432333033352C2241445F59223A2D302E303032333138393431393838303530393337372C2241445F5A223A2D302E313734333739333438373534383832382C2254656D70447370223A302C22537461747573223A302C2243616C69625374617465223A312C22536967416D70496E76616C6964223A307D7D, 138 
05-27 18:58:44.707   536   536 D commservice260303: Push Message into SendPool fn=1045824512
05-27 18:58:44.707   536   536 D commservice260303: ComProtocolLibSend2Cluster::send2ClusterRaw fn=1045824512 , len=333
05-27 18:58:44.707   536   536 D commservice260303: sendCmdToPort :333!!!
05-27 18:58:44.707   536   536 D commservice260303: send Cmd To Port ++++5AA501498A010004563E6A16CE647B22636F6D6D616E64223A7B226964223A22696D755F737461747573222C22737562223A22227D2C22636F6E74656E74223A7B2254696D655374616D70223A31312C224672616D65436F756E746572223A3236373333382C2247445F58223A2D302E3031313232333736373838343037353634322C2247445F59223A302E3030353033393230303138363732393433312C2247445F5A223A302E303031393037393035333330383831343736342C2241445F58223A2D302E3030363930353132333539313432333033352C2241445F59223A2D302E303032333138393431393838303530393337372C2241445F5A223A2D302E313734333739333438373534383832382C2254656D70447370223A302C22537461747573223A302C2243616C69625374617465223A312C22536967416D70496E76616C6964223A307D7D1055
05-27 18:58:44.707   536   536 D commservice260303: bufferevent_write retrun value = 0
05-27 18:58:44.707   536   560 D commservice260303: client datas send succeed,send finish
05-27 18:58:44.707 13911 14192 D Sentinelmode_1.2.5.17_sentry: <SentryImuClusterFgeSender>imu_status sent to Linux, frame=267338, tsNs=11391955, tsMs=11, intervalMs=40, ad=(-0.0069051236,-0.002318942,-0.17437935), gd=(-0.011223768,0.0050392,0.0019079053)
05-27 18:58:44.708   581   581 I SpiService: fgesysctrl_getGPIO_status success val=1
05-27 08:49:53.672   581   581 D spi_rst_gpio_get_output: GPIO 145 value: 1
05-27 08:49:53.672   581   581 D spidev_ioctl: gpio status=1)
05-27 18:58:44.709   299  1163 D EvsDriver: doneWithFrame
05-27 18:58:44.711   594   594 E vendor.sprd.hardware.memtrack-service: MemTrack_DEBUG--Open mali gpu_memory failed
05-27 18:58:44.713   283   307 I rvcservice: t.code = 2, t.value = 9978380
05-27 18:58:44.713   581   581 I SpiService: fgesysctrl_getGPIO_status success val=1
05-27 18:58:44.715   594   594 E vendor.sprd.hardware.memtrack-service: MemTrack_DEBUG--Open mali gpu_memory failed
05-27 08:49:53.678   581   581 D spi_rst_gpio_get_output: GPIO 145 value: 1
05-27 18:58:44.717 13911 14183 I SentryImuMcuAngleSender: -179.993rollDeg
05-27 08:49:53.678   581   581 D spidev_ioctl: gpio status=1)
05-27 18:58:44.717 13911 14183 I SentryImuMcuAngleSender: 1,0,0
05-27 18:58:44.717   594   594 E vendor.sprd.hardware.memtrack-service: MemTrack_DEBUG--Open mali gpu_memory failed
05-27 18:58:44.718   299 30841 D EvsDriver: forwardFrame
05-27 18:58:44.719   581   581 I SpiService: fgesysctrl_getGPIO_status success val=1
05-27 18:58:44.719   299 30841 D EvsDriver: Delivered 0xb400007b7ca56a60 as id 0
05-27 18:58:44.719  1167  1479 D evsmanagerd: /dev/video4 forwarded the buffer #0 to 0xb4000074bf5f6850 from 0xb4000074bf5f41d0
05-27 08:49:53.683   581   581 D spi_rst_gpio_get_output: GPIO 145 value: 1
05-27 08:49:53.683   581   581 D spidev_ioctl: gpio status=1)
05-27 18:58:44.721   594   594 E vendor.sprd.hardware.memtrack-service: MemTrack_DEBUG--Open mali gpu_memory failed
05-27 18:58:44.721   299  1163 D EvsDriver: doneWithFrame
05-27 18:58:44.725   581   581 I SpiService: fgesysctrl_getGPIO_status success val=1
05-27 18:58:44.726   299 30844 D EvsDriver: forwardFrame
05-27 18:58:44.726   594   594 E vendor.sprd.hardware.memtrack-service: MemTrack_DEBUG--Open mali gpu_memory failed
05-27 18:58:44.728   299 30844 D EvsDriver: Delivered 0xb400007b7ca56900 as id 0
05-27 18:58:44.728  1167  1479 D evsmanagerd: /dev/video6 forwarded the buffer #0 to 0xb4000074bf5f5510 from 0xb4000074bf5f6d90
05-27 08:49:53.690   581   581 D spi_rst_gpio_get_output: GPIO 145 value: 1
05-27 08:49:53.690   581   581 D spidev_ioctl: gpio status=1)
05-27 18:58:44.731   581   581 I SpiService: fgesysctrl_getGPIO_status success val=0
05-27 18:58:44.732   299  1163 D EvsDriver: doneWithFrame
05-27 08:49:53.696   581   581 D spi_rst_gpio_get_output: GPIO 145 value: 0
05-27 08:49:53.696   581   581 D spidev_ioctl: gpio status=0)
05-27 18:58:44.733   594   594 E vendor.sprd.hardware.memtrack-service: MemTrack_DEBUG--Open mali gpu_memory failed
05-27 18:58:44.738 13911 14183 I SentryImuMcuAngleSender: 179.993rollDeg
05-27 18:58:44.738 13911 14183 I SentryImuMcuAngleSender: 1,0,0
05-27 18:58:44.741   594   594 E vendor.sprd.hardware.memtrack-service: MemTrack_DEBUG--Open mali gpu_memory failed
05-27 18:58:44.744   594   594 E vendor.sprd.hardware.memtrack-service: MemTrack_DEBUG--Open mali gpu_memory failed
05-27 18:58:44.745  1008 30856 D [OMXB]  : usingANWBuffer: handle:0xee744160, format:1, w:1920, h:1080
05-27 18:58:44.747   581   581 I SpiService: fgesysctrl_getGPIO_status success val=1
05-27 18:58:44.748   536   536 D commservice260303: msg.id = 1028,1
05-27 18:58:44.748   536   536 D commservice260303: i = 170, msgid = 8A000404
05-27 18:58:44.748   536   536 D commservice260303: msgid = -1979710460,did=138
05-27 18:58:44.748   536   536 D commservice260303: CommProtocolLibCmdBaseI2C::dataproc {"command":{"id":"imu_status","sub":""},"content":{"TimeStamp":11,"FrameCounter":267339,"GD_X":-0.011300750076770782,"GD_Y":0.004963258747011423,"GD_Z":0.001679039909504354,"AD_X":-0.005665019154548645,"AD_Y":7.285161409527063E-4,"AD_Z":-0.1755990982055664,"TempDsp":0,"Status":0,"CalibState":1,"SigAmpInvalid":0}},-1979710460
05-27 18:58:44.748   536   536 D commservice260303: send2Cluster len:314, 7B22636F6D6D616E64223A7B226964223A22696D755F737461747573222C22737562223A22227D2C22636F6E74656E74223A7B2254696D655374616D70223A31312C224672616D65436F756E746572223A3236373333392C2247445F58223A2D302E3031313330303735303037363737303738322C2247445F59223A302E3030343936333235383734373031313432332C2247445F5A223A302E3030313637393033393930393530343335342C2241445F58223A2D302E3030353636353031393135343534383634352C2241445F59223A372E323835313631343039353237303633452D342C2241445F5A223A2D302E313735353939303938323035353636342C2254656D70447370223A302C22537461747573223A302C2243616C69625374617465223A312C22536967416D70496E76616C6964223A307D7D, 138 
05-27 18:58:44.748   536   536 D commservice260303: Push Message into SendPool fn=1062601728
05-27 18:58:44.748   536   536 D commservice260303: ComProtocolLibSend2Cluster::send2ClusterRaw fn=1062601728 , len=330
05-27 18:58:44.748   536   536 D commservice260303: sendCmdToPort :330!!!
05-27 18:58:44.748   536   536 D commservice260303: send Cmd To Port ++++5AA501468A010004563F6A16CE647B22636F6D6D616E64223A7B226964223A22696D755F737461747573222C22737562223A22227D2C22636F6E74656E74223A7B2254696D655374616D70223A31312C224672616D65436F756E746572223A3236373333392C2247445F58223A2D302E3031313330303735303037363737303738322C2247445F59223A302E3030343936333235383734373031313432332C2247445F5A223A302E3030313637393033393930393530343335342C2241445F58223A2D302E3030353636353031393135343534383634352C2241445F59223A372E323835313631343039353237303633452D342C2241445F5A223A2D302E313735353939303938323035353636342C2254656D70447370223A302C22537461747573223A302C2243616C69625374617465223A312C22536967416D70496E76616C6964223A307D7D474D
05-27 18:58:44.748   536   536 D commservice260303: bufferevent_write retrun value = 0
05-27 08:49:53.711   581   581 D spi_rst_gpio_get_output: GPIO 145 value: 1
05-27 08:49:53.711   581   581 D spidev_ioctl: gpio status=1)
05-27 18:58:44.748   536   560 D commservice260303: client datas send succeed,send finish
05-27 18:58:44.751 13911 14192 D Sentinelmode_1.2.5.17_sentry: <SentryImuClusterFgeSender>imu_status sent to Linux, frame=267339, tsNs=11391990, tsMs=11, intervalMs=44, ad=(-0.005665019,7.2851614E-4,-0.1755991), gd=(-0.01130075,0.0049632587,0.0016790399)
05-27 18:58:44.753   299 30841 D EvsDriver: forwardFrame
05-27 18:58:44.753   299 30844 D EvsDriver: forwardFrame
05-27 18:58:44.754   581   581 I SpiService: fgesysctrl_getGPIO_status success val=1
05-27 18:58:44.756   299 30841 D EvsDriver: Delivered 0xb400007b7ca56a60 as id 0
05-27 18:58:44.756   299 30844 D EvsDriver: Delivered 0xb400007b7ca56900 as id 0
05-27 18:58:44.756   594   594 E vendor.sprd.hardware.memtrack-service: MemTrack_DEBUG--Open mali gpu_memory failed
05-27 18:58:44.756  1167  1479 D evsmanagerd: /dev/video4 forwarded the buffer #0 to 0xb4000074bf5f6850 from 0xb4000074bf5f41d0
05-27 18:58:44.756 30773 30783 E dvr_service_: [myNum:0] Received S**** loss
05-27 18:58:44.756  1167  1184 D evsmanagerd: /dev/video6 forwarded the buffer #0 to 0xb4000074bf5f5510 from 0xb4000074bf5f6d90
05-27 08:49:53.718   581   581 D spi_rst_gpio_get_output: GPIO 145 value: 1
05-27 08:49:53.718   581   581 D spidev_ioctl: gpio status=1)
05-27 18:58:44.756 30773 30783 E dvr_service_: [myNum:1] Received S**** loss
05-27 18:58:44.756   299  1163 D EvsDriver: doneWithFrame
05-27 18:58:44.757   299  1163 D EvsDriver: doneWithFrame
05-27 18:58:44.758   572   622 I Sensors : 230 GyroSensor: x:-0.011988,y:0.006261,z:0.001450
05-27 18:58:44.758 13911 14183 I SentryImuMcuAngleSender: 179.986rollDeg
05-27 18:58:44.758 13911 14183 I SentryImuMcuAngleSender: 1,0,0
05-27 18:58:44.760   594   594 E vendor.sprd.hardware.memtrack-service: MemTrack_DEBUG--Open mali gpu_memory failed
05-27 18:58:44.760   581   581 I SpiService: fgesysctrl_getGPIO_status success val=1
05-27 08:49:53.725   581   581 D spi_rst_gpio_get_output: GPIO 145 value: 1
05-27 08:49:53.725   581   581 D spidev_ioctl: gpio status=1)
05-27 18:58:44.762   594   594 E vendor.sprd.hardware.memtrack-service: MemTrack_DEBUG--Open mali gpu_memory failed
05-27 18:58:44.763  1008 30857 D [OMXB]  : usingANWBuffer: handle:0xee741b90, format:1, w:1920, h:1080
05-27 18:58:44.764   594   594 E vendor.sprd.hardware.memtrack-service: MemTrack_DEBUG--Open mali gpu_memory failed
05-27 18:58:44.764 30773 30789 I dvr_service_: Camera 1: MediaOK:33866808, frames:790, isKeyFrame:0,pts:11391585054
05-27 18:58:44.766   581   581 I SpiService: fgesysctrl_getGPIO_status success val=1
05-27 18:58:44.768   594   594 E vendor.sprd.hardware.memtrack-service: MemTrack_DEBUG--Open mali gpu_memory failed
05-27 08:49:53.730   581   581 D spi_rst_gpio_get_output: GPIO 145 value: 1
05-27 08:49:53.730   581   581 D spidev_ioctl: gpio status=1)
05-27 18:58:44.771   594   594 E vendor.sprd.hardware.memtrack-service: MemTrack_DEBUG--Open mali gpu_memory failed
05-27 18:58:44.772   581   581 I SpiService: fgesysctrl_getGPIO_status success val=1
05-27 08:49:53.736   581   581 D spi_rst_gpio_get_output: GPIO 145 value: 1
05-27 08:49:53.736   581   581 D spidev_ioctl: gpio status=1)
05-27 18:58:44.777   581   581 I SpiService: fgesysctrl_getGPIO_status success val=0
05-27 18:58:44.778 13911 14183 I SentryImuMcuAngleSender: -179.99649rollDeg
05-27 18:58:44.778 13911 14183 I SentryImuMcuAngleSender: 1,0,0
05-27 18:58:44.778   594   594 E vendor.sprd.hardware.memtrack-service: MemTrack_DEBUG--Open mali gpu_memory failed
05-27 18:58:44.780   594   594 E vendor.sprd.hardware.memtrack-service: MemTrack_DEBUG--Open mali gpu_memory failed
05-27 08:49:53.742   581   581 D spi_rst_gpio_get_output: GPIO 145 value: 0
05-27 08:49:53.742   581   581 D spidev_ioctl: gpio status=0)
05-27 18:58:44.782   299 30844 D EvsDriver: forwardFrame
05-27 18:58:44.782   299 30841 D EvsDriver: forwardFrame
05-27 18:58:44.783   594   594 E vendor.sprd.hardware.memtrack-service: MemTrack_DEBUG--Open mali gpu_memory failed
05-27 18:58:44.785  1167  1184 D evsmanagerd: /dev/video6 forwarded the buffer #0 to 0xb4000074bf5f5510 from 0xb4000074bf5f6d90
05-27 18:58:44.786  1167  1184 D evsmanagerd: /dev/video4 forwarded the buffer #0 to 0xb4000074bf5f6850 from 0xb4000074bf5f41d0
05-27 18:58:44.787   299 30841 D EvsDriver: Delivered 0xb400007b7ca56a60 as id 0
05-27 18:58:44.791   299 30844 D EvsDriver: Delivered 0xb400007b7ca56900 as id 0
05-27 18:58:44.791   594   594 E vendor.sprd.hardware.memtrack-service: MemTrack_DEBUG--Open mali gpu_memory failed
05-27 18:58:44.792   299  1153 D EvsDriver: doneWithFrame
05-27 18:58:44.792   581   581 I SpiService: fgesysctrl_getGPIO_status success val=1
05-27 18:58:44.792   299  1163 D EvsDriver: doneWithFrame
05-27 08:49:53.757   581   581 D spi_rst_gpio_get_output: GPIO 145 value: 1
05-27 08:49:53.757   581   581 D spidev_ioctl: gpio status=1)
05-27 18:58:44.793  1008 30856 D [OMXB]  : usingANWBuffer: handle:0xee742060, format:1, w:1920, h:1080
05-27 18:58:44.795   536   536 D commservice260303: msg.id = 1028,1
05-27 18:58:44.795   536   536 D commservice260303: i = 170, msgid = 8A000404
05-27 18:58:44.795   536   536 D commservice260303: msgid = -1979710460,did=138
05-27 18:58:44.796   536   536 D commservice260303: CommProtocolLibCmdBaseI2C::dataproc {"command":{"id":"imu_status","sub":""},"content":{"TimeStamp":11,"FrameCounter":267340,"GD_X":-0.012370175682008266,"GD_Y":0.006185087841004133,"GD_Z":0.0019848872907459736,"AD_X":-0.0038302242755889893,"AD_Y":-0.0017099594697356224,"AD_Z":-0.1755990982055664,"TempDsp":0,"Status":0,"CalibState":1,"SigAmpInvalid":0}},-1979710460
05-27 18:58:44.796   536   536 D commservice260303: send2Cluster len:318, 7B22636F6D6D616E64223A7B226964223A22696D755F737461747573222C22737562223A22227D2C22636F6E74656E74223A7B2254696D655374616D70223A31312C224672616D65436F756E746572223A3236373334302C2247445F58223A2D302E3031323337303137353638323030383236362C2247445F59223A302E3030363138353038373834313030343133332C2247445F5A223A302E303031393834383837323930373435393733362C2241445F58223A2D302E303033383330323234323735353838393839332C2241445F59223A2D302E303031373039393539343639373335363232342C2241445F5A223A2D302E313735353939303938323035353636342C2254656D70447370223A302C22537461747573223A302C2243616C69625374617465223A312C22536967416D70496E76616C6964223A307D7D, 138 
05-27 18:58:44.796   536   536 D commservice260303: Push Message into SendPool fn=1079378944
05-27 18:58:44.796   536   536 D commservice260303: ComProtocolLibSend2Cluster::send2ClusterRaw fn=1079378944 , len=334
05-27 18:58:44.796   536   536 D commservice260303: sendCmdToPort :334!!!
05-27 18:58:44.796   536   536 D commservice260303: send Cmd To Port ++++5AA5014A8A01000456406A16CE647B22636F6D6D616E64223A7B226964223A22696D755F737461747573222C22737562223A22227D2C22636F6E74656E74223A7B2254696D655374616D70223A31312C224672616D65436F756E746572223A3236373334302C2247445F58223A2D302E3031323337303137353638323030383236362C2247445F59223A302E3030363138353038373834313030343133332C2247445F5A223A302E303031393834383837323930373435393733362C2241445F58223A2D302E303033383330323234323735353838393839332C2241445F59223A2D302E303031373039393539343639373335363232342C2241445F5A223A2D302E313735353939303938323035353636342C2254656D70447370223A302C22537461747573223A302C2243616C69625374617465223A312C22536967416D70496E76616C6964223A307D7DB5F3
05-27 18:58:44.796   536   536 D commservice260303: bufferevent_write retrun value = 0
05-27 18:58:44.796   536   560 D commservice260303: client datas send succeed,send finish
05-27 18:58:44.798   581   581 I SpiService: fgesysctrl_getGPIO_status success val=1
05-27 18:58:44.798 13911 14183 I SentryImuMcuAngleSender: -179.986rollDeg
05-27 18:58:44.798 13911 14183 I SentryImuMcuAngleSender: 1,0,0
05-27 18:58:44.799 13911 14192 D Sentinelmode_1.2.5.17_sentry: <SentryImuClusterFgeSender>imu_status sent to Linux, frame=267340, tsNs=11392026, tsMs=11, intervalMs=47, ad=(-0.0038302243,-0.0017099595,-0.1755991), gd=(-0.012370176,0.006185088,0.0019848873)
05-27 18:58:44.799   594   594 E vendor.sprd.hardware.memtrack-service: MemTrack_DEBUG--Open mali gpu_memory failed
05-27 08:49:53.762   581   581 D spi_rst_gpio_get_output: GPIO 145 value: 1
05-27 08:49:53.762   581   581 D spidev_ioctl: gpio status=1)
05-27 18:58:44.803   581   581 I SpiService: fgesysctrl_getGPIO_status success val=1
05-27 18:58:44.804  1008 30857 D [OMXB]  : usingANWBuffer: handle:0xee7444d0, format:1, w:1920, h:1080
05-27 08:49:53.768   581   581 D spi_rst_gpio_get_output: GPIO 145 value: 1
05-27 08:49:53.768   581   581 D spidev_ioctl: gpio status=1)
05-27 18:58:44.806   594   594 E vendor.sprd.hardware.memtrack-service: MemTrack_DEBUG--Open mali gpu_memory failed
05-27 18:58:44.809   581   581 I SpiService: fgesysctrl_getGPIO_status success val=1
05-27 18:58:44.809   594   594 E vendor.sprd.hardware.memtrack-service: MemTrack_DEBUG--Open mali gpu_memory failed
05-27 18:58:44.811   594   594 E vendor.sprd.hardware.memtrack-service: MemTrack_DEBUG--Open mali gpu_memory failed
05-27 08:49:53.773   581   581 D spi_rst_gpio_get_output: GPIO 145 value: 1
05-27 08:49:53.773   581   581 D spidev_ioctl: gpio status=1)
05-27 18:58:44.813   283   307 I rvcservice: t.code = 3, t.value = 0
05-27 18:58:44.813   299 30844 D EvsDriver: forwardFrame
05-27 18:58:44.814   299 30841 D EvsDriver: forwardFrame
05-27 18:58:44.814   594   594 E vendor.sprd.hardware.memtrack-service: MemTrack_DEBUG--Open mali gpu_memory failed
05-27 18:58:44.814   581   581 I SpiService: fgesysctrl_getGPIO_status success val=0
05-27 18:58:44.815   299 30841 D EvsDriver: Delivered 0xb400007b7ca56a60 as id 0
05-27 18:58:44.815   299 30844 D EvsDriver: Delivered 0xb400007b7ca56900 as id 0
05-27 18:58:44.815  1167  1184 D evsmanagerd: /dev/video6 forwarded the buffer #0 to 0xb4000074bf5f5510 from 0xb4000074bf5f6d90
05-27 18:58:44.815  1167  1479 D evsmanagerd: /dev/video4 forwarded the buffer #0 to 0xb4000074bf5f6850 from 0xb4000074bf5f41d0
05-27 08:49:53.779   581   581 D spi_rst_gpio_get_output: GPIO 145 value: 0
05-27 08:49:53.779   581   581 D spidev_ioctl: gpio status=0)
05-27 18:58:44.818   594   594 E vendor.sprd.hardware.memtrack-service: MemTrack_DEBUG--Open mali gpu_memory failed
05-27 18:58:44.819 13911 14183 I SentryImuMcuAngleSender: -179.986rollDeg
05-27 18:58:44.819 13911 14183 I SentryImuMcuAngleSender: 1,0,0
05-27 18:58:44.821   299  1153 D EvsDriver: doneWithFrame
05-27 18:58:44.822   594   594 E vendor.sprd.hardware.memtrack-service: MemTrack_DEBUG--Open mali gpu_memory failed
05-27 18:58:44.825   594   594 E vendor.sprd.hardware.memtrack-service: MemTrack_DEBUG--Open mali gpu_memory failed
05-27 18:58:44.827   299  1153 D EvsDriver: doneWithFrame
05-27 18:58:44.829   581   581 I SpiService: fgesysctrl_getGPIO_status success val=1
05-27 18:58:44.830   594   594 E vendor.sprd.hardware.memtrack-service: MemTrack_DEBUG--Open mali gpu_memory failed
05-27 08:49:53.794   581   581 D spi_rst_gpio_get_output: GPIO 145 value: 1
05-27 08:49:53.794   581   581 D spidev_ioctl: gpio status=1)
05-27 18:58:44.833   536   536 D commservice260303: msg.id = 1028,1
05-27 18:58:44.833   536   536 D commservice260303: i = 170, msgid = 8A000404
05-27 18:58:44.833   536   536 D commservice260303: msgid = -1979710460,did=138
05-27 18:58:44.833   536   536 D commservice260303: CommProtocolLibCmdBaseI2C::dataproc {"command":{"id":"imu_status","sub":""},"content":{"TimeStamp":11,"FrameCounter":267341,"GD_X":-0.01160607673227787,"GD_Y":0.0057257963344454765,"GD_Z":0.0019848872907459736,"AD_X":-7.835030555725098E-4,"AD_Y":-0.003505624830722809,"AD_Z":-0.17255115509033203,"TempDsp":0,"Status":0,"CalibState":1,"SigAmpInvalid":0}},-1979710460
05-27 18:58:44.833   536   536 D commservice260303: send2Cluster len:317, 7B22636F6D6D616E64223A7B226964223A22696D755F737461747573222C22737562223A22227D2C22636F6E74656E74223A7B2254696D655374616D70223A31312C224672616D65436F756E746572223A3236373334312C2247445F58223A2D302E30313136303630373637333232373738372C2247445F59223A302E303035373235373936333334343435343736352C2247445F5A223A302E303031393834383837323930373435393733362C2241445F58223A2D372E383335303330353535373235303938452D342C2241445F59223A2D302E3030333530353632343833303732323830392C2241445F5A223A2D302E31373235353131353530393033333230332C2254656D70447370223A302C22537461747573223A302C2243616C69625374617465223A312C22536967416D70496E76616C6964223A307D7D, 138 
05-27 18:58:44.833   536   536 D commservice260303: Push Message into SendPool fn=1096156160
05-27 18:58:44.833   536   536 D commservice260303: ComProtocolLibSend2Cluster::send2ClusterRaw fn=1096156160 , len=333
05-27 18:58:44.833   536   536 D commservice260303: sendCmdToPort :333!!!
05-27 18:58:44.833   536   536 D commservice260303: send Cmd To Port ++++5AA501498A01000456416A16CE647B22636F6D6D616E64223A7B226964223A22696D755F737461747573222C22737562223A22227D2C22636F6E74656E74223A7B2254696D655374616D70223A31312C224672616D65436F756E746572223A3236373334312C2247445F58223A2D302E30313136303630373637333232373738372C2247445F59223A302E303035373235373936333334343435343736352C2247445F5A223A302E303031393834383837323930373435393733362C2241445F58223A2D372E383335303330353535373235303938452D342C2241445F59223A2D302E3030333530353632343833303732323830392C2241445F5A223A2D302E31373235353131353530393033333230332C2254656D70447370223A302C22537461747573223A302C2243616C69625374617465223A312C22536967416D70496E76616C6964223A307D7D5AC5
05-27 18:58:44.834   536   536 D commservice260303: bufferevent_write retrun value = 0
05-27 18:58:44.834   536   560 D commservice260303: client datas send succeed,send finish
05-27 18:58:44.834 13911 14192 D Sentinelmode_1.2.5.17_sentry: <SentryImuClusterFgeSender>imu_status sent to Linux, frame=267341, tsNs=11392080, tsMs=11, intervalMs=36, ad=(-7.8350306E-4,-0.0035056248,-0.17255116), gd=(-0.011606077,0.0057257963,0.0019848873)
05-27 18:58:44.835   581   581 I SpiService: fgesysctrl_getGPIO_status success val=1
05-27 18:58:44.835   594   594 E vendor.sprd.hardware.memtrack-service: MemTrack_DEBUG--Open mali gpu_memory failed
05-27 08:49:53.799   581   581 D spi_rst_gpio_get_output: GPIO 145 value: 1
05-27 08:49:53.799   581   581 D spidev_ioctl: gpio status=1)
05-27 18:58:44.837  1008 30857 D [OMXB]  : usingANWBuffer: handle:0xee7432f0, format:1, w:1920, h:1080
05-27 18:58:44.837   594   594 E vendor.sprd.hardware.memtrack-service: MemTrack_DEBUG--Open mali gpu_memory failed
05-27 18:58:44.839 13911 14183 I SentryImuMcuAngleSender: -179.986rollDeg
05-27 18:58:44.840 13911 14183 I SentryImuMcuAngleSender: 1,0,0
05-27 18:58:44.840   581   581 I SpiService: fgesysctrl_getGPIO_status success val=1
05-27 18:58:44.841   594   594 E vendor.sprd.hardware.memtrack-service: MemTrack_DEBUG--Open mali gpu_memory failed
05-27 08:49:53.805   581   581 D spi_rst_gpio_get_output: GPIO 145 value: 1
05-27 08:49:53.805   581   581 D spidev_ioctl: gpio status=1)
05-27 18:58:44.844   594   594 E vendor.sprd.hardware.memtrack-service: MemTrack_DEBUG--Open mali gpu_memory failed
05-27 18:58:44.846   581   581 I SpiService: fgesysctrl_getGPIO_status success val=1
05-27 18:58:44.847   594   594 E vendor.sprd.hardware.memtrack-service: MemTrack_DEBUG--Open mali gpu_memory failed
05-27 08:49:53.810   581   581 D spi_rst_gpio_get_output: GPIO 145 value: 1
05-27 08:49:53.810   581   581 D spidev_ioctl: gpio status=1)
05-27 18:58:44.850   299 30841 D EvsDriver: forwardFrame
05-27 18:58:44.850   299 30844 D EvsDriver: forwardFrame
05-27 18:58:44.851   594   594 E vendor.sprd.hardware.memtrack-service: MemTrack_DEBUG--Open mali gpu_memory failed
05-27 08:49:53.816   581   581 D spi_rst_gpio_get_output: GPIO 145 value: 1
05-27 08:49:53.816   581   581 D spidev_ioctl: gpio status=1)
05-27 18:58:44.852   581   581 I SpiService: fgesysctrl_getGPIO_status success val=1
05-27 18:58:44.852   299 30841 D EvsDriver: Delivered 0xb400007b7ca56a60 as id 0
05-27 18:58:44.852  1167  1479 D evsmanagerd: /dev/video4 forwarded the buffer #0 to 0xb4000074bf5f6850 from 0xb4000074bf5f41d0
05-27 18:58:44.853  1167  1479 D evsmanagerd: /dev/video6 forwarded the buffer #0 to 0xb4000074bf5f5510 from 0xb4000074bf5f6d90
05-27 18:58:44.853   299 30844 D EvsDriver: Delivered 0xb400007b7ca56900 as id 0
05-27 18:58:44.855   299  1153 D EvsDriver: doneWithFrame
05-27 18:58:44.857   581   581 I SpiService: fgesysctrl_getGPIO_status success val=0
05-27 18:58:44.859   594   594 E vendor.sprd.hardware.memtrack-service: MemTrack_DEBUG--Open mali gpu_memory failed
05-27 18:58:44.859   299  1153 D EvsDriver: doneWithFrame
05-27 18:58:44.861 13911 14183 I SentryImuMcuAngleSender: -179.97899rollDeg
05-27 08:49:53.822   581   581 D spi_rst_gpio_get_output: GPIO 145 value: 0
05-27 08:49:53.822   581   581 D spidev_ioctl: gpio status=0)
05-27 18:58:44.861 13911 14183 I SentryImuMcuAngleSender: 1,0,0
05-27 18:58:44.864   594   594 E vendor.sprd.hardware.memtrack-service: MemTrack_DEBUG--Open mali gpu_memory failed
05-27 18:58:44.866  1008 30856 D [OMXB]  : usingANWBuffer: handle:0xee7440b0, format:1, w:1920, h:1080
05-27 18:58:44.867   572   622 I Sensors : 230 AccelSensor: x:-0.172019,y:-0.003659,z:-9.975940
05-27 18:58:44.868   594   594 E vendor.sprd.hardware.memtrack-service: MemTrack_DEBUG--Open mali gpu_memory failed
05-27 18:58:44.871 30773 30789 I dvr_service_: Camera 0: MediaOK:34059204, frames:790, isKeyFrame:0,pts:11391645645
05-27 18:58:44.872   581   581 I SpiService: fgesysctrl_getGPIO_status success val=1
05-27 08:49:53.837   581   581 D spi_rst_gpio_get_output: GPIO 145 value: 1
05-27 08:49:53.837   581   581 D spidev_ioctl: gpio status=1)
05-27 18:58:44.874   594   594 E vendor.sprd.hardware.memtrack-service: MemTrack_DEBUG--Open mali gpu_memory failed
05-27 18:58:44.875   536   536 D commservice260303: msg.id = 1028,1
05-27 18:58:44.875   536   536 D commservice260303: i = 170, msgid = 8A000404
05-27 18:58:44.875   536   536 D commservice260303: msgid = -1979710460,did=138
05-27 18:58:44.875   536   536 D commservice260303: CommProtocolLibCmdBaseI2C::dataproc {"command":{"id":"imu_status","sub":""},"content":{"TimeStamp":11,"FrameCounter":267342,"GD_X":-0.010841978713870049,"GD_Y":0.00549693126231432,"GD_Z":0.002519079949706793,"AD_X":-0.004444628953933716,"AD_Y":-0.00469471700489521,"AD_Z":-0.17071914672851562,"TempDsp":0,"Status":0,"CalibState":1,"SigAmpInvalid":0}},-1979710460
05-27 18:58:44.875   536   536 D commservice260303: send2Cluster len:314, 7B22636F6D6D616E64223A7B226964223A22696D755F737461747573222C22737562223A22227D2C22636F6E74656E74223A7B2254696D655374616D70223A31312C224672616D65436F756E746572223A3236373334322C2247445F58223A2D302E3031303834313937383731333837303034392C2247445F59223A302E30303534393639333132363233313433322C2247445F5A223A302E3030323531393037393934393730363739332C2241445F58223A2D302E3030343434343632383935333933333731362C2241445F59223A2D302E30303436393437313730303438393532312C2241445F5A223A2D302E31373037313931343637323835313536322C2254656D70447370223A302C22537461747573223A302C2243616C69625374617465223A312C22536967416D70496E76616C6964223A307D7D, 138 
05-27 18:58:44.875   536   536 D commservice260303: Push Message into SendPool fn=1112933376
05-27 18:58:44.875   536   536 D commservice260303: ComProtocolLibSend2Cluster::send2ClusterRaw fn=1112933376 , len=330
05-27 18:58:44.875   536   536 D commservice260303: sendCmdToPort :330!!!
05-27 18:58:44.875   536   536 D commservice260303: send Cmd To Port ++++5AA501468A01000456426A16CE647B22636F6D6D616E64223A7B226964223A22696D755F737461747573222C22737562223A22227D2C22636F6E74656E74223A7B2254696D655374616D70223A31312C224672616D65436F756E746572223A3236373334322C2247445F58223A2D302E3031303834313937383731333837303034392C2247445F59223A302E30303534393639333132363233313433322C2247445F5A223A302E3030323531393037393934393730363739332C2241445F58223A2D302E3030343434343632383935333933333731362C2241445F59223A2D302E30303436393437313730303438393532312C2241445F5A223A2D302E31373037313931343637323835313536322C2254656D70447370223A302C22537461747573223A302C2243616C69625374617465223A312C22536967416D70496E76616C6964223A307D7D0BC1
05-27 18:58:44.875   536   536 D commservice260303: bufferevent_write retrun value = 0
05-27 18:58:44.875 13911 14192 D Sentinelmode_1.2.5.17_sentry: <SentryImuClusterFgeSender>imu_status sent to Linux, frame=267342, tsNs=11392118, tsMs=11, intervalMs=41, ad=(-0.004444629,-0.004694717,-0.17071915), gd=(-0.010841979,0.0054969313,0.00251908)
05-27 18:58:44.875   536   560 D commservice260303: client datas send succeed,send finish
05-27 18:58:44.878   581   581 I SpiService: fgesysctrl_getGPIO_status success val=1
05-27 18:58:44.878   594   594 E vendor.sprd.hardware.memtrack-service: MemTrack_DEBUG--Open mali gpu_memory failed
05-27 18:58:44.880   594   594 E vendor.sprd.hardware.memtrack-service: MemTrack_DEBUG--Open mali gpu_memory failed
05-27 08:49:53.842   581   581 D spi_rst_gpio_get_output: GPIO 145 value: 1
05-27 08:49:53.842   581   581 D spidev_ioctl: gpio status=1)
05-27 18:58:44.881 13911 14183 I SentryImuMcuAngleSender: -179.97899rollDeg
05-27 18:58:44.881 13911 14183 I SentryImuMcuAngleSender: 1,0,0
05-27 18:58:44.882   594   594 E vendor.sprd.hardware.memtrack-service: MemTrack_DEBUG--Open mali gpu_memory failed
05-27 18:58:44.883   581   581 I SpiService: fgesysctrl_getGPIO_status success val=1
05-27 18:58:44.884  1008 30857 D [OMXB]  : usingANWBuffer: handle:0xee746c00, format:1, w:1920, h:1080
