05-27 19:03:24.033 23755 23773 D AnwSdkService: GetPowerStatus = POWER_OFF
05-27 19:03:24.034 23755 23773 D AnwSdkService: anw-update,bt_java_data:20260516
05-27 19:03:24.034 23755 23773 D AnwSdkService: ANWBT_BTPowerOn()
05-27 19:03:24.034   581   581 I SpiService: fgesysctrl_getGPIO_status success val=0
05-27 19:03:24.035 23755 23773 D AnwSdkService: GetPowerStatus = POWER_OFF
05-27 19:03:24.035 23755 23773 D AnwSdkService: SetPowerStatus = POWER_ONING
05-27 08:54:32.998   581   581 D spi_rst_gpio_get_output: GPIO 145 value: 0
05-27 08:54:32.998   581   581 D spidev_ioctl: gpio status=0)
05-27 19:03:24.042 23755 23782 I ANWJNI_SECOND: anw-update,bt_jni_data: 20260516
05-27 19:03:24.043 23755 23782 D ANWAPI_SECOND: (23755|0x297FBCB0)[BTAPI] SDK >>>>AnWBT_Snoop_Open
05-27 19:03:24.043 23755 23782 D ANWJNI_SECOND: (23755|0x297FBCB0)[BTAPP] PowOn_Thread
05-27 19:03:24.043 23755 23782 D ANWJNI_SECOND: 
05-27 08:54:33.005     0     0 W         : c6 [    C6] Irq_monitor:Irq                                           IPI[1]occur        7243 times interval 1024 ms
05-27 08:54:33.013   581   581 D spi_rst_gpio_get_output: GPIO 145 value: 1
05-27 08:54:33.013   581   581 D spidev_ioctl: gpio status=1)
05-27 19:03:24.044 23755 23783 D ANWJNI_SECOND: (23755|0x296F1CB0)[BTAPP] BTPowerOn!!
05-27 19:03:24.044 23755 23783 D ANWJNI_SECOND: (23755|0x296F1CB0)[BTAPP] in thread_power_on_func,getpid()=23755, priority = 10
05-27 19:03:24.044 23755 23783 D ANWJNI_SECOND: 
05-27 19:03:24.044 23755 23783 D ANWJNI_SECOND: (23755|0x296F1CB0)[BTAPP] doPowerOn_Timeout_Thread_Create
05-27 19:03:24.044 23755 23783 D ANWJNI_SECOND: 
05-27 19:03:24.045 23755 23783 D ANWJNI_SECOND: (23755|0x296F1CB0)[BTAPP] AnWBT_SetInitialValue(hfphf:0)(hfpag:2)(pbap:0)(map:0)(a2dpsink:0)(a2dpsource:2)(avrcpct:0)(avrcttg:2)
05-27 19:03:24.045 23755 23783 D ANWJNI_SECOND: 
05-27 19:03:24.045 23755 23783 D ANWAPI_SECOND: (23755|0x296F1CB0)[BTAPI] SDK >>>>AnWBT_SetInitialValue devclass: 0x3c020c
05-27 19:03:24.045 23755 23783 D ANWAPI_SECOND: (23755|0x296F1CB0)[BTAPI] AnWBT_SetInitialValue avrcp_tg_attribute=6
05-27 19:03:24.045 23755 23783 D ANWAPI_SECOND: (23755|0x296F1CB0)[BTAPI] SDK <<<<AnWBT_SetInitialValue 0x0
05-27 19:03:24.045 23755 23783 D ANWAPI_SECOND: (23755|0x296F1CB0)[BTAPI] SDK >>>>AnWBT_HFP_Enable_WBS 1
05-27 19:03:24.045 23755 23783 D ANWAPI_SECOND: (23755|0x296F1CB0)[BTAPI] SDK <<<<AnWBT_HFP_Enable_WBS 0
05-27 19:03:24.045 23755 23783 D ANW_WAVEOUT_SECOND: (23755|0x296F1CB0)[WAVEOUT] init Audio PCM Thread Mute(800)(101)
05-27 19:03:24.045 23755 23783 D ANW_WAVEOUT_SECOND: 
05-27 19:03:24.045 23755 23783 D ANWAPI_SECOND: (23755|0x296F1CB0)[BTAPI] anw-update,bt_sdk_data:20260516-not_supportLea
05-27 19:03:24.045 23755 23783 D ANWAPI_SECOND: (23755|0x296F1CB0)[BTAPI] SDK >>>>AnWBT_Init
05-27 19:03:24.046 23755 23783 D ANWAPI_SECOND: (23755|0x296F1CB0)[BTAPI] AnWBTSDK_Version=0x0300002a
05-27 19:03:24.046 23755 23783 D ANWAPI_SECOND: (23755|0x296F1CB0)[BTAPI] >>>>AnWBT_EEPROM_Read 
05-27 19:03:24.046 23755 23783 D ANWAPI_SECOND: (23755|0x296F1CB0)[BTAPI] B:Rpaired_storage[0]name[]addr[00:00:00:00:00:00]linkkey[00:00:00:00:00:00:00:00:00:00:00:00:00:00:00:00]
05-27 19:03:24.046 23755 23783 D ANWAPI_SECOND: (23755|0x296F1CB0)[BTAPI] B:Rpaired_storage[1]name[]addr[00:00:00:00:00:00]linkkey[00:00:00:00:00:00:00:00:00:00:00:00:00:00:00:00]
05-27 19:03:24.046 23755 23783 D ANWAPI_SECOND: (23755|0x296F1CB0)[BTAPI] B:Rpaired_storage[2]name[]addr[00:00:00:00:00:00]linkkey[00:00:00:00:00:00:00:00:00:00:00:00:00:00:00:00]
05-27 19:03:24.046 23755 23783 D ANWAPI_SECOND: (23755|0x296F1CB0)[BTAPI] B:Rpaired_storage[3]name[]addr[00:00:00:00:00:00]linkkey[00:00:00:00:00:00:00:00:00:00:00:00:00:00:00:00]
05-27 19:03:24.046 23755 23783 D ANWAPI_SECOND: (23755|0x296F1CB0)[BTAPI] B:Rpaired_storage[4]name[]addr[00:00:00:00:00:00]linkkey[00:00:00:00:00:00:00:00:00:00:00:00:00:00:00:00]
05-27 19:03:24.046 23755 23783 D ANWAPI_SECOND: (23755|0x296F1CB0)[BTAPI] B:Rpaired_storage[5]name[]addr[00:00:00:00:00:00]linkkey[00:00:00:00:00:00:00:00:00:00:00:00:00:00:00:00]
05-27 19:03:24.046 23755 23783 D ANWAPI_SECOND: (23755|0x296F1CB0)[BTAPI] B:Rpaired_storage[6]name[]addr[00:00:00:00:00:00]linkkey[00:00:00:00:00:00:00:00:00:00:00:00:00:00:00:00]
05-27 19:03:24.046 23755 23783 D ANWAPI_SECOND: (23755|0x296F1CB0)[BTAPI] B:Rpaired_storage[7]name[]addr[00:00:00:00:00:00]linkkey[00:00:00:00:00:00:00:00:00:00:00:00:00:00:00:00]
05-27 19:03:24.046 23755 23783 D ANWAPI_SECOND: (23755|0x296F1CB0)[BTAPI] B:Rpaired_storage[8]name[]addr[00:00:00:00:00:00]linkkey[00:00:00:00:00:00:00:00:00:00:00:00:00:00:00:00]
05-27 19:03:24.046 23755 23783 D ANWAPI_SECOND: (23755|0x296F1CB0)[BTAPI] B:Rpaired_storage[9]name[]addr[00:00:00:00:00:00]linkkey[00:00:00:00:00:00:00:00:00:00:00:00:00:00:00:00]
05-27 19:03:24.046 23755 23783 D ANWAPI_SECOND: (23755|0x296F1CB0)[BTAPI] B:Rpaired_storage[10]name[]addr[00:00:00:00:00:00]linkkey[00:00:00:00:00:00:00:00:00:00:00:00:00:00:00:00]
05-27 19:03:24.046 23755 23783 D ANW_AVRCP_SECOND: AnWBT_ReadStorage =/data/misc/anw//anwbt_storage.bin
05-27 19:03:24.046 23755 23783 D ANW_AVRCP_SECOND: AnWBT_ReadStorage open anwbt_bt_storage success
05-27 19:03:24.046 23755 23783 D ANW_AVRCP_SECOND: 
05-27 19:03:24.047 23755 23783 D ANW_AVRCP_SECOND: read storage size=6600
05-27 19:03:24.047 23755 23783 D ANW_AVRCP_SECOND: 
05-27 19:03:24.047 23755 23783 D ANWAPI_SECOND: (23755|0x296F1CB0)[BTAPI] A:Readpaired_storage[0]name[]cod[0]support[0]addr[00:00:00:00:00:00]linkkey[00:00:00:00:00:00:00:00:00:00:00:00:00:00:00:00]
05-27 19:03:24.047 23755 23783 D ANWAPI_SECOND: (23755|0x296F1CB0)[BTAPI] A:Readpaired_storage[1]name[]cod[0]support[0]addr[00:00:00:00:00:00]linkkey[00:00:00:00:00:00:00:00:00:00:00:00:00:00:00:00]
05-27 19:03:24.047 23755 23783 D ANWAPI_SECOND: (23755|0x296F1CB0)[BTAPI] A:Readpaired_storage[2]name[]cod[0]support[0]addr[00:00:00:00:00:00]linkkey[00:00:00:00:00:00:00:00:00:00:00:00:00:00:00:00]
05-27 19:03:24.047 23755 23783 D ANWAPI_SECOND: (23755|0x296F1CB0)[BTAPI] A:Readpaired_storage[3]name[]cod[0]support[0]addr[00:00:00:00:00:00]linkkey[00:00:00:00:00:00:00:00:00:00:00:00:00:00:00:00]
05-27 19:03:24.047 23755 23783 D ANWAPI_SECOND: (23755|0x296F1CB0)[BTAPI] A:Readpaired_storage[4]name[]cod[0]support[0]addr[00:00:00:00:00:00]linkkey[00:00:00:00:00:00:00:00:00:00:00:00:00:00:00:00]
05-27 19:03:24.047 23755 23783 D ANWAPI_SECOND: (23755|0x296F1CB0)[BTAPI] A:Readpaired_storage[5]name[]cod[0]support[0]addr[00:00:00:00:00:00]linkkey[00:00:00:00:00:00:00:00:00:00:00:00:00:00:00:00]
05-27 19:03:24.047 23755 23783 D ANWAPI_SECOND: (23755|0x296F1CB0)[BTAPI] A:Readpaired_storage[6]name[]cod[0]support[0]addr[00:00:00:00:00:00]linkkey[00:00:00:00:00:00:00:00:00:00:00:00:00:00:00:00]
05-27 19:03:24.047 23755 23783 D ANWAPI_SECOND: (23755|0x296F1CB0)[BTAPI] A:Readpaired_storage[7]name[]cod[0]support[0]addr[00:00:00:00:00:00]linkkey[00:00:00:00:00:00:00:00:00:00:00:00:00:00:00:00]
05-27 19:03:24.047 23755 23783 D ANWAPI_SECOND: (23755|0x296F1CB0)[BTAPI] A:Readpaired_storage[8]name[]cod[0]support[0]addr[00:00:00:00:00:00]linkkey[00:00:00:00:00:00:00:00:00:00:00:00:00:00:00:00]
05-27 19:03:24.047 23755 23783 D ANWAPI_SECOND: (23755|0x296F1CB0)[BTAPI] A:Readpaired_storage[9]name[]cod[0]support[0]addr[00:00:00:00:00:00]linkkey[00:00:00:00:00:00:00:00:00:00:00:00:00:00:00:00]
05-27 19:03:24.047 23755 23783 D ANWAPI_SECOND: (23755|0x296F1CB0)[BTAPI] A:Readpaired_storage[10]name[]cod[0]support[0]addr[00:00:00:00:00:00]linkkey[00:00:00:00:00:00:00:00:00:00:00:00:00:00:00:00]
05-27 19:03:24.047 23755 23783 D ANWAPI_SECOND: (23755|0x296F1CB0)[BTAPI] <<<<AnWBT_EEPROM_Read ret = 0
05-27 19:03:24.047 23755 23783 D ANWAPI_SECOND: (23755|0x296F1CB0)[BTAPI] local_name_set=0
05-27 19:03:24.047 23755 23783 D ANWAPI_SECOND: (23755|0x296F1CB0)[BTAPI] [Paired DevInf] Storage Write
05-27 19:03:24.047 23755 23783 D ANW_AVRCP_SECOND: AnWBT_WriteStorage =/data/misc/anw//anwbt_storage.bin
05-27 19:03:24.048 23755 23783 D ANW_AVRCP_SECOND: AnWBT_WriteStorage open anwbt_bt_storage success
05-27 19:03:24.048 23755 23783 D ANW_AVRCP_SECOND: 
05-27 19:03:24.048   581   581 I SpiService: fgesysctrl_getGPIO_status success val=1
05-27 19:03:24.049 13435 13435 I BtManager: ANWBT_BTPowerOn result = 0
05-27 19:03:24.049 13435 13435 D BtManager: ret = 2
05-27 19:03:24.049 23755 23784 D ANWJNI_SECOND: (23755|0x295F3CB0)[BTAPP] doPowerOn_Timeout_Thread
05-27 19:03:24.049 23755 23784 D ANWJNI_SECOND: 
05-27 19:03:24.050   299 30841 D EvsDriver: forwardFrame
05-27 19:03:24.052  1167  1167 D evsmanagerd: /dev/video4 forwarded the buffer #0 to 0xb4000074bf5f6850 from 0xb4000074bf5f41d0
05-27 19:03:24.053 13911 14183 I SentryImuMcuAngleSender: 180.0rollDeg
05-27 19:03:24.053 13911 14183 I SentryImuMcuAngleSender: 1,0,0
05-27 19:03:24.054   581   581 I SpiService: fgesysctrl_getGPIO_status success val=1
05-27 19:03:24.054   299 30841 D EvsDriver: Delivered 0xb400007b7ca56a60 as id 0
05-27 08:54:33.018   581   581 D spi_rst_gpio_get_output: GPIO 145 value: 1
05-27 08:54:33.018   581   581 D spidev_ioctl: gpio status=1)
05-27 19:03:24.057   299  1163 D EvsDriver: doneWithFrame
05-27 19:03:24.059   581   581 I SpiService: fgesysctrl_getGPIO_status success val=1
05-27 08:54:33.024   581   581 D spi_rst_gpio_get_output: GPIO 145 value: 1
05-27 08:54:33.024   581   581 D spidev_ioctl: gpio status=1)
05-27 19:03:24.061  1008 30857 D [OMXB]  : usingANWBuffer: handle:0xee7428a0, format:1, w:1920, h:1080
05-27 19:03:24.063 23755 23783 D ANW_AVRCP_SECOND: write storage size=6600
05-27 19:03:24.063 23755 23783 D ANW_AVRCP_SECOND: 
05-27 19:03:24.063 23755 23783 D ANWAPI_SECOND: (23755|0x296F1CB0)[BTAPI] >>>>AnWBT_EEPROM_Read 
05-27 19:03:24.063 23755 23783 D ANWAPI_SECOND: (23755|0x296F1CB0)[BTAPI] B:Rpaired_storage[0]name[]addr[00:00:00:00:00:00]linkkey[00:00:00:00:00:00:00:00:00:00:00:00:00:00:00:00]
05-27 19:03:24.064 23755 23783 D ANWAPI_SECOND: (23755|0x296F1CB0)[BTAPI] B:Rpaired_storage[1]name[]addr[00:00:00:00:00:00]linkkey[00:00:00:00:00:00:00:00:00:00:00:00:00:00:00:00]
05-27 19:03:24.064 23755 23783 D ANWAPI_SECOND: (23755|0x296F1CB0)[BTAPI] B:Rpaired_storage[2]name[]addr[00:00:00:00:00:00]linkkey[00:00:00:00:00:00:00:00:00:00:00:00:00:00:00:00]
05-27 19:03:24.064 23755 23783 D ANWAPI_SECOND: (23755|0x296F1CB0)[BTAPI] B:Rpaired_storage[3]name[]addr[00:00:00:00:00:00]linkkey[00:00:00:00:00:00:00:00:00:00:00:00:00:00:00:00]
05-27 19:03:24.064 23755 23783 D ANWAPI_SECOND: (23755|0x296F1CB0)[BTAPI] B:Rpaired_storage[4]name[]addr[00:00:00:00:00:00]linkkey[00:00:00:00:00:00:00:00:00:00:00:00:00:00:00:00]
05-27 19:03:24.064 23755 23783 D ANWAPI_SECOND: (23755|0x296F1CB0)[BTAPI] B:Rpaired_storage[5]name[]addr[00:00:00:00:00:00]linkkey[00:00:00:00:00:00:00:00:00:00:00:00:00:00:00:00]
05-27 19:03:24.064 23755 23783 D ANWAPI_SECOND: (23755|0x296F1CB0)[BTAPI] B:Rpaired_storage[6]name[]addr[00:00:00:00:00:00]linkkey[00:00:00:00:00:00:00:00:00:00:00:00:00:00:00:00]
05-27 19:03:24.064 23755 23783 D ANWAPI_SECOND: (23755|0x296F1CB0)[BTAPI] B:Rpaired_storage[7]name[]addr[00:00:00:00:00:00]linkkey[00:00:00:00:00:00:00:00:00:00:00:00:00:00:00:00]
05-27 19:03:24.064 23755 23783 D ANWAPI_SECOND: (23755|0x296F1CB0)[BTAPI] B:Rpaired_storage[8]name[]addr[00:00:00:00:00:00]linkkey[00:00:00:00:00:00:00:00:00:00:00:00:00:00:00:00]
05-27 19:03:24.064 23755 23783 D ANWAPI_SECOND: (23755|0x296F1CB0)[BTAPI] B:Rpaired_storage[9]name[]addr[00:00:00:00:00:00]linkkey[00:00:00:00:00:00:00:00:00:00:00:00:00:00:00:00]
05-27 19:03:24.064 23755 23783 D ANWAPI_SECOND: (23755|0x296F1CB0)[BTAPI] B:Rpaired_storage[10]name[]addr[00:00:00:00:00:00]linkkey[00:00:00:00:00:00:00:00:00:00:00:00:00:00:00:00]
05-27 19:03:24.064 23755 23783 D ANW_AVRCP_SECOND: AnWBT_ReadStorage =/data/misc/anw//anwbt_storage.bin
05-27 19:03:24.064   299 30844 D EvsDriver: forwardFrame
05-27 19:03:24.064 23755 23783 D ANW_AVRCP_SECOND: AnWBT_ReadStorage open anwbt_bt_storage success
05-27 19:03:24.064 23755 23783 D ANW_AVRCP_SECOND: 
05-27 19:03:24.064 23755 23783 D ANW_AVRCP_SECOND: read storage size=6600
05-27 19:03:24.064 23755 23783 D ANW_AVRCP_SECOND: 
05-27 19:03:24.064 23755 23783 D ANWAPI_SECOND: (23755|0x296F1CB0)[BTAPI] A:Readpaired_storage[0]name[]cod[0]support[0]addr[00:00:00:00:00:00]linkkey[00:00:00:00:00:00:00:00:00:00:00:00:00:00:00:00]
05-27 19:03:24.065 23755 23783 D ANWAPI_SECOND: (23755|0x296F1CB0)[BTAPI] A:Readpaired_storage[1]name[]cod[0]support[0]addr[00:00:00:00:00:00]linkkey[00:00:00:00:00:00:00:00:00:00:00:00:00:00:00:00]
05-27 19:03:24.065 23755 23783 D ANWAPI_SECOND: (23755|0x296F1CB0)[BTAPI] A:Readpaired_storage[2]name[]cod[0]support[0]addr[00:00:00:00:00:00]linkkey[00:00:00:00:00:00:00:00:00:00:00:00:00:00:00:00]
05-27 19:03:24.065 23755 23783 D ANWAPI_SECOND: (23755|0x296F1CB0)[BTAPI] A:Readpaired_storage[3]name[]cod[0]support[0]addr[00:00:00:00:00:00]linkkey[00:00:00:00:00:00:00:00:00:00:00:00:00:00:00:00]
05-27 19:03:24.065 23755 23783 D ANWAPI_SECOND: (23755|0x296F1CB0)[BTAPI] A:Readpaired_storage[4]name[]cod[0]support[0]addr[00:00:00:00:00:00]linkkey[00:00:00:00:00:00:00:00:00:00:00:00:00:00:00:00]
05-27 19:03:24.065 23755 23783 D ANWAPI_SECOND: (23755|0x296F1CB0)[BTAPI] A:Readpaired_storage[5]name[]cod[0]support[0]addr[00:00:00:00:00:00]linkkey[00:00:00:00:00:00:00:00:00:00:00:00:00:00:00:00]
05-27 19:03:24.065 23755 23783 D ANWAPI_SECOND: (23755|0x296F1CB0)[BTAPI] A:Readpaired_storage[6]name[]cod[0]support[0]addr[00:00:00:00:00:00]linkkey[00:00:00:00:00:00:00:00:00:00:00:00:00:00:00:00]
05-27 19:03:24.065 23755 23783 D ANWAPI_SECOND: (23755|0x296F1CB0)[BTAPI] A:Readpaired_storage[7]name[]cod[0]support[0]addr[00:00:00:00:00:00]linkkey[00:00:00:00:00:00:00:00:00:00:00:00:00:00:00:00]
05-27 19:03:24.065 23755 23783 D ANWAPI_SECOND: (23755|0x296F1CB0)[BTAPI] A:Readpaired_storage[8]name[]cod[0]support[0]addr[00:00:00:00:00:00]linkkey[00:00:00:00:00:00:00:00:00:00:00:00:00:00:00:00]
05-27 19:03:24.065 23755 23783 D ANWAPI_SECOND: (23755|0x296F1CB0)[BTAPI] A:Readpaired_storage[9]name[]cod[0]support[0]addr[00:00:00:00:00:00]linkkey[00:00:00:00:00:00:00:00:00:00:00:00:00:00:00:00]
05-27 19:03:24.065 23755 23783 D ANWAPI_SECOND: (23755|0x296F1CB0)[BTAPI] A:Readpaired_storage[10]name[]cod[0]support[0]addr[00:00:00:00:00:00]linkkey[00:00:00:00:00:00:00:00:00:00:00:00:00:00:00:00]
05-27 19:03:24.065 23755 23783 D ANWAPI_SECOND: (23755|0x296F1CB0)[BTAPI] <<<<AnWBT_EEPROM_Read ret = 0
05-27 19:03:24.065 23755 23783 D ANWAPI_SECOND: (23755|0x296F1CB0)[BTAPI] >>>>AnWBT_EEPROM_Read 
05-27 19:03:24.065 23755 23783 D ANWAPI_SECOND: (23755|0x296F1CB0)[BTAPI] B:Rle_paired_storage[0]addr[00:00:00:00:00:00]linkkey[00:00:00:00:00:00:00:00:00:00:00:00:00:00:00:00]
05-27 19:03:24.065   581   581 I SpiService: fgesysctrl_getGPIO_status success val=1
05-27 19:03:24.065 23755 23783 D ANWAPI_SECOND: (23755|0x296F1CB0)[BTAPI] B:Rle_paired_storage[1]addr[00:00:00:00:00:00]linkkey[00:00:00:00:00:00:00:00:00:00:00:00:00:00:00:00]
05-27 19:03:24.066 23755 23783 D ANWAPI_SECOND: (23755|0x296F1CB0)[BTAPI] B:Rle_paired_storage[2]addr[00:00:00:00:00:00]linkkey[00:00:00:00:00:00:00:00:00:00:00:00:00:00:00:00]
05-27 19:03:24.066 23755 23783 D ANWAPI_SECOND: (23755|0x296F1CB0)[BTAPI] B:Rle_paired_storage[3]addr[00:00:00:00:00:00]linkkey[00:00:00:00:00:00:00:00:00:00:00:00:00:00:00:00]
05-27 19:03:24.066 23755 23783 D ANWAPI_SECOND: (23755|0x296F1CB0)[BTAPI] B:Rle_paired_storage[4]addr[00:00:00:00:00:00]linkkey[00:00:00:00:00:00:00:00:00:00:00:00:00:00:00:00]
05-27 19:03:24.066 23755 23783 D ANWAPI_SECOND: (23755|0x296F1CB0)[BTAPI] B:Rle_paired_storage[5]addr[00:00:00:00:00:00]linkkey[00:00:00:00:00:00:00:00:00:00:00:00:00:00:00:00]
05-27 19:03:24.066 23755 23783 D ANWAPI_SECOND: (23755|0x296F1CB0)[BTAPI] B:Rle_paired_storage[6]addr[00:00:00:00:00:00]linkkey[00:00:00:00:00:00:00:00:00:00:00:00:00:00:00:00]
05-27 19:03:24.066 23755 23783 D ANW_AVRCP_SECOND: AnWBT_ReadStorage =/data/misc/anw//anwble_storage.bin
05-27 19:03:24.066 23755 23783 D ANW_AVRCP_SECOND: AnWBT_ReadStorage open anwbt_bt_storage success
05-27 19:03:24.066 23755 23783 D ANW_AVRCP_SECOND: 
05-27 19:03:24.066 23755 23783 D ANW_AVRCP_SECOND: read storage size=1336
05-27 19:03:24.066 23755 23783 D ANW_AVRCP_SECOND: 
05-27 19:03:24.066 23755 23783 D ANWAPI_SECOND: (23755|0x296F1CB0)[BTAPI] A:Rle_paired_storage[0]addr[00:00:00:00:00:00]linkkey[00:00:00:00:00:00:00:00:00:00:00:00:00:00:00:00]
05-27 19:03:24.066 23755 23783 D ANWAPI_SECOND: (23755|0x296F1CB0)[BTAPI] A:Rle_paired_storage[1]addr[00:00:00:00:00:00]linkkey[00:00:00:00:00:00:00:00:00:00:00:00:00:00:00:00]
05-27 19:03:24.066 23755 23783 D ANWAPI_SECOND: (23755|0x296F1CB0)[BTAPI] A:Rle_paired_storage[2]addr[00:00:00:00:00:00]linkkey[00:00:00:00:00:00:00:00:00:00:00:00:00:00:00:00]
05-27 19:03:24.066 23755 23783 D ANWAPI_SECOND: (23755|0x296F1CB0)[BTAPI] A:Rle_paired_storage[3]addr[00:00:00:00:00:00]linkkey[00:00:00:00:00:00:00:00:00:00:00:00:00:00:00:00]
05-27 19:03:24.066 23755 23783 D ANWAPI_SECOND: (23755|0x296F1CB0)[BTAPI] A:Rle_paired_storage[4]addr[00:00:00:00:00:00]linkkey[00:00:00:00:00:00:00:00:00:00:00:00:00:00:00:00]
05-27 19:03:24.066 23755 23783 D ANWAPI_SECOND: (23755|0x296F1CB0)[BTAPI] A:Rle_paired_storage[5]addr[00:00:00:00:00:00]linkkey[00:00:00:00:00:00:00:00:00:00:00:00:00:00:00:00]
05-27 19:03:24.066 23755 23783 D ANWAPI_SECOND: (23755|0x296F1CB0)[BTAPI] A:Rle_paired_storage[6]addr[00:00:00:00:00:00]linkkey[00:00:00:00:00:00:00:00:00:00:00:00:00:00:00:00]
05-27 19:03:24.066 23755 23783 D ANWAPI_SECOND: (23755|0x296F1CB0)[BTAPI] <<<<AnWBT_EEPROM_Read ret = 0
05-27 19:03:24.067 23755 23783 D ANWAPI_SECOND: (23755|0x296F1CB0)[BTAPI] btsdk_initial_param.flag=0x4000
05-27 19:03:24.067 23755 23783 D ANWAPI_SECOND: (23755|0x296F1CB0)[BTAPI] [Paired DevInf] Storage Write
05-27 19:03:24.067 23755 23783 D ANW_AVRCP_SECOND: AnWBT_WriteStorage =/data/misc/anw//anwbt_storage.bin
05-27 19:03:24.067 23755 23783 D ANW_AVRCP_SECOND: AnWBT_WriteStorage open anwbt_bt_storage success
05-27 19:03:24.067 23755 23783 D ANW_AVRCP_SECOND: 
05-27 19:03:24.067   830   830 D SurfaceFlinger: unisoc-graphics, commit has frameMissed:2, vysncId:234652
05-27 08:54:33.030   581   581 D spi_rst_gpio_get_output: GPIO 145 value: 1
05-27 08:54:33.030   581   581 D spidev_ioctl: gpio status=1)
05-27 19:03:24.069   299 30844 D EvsDriver: Delivered 0xb400007b7ca56900 as id 0
05-27 19:03:24.069  1167  1167 D evsmanagerd: /dev/video6 forwarded the buffer #0 to 0xb4000074bf5f5510 from 0xb4000074bf5f6d90
05-27 19:03:24.071   536   536 D commservice260303: msg.id = 1028,1
05-27 19:03:24.071   536   536 D commservice260303: i = 170, msgid = 8A000404
05-27 19:03:24.071   536   536 D commservice260303: msgid = -1979710460,did=138
05-27 19:03:24.071   536   536 D commservice260303: CommProtocolLibCmdBaseI2C::dataproc {"command":{"id":"imu_status","sub":""},"content":{"TimeStamp":11,"FrameCounter":274169,"GD_X":-0.010994902811944485,"GD_Y":0.005345047451555729,"GD_Z":0.0019848872907459736,"AD_X":0.006423979997634888,"AD_Y":0.0028744915034621954,"AD_Z":-0.17319011688232422,"TempDsp":0,"Status":0,"CalibState":1,"SigAmpInvalid":0}},-1979710460
05-27 19:03:24.072   581   581 I SpiService: fgesysctrl_getGPIO_status success val=0
05-27 08:54:33.036   581   581 D spi_rst_gpio_get_output: GPIO 145 value: 0
05-27 08:54:33.036   581   581 D spidev_ioctl: gpio status=0)
05-27 19:03:24.072   536   536 D commservice260303: send2Cluster len:316, 7B22636F6D6D616E64223A7B226964223A22696D755F737461747573222C22737562223A22227D2C22636F6E74656E74223A7B2254696D655374616D70223A31312C224672616D65436F756E746572223A3237343136392C2247445F58223A2D302E3031303939343930323831313934343438352C2247445F59223A302E3030353334353034373435313535353732392C2247445F5A223A302E303031393834383837323930373435393733362C2241445F58223A302E3030363432333937393939373633343838382C2241445F59223A302E303032383734343931353033343632313935342C2241445F5A223A2D302E31373331393031313638383233323432322C2254656D70447370223A302C22537461747573223A302C2243616C69625374617465223A312C22536967416D70496E76616C6964223A307D7D, 138 
05-27 19:03:24.073   536   536 D commservice260303: Push Message into SendPool fn=-1603206144
05-27 19:03:24.073   536   536 D commservice260303: ComProtocolLibSend2Cluster::send2ClusterRaw fn=-1603206144 , len=332
05-27 19:03:24.073   536   536 D commservice260303: sendCmdToPort :332!!!
05-27 19:03:24.073   536   536 D commservice260303: send Cmd To Port ++++5AA501488A01000471A06A16CF7C7B22636F6D6D616E64223A7B226964223A22696D755F737461747573222C22737562223A22227D2C22636F6E74656E74223A7B2254696D655374616D70223A31312C224672616D65436F756E746572223A3237343136392C2247445F58223A2D302E3031303939343930323831313934343438352C2247445F59223A302E3030353334353034373435313535353732392C2247445F5A223A302E303031393834383837323930373435393733362C2241445F58223A302E3030363432333937393939373633343838382C2241445F59223A302E303032383734343931353033343632313935342C2241445F5A223A2D302E31373331393031313638383233323432322C2254656D70447370223A302C22537461747573223A302C2243616C69625374617465223A312C22536967416D70496E76616C6964223A307D7DF843
05-27 19:03:24.073   536   536 D commservice260303: bufferevent_write retrun value = 0
05-27 19:03:24.074   536   560 D commservice260303: client datas send succeed,send finish
05-27 19:03:24.074 13911 14192 D Sentinelmode_1.2.5.17_sentry: <SentryImuClusterFgeSender>imu_status sent to Linux, frame=274169, tsNs=11671310, tsMs=11, intervalMs=44, ad=(0.00642398,0.0028744915,-0.17319012), gd=(-0.010994903,0.0053450475,0.0019848873)
05-27 19:03:24.075 13911 14183 I SentryImuMcuAngleSender: 179.97899rollDeg
05-27 19:03:24.075 13911 14183 I SentryImuMcuAngleSender: 1,0,0
05-27 19:03:24.076   299  1163 D EvsDriver: doneWithFrame
05-27 19:03:24.077   299 30841 D EvsDriver: forwardFrame
05-27 19:03:24.080 23755 23783 D ANW_AVRCP_SECOND: write storage size=6600
05-27 19:03:24.080 23755 23783 D ANW_AVRCP_SECOND: 
05-27 19:03:24.080 23755 23783 D ANWAPI_SECOND: (23755|0x296F1CB0)[BTAPI] >>>>AnWBT_EEPROM_Read 
05-27 19:03:24.080 23755 23783 D ANWAPI_SECOND: (23755|0x296F1CB0)[BTAPI] B:Rpaired_storage[0]name[]addr[00:00:00:00:00:00]linkkey[00:00:00:00:00:00:00:00:00:00:00:00:00:00:00:00]
05-27 19:03:24.080 23755 23783 D ANWAPI_SECOND: (23755|0x296F1CB0)[BTAPI] B:Rpaired_storage[1]name[]addr[00:00:00:00:00:00]linkkey[00:00:00:00:00:00:00:00:00:00:00:00:00:00:00:00]
05-27 19:03:24.080 23755 23783 D ANWAPI_SECOND: (23755|0x296F1CB0)[BTAPI] B:Rpaired_storage[2]name[]addr[00:00:00:00:00:00]linkkey[00:00:00:00:00:00:00:00:00:00:00:00:00:00:00:00]
05-27 19:03:24.080 23755 23783 D ANWAPI_SECOND: (23755|0x296F1CB0)[BTAPI] B:Rpaired_storage[3]name[]addr[00:00:00:00:00:00]linkkey[00:00:00:00:00:00:00:00:00:00:00:00:00:00:00:00]
05-27 19:03:24.080 23755 23783 D ANWAPI_SECOND: (23755|0x296F1CB0)[BTAPI] B:Rpaired_storage[4]name[]addr[00:00:00:00:00:00]linkkey[00:00:00:00:00:00:00:00:00:00:00:00:00:00:00:00]
05-27 19:03:24.080 23755 23783 D ANWAPI_SECOND: (23755|0x296F1CB0)[BTAPI] B:Rpaired_storage[5]name[]addr[00:00:00:00:00:00]linkkey[00:00:00:00:00:00:00:00:00:00:00:00:00:00:00:00]
05-27 19:03:24.080 23755 23783 D ANWAPI_SECOND: (23755|0x296F1CB0)[BTAPI] B:Rpaired_storage[6]name[]addr[00:00:00:00:00:00]linkkey[00:00:00:00:00:00:00:00:00:00:00:00:00:00:00:00]
05-27 19:03:24.080 23755 23783 D ANWAPI_SECOND: (23755|0x296F1CB0)[BTAPI] B:Rpaired_storage[7]name[]addr[00:00:00:00:00:00]linkkey[00:00:00:00:00:00:00:00:00:00:00:00:00:00:00:00]
05-27 19:03:24.081 23755 23783 D ANWAPI_SECOND: (23755|0x296F1CB0)[BTAPI] B:Rpaired_storage[8]name[]addr[00:00:00:00:00:00]linkkey[00:00:00:00:00:00:00:00:00:00:00:00:00:00:00:00]
05-27 19:03:24.081 23755 23783 D ANWAPI_SECOND: (23755|0x296F1CB0)[BTAPI] B:Rpaired_storage[9]name[]addr[00:00:00:00:00:00]linkkey[00:00:00:00:00:00:00:00:00:00:00:00:00:00:00:00]
05-27 19:03:24.081 23755 23783 D ANWAPI_SECOND: (23755|0x296F1CB0)[BTAPI] B:Rpaired_storage[10]name[]addr[00:00:00:00:00:00]linkkey[00:00:00:00:00:00:00:00:00:00:00:00:00:00:00:00]
05-27 19:03:24.081 23755 23783 D ANW_AVRCP_SECOND: AnWBT_ReadStorage =/data/misc/anw//anwbt_storage.bin
05-27 19:03:24.081 23755 23783 D ANW_AVRCP_SECOND: AnWBT_ReadStorage open anwbt_bt_storage success
05-27 19:03:24.081 23755 23783 D ANW_AVRCP_SECOND: 
05-27 19:03:24.082   299 30841 D EvsDriver: Delivered 0xb400007b7ca56a60 as id 0
05-27 19:03:24.082 23755 23783 D ANW_AVRCP_SECOND: read storage size=6600
05-27 19:03:24.082 23755 23783 D ANW_AVRCP_SECOND: 
05-27 19:03:24.082 23755 23783 D ANWAPI_SECOND: (23755|0x296F1CB0)[BTAPI] A:Readpaired_storage[0]name[]cod[0]support[0]addr[00:00:00:00:00:00]linkkey[00:00:00:00:00:00:00:00:00:00:00:00:00:00:00:00]
05-27 19:03:24.082 23755 23783 D ANWAPI_SECOND: (23755|0x296F1CB0)[BTAPI] A:Readpaired_storage[1]name[]cod[0]support[0]addr[00:00:00:00:00:00]linkkey[00:00:00:00:00:00:00:00:00:00:00:00:00:00:00:00]
05-27 19:03:24.082 23755 23783 D ANWAPI_SECOND: (23755|0x296F1CB0)[BTAPI] A:Readpaired_storage[2]name[]cod[0]support[0]addr[00:00:00:00:00:00]linkkey[00:00:00:00:00:00:00:00:00:00:00:00:00:00:00:00]
05-27 19:03:24.082 23755 23783 D ANWAPI_SECOND: (23755|0x296F1CB0)[BTAPI] A:Readpaired_storage[3]name[]cod[0]support[0]addr[00:00:00:00:00:00]linkkey[00:00:00:00:00:00:00:00:00:00:00:00:00:00:00:00]
05-27 19:03:24.082 23755 23783 D ANWAPI_SECOND: (23755|0x296F1CB0)[BTAPI] A:Readpaired_storage[4]name[]cod[0]support[0]addr[00:00:00:00:00:00]linkkey[00:00:00:00:00:00:00:00:00:00:00:00:00:00:00:00]
05-27 19:03:24.082  1167  1167 D evsmanagerd: /dev/video4 forwarded the buffer #0 to 0xb4000074bf5f6850 from 0xb4000074bf5f41d0
05-27 19:03:24.082 23755 23783 D ANWAPI_SECOND: (23755|0x296F1CB0)[BTAPI] A:Readpaired_storage[5]name[]cod[0]support[0]addr[00:00:00:00:00:00]linkkey[00:00:00:00:00:00:00:00:00:00:00:00:00:00:00:00]
05-27 19:03:24.082 23755 23783 D ANWAPI_SECOND: (23755|0x296F1CB0)[BTAPI] A:Readpaired_storage[6]name[]cod[0]support[0]addr[00:00:00:00:00:00]linkkey[00:00:00:00:00:00:00:00:00:00:00:00:00:00:00:00]
05-27 19:03:24.082 23755 23783 D ANWAPI_SECOND: (23755|0x296F1CB0)[BTAPI] A:Readpaired_storage[7]name[]cod[0]support[0]addr[00:00:00:00:00:00]linkkey[00:00:00:00:00:00:00:00:00:00:00:00:00:00:00:00]
05-27 19:03:24.082 23755 23783 D ANWAPI_SECOND: (23755|0x296F1CB0)[BTAPI] A:Readpaired_storage[8]name[]cod[0]support[0]addr[00:00:00:00:00:00]linkkey[00:00:00:00:00:00:00:00:00:00:00:00:00:00:00:00]
05-27 19:03:24.083 23755 23783 D ANWAPI_SECOND: (23755|0x296F1CB0)[BTAPI] A:Readpaired_storage[9]name[]cod[0]support[0]addr[00:00:00:00:00:00]linkkey[00:00:00:00:00:00:00:00:00:00:00:00:00:00:00:00]
05-27 19:03:24.083 23755 23783 D ANWAPI_SECOND: (23755|0x296F1CB0)[BTAPI] A:Readpaired_storage[10]name[]cod[0]support[0]addr[00:00:00:00:00:00]linkkey[00:00:00:00:00:00:00:00:00:00:00:00:00:00:00:00]
05-27 19:03:24.083 23755 23783 D ANWAPI_SECOND: (23755|0x296F1CB0)[BTAPI] <<<<AnWBT_EEPROM_Read ret = 0
05-27 19:03:24.083 23755 23783 D ANWAPI_SECOND: (23755|0x296F1CB0)[BTAPI] build time = 11:28:38 sdk ver=0x 300002A
05-27 19:03:24.083 23755 23783 D ANWAPI_SECOND: (23755|0x296F1CB0)[BTAPI] creating init task
05-27 19:03:24.084   830   830 D SurfaceFlinger: unisoc-graphics, commit has frameMissed:2, vysncId:234653
05-27 19:03:24.086 23755 23785 D ANWAPI_SECOND: (23755|0x294F5CB0)[BTAPI] Enter BTInit_Task stacd=1,693066928
05-27 19:03:24.086 23755 23785 D ANWAPI_SECOND: (23755|0x294F5CB0)[BTAPI] pthread_attr_init
05-27 19:03:24.086 23755 23785 D ANWAPI_SECOND: (23755|0x294F5CB0)[BTAPI] BTHost_Init: min priority 1, max priority 99
05-27 19:03:24.086 23755 23785 D ANWAPI_SECOND: (23755|0x294F5CB0)[BTAPI] Enter BTHost_Init
05-27 19:03:24.087 23755 23785 D ANWAPI_SECOND: (23755|0x294F5CB0)[BTAPI] BTHost_InitMessage
05-27 19:03:24.087 23755 23785 D ANWAPI_SECOND: (23755|0x294F5CB0)[BTAPI] btosal_msg_ff_initial
05-27 19:03:24.087 23755 23785 D ANW_WAVEOUT_SECOND: (23755|0x294F5CB0)[WAVEOUT] [AnWBT WAVE] A2dp_WaveOut_Init
05-27 19:03:24.087 23755 23785 D ANW_WAVEOUT_SECOND: 
05-27 19:03:24.087 23755 23785 D ANWAPI_SECOND: (23755|0x294F5CB0)[BTAPI] Check BTHost_Task status
05-27 19:03:24.087 23755 23787 D ANWAPI_SECOND: (23755|0x292F9CB0)[BTAPI] Enter BTHost_Task
05-27 19:03:24.087 23755 23787 D ANWAPI_SECOND: (23755|0x292F9CB0)[BTAPI] BTHost_Task setpriority(0)(-15)
05-27 19:03:24.089   299 30844 D EvsDriver: forwardFrame
05-27 19:03:24.089   581   581 I SpiService: fgesysctrl_getGPIO_status success val=1
05-27 19:03:24.090   299  1163 D EvsDriver: doneWithFrame
05-27 19:03:24.091  1167  1167 D evsmanagerd: /dev/video6 forwarded the buffer #0 to 0xb4000074bf5f5510 from 0xb4000074bf5f6d90
05-27 19:03:24.092   299 30844 D EvsDriver: Delivered 0xb400007b7ca56900 as id 0
05-27 19:03:24.092 30773 30783 E dvr_service_: [myNum:1] Received S**** loss
05-27 08:54:33.054   581   581 D spi_rst_gpio_get_output: GPIO 145 value: 1
05-27 08:54:33.054   581   581 D spidev_ioctl: gpio status=1)
05-27 19:03:24.095   581   581 I SpiService: fgesysctrl_getGPIO_status success val=1
05-27 19:03:24.095 13911 14183 I SentryImuMcuAngleSender: 179.98949rollDeg
05-27 19:03:24.095 13911 14183 I SentryImuMcuAngleSender: 1,0,0
05-27 08:54:33.059   581   581 D spi_rst_gpio_get_output: GPIO 145 value: 1
05-27 08:54:33.059   581   581 D spidev_ioctl: gpio status=1)
05-27 19:03:24.098   299  1163 D EvsDriver: doneWithFrame
05-27 19:03:24.100   581   581 I SpiService: fgesysctrl_getGPIO_status success val=1
05-27 08:54:33.065   581   581 D spi_rst_gpio_get_output: GPIO 145 value: 1
05-27 08:54:33.065   581   581 D spidev_ioctl: gpio status=1)
05-27 19:03:24.102   830   830 D SurfaceFlinger: unisoc-graphics, commit has frameMissed:2, vysncId:234654
05-27 19:03:24.106   581   581 I SpiService: fgesysctrl_getGPIO_status success val=1
05-27 08:54:33.071   581   581 D spi_rst_gpio_get_output: GPIO 145 value: 1
05-27 08:54:33.071   581   581 D spidev_ioctl: gpio status=1)
05-27 19:03:24.111   536   536 D commservice260303: msg.id = 1028,0
05-27 19:03:24.111   536   536 D commservice260303: i = 170, msgid = 8A000404
05-27 19:03:24.111   536   536 D commservice260303: msgid = -1979710460,did=138
05-27 19:03:24.111   536   536 D commservice260303: CommProtocolLibCmdBaseI2C::dataproc {"command":{"id":"imu_status","sub":""},"content":{"TimeStamp":11,"FrameCounter":274170,"GD_X":-0.011682018637657166,"GD_Y":0.0057257963344454765,"GD_Z":0.0020608289632946253,"AD_X":-0.0021347850561141968,"AD_Y":0.001032528467476368,"AD_Z":-0.17196941375732422,"TempDsp":0,"Status":0,"CalibState":1,"SigAmpInvalid":0}},-1979710460
05-27 19:03:24.111   536   536 D commservice260303: send2Cluster len:318, 7B22636F6D6D616E64223A7B226964223A22696D755F737461747573222C22737562223A22227D2C22636F6E74656E74223A7B2254696D655374616D70223A31312C224672616D65436F756E746572223A3237343137302C2247445F58223A2D302E3031313638323031383633373635373136362C2247445F59223A302E303035373235373936333334343435343736352C2247445F5A223A302E303032303630383238393633323934363235332C2241445F58223A2D302E303032313334373835303536313134313936382C2241445F59223A302E3030313033323532383436373437363336382C2241445F5A223A2D302E31373139363934313337353733323432322C2254656D70447370223A302C22537461747573223A302C2243616C69625374617465223A312C22536967416D70496E76616C6964223A307D7D, 138 
05-27 19:03:24.111   536   536 D commservice260303: Push Message into SendPool fn=-1586428928
05-27 19:03:24.111   536   536 D commservice260303: ComProtocolLibSend2Cluster::send2ClusterRaw fn=-1586428928 , len=334
05-27 19:03:24.111   299 30841 D EvsDriver: forwardFrame
05-27 19:03:24.112   536   536 D commservice260303: sendCmdToPort :334!!!
05-27 19:03:24.112   536   536 D commservice260303: send Cmd To Port ++++5AA5014A8A01000471A16A16CF7C7B22636F6D6D616E64223A7B226964223A22696D755F737461747573222C22737562223A22227D2C22636F6E74656E74223A7B2254696D655374616D70223A31312C224672616D65436F756E746572223A3237343137302C2247445F58223A2D302E3031313638323031383633373635373136362C2247445F59223A302E303035373235373936333334343435343736352C2247445F5A223A302E303032303630383238393633323934363235332C2241445F58223A2D302E303032313334373835303536313134313936382C2241445F59223A302E3030313033323532383436373437363336382C2241445F5A223A2D302E31373139363934313337353733323432322C2254656D70447370223A302C22537461747573223A302C2243616C69625374617465223A312C22536967416D70496E76616C6964223A307D7DEBF7
05-27 19:03:24.112   536   536 D commservice260303: bufferevent_write retrun value = 0
05-27 19:03:24.112   581   581 I SpiService: fgesysctrl_getGPIO_status success val=1
05-27 19:03:24.112   536   560 D commservice260303: client datas send succeed,send finish
05-27 08:54:33.077   581   581 D spi_rst_gpio_get_output: GPIO 145 value: 1
05-27 08:54:33.077   581   581 D spidev_ioctl: gpio status=1)
05-27 19:03:24.113 13911 14192 D Sentinelmode_1.2.5.17_sentry: <SentryImuClusterFgeSender>imu_status sent to Linux, frame=274170, tsNs=11671345, tsMs=11, intervalMs=38, ad=(-0.002134785,0.0010325285,-0.17196941), gd=(-0.011682019,0.0057257963,0.002060829)
05-27 19:03:24.113 15863 15863 D AIN-NaviLocationPresenter: ACC is OFF, skip upload location
05-27 19:03:24.114   299 30841 D EvsDriver: Delivered 0xb400007b7ca56a60 as id 0
05-27 19:03:24.114  1167  1167 D evsmanagerd: /dev/video4 forwarded the buffer #0 to 0xb4000074bf5f6850 from 0xb4000074bf5f41d0
05-27 19:03:24.115 30773 30783 E dvr_service_: [myNum:0] Received S**** loss
05-27 19:03:24.115   299  1163 D EvsDriver: doneWithFrame
05-27 19:03:24.116   299 30844 D EvsDriver: forwardFrame
05-27 19:03:24.116  1008 30856 D [OMXB]  : usingANWBuffer: handle:0xee7442c0, format:1, w:1920, h:1080
05-27 19:03:24.117 13911 14183 I SentryImuMcuAngleSender: 179.98949rollDeg
05-27 19:03:24.118 13911 14183 I SentryImuMcuAngleSender: 1,0,0
05-27 19:03:24.118   581   581 I SpiService: fgesysctrl_getGPIO_status success val=0
05-27 08:54:33.083   581   581 D spi_rst_gpio_get_output: GPIO 145 value: 0
05-27 08:54:33.083   581   581 D spidev_ioctl: gpio status=0)
05-27 19:03:24.119  1167  1167 D evsmanagerd: /dev/video6 forwarded the buffer #0 to 0xb4000074bf5f5510 from 0xb4000074bf5f6d90
05-27 19:03:24.119   299 30844 D EvsDriver: Delivered 0xb400007b7ca56900 as id 0
05-27 19:03:24.119   283   307 I rvcservice: t.code = 3, t.value = 0
05-27 19:03:24.124   299  1163 D EvsDriver: doneWithFrame
05-27 19:03:24.130   572   572 I Sensors : 230 AccelSensor: x:-0.174459,y:0.000000,z:-9.975940
05-27 19:03:24.134   581   581 I SpiService: fgesysctrl_getGPIO_status success val=1
05-27 19:03:24.135  1008 30857 D [OMXB]  : usingANWBuffer: handle:0xee740bc0, format:1, w:1920, h:1080
05-27 08:54:33.098   581   581 D spi_rst_gpio_get_output: GPIO 145 value: 1
05-27 08:54:33.098   581   581 D spidev_ioctl: gpio status=1)
05-27 19:03:24.139 13911 14183 I SentryImuMcuAngleSender: 180.0rollDeg
05-27 19:03:24.139 13911 14183 I SentryImuMcuAngleSender: 1,0,0
05-27 19:03:24.140   581   581 I SpiService: fgesysctrl_getGPIO_status success val=1
05-27 08:54:33.104   581   581 D spi_rst_gpio_get_output: GPIO 145 value: 1
05-27 08:54:33.104   581   581 D spidev_ioctl: gpio status=1)
05-27 19:03:24.144   299 30841 D EvsDriver: forwardFrame
05-27 19:03:24.144   299 30844 D EvsDriver: forwardFrame
05-27 19:03:24.145   581   581 I SpiService: fgesysctrl_getGPIO_status success val=1
05-27 19:03:24.146   299 30841 D EvsDriver: Delivered 0xb400007b7ca56a60 as id 0
05-27 19:03:24.147  1167  1167 D evsmanagerd: /dev/video4 forwarded the buffer #0 to 0xb4000074bf5f6850 from 0xb4000074bf5f41d0
05-27 19:03:24.147   299 30844 D EvsDriver: Delivered 0xb400007b7ca56900 as id 0
05-27 19:03:24.147  1167  1167 D evsmanagerd: /dev/video6 forwarded the buffer #0 to 0xb4000074bf5f5510 from 0xb4000074bf5f6d90
05-27 08:54:33.110   581   581 D spi_rst_gpio_get_output: GPIO 145 value: 1
05-27 08:54:33.110   581   581 D spidev_ioctl: gpio status=1)
05-27 19:03:24.152   581   581 I SpiService: fgesysctrl_getGPIO_status success val=1
05-27 08:54:33.116   581   581 D spi_rst_gpio_get_output: GPIO 145 value: 1
05-27 08:54:33.116   581   581 D spidev_ioctl: gpio status=1)
05-27 19:03:24.154   299  1153 D EvsDriver: doneWithFrame
05-27 19:03:24.156   536   536 D commservice260303: msg.id = 1028,2
05-27 19:03:24.156   536   536 D commservice260303: i = 170, msgid = 8A000404
05-27 19:03:24.156   536   536 D commservice260303: msgid = -1979710460,did=138
05-27 19:03:24.156   536   536 D commservice260303: CommProtocolLibCmdBaseI2C::dataproc {"command":{"id":"imu_status","sub":""},"content":{"TimeStamp":11,"FrameCounter":274171,"GD_X":-0.011759000830352306,"GD_Y":0.004733873065561056,"GD_Z":0.002519079949706793,"AD_X":-0.005171522498130798,"AD_Y":-7.938073249533772E-4,"AD_Z":-0.17074966430664062,"TempDsp":0,"Status":0,"CalibState":1,"SigAmpInvalid":0}},-1979710460
05-27 19:03:24.156   536   536 D commservice260303: send2Cluster len:316, 7B22636F6D6D616E64223A7B226964223A22696D755F737461747573222C22737562223A22227D2C22636F6E74656E74223A7B2254696D655374616D70223A31312C224672616D65436F756E746572223A3237343137312C2247445F58223A2D302E3031313735393030303833303335323330362C2247445F59223A302E3030343733333837333036353536313035362C2247445F5A223A302E3030323531393037393934393730363739332C2241445F58223A2D302E3030353137313532323439383133303739382C2241445F59223A2D372E393338303733323439353333373732452D342C2241445F5A223A2D302E31373037343936363433303636343036322C2254656D70447370223A302C22537461747573223A302C2243616C69625374617465223A312C22536967416D70496E76616C6964223A307D7D, 138 
05-27 19:03:24.156   536   536 D commservice260303: Push Message into SendPool fn=-1569651712
05-27 19:03:24.156   536   536 D commservice260303: ComProtocolLibSend2Cluster::send2ClusterRaw fn=-1569651712 , len=332
05-27 19:03:24.156   536   536 D commservice260303: sendCmdToPort :332!!!
05-27 19:03:24.156   536   536 D commservice260303: send Cmd To Port ++++5AA501488A01000471A26A16CF7C7B22636F6D6D616E64223A7B226964223A22696D755F737461747573222C22737562223A22227D2C22636F6E74656E74223A7B2254696D655374616D70223A31312C224672616D65436F756E746572223A3237343137312C2247445F58223A2D302E3031313735393030303833303335323330362C2247445F59223A302E3030343733333837333036353536313035362C2247445F5A223A302E3030323531393037393934393730363739332C2241445F58223A2D302E3030353137313532323439383133303739382C2241445F59223A2D372E393338303733323439353333373732452D342C2241445F5A223A2D302E31373037343936363433303636343036322C2254656D70447370223A302C22537461747573223A302C2243616C69625374617465223A312C22536967416D70496E76616C6964223A307D7DD64D
05-27 19:03:24.156   536   536 D commservice260303: bufferevent_write retrun value = 0
05-27 19:03:24.157   536   560 D commservice260303: client datas send succeed,send finish
05-27 19:03:24.157   299  1163 D EvsDriver: doneWithFrame
05-27 19:03:24.157 13911 14192 D Sentinelmode_1.2.5.17_sentry: <SentryImuClusterFgeSender>imu_status sent to Linux, frame=274171, tsNs=11671381, tsMs=11, intervalMs=44, ad=(-0.0051715225,-7.938073E-4,-0.17074966), gd=(-0.011759001,0.004733873,0.00251908)
05-27 19:03:24.158   581   581 I SpiService: fgesysctrl_getGPIO_status success val=0
05-27 08:54:33.122   581   581 D spi_rst_gpio_get_output: GPIO 145 value: 0
05-27 08:54:33.122   581   581 D spidev_ioctl: gpio status=0)
05-27 19:03:24.161 13911 14183 I SentryImuMcuAngleSender: 179.986rollDeg
05-27 19:03:24.161 13911 14183 I SentryImuMcuAngleSender: 1,0,0
05-27 19:03:24.163  1008 30857 D [OMXB]  : usingANWBuffer: handle:0xee741da0, format:1, w:1920, h:1080
05-27 19:03:24.172   581   581 I SpiService: fgesysctrl_getGPIO_status success val=1
05-27 08:54:33.137   581   581 D spi_rst_gpio_get_output: GPIO 145 value: 1
05-27 08:54:33.137   581   581 D spidev_ioctl: gpio status=1)
05-27 19:03:24.178   581   581 I SpiService: fgesysctrl_getGPIO_status success val=1
05-27 08:54:33.142   581   581 D spi_rst_gpio_get_output: GPIO 145 value: 1
05-27 08:54:33.142   581   581 D spidev_ioctl: gpio status=1)
05-27 19:03:24.181   299 30841 D EvsDriver: forwardFrame
05-27 19:03:24.181 13911 14183 I SentryImuMcuAngleSender: 179.993rollDeg
05-27 19:03:24.181 13911 14183 I SentryImuMcuAngleSender: 1,0,0
05-27 19:03:24.182   299 30844 D EvsDriver: forwardFrame
05-27 19:03:24.183   299 30841 D EvsDriver: Delivered 0xb400007b7ca56a60 as id 0
05-27 19:03:24.183   299 30844 D EvsDriver: Delivered 0xb400007b7ca56900 as id 0
05-27 08:54:33.148   581   581 D spi_rst_gpio_get_output: GPIO 145 value: 1
05-27 19:03:24.183  1167  1167 D evsmanagerd: /dev/video6 forwarded the buffer #0 to 0xb4000074bf5f5510 from 0xb4000074bf5f6d90
05-27 19:03:24.184   581   581 I SpiService: fgesysctrl_getGPIO_status success val=1
05-27 19:03:24.184  1167  1479 D evsmanagerd: /dev/video4 forwarded the buffer #0 to 0xb4000074bf5f6850 from 0xb4000074bf5f41d0
05-27 08:54:33.148   581   581 D spidev_ioctl: gpio status=1)
05-27 19:03:24.187   299  1153 D EvsDriver: doneWithFrame
05-27 19:03:24.187   299  1163 D EvsDriver: doneWithFrame
05-27 19:03:24.187 23755 23785 D ANWAPI_SECOND: (23755|0x294F5CB0)[BTAPI] set_bluetooth_power : open /sys/class/gpio/gpio142/value
05-27 19:03:24.188 23755 23785 D ANWAPI_SECOND: (23755|0x294F5CB0)[BTAPI] set_bluetooth_power : open(/sys/class/gpio/gpio142/value) for write failed,fd=-1
05-27 19:03:24.188 23755 23785 D ANWAPI_SECOND: (23755|0x294F5CB0)[BTAPI] open set_bluetooth_power : write(No such file or directory) failed,errno = 2
05-27 19:03:24.188   830   830 D SurfaceFlinger: unisoc-graphics, commit has frameMissed:2, vysncId:234657
05-27 19:03:24.189   581   581 I SpiService: fgesysctrl_getGPIO_status success val=1
05-27 08:54:33.154   581   581 D spi_rst_gpio_get_output: GPIO 145 value: 1
05-27 08:54:33.154   581   581 D spidev_ioctl: gpio status=1)
05-27 19:03:24.193   536   536 D commservice260303: msg.id = 1028,1
05-27 19:03:24.193   536   536 D commservice260303: i = 170, msgid = 8A000404
05-27 19:03:24.193   536   536 D commservice260303: msgid = -1979710460,did=138
05-27 19:03:24.193   536   536 D commservice260303: CommProtocolLibCmdBaseI2C::dataproc {"command":{"id":"imu_status","sub":""},"content":{"TimeStamp":11,"FrameCounter":274172,"GD_X":-0.010766036808490753,"GD_Y":0.004809814505279064,"GD_Z":0.0020608289632946253,"AD_X":-0.010613784193992615,"AD_Y":-1.8943275790661573E-4,"AD_Z":-0.16831111907958984,"TempDsp":0,"Status":0,"CalibState":1,"SigAmpInvalid":0}},-1979710460
05-27 19:03:24.193   536   536 D commservice260303: send2Cluster len:318, 7B22636F6D6D616E64223A7B226964223A22696D755F737461747573222C22737562223A22227D2C22636F6E74656E74223A7B2254696D655374616D70223A31312C224672616D65436F756E746572223A3237343137322C2247445F58223A2D302E3031303736363033363830383439303735332C2247445F59223A302E3030343830393831343530353237393036342C2247445F5A223A302E303032303630383238393633323934363235332C2241445F58223A2D302E3031303631333738343139333939323631352C2241445F59223A2D312E38393433323735373930363631353733452D342C2241445F5A223A2D302E31363833313131313930373935383938342C2254656D70447370223A302C22537461747573223A302C2243616C69625374617465223A312C22536967416D70496E76616C6964223A307D7D, 138 
05-27 19:03:24.193   536   536 D commservice260303: Push Message into SendPool fn=-1552874496
05-27 19:03:24.193   536   536 D commservice260303: ComProtocolLibSend2Cluster::send2ClusterRaw fn=-1552874496 , len=334
05-27 19:03:24.193   536   536 D commservice260303: sendCmdToPort :334!!!
05-27 19:03:24.193   536   536 D commservice260303: send Cmd To Port ++++5AA5014A8A01000471A36A16CF7C7B22636F6D6D616E64223A7B226964223A22696D755F737461747573222C22737562223A22227D2C22636F6E74656E74223A7B2254696D655374616D70223A31312C224672616D65436F756E746572223A3237343137322C2247445F58223A2D302E3031303736363033363830383439303735332C2247445F59223A302E3030343830393831343530353237393036342C2247445F5A223A302E303032303630383238393633323934363235332C2241445F58223A2D302E3031303631333738343139333939323631352C2241445F59223A2D312E38393433323735373930363631353733452D342C2241445F5A223A2D302E31363833313131313930373935383938342C2254656D70447370223A302C22537461747573223A302C2243616C69625374617465223A312C22536967416D70496E76616C6964223A307D7D59C6
05-27 19:03:24.194   536   536 D commservice260303: bufferevent_write retrun value = 0
05-27 19:03:24.194   536   560 D commservice260303: client datas send succeed,send finish
05-27 19:03:24.194 13911 14192 D Sentinelmode_1.2.5.17_sentry: <SentryImuClusterFgeSender>imu_status sent to Linux, frame=274172, tsNs=11671434, tsMs=11, intervalMs=38, ad=(-0.010613784,-1.8943276E-4,-0.16831112), gd=(-0.010766037,0.0048098145,0.002060829)
05-27 19:03:24.195   581   581 I SpiService: fgesysctrl_getGPIO_status success val=0
05-27 19:03:24.195   481   597 I mcuc    : send SPI:6AA60080BD00020601BA
05-27 08:54:33.160   581   581 D spi_rst_gpio_get_output: GPIO 145 value: 0
05-27 08:54:33.160   581   581 D spidev_ioctl: gpio status=0)
05-27 19:03:24.202 13911 14131 D SVR_MNG_SvrMngProxy: getServer: mSvrManger is null
05-27 19:03:24.202 13911 14183 I SentryImuMcuAngleSender: 179.99649rollDeg
05-27 19:03:24.202 13911 14131 D SVR_MNG_SvrMngProxy: getNewStub: 
05-27 19:03:24.202 13911 14131 D SVR_MNG_SvrMngProxy: getNewStub: getSvrManagerService start
05-27 19:03:24.202 13911 14183 I SentryImuMcuAngleSender: 1,0,0
05-27 19:03:24.203 13911 14131 D SVR_MNG_SvrMngProxy: getNewStub: getSvrManagerService end
05-27 19:03:24.203 13911 14131 D SVR_MNG_SvrMngProxy: getServer: svrMngService doesn't start
05-27 19:03:24.205   830   830 D SurfaceFlinger: unisoc-graphics, commit has frameMissed:2, vysncId:234658
05-27 19:03:24.208  1008 30856 D [OMXB]  : usingANWBuffer: handle:0xee746aa0, format:1, w:1920, h:1080
05-27 19:03:24.210   581   581 I SpiService: fgesysctrl_getGPIO_status success val=1
05-27 08:54:33.174   581   581 D spi_rst_gpio_get_output: GPIO 145 value: 1
05-27 08:54:33.174   581   581 D spidev_ioctl: gpio status=1)
05-27 19:03:24.215   581   581 I SpiService: fgesysctrl_getGPIO_status success val=1
05-27 08:54:33.180   581   581 D spi_rst_gpio_get_output: GPIO 145 value: 1
05-27 08:54:33.180   581   581 D spidev_ioctl: gpio status=1)
05-27 19:03:24.218   299 30844 D EvsDriver: forwardFrame
05-27 19:03:24.218   299 30841 D EvsDriver: forwardFrame
05-27 19:03:24.220   283   307 I rvcservice: t.code = 1, t.value = -162870
05-27 19:03:24.221   572   622 I Sensors : 230 GyroSensor: x:-0.011301,y:0.005115,z:0.001985
05-27 19:03:24.221   581   581 I SpiService: fgesysctrl_getGPIO_status success val=1
05-27 08:54:33.185   581   581 D spidev_ioctl: gpio status=1)
05-27 19:03:24.222   299 30844 D EvsDriver: Delivered 0xb400007b7ca56900 as id 0
05-27 19:03:24.222  1167  1167 D evsmanagerd: /dev/video6 forwarded the buffer #0 to 0xb4000074bf5f5510 from 0xb4000074bf5f6d90
05-27 19:03:24.223 13911 14183 I SentryImuMcuAngleSender: 179.97899rollDeg
05-27 19:03:24.223 13911 14183 I SentryImuMcuAngleSender: 1,0,0
05-27 19:03:24.224  1167  1167 D evsmanagerd: /dev/video4 forwarded the buffer #0 to 0xb4000074bf5f6850 from 0xb4000074bf5f41d0
05-27 19:03:24.224   299 30841 D EvsDriver: Delivered 0xb400007b7ca56a60 as id 0
05-27 19:03:24.225   299  1163 D EvsDriver: doneWithFrame
05-27 19:03:24.227   581   581 I SpiService: fgesysctrl_getGPIO_status success val=1
05-27 08:54:33.191   581   581 D spi_rst_gpio_get_output: GPIO 145 value: 1
05-27 08:54:33.191   581   581 D spidev_ioctl: gpio status=1)
05-27 19:03:24.231   299  1163 D EvsDriver: doneWithFrame
05-27 08:54:33.197   581   581 D spi_rst_gpio_get_output: GPIO 145 value: 1
05-27 08:54:33.197   581   581 D spidev_ioctl: gpio status=1)
05-27 19:03:24.232   581   581 I SpiService: fgesysctrl_getGPIO_status success val=1
05-27 19:03:24.236   536   536 D commservice260303: msg.id = 1028,0
05-27 19:03:24.236   536   536 D commservice260303: i = 170, msgid = 8A000404
05-27 19:03:24.236   536   536 D commservice260303: msgid = -1979710460,did=138
05-27 19:03:24.236   536   536 D commservice260303: CommProtocolLibCmdBaseI2C::dataproc {"command":{"id":"imu_status","sub":""},"content":{"TimeStamp":11,"FrameCounter":274173,"GD_X":-0.011300750076770782,"GD_Y":0.0051151420921087265,"GD_Z":0.0019848872907459736,"AD_X":-0.0014572888612747192,"AD_Y":0.002845108974725008,"AD_Z":-0.16952991485595703,"TempDsp":0,"Status":0,"CalibState":1,"SigAmpInvalid":0}},-1979710460
05-27 19:03:24.236   536   536 D commservice260303: send2Cluster len:318, 7B22636F6D6D616E64223A7B226964223A22696D755F737461747573222C22737562223A22227D2C22636F6E74656E74223A7B2254696D655374616D70223A31312C224672616D65436F756E746572223A3237343137332C2247445F58223A2D302E3031313330303735303037363737303738322C2247445F59223A302E303035313135313432303932313038373236352C2247445F5A223A302E303031393834383837323930373435393733362C2241445F58223A2D302E303031343537323838383631323734373139322C2241445F59223A302E3030323834353130383937343732353030382C2241445F5A223A2D302E31363935323939313438353539353730332C2254656D70447370223A302C22537461747573223A302C2243616C69625374617465223A312C22536967416D70496E76616C6964223A307D7D, 138 
05-27 19:03:24.236   536   536 D commservice260303: Push Message into SendPool fn=-1536097280
05-27 19:03:24.236   536   536 D commservice260303: ComProtocolLibSend2Cluster::send2ClusterRaw fn=-1536097280 , len=334
05-27 19:03:24.236   536   536 D commservice260303: sendCmdToPort :334!!!
05-27 19:03:24.236   536   536 D commservice260303: send Cmd To Port ++++5AA5014A8A01000471A46A16CF7C7B22636F6D6D616E64223A7B226964223A22696D755F737461747573222C22737562223A22227D2C22636F6E74656E74223A7B2254696D655374616D70223A31312C224672616D65436F756E746572223A3237343137332C2247445F58223A2D302E3031313330303735303037363737303738322C2247445F59223A302E303035313135313432303932313038373236352C2247445F5A223A302E303031393834383837323930373435393733362C2241445F58223A2D302E303031343537323838383631323734373139322C2241445F59223A302E3030323834353130383937343732353030382C2241445F5A223A2D302E31363935323939313438353539353730332C2254656D70447370223A302C22537461747573223A302C2243616C69625374617465223A312C22536967416D70496E76616C6964223A307D7D6D31
05-27 19:03:24.236   536   536 D commservice260303: bufferevent_write retrun value = 0
