05-27 19:03:22.668  1083  1083 W MyAppLog: [2026-05-27 19:03:22.658 W tboxap mcuHandleQueryInd:1700] [Mcu] [mcuHandleQueryInd] unknown query item:0x56
05-27 19:03:22.668  1083  1083 W MyAppLog: [2026-05-27 19:03:22.658 W tboxap mcuHandleQueryInd:1700] [Mcu] [mcuHandleQueryInd] unknown query item:0x56
05-27 19:03:22.668  1083  1083 W MyAppLog: [2026-05-27 19:03:22.658 W tboxap mcuHandleQueryInd:1700] [Mcu] [mcuHandleQueryInd] unknown query item:0x56
05-27 19:03:22.669  1083  1083 W MyAppLog: [2026-05-27 19:03:22.658 W tboxap mcuHandleQueryInd:1700] [Mcu] [mcuHandleQueryInd] unknown query item:0x56
05-27 19:03:22.669  1008 30856 D [OMXB]  : usingANWBuffer: handle:0xee743190, format:1, w:1920, h:1080
05-27 19:03:22.669  1083  1083 W MyAppLog: [2026-05-27 19:03:22.658 W tboxap mcuHandleQueryInd:1700] [Mcu] [mcuHandleQueryInd] unknown query item:0x56
05-27 19:03:22.669  1083  1083 W MyAppLog: [2026-05-27 19:03:22.658 W tboxap mcuHandleQueryInd:1700] [Mcu] [mcuHandleQueryInd] unknown query item:0x56
05-27 19:03:22.669  1083  1083 W MyAppLog: [2026-05-27 19:03:22.658 W tboxap mcuHandleQueryInd:1700] [Mcu] [mcuHandleQueryInd] unknown query item:0x56
05-27 19:03:22.669  1083  1083 W MyAppLog: [2026-05-27 19:03:22.658 W tboxap mcuHandleQueryInd:1700] [Mcu] [mcuHandleQueryInd] unknown query item:0x56
05-27 19:03:22.669  1083  1083 W MyAppLog: [2026-05-27 19:03:22.658 W tboxap mcuHandleQueryInd:1700] [Mcu] [mcuHandleQueryInd] unknown query item:0x56
05-27 19:03:22.669  1083  1083 W MyAppLog: [2026-05-27 19:03:22.658 W tboxap mcuHandleQueryInd:1700] [Mcu] [mcuHandleQueryInd] unknown query item:0x56
05-27 19:03:22.670  1083  1083 W MyAppLog: [2026-05-27 19:03:22.658 W tboxap mcuHandleQueryInd:1700] [Mcu] [mcuHandleQueryInd] unknown query item:0x56
05-27 19:03:22.670  1083  1083 W MyAppLog: [2026-05-27 19:03:22.658 W tboxap mcuHandleQueryInd:1700] [Mcu] [mcuHandleQueryInd] unknown query item:0x56
05-27 19:03:22.670  1083  1083 W MyAppLog: [2026-05-27 19:03:22.658 W tboxap mcuHandleQueryInd:1700] [Mcu] [mcuHandleQueryInd] unknown query item:0x56
05-27 19:03:22.671 13911 14183 I SentryImuMcuAngleSender: 179.97897rollDeg
05-27 19:03:22.671 13911 14183 I SentryImuMcuAngleSender: 1,0,0
05-27 19:03:22.673   581   581 I SpiService: fgesysctrl_getGPIO_status success val=1
05-27 19:03:22.678   581   581 I SpiService: fgesysctrl_getGPIO_status success val=0
05-27 19:03:22.678   830   830 D SurfaceFlinger: unisoc-graphics, commit has frameMissed:2, vysncId:234588
05-27 19:03:22.679   481   597 I mcuc    : send SPI:6AA602EB080002890080
05-27 08:54:31.643   581   581 D spi_rst_gpio_get_output: GPIO 145 value: 0
05-27 08:54:31.643   581   581 D spidev_ioctl: gpio status=0)
05-27 19:03:22.684   299 30844 D EvsDriver: forwardFrame
05-27 19:03:22.688   299 30841 D EvsDriver: forwardFrame
05-27 19:03:22.688   299 30844 D EvsDriver: Delivered 0xb400007b7ca56900 as id 0
05-27 19:03:22.688  1167  1167 D evsmanagerd: /dev/video6 forwarded the buffer #0 to 0xb4000074bf5f5510 from 0xb4000074bf5f6d90
05-27 19:03:22.689  1167  1167 D evsmanagerd: /dev/video4 forwarded the buffer #0 to 0xb4000074bf5f6850 from 0xb4000074bf5f41d0
05-27 19:03:22.691  1008 30857 D [OMXB]  : usingANWBuffer: handle:0xee747180, format:1, w:1920, h:1080
05-27 19:03:22.692 13911 14183 I SentryImuMcuAngleSender: 179.97546rollDeg
05-27 19:03:22.692 13911 14183 I SentryImuMcuAngleSender: 1,0,0
05-27 19:03:22.692   299 30841 D EvsDriver: Delivered 0xb400007b7ca56a60 as id 0
05-27 19:03:22.692   299  1163 D EvsDriver: doneWithFrame
05-27 19:03:22.692   299  1153 D EvsDriver: doneWithFrame
05-27 19:03:22.693   581   581 I SpiService: fgesysctrl_getGPIO_status success val=1
05-27 19:03:22.694   536   560 D commservice260303: recv len:77, 5AA5004906000000447C6A16CF7A7B22636F6D6D616E64223A7B226964223A226473695F6C7578222C22737562223A22227D2C22636F6E74656E74223A7B2276616C7565223A3230307D7DB467 from server
05-27 19:03:22.694   536  2578 D commservice260303: mcuDataAnalyzeHandle templen:77,len:77,pos:0, 5AA5004906000000447C6A16CF7A7B22636F6D6D616E64223A7B226964223A226473695F6C7578222C22737562223A22227D2C22636F6E74656E74223A7B2276616C7565223A3230307D7DB467 
05-27 19:03:22.694   536  2578 I commservice260303: checksumCal = 46183
05-27 19:03:22.694   536  2578 D commservice260303: CommProtocolLibCmdBaseC2I::dataproc {"command":{"id":"dsi_lux","sub":""},"content":{"value":200}},6
05-27 19:03:22.694   536  2578 D commservice260303: mcuCommMessageManager::notifyMsgToClient hwbinder OK
05-27 19:03:22.694   536  2578 D commservice260303: McuProtocolLibSend2Service::send2Service ret=1
05-27 19:03:22.695   830   830 D SurfaceFlinger: unisoc-graphics, commit has frameMissed:2, vysncId:234589
05-27 08:54:31.658   581   581 D spi_rst_gpio_get_output: GPIO 145 value: 1
05-27 08:54:31.658   581   581 D spidev_ioctl: gpio status=1)
05-27 19:03:22.698   536   536 D commservice260303: msg.id = 1028,0
05-27 19:03:22.698   536   536 D commservice260303: i = 170, msgid = 8A000404
05-27 19:03:22.698   536   536 D commservice260303: msgid = -1979710460,did=138
05-27 19:03:22.698 12246 12440 D ivicomm_CommManager: fgeComServiceCallback: {"command":{"id":"dsi_lux","sub":""},"content":{"value":200}}
05-27 19:03:22.698   536   536 D commservice260303: CommProtocolLibCmdBaseI2C::dataproc {"command":{"id":"imu_status","sub":""},"content":{"TimeStamp":11,"FrameCounter":274136,"GD_X":-0.012063807807862759,"GD_Y":0.0057257963344454765,"GD_Z":0.00259606190957129,"AD_X":-0.006262749433517456,"AD_Y":0.00357219111174345,"AD_Z":-0.16831111907958984,"TempDsp":0,"Status":0,"CalibState":1,"SigAmpInvalid":0}},-1979710460
05-27 19:03:22.698   536   536 D commservice260303: send2Cluster len:314, 7B22636F6D6D616E64223A7B226964223A22696D755F737461747573222C22737562223A22227D2C22636F6E74656E74223A7B2254696D655374616D70223A31312C224672616D65436F756E746572223A3237343133362C2247445F58223A2D302E3031323036333830373830373836323735392C2247445F59223A302E303035373235373936333334343435343736352C2247445F5A223A302E30303235393630363139303935373132392C2241445F58223A2D302E3030363236323734393433333531373435362C2241445F59223A302E30303335373231393131313137343334352C2241445F5A223A2D302E31363833313131313930373935383938342C2254656D70447370223A302C22537461747573223A302C2243616C69625374617465223A312C22536967416D70496E76616C6964223A307D7D, 138 
05-27 19:03:22.698   536   536 D commservice260303: Push Message into SendPool fn=2121335808
05-27 19:03:22.698   536   536 D commservice260303: ComProtocolLibSend2Cluster::send2ClusterRaw fn=2121335808 , len=330
05-27 19:03:22.698   536   536 D commservice260303: sendCmdToPort :330!!!
05-27 19:03:22.699   536   536 D commservice260303: send Cmd To Port ++++5AA501468A010004717E6A16CF7A7B22636F6D6D616E64223A7B226964223A22696D755F737461747573222C22737562223A22227D2C22636F6E74656E74223A7B2254696D655374616D70223A31312C224672616D65436F756E746572223A3237343133362C2247445F58223A2D302E3031323036333830373830373836323735392C2247445F59223A302E303035373235373936333334343435343736352C2247445F5A223A302E30303235393630363139303935373132392C2241445F58223A2D302E3030363236323734393433333531373435362C2241445F59223A302E30303335373231393131313137343334352C2241445F5A223A2D302E31363833313131313930373935383938342C2254656D70447370223A302C22537461747573223A302C2243616C69625374617465223A312C22536967416D70496E76616C6964223A307D7D8AD4
05-27 19:03:22.699   581   581 I SpiService: fgesysctrl_getGPIO_status success val=1
05-27 19:03:22.699   536   536 D commservice260303: bufferevent_write retrun value = 0
05-27 19:03:22.699 12246 12440 D ivicomm_CallbackManager: registerCallback DSI_LUX: {"value":200} mCommStateCallbackMap size:4
05-27 19:03:22.699   536   560 D commservice260303: client datas send succeed,send finish
05-27 19:03:22.699 13911 14192 D Sentinelmode_1.2.5.17_sentry: <SentryImuClusterFgeSender>imu_status sent to Linux, frame=274136, tsNs=11669937, tsMs=11, intervalMs=39, ad=(-0.0062627494,0.003572191,-0.16831112), gd=(-0.012063808,0.0057257963,0.002596062)
05-27 19:03:22.699 11579 11719 D NSLogUtils_VehicleService: L2A comm state: id=dsi_lux, value=200
05-27 19:03:22.702 11344  6590 D SystemUI_SystemSettingsControllerService: onCommState: commandID = dsi_lux; value = 200
05-27 19:03:22.704   581   581 I SpiService: fgesysctrl_getGPIO_status success val=1
05-27 08:54:31.669   581   581 D spi_rst_gpio_get_output: GPIO 145 value: 1
05-27 08:54:31.669   581   581 D spidev_ioctl: gpio status=1)
05-27 19:03:22.710   581   581 I SpiService: fgesysctrl_getGPIO_status success val=1
05-27 19:03:22.712   283   307 I rvcservice: t.code = 3, t.value = 0
05-27 19:03:22.712 13911 14183 I SentryImuMcuAngleSender: 179.97548rollDeg
05-27 19:03:22.712 13911 14183 I SentryImuMcuAngleSender: 1,0,0
05-27 19:03:22.713   299 30844 D EvsDriver: forwardFrame
05-27 19:03:22.715   299 30844 D EvsDriver: Delivered 0xb400007b7ca56900 as id 0
05-27 19:03:22.715  1167  1479 D evsmanagerd: /dev/video6 forwarded the buffer #0 to 0xb4000074bf5f5510 from 0xb4000074bf5f6d90
05-27 19:03:22.718   581   581 I SpiService: fgesysctrl_getGPIO_status success val=0
05-27 19:03:22.719   299  1153 D EvsDriver: doneWithFrame
05-27 19:03:22.721   299 30841 D EvsDriver: forwardFrame
05-27 19:03:22.723  1167  1479 D evsmanagerd: /dev/video4 forwarded the buffer #0 to 0xb4000074bf5f6850 from 0xb4000074bf5f41d0
05-27 19:03:22.723   299 30841 D EvsDriver: Delivered 0xb400007b7ca56a60 as id 0
05-27 19:03:22.728   299  1153 D EvsDriver: doneWithFrame
05-27 19:03:22.733   481   598 I mcuc    : rev,n=1,6AA681EB09000B8300E000000000000000001D
05-27 19:03:22.733   351   373 D automotive.vehicle@2.0-adayo-datacomm-mcu: MCUDatacomm sendMessageFromVehicle prop: 0x83, areaId: 0x0, status: 0x0, timestamp: 0x0
05-27 19:03:22.733   351   373 D automotive.vehicle@2.0-adayo-datacomm-mcu: MCUDatacomm 1sendMessageFromVehicle ---> type = 7 
05-27 19:03:22.733   351   373 I automotive.vehicle@2.0-adayo-func-mcu: MCUFunc :sendMessageFromVehicle  msgBuff[0] = 131 
05-27 19:03:22.733   351   373 I automotive.vehicle@2.0-adayo-func-mcu: MCUFunc :sendMessageFromVehicle  msgBuff[1] = 0 
05-27 19:03:22.733   351   373 I automotive.vehicle@2.0-adayo-func-mcu: MCUFunc :sendMessageFromVehicle  msgBuff[2] = 0 
05-27 19:03:22.733   351   373 I automotive.vehicle@2.0-adayo-func-mcu: MCUFunc :sendMessageFromVehicle  msgBuff[3] = 0 
05-27 19:03:22.733 13911 14183 I SentryImuMcuAngleSender: 179.97198rollDeg
05-27 19:03:22.733   351   373 I automotive.vehicle@2.0-adayo-func-mcu: MCUFunc :sendMessageFromVehicle  msgBuff[4] = 3 
05-27 19:03:22.733   351   373 I automotive.vehicle@2.0-adayo-func-mcu: MCUFunc :sendMessageFromVehicle  msgBuff[5] = 1 
05-27 19:03:22.733   351   373 I automotive.vehicle@2.0-adayo-func-mcu: MCUFunc :sendMessageFromVehicle  msgBuff[6] = 0 
05-27 19:03:22.733 13911 14183 I SentryImuMcuAngleSender: 1,0,0
05-27 19:03:22.733   351   373 I automotive.vehicle@2.0-adayo-func-mcu: MCUFunc :sendMessageFromVehicle  msgBuff[7] = 0 
05-27 19:03:22.733   581   581 I SpiService: fgesysctrl_getGPIO_status success val=1
05-27 19:03:22.734   351   373 I automotive.vehicle@2.0-adayo-func-mcu: MCUFunc :sendMessageFromVehicle  msgBuff[8] = 0 
05-27 19:03:22.734   351   373 I automotive.vehicle@2.0-adayo-func-mcu: MCUFunc :sendMessageFromVehicle  msgBuff[9] = 0 
05-27 19:03:22.734   351   373 I automotive.vehicle@2.0-adayo-func-mcu: MCUFunc :sendMessageFromVehicle  msgBuff[10] = 0 
05-27 19:03:22.734   351   373 I automotive.vehicle@2.0-adayo-func-mcu: MCUFunc :sendMessageFromVehicle  msgBuff[11] = 0 
05-27 19:03:22.734   351   373 I automotive.vehicle@2.0-adayo-func-mcu: MCUFunc :sendMessageFromVehicle  msgBuff[12] = 0 
05-27 19:03:22.734   351   373 I automotive.vehicle@2.0-adayo-func-mcu: MCUFunc :sendMessageFromVehicle  msgBuff[13] = 0 
05-27 19:03:22.734   351   373 I automotive.vehicle@2.0-adayo-func-mcu: MCUFunc :sendMessageFromVehicle  msgBuff[14] = 0 
05-27 19:03:22.734   351   373 I automotive.vehicle@2.0-adayo-func-mcu: MCUFunc :sendMessageFromVehicle  msgBuff[15] = 0 
05-27 19:03:22.734   351   373 I automotive.vehicle@2.0-adayo-func-mcu: MCUFunc :sendMessageFromVehicle  msgBuff[16] = 0 
05-27 19:03:22.735   481   598 I mcuc    : rev,n=2,6AA681EB0A0003841500EE
05-27 19:03:22.737   481   598 I mcuc    : rev,n=3,6AA681EB0B008C8305000055000000B0000000000001000100008DA470B1B6D24B70B770B60E7670B6E16E70B7B233959E3F672E00000000040000B3000000000000000000000000000000B44300000000000300000000000000AA000000E40701010000000000000000BB06050507EA051B000008009403CB00CC000000000000000000000000000000B50000000000000000E1
05-27 19:03:22.737   351   373 D automotive.vehicle@2.0-adayo-datacomm-mcu: MCUDatacomm sendMessageFromVehicle prop: 0x83, areaId: 0x5, status: 0x0, timestamp: 0x0
05-27 19:03:22.737   351   373 D automotive.vehicle@2.0-adayo-datacomm-mcu: MCUDatacomm 1sendMessageFromVehicle ---> type = 7 
05-27 19:03:22.737   351   373 I automotive.vehicle@2.0-adayo-func-mcu: MCUFunc :sendMessageFromVehicle  msgBuff[0] = 131 
05-27 19:03:22.737   351   373 I automotive.vehicle@2.0-adayo-func-mcu: MCUFunc :sendMessageFromVehicle  msgBuff[1] = 5 
05-27 19:03:22.737   351   373 I automotive.vehicle@2.0-adayo-func-mcu: MCUFunc :sendMessageFromVehicle  msgBuff[2] = 0 
05-27 19:03:22.738   351   373 I automotive.vehicle@2.0-adayo-func-mcu: MCUFunc :sendMessageFromVehicle  msgBuff[3] = 0 
05-27 19:03:22.738   351   373 I automotive.vehicle@2.0-adayo-func-mcu: MCUFunc :sendMessageFromVehicle  msgBuff[4] = 85 
05-27 19:03:22.738   351   373 I automotive.vehicle@2.0-adayo-func-mcu: MCUFunc :sendMessageFromVehicle  msgBuff[5] = 0 
05-27 19:03:22.739   581   581 I SpiService: fgesysctrl_getGPIO_status success val=1
05-27 19:03:22.740   536   536 D commservice260303: msg.id = 1028,0
05-27 19:03:22.740   536   536 D commservice260303: i = 170, msgid = 8A000404
05-27 19:03:22.740   536   536 D commservice260303: msgid = -1979710460,did=138
05-27 19:03:22.740   536   536 D commservice260303: CommProtocolLibCmdBaseI2C::dataproc {"command":{"id":"imu_status","sub":""},"content":{"TimeStamp":11,"FrameCounter":274137,"GD_X":-0.01221725158393383,"GD_Y":0.005345047451555729,"GD_Z":0.0019848872907459736,"AD_X":-0.009881481528282166,"AD_Y":0.004156685434281826,"AD_Z":-0.17197418212890625,"TempDsp":0,"Status":0,"CalibState":1,"SigAmpInvalid":0}},-1979710460
05-27 19:03:22.740   536   536 D commservice260303: send2Cluster len:315, 7B22636F6D6D616E64223A7B226964223A22696D755F737461747573222C22737562223A22227D2C22636F6E74656E74223A7B2254696D655374616D70223A31312C224672616D65436F756E746572223A3237343133372C2247445F58223A2D302E30313232313732353135383339333338332C2247445F59223A302E3030353334353034373435313535353732392C2247445F5A223A302E303031393834383837323930373435393733362C2241445F58223A2D302E3030393838313438313532383238323136362C2241445F59223A302E3030343135363638353433343238313832362C2241445F5A223A2D302E31373139373431383231323839303632352C2254656D70447370223A302C22537461747573223A302C2243616C69625374617465223A312C22536967416D70496E76616C6964223A307D7D, 138 
05-27 19:03:22.740   536   536 D commservice260303: Push Message into SendPool fn=2138113024
05-27 19:03:22.740   536   536 D commservice260303: ComProtocolLibSend2Cluster::send2ClusterRaw fn=2138113024 , len=331
05-27 19:03:22.740   536   536 D commservice260303: sendCmdToPort :331!!!
05-27 19:03:22.741   536   536 D commservice260303: send Cmd To Port ++++5AA501478A010004717F6A16CF7A7B22636F6D6D616E64223A7B226964223A22696D755F737461747573222C22737562223A22227D2C22636F6E74656E74223A7B2254696D655374616D70223A31312C224672616D65436F756E746572223A3237343133372C2247445F58223A2D302E30313232313732353135383339333338332C2247445F59223A302E3030353334353034373435313535353732392C2247445F5A223A302E303031393834383837323930373435393733362C2241445F58223A2D302E3030393838313438313532383238323136362C2241445F59223A302E3030343135363638353433343238313832362C2241445F5A223A2D302E31373139373431383231323839303632352C2254656D70447370223A302C22537461747573223A302C2243616C69625374617465223A312C22536967416D70496E76616C6964223A307D7D8EF4
05-27 19:03:22.741   536   536 D commservice260303: bufferevent_write retrun value = 0
05-27 19:03:22.741   536   560 D commservice260303: client datas send succeed,send finish
05-27 19:03:22.742 13911 14192 D Sentinelmode_1.2.5.17_sentry: <SentryImuClusterFgeSender>imu_status sent to Linux, frame=274137, tsNs=11669974, tsMs=11, intervalMs=42, ad=(-0.0098814815,0.0041566854,-0.17197418), gd=(-0.012217252,0.0053450475,0.0019848873)
05-27 19:03:22.743 13911 14183 I SentryImuMcuAngleSender: [4, 18, 1, 0, 0],5
05-27 19:03:22.743 13911 14183 I McuCommManager: mcuCommSendcmd [4, 18, 1, 0, 0]
05-27 19:03:22.744 15863 15888 I ech.lyra.daemon: Background concurrent copying GC freed 209465(8631KB) AllocSpace objects, 812(15MB) LOS objects, 71% free, 9945KB/33MB, paused 79us,126us total 102.662ms
05-27 08:54:31.710   581   581 D spi_rst_gpio_get_output: GPIO 145 value: 1
05-27 19:03:22.745 13911 14183 I SentryImuMcuAngleSender: true
05-27 19:03:22.745 13911 14183 W Sentinelmode_1.2.5.17_sentry: <SentryImuMcuAngleSender>MCU IMU send interval abnormal: 1000ms
05-27 19:03:22.745   581   581 I SpiService: fgesysctrl_getGPIO_status success val=1
05-27 19:03:22.748 15863 16069 D AIN-HttpHealthPolicy: response: 200, cost=213
05-27 08:54:31.710   581   581 D spidev_ioctl: gpio status=1)
05-27 19:03:22.749 15863 16068 D AIN-PingWorker: updateHost: result=true,host=www.bilibili.com,delay=213
05-27 19:03:22.749 15863 16068 D AIN-NetCheckerOutputer: onHealthy
05-27 19:03:22.750 15863 16068 D AIN-ServiceHub: getService with: name = service_tracker
05-27 19:03:22.751   581   581 I SpiService: fgesysctrl_getGPIO_status success val=1
05-27 08:54:31.715   581   581 D spi_rst_gpio_get_output: GPIO 145 value: 1
05-27 08:54:31.715   581   581 D spidev_ioctl: gpio status=1)
05-27 19:03:22.753  1008 30856 D [OMXB]  : usingANWBuffer: handle:0xee7406f0, format:1, w:1920, h:1080
05-27 19:03:22.753 13911 13911 I Sentinelmode_1.2.5.17_sentry: <SentinelCarServiceManager>sensorType:291504647
05-27 19:03:22.754 13911 14183 I SentryImuMcuAngleSender: 179.96848rollDeg
05-27 19:03:22.754 13911 14183 I SentryImuMcuAngleSender: 1,0,0
05-27 19:03:22.756   581   581 I SpiService: fgesysctrl_getGPIO_status success val=0
05-27 19:03:22.756   481   597 I mcuc    : send SPI:6AA602EB0900028300856AA602EB0A000284156E6AA602EB0B000283057E6AA60080BA00050412010000AA
05-27 08:54:31.721   581   581 D spi_rst_gpio_get_output: GPIO 145 value: 0
05-27 08:54:31.721   581   581 D spidev_ioctl: gpio status=0)
05-27 19:03:22.758   572   622 I Sensors : 230 AccelSensor: x:-0.176900,y:0.003659,z:-9.973500
05-27 19:03:22.759   299 30841 D EvsDriver: forwardFrame
05-27 19:03:22.759   299 30844 D EvsDriver: forwardFrame
05-27 19:03:22.762   299 30844 D EvsDriver: Delivered 0xb400007b7ca56900 as id 0
05-27 19:03:22.762   299 30841 D EvsDriver: Delivered 0xb400007b7ca56a60 as id 0
05-27 19:03:22.762  1167  1167 D evsmanagerd: /dev/video4 forwarded the buffer #0 to 0xb4000074bf5f6850 from 0xb4000074bf5f41d0
05-27 19:03:22.762  1167  1479 D evsmanagerd: /dev/video6 forwarded the buffer #0 to 0xb4000074bf5f5510 from 0xb4000074bf5f6d90
05-27 19:03:22.763 30773 30773 E dvr_service_: [myNum:1] Received S**** loss
05-27 19:03:22.763   830   830 D SurfaceFlinger: unisoc-graphics, commit has frameMissed:2, vysncId:234592
05-27 19:03:22.764   299  1153 D EvsDriver: doneWithFrame
05-27 19:03:22.769   299  1153 D EvsDriver: doneWithFrame
05-27 19:03:22.771   581   581 I SpiService: fgesysctrl_getGPIO_status success val=1
05-27 08:54:31.735   581   581 D spi_rst_gpio_get_output: GPIO 145 value: 1
05-27 08:54:31.735   581   581 D spidev_ioctl: gpio status=1)
05-27 19:03:22.774 13911 14183 I SentryImuMcuAngleSender: 179.97897rollDeg
05-27 19:03:22.775 13911 14183 I SentryImuMcuAngleSender: 1,0,0
05-27 19:03:22.776   581   581 I SpiService: fgesysctrl_getGPIO_status success val=1
05-27 08:54:31.741   581   581 D spi_rst_gpio_get_output: GPIO 145 value: 1
05-27 08:54:31.741   581   581 D spidev_ioctl: gpio status=1)
05-27 19:03:22.778   536   536 D commservice260303: msg.id = 1028,0
05-27 19:03:22.779   536   536 D commservice260303: i = 170, msgid = 8A000404
05-27 19:03:22.779   536   536 D commservice260303: msgid = -1979710460,did=138
05-27 19:03:22.779   536   536 D commservice260303: CommProtocolLibCmdBaseI2C::dataproc {"command":{"id":"imu_status","sub":""},"content":{"TimeStamp":11,"FrameCounter":274138,"GD_X":-0.01160607673227787,"GD_Y":0.0056498548947274685,"GD_Z":0.0022902146447449923,"AD_X":-0.0037439465522766113,"AD_Y":0.002295246347784996,"AD_Z":-0.16587448120117188,"TempDsp":0,"Status":0,"CalibState":1,"SigAmpInvalid":0}},-1979710460
05-27 19:03:22.779   536   536 D commservice260303: send2Cluster len:317, 7B22636F6D6D616E64223A7B226964223A22696D755F737461747573222C22737562223A22227D2C22636F6E74656E74223A7B2254696D655374616D70223A31312C224672616D65436F756E746572223A3237343133382C2247445F58223A2D302E30313136303630373637333232373738372C2247445F59223A302E303035363439383534383934373237343638352C2247445F5A223A302E303032323930323134363434373434393932332C2241445F58223A2D302E303033373433393436353532323736363131332C2241445F59223A302E3030323239353234363334373738343939362C2241445F5A223A2D302E31363538373434383132303131373138382C2254656D70447370223A302C22537461747573223A302C2243616C69625374617465223A312C22536967416D70496E76616C6964223A307D7D, 138 
05-27 19:03:22.779   536   536 D commservice260303: Push Message into SendPool fn=-2140077056
05-27 19:03:22.779   536   536 D commservice260303: ComProtocolLibSend2Cluster::send2ClusterRaw fn=-2140077056 , len=333
05-27 19:03:22.779   536   536 D commservice260303: sendCmdToPort :333!!!
05-27 19:03:22.779   536   536 D commservice260303: send Cmd To Port ++++5AA501498A01000471806A16CF7A7B22636F6D6D616E64223A7B226964223A22696D755F737461747573222C22737562223A22227D2C22636F6E74656E74223A7B2254696D655374616D70223A31312C224672616D65436F756E746572223A3237343133382C2247445F58223A2D302E30313136303630373637333232373738372C2247445F59223A302E303035363439383534383934373237343638352C2247445F5A223A302E303032323930323134363434373434393932332C2241445F58223A2D302E303033373433393436353532323736363131332C2241445F59223A302E3030323239353234363334373738343939362C2241445F5A223A2D302E31363538373434383132303131373138382C2254656D70447370223A302C22537461747573223A302C2243616C69625374617465223A312C22536967416D70496E76616C6964223A307D7D2EBC
05-27 19:03:22.779   536   536 D commservice260303: bufferevent_write retrun value = 0
05-27 19:03:22.779 13911 14192 D Sentinelmode_1.2.5.17_sentry: <SentryImuClusterFgeSender>imu_status sent to Linux, frame=274138, tsNs=11670026, tsMs=11, intervalMs=38, ad=(-0.0037439466,0.0022952463,-0.16587448), gd=(-0.011606077,0.005649855,0.0022902146)
05-27 19:03:22.779 23753 23753 I ADAYO_LOG_TRACE_KERNEL: execute interrupt
05-27 19:03:22.780   536   560 D commservice260303: client datas send succeed,send finish
05-27 19:03:22.780   830   830 D SurfaceFlinger: unisoc-graphics, commit has frameMissed:2, vysncId:234593
05-27 19:03:22.782   581   581 I SpiService: fgesysctrl_getGPIO_status success val=1
05-27 08:54:31.747   581   581 D spi_rst_gpio_get_output: GPIO 145 value: 1
05-27 08:54:31.747   581   581 D spidev_ioctl: gpio status=1)
05-27 19:03:22.788   581   581 I SpiService: fgesysctrl_getGPIO_status success val=1
05-27 08:54:31.752   581   581 D spi_rst_gpio_get_output: GPIO 145 value: 1
05-27 08:54:31.752   581   581 D spidev_ioctl: gpio status=1)
05-27 19:03:22.792   299 30844 D EvsDriver: forwardFrame
05-27 19:03:22.792   299 30841 D EvsDriver: forwardFrame
05-27 19:03:22.795   581   581 I SpiService: fgesysctrl_getGPIO_status success val=1
05-27 19:03:22.796   299 30844 D EvsDriver: Delivered 0xb400007b7ca56900 as id 0
05-27 19:03:22.797  1167  1479 D evsmanagerd: /dev/video6 forwarded the buffer #0 to 0xb4000074bf5f5510 from 0xb4000074bf5f6d90
05-27 19:03:22.797  1167  1167 D evsmanagerd: /dev/video4 forwarded the buffer #0 to 0xb4000074bf5f6850 from 0xb4000074bf5f41d0
05-27 19:03:22.798 30773 30773 E dvr_service_: [myNum:0] Received S**** loss
05-27 19:03:22.798 13911 14183 I SentryImuMcuAngleSender: 179.98247rollDeg
05-27 19:03:22.798 13911 14183 I SentryImuMcuAngleSender: 1,0,0
05-27 08:54:31.758   581   581 D spi_rst_gpio_get_output: GPIO 145 value: 1
05-27 19:03:22.798   299  1153 D EvsDriver: doneWithFrame
05-27 19:03:22.799   299 30841 D EvsDriver: Delivered 0xb400007b7ca56a60 as id 0
05-27 19:03:22.801   581   581 I SpiService: fgesysctrl_getGPIO_status success val=0
05-27 08:54:31.758   581   581 D spidev_ioctl: gpio status=1)
05-27 08:54:31.765   581   581 D spi_rst_gpio_get_output: GPIO 145 value: 0
05-27 08:54:31.765   581   581 D spidev_ioctl: gpio status=0)
05-27 19:03:22.802   299  1153 D EvsDriver: doneWithFrame
05-27 19:03:22.812  1008 30857 D [OMXB]  : usingANWBuffer: handle:0xee742690, format:1, w:1920, h:1080
05-27 19:03:22.812   283   307 I rvcservice: t.code = 4, t.value = 0
05-27 19:03:22.812   299 30841 D EvsDriver: forwardFrame
05-27 19:03:22.814 15286 23185 D okhttp.TaskRunner: Q10007 scheduled after   0 µs: OkHttp ConnectionPool
05-27 19:03:22.815   299 30841 D EvsDriver: Delivered 0xb400007b7ca56a60 as id 0
05-27 19:03:22.815  1167  1167 D evsmanagerd: /dev/video4 forwarded the buffer #0 to 0xb4000074bf5f6850 from 0xb4000074bf5f41d0
05-27 19:03:22.815 15286 20914 D okhttp.TaskRunner: Q10007 starting              : OkHttp ConnectionPool
05-27 19:03:22.815 15286 20914 D okhttp.TaskRunner: Q10007 run again after 300 s : OkHttp ConnectionPool
05-27 19:03:22.815 15286 20914 D okhttp.TaskRunner: Q10007 finished run in 414 µs: OkHttp ConnectionPool
05-27 08:54:31.782   581   581 D spi_rst_gpio_get_output: GPIO 145 value: 1
05-27 08:54:31.782   581   581 D spidev_ioctl: gpio status=1)
05-27 19:03:22.818   581   581 I SpiService: fgesysctrl_getGPIO_status success val=1
05-27 19:03:22.818 23754 23754 I ADAYO_LOG_TRACE_KERNEL: execute end
05-27 19:03:22.818 13911 14183 I SentryImuMcuAngleSender: 179.97897rollDeg
05-27 19:03:22.819 13911 14183 I SentryImuMcuAngleSender: 1,0,0
05-27 19:03:22.819   299  1153 D EvsDriver: doneWithFrame
05-27 19:03:22.819   299 30844 D EvsDriver: forwardFrame
05-27 19:03:22.821   299 30844 D EvsDriver: Delivered 0xb400007b7ca56900 as id 0
05-27 19:03:22.822  1167  1167 D evsmanagerd: /dev/video6 forwarded the buffer #0 to 0xb4000074bf5f5510 from 0xb4000074bf5f6d90
05-27 19:03:22.823   536   536 D commservice260303: msg.id = 1028,1
05-27 19:03:22.823   536   536 D commservice260303: i = 170, msgid = 8A000404
05-27 19:03:22.823   536   536 D commservice260303: msgid = -1979710460,did=138
05-27 19:03:22.823   536   536 D commservice260303: CommProtocolLibCmdBaseI2C::dataproc {"command":{"id":"imu_status","sub":""},"content":{"TimeStamp":11,"FrameCounter":274139,"GD_X":-0.011834942735731602,"GD_Y":0.0057257963344454765,"GD_Z":0.0019848872907459736,"AD_X":0.004149988293647766,"AD_Y":0.0028838012367486954,"AD_Z":-0.16831588745117188,"TempDsp":0,"Status":0,"CalibState":1,"SigAmpInvalid":0}},-1979710460
05-27 19:03:22.824   536   536 D commservice260303: send2Cluster len:317, 7B22636F6D6D616E64223A7B226964223A22696D755F737461747573222C22737562223A22227D2C22636F6E74656E74223A7B2254696D655374616D70223A31312C224672616D65436F756E746572223A3237343133392C2247445F58223A2D302E3031313833343934323733353733313630322C2247445F59223A302E303035373235373936333334343435343736352C2247445F5A223A302E303031393834383837323930373435393733362C2241445F58223A302E3030343134393938383239333634373736362C2241445F59223A302E303032383833383031323336373438363935342C2241445F5A223A2D302E31363833313538383734353131373138382C2254656D70447370223A302C22537461747573223A302C2243616C69625374617465223A312C22536967416D70496E76616C6964223A307D7D, 138 
05-27 19:03:22.824   536   536 D commservice260303: Push Message into SendPool fn=-2123299840
05-27 19:03:22.824   536   536 D commservice260303: ComProtocolLibSend2Cluster::send2ClusterRaw fn=-2123299840 , len=333
05-27 19:03:22.824   536   536 D commservice260303: sendCmdToPort :333!!!
05-27 19:03:22.824   536   536 D commservice260303: send Cmd To Port ++++5AA501498A01000471816A16CF7A7B22636F6D6D616E64223A7B226964223A22696D755F737461747573222C22737562223A22227D2C22636F6E74656E74223A7B2254696D655374616D70223A31312C224672616D65436F756E746572223A3237343133392C2247445F58223A2D302E3031313833343934323733353733313630322C2247445F59223A302E303035373235373936333334343435343736352C2247445F5A223A302E303031393834383837323930373435393733362C2241445F58223A302E3030343134393938383239333634373736362C2241445F59223A302E303032383833383031323336373438363935342C2241445F5A223A2D302E31363833313538383734353131373138382C2254656D70447370223A302C22537461747573223A302C2243616C69625374617465223A312C22536967416D70496E76616C6964223A307D7D214A
05-27 19:03:22.824   536   536 D commservice260303: bufferevent_write retrun value = 0
05-27 19:03:22.825   536   560 D commservice260303: client datas send succeed,send finish
05-27 08:54:31.792   581   581 D spi_rst_gpio_get_output: GPIO 145 value: 1
05-27 08:54:31.793   581   581 D spidev_ioctl: gpio status=1)
05-27 08:54:31.793     1     1 I init    : Service 'trace_kernel' (pid 23723) exited with status 0
05-27 08:54:31.793     1     1 I init    : Sending signal 9 to service 'trace_kernel' (pid 23723) process group...
05-27 08:54:31.793     1     1 I libprocessgroup: Successfully killed process cgroup uid 0 pid 23723 in 0ms
05-27 08:54:31.798   581   581 D spi_rst_gpio_get_output: GPIO 145 value: 1
05-27 08:54:31.799   581   581 D spidev_ioctl: gpio status=1)
05-27 19:03:22.826 13911 14192 D Sentinelmode_1.2.5.17_sentry: <SentryImuClusterFgeSender>imu_status sent to Linux, frame=274139, tsNs=11670062, tsMs=11, intervalMs=46, ad=(0.0041499883,0.0028838012,-0.16831589), gd=(-0.011834943,0.0057257963,0.0019848873)
05-27 19:03:22.828   299  1153 D EvsDriver: doneWithFrame
05-27 19:03:22.828   581   581 I SpiService: fgesysctrl_getGPIO_status success val=1
05-27 19:03:22.834   581   581 I SpiService: fgesysctrl_getGPIO_status success val=1
05-27 19:03:22.838 13911 14183 I SentryImuMcuAngleSender: 179.993rollDeg
05-27 19:03:22.838 13911 14183 I SentryImuMcuAngleSender: 1,0,0
05-27 19:03:22.839  1008 30856 D [OMXB]  : usingANWBuffer: handle:0xee743df0, format:1, w:1920, h:1080
05-27 19:03:22.840   581   581 I SpiService: fgesysctrl_getGPIO_status success val=0
05-27 19:03:22.840 30773 30789 I dvr_service_: Camera 0: MediaOK:131942931, frames:1770, isKeyFrame:0,pts:11669355607
05-27 08:54:31.804   581   581 D spi_rst_gpio_get_output: GPIO 145 value: 0
05-27 08:54:31.804   581   581 D spidev_ioctl: gpio status=0)
05-27 19:03:22.847   572   622 I Sensors : 230 GyroSensor: x:-0.012140,y:0.004428,z:0.002367
05-27 19:03:22.852   299 30841 D EvsDriver: forwardFrame
05-27 19:03:22.854   299 30841 D EvsDriver: Delivered 0xb400007b7ca56a60 as id 0
05-27 19:03:22.854  1167  1167 D evsmanagerd: /dev/video4 forwarded the buffer #0 to 0xb4000074bf5f6850 from 0xb4000074bf5f41d0
05-27 19:03:22.856   581   581 I SpiService: fgesysctrl_getGPIO_status success val=1
05-27 08:54:31.820   581   581 D spi_rst_gpio_get_output: GPIO 145 value: 1
05-27 08:54:31.820   581   581 D spidev_ioctl: gpio status=1)
05-27 19:03:22.859   299  1153 D EvsDriver: doneWithFrame
05-27 19:03:22.859 13911 14183 I SentryImuMcuAngleSender: -179.993rollDeg
05-27 19:03:22.859 13911 14183 I SentryImuMcuAngleSender: 1,0,0
05-27 19:03:22.861   299 30844 D EvsDriver: forwardFrame
05-27 19:03:22.862   581   581 I SpiService: fgesysctrl_getGPIO_status success val=1
05-27 19:03:22.864   830   830 D SurfaceFlinger: unisoc-graphics, commit has frameMissed:2, vysncId:234596
05-27 19:03:22.865  1167  1167 D evsmanagerd: /dev/video6 forwarded the buffer #0 to 0xb4000074bf5f5510 from 0xb4000074bf5f6d90
05-27 19:03:22.865   299 30844 D EvsDriver: Delivered 0xb400007b7ca56900 as id 0
05-27 08:54:31.826   581   581 D spi_rst_gpio_get_output: GPIO 145 value: 1
05-27 08:54:31.826   581   581 D spidev_ioctl: gpio status=1)
05-27 19:03:22.868   581   581 I SpiService: fgesysctrl_getGPIO_status success val=1
05-27 08:54:31.833   581   581 D spi_rst_gpio_get_output: GPIO 145 value: 1
05-27 08:54:31.833   581   581 D spidev_ioctl: gpio status=1)
05-27 19:03:22.871   536   536 D commservice260303: msg.id = 1028,1
05-27 19:03:22.871   536   536 D commservice260303: i = 170, msgid = 8A000404
05-27 19:03:22.871   536   536 D commservice260303: msgid = -1979710460,did=138
05-27 19:03:22.871   536   536 D commservice260303: CommProtocolLibCmdBaseI2C::dataproc {"command":{"id":"imu_status","sub":""},"content":{"TimeStamp":11,"FrameCounter":274140,"GD_X":-0.012139749713242054,"GD_Y":0.004428025335073471,"GD_Z":0.0023671966046094894,"AD_X":0.001064389944076538,"AD_Y":-0.0019908123649656773,"AD_Z":-0.1744098663330078,"TempDsp":0,"Status":0,"CalibState":1,"SigAmpInvalid":0}},-1979710460
05-27 19:03:22.871   536   536 D commservice260303: send2Cluster len:316, 7B22636F6D6D616E64223A7B226964223A22696D755F737461747573222C22737562223A22227D2C22636F6E74656E74223A7B2254696D655374616D70223A31312C224672616D65436F756E746572223A3237343134302C2247445F58223A2D302E3031323133393734393731333234323035342C2247445F59223A302E3030343432383032353333353037333437312C2247445F5A223A302E303032333637313936363034363039343839342C2241445F58223A302E3030313036343338393934343037363533382C2241445F59223A2D302E303031393930383132333634393635363737332C2241445F5A223A2D302E313734343039383636333333303037382C2254656D70447370223A302C22537461747573223A302C2243616C69625374617465223A312C22536967416D70496E76616C6964223A307D7D, 138 
05-27 19:03:22.871   536   536 D commservice260303: Push Message into SendPool fn=-2106522624
05-27 19:03:22.871   536   536 D commservice260303: ComProtocolLibSend2Cluster::send2ClusterRaw fn=-2106522624 , len=332
05-27 19:03:22.871   536   536 D commservice260303: sendCmdToPort :332!!!
05-27 19:03:22.872   536   536 D commservice260303: send Cmd To Port ++++5AA501488A01000471826A16CF7A7B22636F6D6D616E64223A7B226964223A22696D755F737461747573222C22737562223A22227D2C22636F6E74656E74223A7B2254696D655374616D70223A31312C224672616D65436F756E746572223A3237343134302C2247445F58223A2D302E3031323133393734393731333234323035342C2247445F59223A302E3030343432383032353333353037333437312C2247445F5A223A302E303032333637313936363034363039343839342C2241445F58223A302E3030313036343338393934343037363533382C2241445F59223A2D302E303031393930383132333634393635363737332C2241445F5A223A2D302E313734343039383636333333303037382C2254656D70447370223A302C22537461747573223A302C2243616C69625374617465223A312C22536967416D70496E76616C6964223A307D7D4C5D
05-27 19:03:22.872   299  1153 D EvsDriver: doneWithFrame
05-27 19:03:22.872   536   536 D commservice260303: bufferevent_write retrun value = 0
05-27 19:03:22.872   536   560 D commservice260303: client datas send succeed,send finish
05-27 19:03:22.875   581   581 I SpiService: fgesysctrl_getGPIO_status success val=1
05-27 08:54:31.839   581   581 D spi_rst_gpio_get_output: GPIO 145 value: 1
05-27 08:54:31.839   581   581 D spidev_ioctl: gpio status=1)
05-27 19:03:22.877 13911 14192 D Sentinelmode_1.2.5.17_sentry: <SentryImuClusterFgeSender>imu_status sent to Linux, frame=274140, tsNs=11670097, tsMs=11, intervalMs=52, ad=(0.00106439,-0.0019908124,-0.17440987), gd=(-0.01213975,0.0044280253,0.0023671966)
05-27 19:03:22.880 13911 14183 I SentryImuMcuAngleSender: -179.986rollDeg
05-27 19:03:22.880 13911 14183 I SentryImuMcuAngleSender: 1,0,0
05-27 19:03:22.880   581   581 I SpiService: fgesysctrl_getGPIO_status success val=0
05-27 08:54:31.845   581   581 D spi_rst_gpio_get_output: GPIO 145 value: 0
05-27 08:54:31.845   581   581 D spidev_ioctl: gpio status=0)
05-27 19:03:22.886  1008 30857 D [OMXB]  : usingANWBuffer: handle:0xee743b30, format:1, w:1920, h:1080
05-27 19:03:22.892   299 30841 D EvsDriver: forwardFrame
05-27 19:03:22.893   299 30844 D EvsDriver: forwardFrame
05-27 19:03:22.894   299 30844 D EvsDriver: Delivered 0xb400007b7ca56900 as id 0
05-27 19:03:22.894  1167  1167 D evsmanagerd: /dev/video6 forwarded the buffer #0 to 0xb4000074bf5f5510 from 0xb4000074bf5f6d90
05-27 19:03:22.894   299 30841 D EvsDriver: Delivered 0xb400007b7ca56a60 as id 0
05-27 19:03:22.894  1167  1479 D evsmanagerd: /dev/video4 forwarded the buffer #0 to 0xb4000074bf5f6850 from 0xb4000074bf5f41d0
05-27 19:03:22.896   581   581 I SpiService: fgesysctrl_getGPIO_status success val=1
05-27 19:03:22.896   299  1153 D EvsDriver: doneWithFrame
05-27 19:03:22.896   299  1153 D EvsDriver: doneWithFrame
05-27 08:54:31.860   581   581 D spi_rst_gpio_get_output: GPIO 145 value: 1
05-27 08:54:31.861   581   581 D spidev_ioctl: gpio status=1)
05-27 19:03:22.898   830   830 D SurfaceFlinger: unisoc-graphics, commit has frameMissed:2, vysncId:234598
05-27 19:03:22.900 13911 14183 I SentryImuMcuAngleSender: -179.99649rollDeg
05-27 19:03:22.901 13911 14183 I SentryImuMcuAngleSender: 1,0,0
05-27 19:03:22.902   581   581 I SpiService: fgesysctrl_getGPIO_status success val=1
05-27 19:03:22.902 30773 30788 I dvr_service_: [runShortMediaThread:298] cameraId:1 medias:300,audios:220,stateAudio:0,mShortState:0,warnEvent:0,state:1
05-27 19:03:22.904   536   536 D commservice260303: msg.id = 1028,1
05-27 19:03:22.904   536   536 D commservice260303: i = 170, msgid = 8A000404
05-27 19:03:22.904   536   536 D commservice260303: msgid = -1979710460,did=138
05-27 19:03:22.905   536   536 D commservice260303: CommProtocolLibCmdBaseI2C::dataproc {"command":{"id":"imu_status","sub":""},"content":{"TimeStamp":11,"FrameCounter":274141,"GD_X":-0.011147825978696346,"GD_Y":0.005345047451555729,"GD_Z":0.0022902146447449923,"AD_X":-0.0038261860609054565,"AD_Y":4.6339468099176884E-4,"AD_Z":-0.16952991485595703,"TempDsp":0,"Status":0,"CalibState":1,"SigAmpInvalid":0}},-1979710460
05-27 19:03:22.905   536   536 D commservice260303: send2Cluster len:318, 7B22636F6D6D616E64223A7B226964223A22696D755F737461747573222C22737562223A22227D2C22636F6E74656E74223A7B2254696D655374616D70223A31312C224672616D65436F756E746572223A3237343134312C2247445F58223A2D302E3031313134373832353937383639363334362C2247445F59223A302E3030353334353034373435313535353732392C2247445F5A223A302E303032323930323134363434373434393932332C2241445F58223A2D302E303033383236313836303630393035343536352C2241445F59223A342E36333339343638303939313736383834452D342C2241445F5A223A2D302E31363935323939313438353539353730332C2254656D70447370223A302C22537461747573223A302C2243616C69625374617465223A312C22536967416D70496E76616C6964223A307D7D, 138 
05-27 19:03:22.905   536   536 D commservice260303: Push Message into SendPool fn=-2089745408
05-27 19:03:22.905   536   536 D commservice260303: ComProtocolLibSend2Cluster::send2ClusterRaw fn=-2089745408 , len=334
05-27 19:03:22.905   536   536 D commservice260303: sendCmdToPort :334!!!
05-27 19:03:22.905   536   536 D commservice260303: send Cmd To Port ++++5AA5014A8A01000471836A16CF7A7B22636F6D6D616E64223A7B226964223A22696D755F737461747573222C22737562223A22227D2C22636F6E74656E74223A7B2254696D655374616D70223A31312C224672616D65436F756E746572223A3237343134312C2247445F58223A2D302E3031313134373832353937383639363334362C2247445F59223A302E3030353334353034373435313535353732392C2247445F5A223A302E303032323930323134363434373434393932332C2241445F58223A2D302E303033383236313836303630393035343536352C2241445F59223A342E36333339343638303939313736383834452D342C2241445F5A223A2D302E31363935323939313438353539353730332C2254656D70447370223A302C22537461747573223A302C2243616C69625374617465223A312C22536967416D70496E76616C6964223A307D7DF7EB
05-27 19:03:22.905   536   536 D commservice260303: bufferevent_write retrun value = 0
05-27 08:54:31.866   581   581 D spidev_ioctl: gpio status=1)
05-27 19:03:22.905   536   560 D commservice260303: client datas send succeed,send finish
05-27 19:03:22.905 13911 14192 D Sentinelmode_1.2.5.17_sentry: <SentryImuClusterFgeSender>imu_status sent to Linux, frame=274141, tsNs=11670151, tsMs=11, intervalMs=28, ad=(-0.003826186,4.6339468E-4,-0.16952991), gd=(-0.011147826,0.0053450475,0.0022902146)
05-27 19:03:22.907   581   581 I SpiService: fgesysctrl_getGPIO_status success val=1
05-27 08:54:31.872   581   581 D spi_rst_gpio_get_output: GPIO 145 value: 1
05-27 08:54:31.872   581   581 D spidev_ioctl: gpio status=1)
05-27 19:03:22.912   283   307 I rvcservice: t.code = 3, t.value = 0
05-27 19:03:22.913   581   581 I SpiService: fgesysctrl_getGPIO_status success val=1
05-27 08:54:31.877   581   581 D spi_rst_gpio_get_output: GPIO 145 value: 1
05-27 08:54:31.877   581   581 D spidev_ioctl: gpio status=1)
05-27 19:03:22.916   830   830 D SurfaceFlinger: unisoc-graphics, commit has frameMissed:2, vysncId:234599
05-27 19:03:22.918   581   581 I SpiService: fgesysctrl_getGPIO_status success val=0
05-27 19:03:22.919   299 30841 D EvsDriver: forwardFrame
05-27 19:03:22.919   299 30844 D EvsDriver: forwardFrame
05-27 19:03:22.920  1167  1479 D evsmanagerd: /dev/video4 forwarded the buffer #0 to 0xb4000074bf5f6850 from 0xb4000074bf5f41d0
05-27 19:03:22.920  1167  1167 D evsmanagerd: /dev/video6 forwarded the buffer #0 to 0xb4000074bf5f5510 from 0xb4000074bf5f6d90
05-27 19:03:22.920   299 30841 D EvsDriver: Delivered 0xb400007b7ca56a60 as id 0
05-27 19:03:22.920   299 30844 D EvsDriver: Delivered 0xb400007b7ca56900 as id 0
05-27 19:03:22.920 30773 30783 E dvr_service_: [myNum:1] Received S**** loss
05-27 08:54:31.882   303   303 I [Audio:SBLCK] p_tt: 1508719,1508719
05-27 08:54:31.883   581   581 D spi_rst_gpio_get_output: GPIO 145 value: 0
05-27 08:54:31.883   581   581 D spidev_ioctl: gpio status=0)
05-27 19:03:22.921   299  1153 D EvsDriver: doneWithFrame
05-27 19:03:22.923 13911 14183 I SentryImuMcuAngleSender: 179.98598rollDeg
05-27 19:03:22.923   299  1153 D EvsDriver: doneWithFrame
05-27 19:03:22.923 13911 14183 I SentryImuMcuAngleSender: 1,0,0
05-27 19:03:22.929  6212  6256 D VersionPrinter: com.yadea.setting- VersionName:[1.0.012_2026_0526_1408] - append:[] - active:[]
05-27 19:03:22.935   581   581 I SpiService: fgesysctrl_getGPIO_status success val=1
05-27 08:54:31.899   581   581 D spi_rst_gpio_get_output: GPIO 145 value: 1
05-27 08:54:31.899   581   581 D spidev_ioctl: gpio status=1)
05-27 19:03:22.940   581   581 I SpiService: fgesysctrl_getGPIO_status success val=1
05-27 08:54:31.905   581   581 D spi_rst_gpio_get_output: GPIO 145 value: 1
05-27 08:54:31.905   581   581 D spidev_ioctl: gpio status=1)
05-27 19:03:22.944 13911 14183 I SentryImuMcuAngleSender: 179.99298rollDeg
05-27 19:03:22.944 13911 14183 I SentryImuMcuAngleSender: 1,0,0
05-27 19:03:22.946   581   581 I SpiService: fgesysctrl_getGPIO_status success val=1
05-27 19:03:22.946   536   536 D commservice260303: msg.id = 1028,1
05-27 19:03:22.946   536   536 D commservice260303: i = 170, msgid = 8A000404
05-27 19:03:22.946   536   536 D commservice260303: msgid = -1979710460,did=138
05-27 19:03:22.946   536   536 D commservice260303: CommProtocolLibCmdBaseI2C::dataproc {"command":{"id":"imu_status","sub":""},"content":{"TimeStamp":11,"FrameCounter":274142,"GD_X":-0.011147825978696346,"GD_Y":0.005345047451555729,"GD_Z":0.0020608289632946253,"AD_X":-0.009893029928207397,"AD_Y":4.5660807518288493E-4,"AD_Z":-0.16831588745117188,"TempDsp":0,"Status":0,"CalibState":1,"SigAmpInvalid":0}},-1979710460
05-27 19:03:22.947   536   536 D commservice260303: send2Cluster len:317, 7B22636F6D6D616E64223A7B226964223A22696D755F737461747573222C22737562223A22227D2C22636F6E74656E74223A7B2254696D655374616D70223A31312C224672616D65436F756E746572223A3237343134322C2247445F58223A2D302E3031313134373832353937383639363334362C2247445F59223A302E3030353334353034373435313535353732392C2247445F5A223A302E303032303630383238393633323934363235332C2241445F58223A2D302E3030393839333032393932383230373339372C2241445F59223A342E35363630383037353138323838343933452D342C2241445F5A223A2D302E31363833313538383734353131373138382C2254656D70447370223A302C22537461747573223A302C2243616C69625374617465223A312C22536967416D70496E76616C6964223A307D7D, 138 
05-27 19:03:22.947   536   536 D commservice260303: Push Message into SendPool fn=-2072968192
05-27 19:03:22.947   536   536 D commservice260303: ComProtocolLibSend2Cluster::send2ClusterRaw fn=-2072968192 , len=333
05-27 19:03:22.947   299 30841 D EvsDriver: forwardFrame
05-27 19:03:22.947   536   536 D commservice260303: sendCmdToPort :333!!!
05-27 19:03:22.947   299 30844 D EvsDriver: forwardFrame
05-27 19:03:22.947   536   536 D commservice260303: send Cmd To Port ++++5AA501498A01000471846A16CF7A7B22636F6D6D616E64223A7B226964223A22696D755F737461747573222C22737562223A22227D2C22636F6E74656E74223A7B2254696D655374616D70223A31312C224672616D65436F756E746572223A3237343134322C2247445F58223A2D302E3031313134373832353937383639363334362C2247445F59223A302E3030353334353034373435313535353732392C2247445F5A223A302E303032303630383238393633323934363235332C2241445F58223A2D302E3030393839333032393932383230373339372C2241445F59223A342E35363630383037353138323838343933452D342C2241445F5A223A2D302E31363833313538383734353131373138382C2254656D70447370223A302C22537461747573223A302C2243616C69625374617465223A312C22536967416D70496E76616C6964223A307D7DF40D
05-27 19:03:22.947   536   536 D commservice260303: bufferevent_write retrun value = 0
05-27 19:03:22.948   536   560 D commservice260303: client datas send succeed,send finish
05-27 19:03:22.948   299 30841 D EvsDriver: Delivered 0xb400007b7ca56a60 as id 0
05-27 19:03:22.948  1167  1167 D evsmanagerd: /dev/video4 forwarded the buffer #0 to 0xb4000074bf5f6850 from 0xb4000074bf5f41d0
05-27 19:03:22.948 30773 30773 I dvr_service_: [myNum:0][onFrameReceived] Received Surface:1 0
05-27 19:03:22.948 30773 30773 E dvr_service_: [myNum:0] Received S**** loss
05-27 19:03:22.949   299 30844 D EvsDriver: Delivered 0xb400007b7ca56900 as id 0
05-27 19:03:22.949  1167  1479 D evsmanagerd: /dev/video6 forwarded the buffer #0 to 0xb4000074bf5f5510 from 0xb4000074bf5f6d90
05-27 19:03:22.951 13911 14192 D Sentinelmode_1.2.5.17_sentry: <SentryImuClusterFgeSender>imu_status sent to Linux, frame=274142, tsNs=11670187, tsMs=11, intervalMs=45, ad=(-0.00989303,4.5660808E-4,-0.16831589), gd=(-0.011147826,0.0053450475,0.002060829)
05-27 19:03:22.951   299  1153 D EvsDriver: doneWithFrame
05-27 19:03:22.951   299  1163 D EvsDriver: doneWithFrame
05-27 08:54:31.910   581   581 D spi_rst_gpio_get_output: GPIO 145 value: 1
05-27 08:54:31.910   581   581 D spidev_ioctl: gpio status=1)
05-27 08:54:31.916   581   581 D spi_rst_gpio_get_output: GPIO 145 value: 1
05-27 08:54:31.916   581   581 D spidev_ioctl: gpio status=1)
05-27 19:03:22.952   581   581 I SpiService: fgesysctrl_getGPIO_status success val=1
05-27 19:03:22.953   572   622 I Sensors : 230 AccelSensor: x:-0.181780,y:0.000000,z:-9.972890
05-27 19:03:22.955  1008 30856 D [OMXB]  : usingANWBuffer: handle:0xee7469f0, format:1, w:1920, h:1080
05-27 19:03:22.957   581   581 I SpiService: fgesysctrl_getGPIO_status success val=1
05-27 08:54:31.922   581   581 D spi_rst_gpio_get_output: GPIO 145 value: 1
05-27 08:54:31.922   581   581 D spidev_ioctl: gpio status=1)
05-27 19:03:22.963   581   581 I SpiService: fgesysctrl_getGPIO_status success val=0
05-27 08:54:31.928   581   581 D spi_rst_gpio_get_output: GPIO 145 value: 0
05-27 08:54:31.928   581   581 D spidev_ioctl: gpio status=0)
05-27 19:03:22.965 30773 30786 I dvr_service_: CameraX 0  audioOK: 132054043,audios:1980
05-27 19:03:22.967 13911 14183 I SentryImuMcuAngleSender: 180.0rollDeg
05-27 19:03:22.967 13911 14183 I SentryImuMcuAngleSender: 1,0,0
05-27 19:03:22.972  1008 30857 D [OMXB]  : usingANWBuffer: handle:0xee746ec0, format:1, w:1920, h:1080
05-27 19:03:22.977   581   581 I SpiService: fgesysctrl_getGPIO_status success val=1
05-27 19:03:22.978   299 30844 D EvsDriver: forwardFrame
05-27 19:03:22.978   299 30841 D EvsDriver: forwardFrame
05-27 19:03:22.980   299 30841 D EvsDriver: Delivered 0xb400007b7ca56a60 as id 0
05-27 19:03:22.980  1167  1479 D evsmanagerd: /dev/video4 forwarded the buffer #0 to 0xb4000074bf5f6850 from 0xb4000074bf5f41d0
05-27 19:03:22.980   299 30844 D EvsDriver: Delivered 0xb400007b7ca56900 as id 0
05-27 19:03:22.980  1167  1479 D evsmanagerd: /dev/video6 forwarded the buffer #0 to 0xb4000074bf5f5510 from 0xb4000074bf5f6d90
05-27 08:54:31.942   581   581 D spi_rst_gpio_get_output: GPIO 145 value: 1
05-27 08:54:31.942   581   581 D spidev_ioctl: gpio status=1)
05-27 19:03:22.983   830   830 D SurfaceFlinger: unisoc-graphics, commit has frameMissed:2, vysncId:234602
05-27 08:54:31.947   581   581 D spi_rst_gpio_get_output: GPIO 145 value: 1
05-27 08:54:31.947   581   581 D spidev_ioctl: gpio status=1)
05-27 19:03:22.983   581   581 I SpiService: fgesysctrl_getGPIO_status success val=1
05-27 19:03:22.983   299  1163 D EvsDriver: doneWithFrame
05-27 08:54:31.953   581   581 D spi_rst_gpio_get_output: GPIO 145 value: 1
05-27 08:54:31.953   581   581 D spidev_ioctl: gpio status=1)
05-27 19:03:22.986   536   536 D commservice260303: msg.id = 1028,1
05-27 19:03:22.986   536   536 D commservice260303: i = 170, msgid = 8A000404
05-27 19:03:22.986   536   536 D commservice260303: msgid = -1979710460,did=138
05-27 19:03:22.986   536   536 D commservice260303: CommProtocolLibCmdBaseI2C::dataproc {"command":{"id":"imu_status","sub":""},"content":{"TimeStamp":11,"FrameCounter":274143,"GD_X":-0.010841978713870049,"GD_Y":0.00549693126231432,"GD_Z":0.002213752595707774,"AD_X":-0.007408574223518372,"AD_Y":4.576729843392968E-4,"AD_Z":-0.16953468322753906,"TempDsp":0,"Status":0,"CalibState":1,"SigAmpInvalid":0}},-1979710460
