05-27 08:54:32.083   581   581 D spi_rst_gpio_get_output: GPIO 145 value: 1
05-27 08:54:32.083   581   581 D spidev_ioctl: gpio status=1)
05-27 19:03:23.124   581   581 I SpiService: fgesysctrl_getGPIO_status success val=0
05-27 08:54:32.089   581   581 D spi_rst_gpio_get_output: GPIO 145 value: 0
05-27 08:54:32.089   581   581 D spidev_ioctl: gpio status=0)
05-27 19:03:23.125  1008 30857 D [OMXB]  : usingANWBuffer: handle:0xee7404e0, format:1, w:1920, h:1080
05-27 19:03:23.135   830   830 D SurfaceFlinger: unisoc-graphics, commit has frameMissed:2, vysncId:234609
05-27 19:03:23.137 13911 14183 I SentryImuMcuAngleSender: 179.98598rollDeg
05-27 19:03:23.137 13911 14183 I SentryImuMcuAngleSender: 1,0,0
05-27 19:03:23.140   581   581 I SpiService: fgesysctrl_getGPIO_status success val=1
05-27 08:54:32.104   581   581 D spi_rst_gpio_get_output: GPIO 145 value: 1
05-27 08:54:32.104   581   581 D spidev_ioctl: gpio status=1)
05-27 19:03:23.145   581   581 I SpiService: fgesysctrl_getGPIO_status success val=1
05-27 19:03:23.147 30773 30789 I dvr_service_: Camera 1: MediaOK:132250908, frames:1790, isKeyFrame:0,pts:11669657382
05-27 08:54:32.110   581   581 D spi_rst_gpio_get_output: GPIO 145 value: 1
05-27 08:54:32.110   581   581 D spidev_ioctl: gpio status=1)
05-27 19:03:23.149   536   536 D commservice260303: msg.id = 1028,0
05-27 19:03:23.149   536   536 D commservice260303: i = 170, msgid = 8A000404
05-27 19:03:23.149   536   536 D commservice260303: msgid = -1979710460,did=138
05-27 19:03:23.149   536   536 D commservice260303: CommProtocolLibCmdBaseI2C::dataproc {"command":{"id":"imu_status","sub":""},"content":{"TimeStamp":11,"FrameCounter":274147,"GD_X":-0.011834942735731602,"GD_Y":0.004809814505279064,"GD_Z":0.0017560218693688512,"AD_X":-0.005046024918556213,"AD_Y":0.0016241156263276935,"AD_Z":-0.16831111907958984,"TempDsp":0,"Status":0,"CalibState":1,"SigAmpInvalid":0}},-1979710460
05-27 19:03:23.149   536   536 D commservice260303: send2Cluster len:317, 7B22636F6D6D616E64223A7B226964223A22696D755F737461747573222C22737562223A22227D2C22636F6E74656E74223A7B2254696D655374616D70223A31312C224672616D65436F756E746572223A3237343134372C2247445F58223A2D302E3031313833343934323733353733313630322C2247445F59223A302E3030343830393831343530353237393036342C2247445F5A223A302E303031373536303231383639333638383531322C2241445F58223A2D302E3030353034363032343931383535363231332C2241445F59223A302E303031363234313135363236333237363933352C2241445F5A223A2D302E31363833313131313930373935383938342C2254656D70447370223A302C22537461747573223A302C2243616C69625374617465223A312C22536967416D70496E76616C6964223A307D7D, 138 
05-27 19:03:23.150   536   536 D commservice260303: Push Message into SendPool fn=-1989082112
05-27 19:03:23.150   536   536 D commservice260303: ComProtocolLibSend2Cluster::send2ClusterRaw fn=-1989082112 , len=333
05-27 19:03:23.150   536   536 D commservice260303: sendCmdToPort :333!!!
05-27 19:03:23.150   572   622 I Sensors : 230 AccelSensor: x:-0.174459,y:0.003659,z:-9.974720
05-27 19:03:23.150   536   536 D commservice260303: send Cmd To Port ++++5AA501498A01000471896A16CF7B7B22636F6D6D616E64223A7B226964223A22696D755F737461747573222C22737562223A22227D2C22636F6E74656E74223A7B2254696D655374616D70223A31312C224672616D65436F756E746572223A3237343134372C2247445F58223A2D302E3031313833343934323733353733313630322C2247445F59223A302E3030343830393831343530353237393036342C2247445F5A223A302E303031373536303231383639333638383531322C2241445F58223A2D302E3030353034363032343931383535363231332C2241445F59223A302E303031363234313135363236333237363933352C2241445F5A223A2D302E31363833313131313930373935383938342C2254656D70447370223A302C22537461747573223A302C2243616C69625374617465223A312C22536967416D70496E76616C6964223A307D7D80B4
05-27 19:03:23.150   536   536 D commservice260303: bufferevent_write retrun value = 0
05-27 19:03:23.150   536   560 D commservice260303: client datas send succeed,send finish
05-27 19:03:23.150 13911 14192 D Sentinelmode_1.2.5.17_sentry: <SentryImuClusterFgeSender>imu_status sent to Linux, frame=274147, tsNs=11670383, tsMs=11, intervalMs=38, ad=(-0.005046025,0.0016241156,-0.16831112), gd=(-0.011834943,0.0048098145,0.0017560219)
05-27 19:03:23.151   581   581 I SpiService: fgesysctrl_getGPIO_status success val=1
05-27 19:03:23.152   830   830 D SurfaceFlinger: unisoc-graphics, commit has frameMissed:2, vysncId:234610
05-27 19:03:23.153   299 30844 D EvsDriver: forwardFrame
05-27 19:03:23.153   299 30841 D EvsDriver: forwardFrame
05-27 19:03:23.154   299 30841 D EvsDriver: Delivered 0xb400007b7ca56a60 as id 0
05-27 08:54:32.115   581   581 D spi_rst_gpio_get_output: GPIO 145 value: 1
05-27 08:54:32.115   581   581 D spidev_ioctl: gpio status=1)
05-27 19:03:23.155  1167  1167 D evsmanagerd: /dev/video4 forwarded the buffer #0 to 0xb4000074bf5f6850 from 0xb4000074bf5f41d0
05-27 19:03:23.155   299 30844 D EvsDriver: Delivered 0xb400007b7ca56900 as id 0
05-27 19:03:23.155  1167  1167 D evsmanagerd: /dev/video6 forwarded the buffer #0 to 0xb4000074bf5f5510 from 0xb4000074bf5f6d90
05-27 19:03:23.157   581   581 I SpiService: fgesysctrl_getGPIO_status success val=1
05-27 19:03:23.157 13911 14183 I SentryImuMcuAngleSender: 179.97899rollDeg
05-27 19:03:23.158 13911 14183 I SentryImuMcuAngleSender: 1,0,0
05-27 08:54:32.121   581   581 D spi_rst_gpio_get_output: GPIO 145 value: 1
05-27 08:54:32.121   581   581 D spidev_ioctl: gpio status=1)
05-27 08:54:32.128   581   581 D spi_rst_gpio_get_output: GPIO 145 value: 0
05-27 08:54:32.128   581   581 D spidev_ioctl: gpio status=0)
05-27 19:03:23.161   299  1153 D EvsDriver: doneWithFrame
05-27 19:03:23.162   299  1163 D EvsDriver: doneWithFrame
05-27 19:03:23.164   581   581 I SpiService: fgesysctrl_getGPIO_status success val=0
05-27 19:03:23.178 13911 14183 I SentryImuMcuAngleSender: 179.98598rollDeg
05-27 19:03:23.178 13911 14183 I SentryImuMcuAngleSender: 1,0,0
05-27 19:03:23.180   581   581 I SpiService: fgesysctrl_getGPIO_status success val=1
05-27 08:54:32.145   581   581 D spi_rst_gpio_get_output: GPIO 145 value: 1
05-27 08:54:32.145   581   581 D spidev_ioctl: gpio status=1)
05-27 19:03:23.183  1008 30857 D [OMXB]  : usingANWBuffer: handle:0xee7416c0, format:1, w:1920, h:1080
05-27 08:54:32.150   581   581 D spi_rst_gpio_get_output: GPIO 145 value: 1
05-27 08:54:32.151   581   581 D spidev_ioctl: gpio status=1)
05-27 19:03:23.186   581   581 I SpiService: fgesysctrl_getGPIO_status success val=1
05-27 19:03:23.187   299 30844 D EvsDriver: forwardFrame
05-27 19:03:23.187   299 30841 D EvsDriver: forwardFrame
05-27 19:03:23.190   299 30841 D EvsDriver: Delivered 0xb400007b7ca56a60 as id 0
05-27 19:03:23.190  1167  1167 D evsmanagerd: /dev/video4 forwarded the buffer #0 to 0xb4000074bf5f6850 from 0xb4000074bf5f41d0
05-27 19:03:23.191   299 30844 D EvsDriver: Delivered 0xb400007b7ca56900 as id 0
05-27 19:03:23.191  1167  1167 D evsmanagerd: /dev/video6 forwarded the buffer #0 to 0xb4000074bf5f5510 from 0xb4000074bf5f6d90
05-27 19:03:23.192 13911 14131 D SVR_MNG_SvrMngProxy: getServer: mSvrManger is null
05-27 19:03:23.192   581   581 I SpiService: fgesysctrl_getGPIO_status success val=1
05-27 19:03:23.193 13911 14131 D SVR_MNG_SvrMngProxy: getNewStub: 
05-27 19:03:23.193 13911 14131 D SVR_MNG_SvrMngProxy: getNewStub: getSvrManagerService start
05-27 19:03:23.198 13911 14183 I SentryImuMcuAngleSender: 179.99298rollDeg
05-27 19:03:23.198 13911 14183 I SentryImuMcuAngleSender: 1,0,0
05-27 19:03:23.199   581   581 I SpiService: fgesysctrl_getGPIO_status success val=1
05-27 08:54:32.157   581   581 D spi_rst_gpio_get_output: GPIO 145 value: 1
05-27 08:54:32.157   581   581 D spidev_ioctl: gpio status=1)
05-27 08:54:32.164   581   581 D spi_rst_gpio_get_output: GPIO 145 value: 1
05-27 08:54:32.164   581   581 D spidev_ioctl: gpio status=1)
05-27 19:03:23.199   299  1163 D EvsDriver: doneWithFrame
05-27 19:03:23.200 13911 14131 D SVR_MNG_SvrMngProxy: getNewStub: getSvrManagerService end
05-27 19:03:23.200   299  1153 D EvsDriver: doneWithFrame
05-27 19:03:23.200 13911 14131 D SVR_MNG_SvrMngProxy: getServer: svrMngService doesn't start
05-27 19:03:23.201   536   536 D commservice260303: msg.id = 1028,0
05-27 19:03:23.201   536   536 D commservice260303: i = 170, msgid = 8A000404
05-27 19:03:23.201   536   536 D commservice260303: msgid = -1979710460,did=138
05-27 19:03:23.201   536   536 D commservice260303: CommProtocolLibCmdBaseI2C::dataproc {"command":{"id":"imu_status","sub":""},"content":{"TimeStamp":11,"FrameCounter":274148,"GD_X":-0.012446117587387562,"GD_Y":0.004733873065561056,"GD_Z":0.0021378109231591225,"AD_X":-0.002597421407699585,"AD_Y":3.8938847137615085E-4,"AD_Z":-0.16769886016845703,"TempDsp":0,"Status":0,"CalibState":1,"SigAmpInvalid":0}},-1979710460
05-27 19:03:23.201   536   536 D commservice260303: send2Cluster len:317, 7B22636F6D6D616E64223A7B226964223A22696D755F737461747573222C22737562223A22227D2C22636F6E74656E74223A7B2254696D655374616D70223A31312C224672616D65436F756E746572223A3237343134382C2247445F58223A2D302E3031323434363131373538373338373536322C2247445F59223A302E3030343733333837333036353536313035362C2247445F5A223A302E303032313337383130393233313539313232352C2241445F58223A2D302E3030323539373432313430373639393538352C2241445F59223A332E38393338383437313337363135303835452D342C2241445F5A223A2D302E31363736393838363031363834353730332C2254656D70447370223A302C22537461747573223A302C2243616C69625374617465223A312C22536967416D70496E76616C6964223A307D7D, 138 
05-27 19:03:23.201   536   536 D commservice260303: Push Message into SendPool fn=-1972304896
05-27 19:03:23.201   536   536 D commservice260303: ComProtocolLibSend2Cluster::send2ClusterRaw fn=-1972304896 , len=333
05-27 19:03:23.201   536   536 D commservice260303: sendCmdToPort :333!!!
05-27 19:03:23.201   536   536 D commservice260303: send Cmd To Port ++++5AA501498A010004718A6A16CF7B7B22636F6D6D616E64223A7B226964223A22696D755F737461747573222C22737562223A22227D2C22636F6E74656E74223A7B2254696D655374616D70223A31312C224672616D65436F756E746572223A3237343134382C2247445F58223A2D302E3031323434363131373538373338373536322C2247445F59223A302E3030343733333837333036353536313035362C2247445F5A223A302E303032313337383130393233313539313232352C2241445F58223A2D302E3030323539373432313430373639393538352C2241445F59223A332E38393338383437313337363135303835452D342C2241445F5A223A2D302E31363736393838363031363834353730332C2254656D70447370223A302C22537461747573223A302C2243616C69625374617465223A312C22536967416D70496E76616C6964223A307D7D3AD9
05-27 19:03:23.201   536   536 D commservice260303: bufferevent_write retrun value = 0
05-27 19:03:23.202   536   560 D commservice260303: client datas send succeed,send finish
05-27 19:03:23.202  1008 30856 D [OMXB]  : usingANWBuffer: handle:0xee744bb0, format:1, w:1920, h:1080
05-27 19:03:23.204 13911 14192 D Sentinelmode_1.2.5.17_sentry: <SentryImuClusterFgeSender>imu_status sent to Linux, frame=274148, tsNs=11670437, tsMs=11, intervalMs=54, ad=(-0.0025974214,3.8938847E-4,-0.16769886), gd=(-0.012446118,0.004733873,0.002137811)
05-27 08:54:32.169   581   581 D spi_rst_gpio_get_output: GPIO 145 value: 1
05-27 08:54:32.169   581   581 D spidev_ioctl: gpio status=1)
05-27 19:03:23.205   581   581 I SpiService: fgesysctrl_getGPIO_status success val=1
05-27 19:03:23.210   581   581 I SpiService: fgesysctrl_getGPIO_status success val=0
05-27 08:54:32.175   581   581 D spi_rst_gpio_get_output: GPIO 145 value: 0
05-27 08:54:32.175   581   581 D spidev_ioctl: gpio status=0)
05-27 19:03:23.213   283   307 I rvcservice: t.code = 0, t.value = 0
05-27 19:03:23.218 13911 14183 I SentryImuMcuAngleSender: 179.986rollDeg
05-27 19:03:23.219 13911 14183 I SentryImuMcuAngleSender: 1,0,0
05-27 19:03:23.226   581   581 I SpiService: fgesysctrl_getGPIO_status success val=1
05-27 08:54:32.190   581   581 D spi_rst_gpio_get_output: GPIO 145 value: 1
05-27 08:54:32.190   581   581 D spidev_ioctl: gpio status=1)
05-27 19:03:23.231   581   581 I SpiService: fgesysctrl_getGPIO_status success val=1
05-27 08:54:32.196   581   581 D spi_rst_gpio_get_output: GPIO 145 value: 1
05-27 08:54:32.196   581   581 D spidev_ioctl: gpio status=1)
05-27 19:03:23.233  1008 30857 D [OMXB]  : usingANWBuffer: handle:0xee7412a0, format:1, w:1920, h:1080
05-27 19:03:23.234   299 30841 D EvsDriver: forwardFrame
05-27 19:03:23.234   299 30844 D EvsDriver: forwardFrame
05-27 19:03:23.235   299 30841 D EvsDriver: Delivered 0xb400007b7ca56a60 as id 0
05-27 19:03:23.235  1167  1167 D evsmanagerd: /dev/video4 forwarded the buffer #0 to 0xb4000074bf5f6850 from 0xb4000074bf5f41d0
05-27 19:03:23.236   299 30844 D EvsDriver: Delivered 0xb400007b7ca56900 as id 0
05-27 19:03:23.236  1167  1479 D evsmanagerd: /dev/video6 forwarded the buffer #0 to 0xb4000074bf5f5510 from 0xb4000074bf5f6d90
05-27 19:03:23.238   830   830 D SurfaceFlinger: unisoc-graphics, commit has frameMissed:2, vysncId:234613
05-27 19:03:23.239   581   581 I SpiService: fgesysctrl_getGPIO_status success val=1
05-27 19:03:23.239   299  1153 D EvsDriver: doneWithFrame
05-27 19:03:23.239 13911 14183 I SentryImuMcuAngleSender: 179.986rollDeg
05-27 19:03:23.239 13911 14183 I SentryImuMcuAngleSender: 1,0,0
05-27 08:54:32.204   581   581 D spi_rst_gpio_get_output: GPIO 145 value: 1
05-27 08:54:32.204   581   581 D spidev_ioctl: gpio status=1)
05-27 19:03:23.240   299  1163 D EvsDriver: doneWithFrame
05-27 19:03:23.241   572   622 I Sensors : 230 GyroSensor: x:-0.011453,y:0.005268,z:0.002061
05-27 19:03:23.243   299 30844 D EvsDriver: forwardFrame
05-27 19:03:23.244   299 30844 D EvsDriver: Delivered 0xb400007b7ca56900 as id 0
05-27 19:03:23.244  1167  1167 D evsmanagerd: /dev/video6 forwarded the buffer #0 to 0xb4000074bf5f5510 from 0xb4000074bf5f6d90
05-27 19:03:23.244 30773 30783 I dvr_service_: [myNum:1][onFrameReceived] Received Surface:1 0
05-27 19:03:23.244 30773 30783 E dvr_service_: [myNum:1] Received S**** loss
05-27 19:03:23.245   536   536 D commservice260303: msg.id = 1028,1
05-27 19:03:23.245   536   536 D commservice260303: i = 170, msgid = 8A000404
05-27 19:03:23.245   536   536 D commservice260303: msgid = -1979710460,did=138
05-27 19:03:23.245   536   536 D commservice260303: CommProtocolLibCmdBaseI2C::dataproc {"command":{"id":"imu_status","sub":""},"content":{"TimeStamp":11,"FrameCounter":274149,"GD_X":-0.01160607673227787,"GD_Y":0.005345047451555729,"GD_Z":0.002213752595707774,"AD_X":-0.003209218382835388,"AD_Y":0.001598559319972992,"AD_Z":-0.17196941375732422,"TempDsp":0,"Status":0,"CalibState":1,"SigAmpInvalid":0}},-1979710460
05-27 19:03:23.245   536   536 D commservice260303: send2Cluster len:314, 7B22636F6D6D616E64223A7B226964223A22696D755F737461747573222C22737562223A22227D2C22636F6E74656E74223A7B2254696D655374616D70223A31312C224672616D65436F756E746572223A3237343134392C2247445F58223A2D302E30313136303630373637333232373738372C2247445F59223A302E3030353334353034373435313535353732392C2247445F5A223A302E3030323231333735323539353730373737342C2241445F58223A2D302E3030333230393231383338323833353338382C2241445F59223A302E3030313539383535393331393937323939322C2241445F5A223A2D302E31373139363934313337353733323432322C2254656D70447370223A302C22537461747573223A302C2243616C69625374617465223A312C22536967416D70496E76616C6964223A307D7D, 138 
05-27 19:03:23.245   536   536 D commservice260303: Push Message into SendPool fn=-1955527680
05-27 19:03:23.245   536   536 D commservice260303: ComProtocolLibSend2Cluster::send2ClusterRaw fn=-1955527680 , len=330
05-27 19:03:23.245   536   536 D commservice260303: sendCmdToPort :330!!!
05-27 19:03:23.245   536   536 D commservice260303: send Cmd To Port ++++5AA501468A010004718B6A16CF7B7B22636F6D6D616E64223A7B226964223A22696D755F737461747573222C22737562223A22227D2C22636F6E74656E74223A7B2254696D655374616D70223A31312C224672616D65436F756E746572223A3237343134392C2247445F58223A2D302E30313136303630373637333232373738372C2247445F59223A302E3030353334353034373435313535353732392C2247445F5A223A302E3030323231333735323539353730373737342C2241445F58223A2D302E3030333230393231383338323833353338382C2241445F59223A302E3030313539383535393331393937323939322C2241445F5A223A2D302E31373139363934313337353733323432322C2254656D70447370223A302C22537461747573223A302C2243616C69625374617465223A312C22536967416D70496E76616C6964223A307D7D02F2
05-27 19:03:23.245   536   536 D commservice260303: bufferevent_write retrun value = 0
05-27 19:03:23.245   581   581 I SpiService: fgesysctrl_getGPIO_status success val=0
05-27 19:03:23.246   536   560 D commservice260303: client datas send succeed,send finish
05-27 19:03:23.246   299  1163 D EvsDriver: doneWithFrame
05-27 19:03:23.246 13911 14192 D Sentinelmode_1.2.5.17_sentry: <SentryImuClusterFgeSender>imu_status sent to Linux, frame=274149, tsNs=11670472, tsMs=11, intervalMs=42, ad=(-0.0032092184,0.0015985593,-0.17196941), gd=(-0.011606077,0.0053450475,0.0022137526)
05-27 19:03:23.247   299 30841 D EvsDriver: forwardFrame
05-27 19:03:23.248  1167  1167 D evsmanagerd: /dev/video4 forwarded the buffer #0 to 0xb4000074bf5f6850 from 0xb4000074bf5f41d0
05-27 19:03:23.248   299 30841 D EvsDriver: Delivered 0xb400007b7ca56a60 as id 0
05-27 08:54:32.210   581   581 D spi_rst_gpio_get_output: GPIO 145 value: 0
05-27 08:54:32.210   581   581 D spidev_ioctl: gpio status=0)
05-27 19:03:23.252   299  1163 D EvsDriver: doneWithFrame
05-27 19:03:23.256   351   351 D DefaultVehicleHal: setProperty setValues start
05-27 19:03:23.256   351   351 D 2026-5-19:FakeVehicleHardware: setProperty FakeVehicleHardware  ID: 0x11500f31
05-27 19:03:23.256   351   351 D 2026-5-19:FakeVehicleHardware: setProperty id:0x11500f31,value:11670507
05-27 19:03:23.257   351   368 D 2026-5-19:FakeVehicleHardware: setProperty FakeVehicleHardware  setValue START
05-27 19:03:23.257   351   351 D DefaultVehicleHal: setProperty setValues end
05-27 19:03:23.257   351   368 D 2026-5-19:FakeVehicleHardware: setProperty FakeVehicleHardware  setValue end
05-27 19:03:23.258   481   598 I mcuc    : rev,n=1,6AA681EB0E0024890004060003070101010101010101010101010100010101010101010101010101010101A9
05-27 19:03:23.258   351   373 D automotive.vehicle@2.0-adayo-datacomm-mcu: MCUDatacomm sendMessageFromVehicle prop: 0x89, areaId: 0x0, status: 0x4, timestamp: 0x6
05-27 19:03:23.258   351   373 D automotive.vehicle@2.0-adayo-datacomm-mcu: MCUDatacomm 1sendMessageFromVehicle ---> type = 3 
05-27 19:03:23.258   351   373 D automotive.vehicle@2.0-adayo-func-bcm: sendMessageFromVehicle sendMessageFromVehicle
05-27 19:03:23.258   351   516 D automotive.vehicle@2.0-adayo-func-bcm: jjfan1 ______procotolSize :29
05-27 19:03:23.258   351   516 D automotive.vehicle@2.0-adayo-func-bcm: BCMFunc sendMessageFromVehicle_l dataType: 12,mByte=7,propid=0x21400084
05-27 19:03:23.258   351   516 D automotive.vehicle@2.0-adayo-func-bcm: BCMFunc sendMessageFromVehicle_l msgBuff[7]=0x1,start:0,len:8,temp:8,
05-27 19:03:23.258   351   516 D automotive.vehicle@2.0-adayo-func-bcm: BCMFunc sendMessageFromVehicle_l prop: 0x21400084 ,areaId: 0x0  SPLITE_BIT_DATA_INTEGER : 1
05-27 19:03:23.258   351   516 D automotive.vehicle@2.0-adayo-func-bcm: BCMFunc sendMessageFromVehicle_l id:557842564, area:0 not report! 
05-27 19:03:23.258   351   516 D automotive.vehicle@2.0-adayo-func-bcm: BCMFunc sendMessageFromVehicle_l dataType: 12,mByte=8,propid=0x21400085
05-27 19:03:23.258   351   516 D automotive.vehicle@2.0-adayo-func-bcm: BCMFunc sendMessageFromVehicle_l msgBuff[8]=0x1,start:0,len:8,temp:8,
05-27 19:03:23.258   351   516 D automotive.vehicle@2.0-adayo-func-bcm: BCMFunc sendMessageFromVehicle_l prop: 0x21400085 ,areaId: 0x0  SPLITE_BIT_DATA_INTEGER : 1
05-27 19:03:23.258   351   516 D automotive.vehicle@2.0-adayo-func-bcm: BCMFunc sendMessageFromVehicle_l id:557842565, area:0 not report! 
05-27 19:03:23.258   351   516 D automotive.vehicle@2.0-adayo-func-bcm: BCMFunc sendMessageFromVehicle_l dataType: 12,mByte=9,propid=0x214000a1
05-27 19:03:23.258   351   516 D automotive.vehicle@2.0-adayo-func-bcm: BCMFunc sendMessageFromVehicle_l msgBuff[9]=0x1,start:0,len:8,temp:8,
05-27 19:03:23.258   351   516 D automotive.vehicle@2.0-adayo-func-bcm: BCMFunc sendMessageFromVehicle_l prop: 0x214000a1 ,areaId: 0x0  SPLITE_BIT_DATA_INTEGER : 1
05-27 19:03:23.258   351   516 D automotive.vehicle@2.0-adayo-func-bcm: BCMFunc sendMessageFromVehicle_l id:557842593, area:0 not report! 
05-27 08:54:32.224   581   581 D spi_rst_gpio_get_output: GPIO 145 value: 1
05-27 08:54:32.224   581   581 D spidev_ioctl: gpio status=1)
05-27 19:03:23.258   351   516 D automotive.vehicle@2.0-adayo-func-bcm: BCMFunc sendMessageFromVehicle_l dataType: 12,mByte=10,propid=0x214000a2
05-27 19:03:23.259   351   516 D automotive.vehicle@2.0-adayo-func-bcm: BCMFunc sendMessageFromVehicle_l msgBuff[10]=0x1,start:0,len:8,temp:8,
05-27 19:03:23.259   351   516 D automotive.vehicle@2.0-adayo-func-bcm: BCMFunc sendMessageFromVehicle_l prop: 0x214000a2 ,areaId: 0x0  SPLITE_BIT_DATA_INTEGER : 1
05-27 19:03:23.259   351   516 D automotive.vehicle@2.0-adayo-func-bcm: BCMFunc sendMessageFromVehicle_l id:557842594, area:0 not report! 
05-27 19:03:23.259   351   516 D automotive.vehicle@2.0-adayo-func-bcm: BCMFunc sendMessageFromVehicle_l dataType: 12,mByte=11,propid=0x21400080
05-27 19:03:23.259   351   516 D automotive.vehicle@2.0-adayo-func-bcm: BCMFunc sendMessageFromVehicle_l msgBuff[11]=0x1,start:0,len:8,temp:8,
05-27 19:03:23.259   351   516 D automotive.vehicle@2.0-adayo-func-bcm: BCMFunc sendMessageFromVehicle_l prop: 0x21400080 ,areaId: 0x0  SPLITE_BIT_DATA_INTEGER : 1
05-27 19:03:23.259   351   516 D automotive.vehicle@2.0-adayo-func-bcm: BCMFunc sendMessageFromVehicle_l id:557842560, area:0 not report! 
05-27 19:03:23.259   351   516 D automotive.vehicle@2.0-adayo-func-bcm: BCMFunc sendMessageFromVehicle_l dataType: 12,mByte=12,propid=0x214000b0
05-27 19:03:23.259   351   516 D automotive.vehicle@2.0-adayo-func-bcm: BCMFunc sendMessageFromVehicle_l msgBuff[12]=0x1,start:0,len:8,temp:8,
05-27 19:03:23.259   351   516 D automotive.vehicle@2.0-adayo-func-bcm: BCMFunc sendMessageFromVehicle_l prop: 0x214000b0 ,areaId: 0x0  SPLITE_BIT_DATA_INTEGER : 1
05-27 19:03:23.259   351   516 D automotive.vehicle@2.0-adayo-func-bcm: BCMFunc sendMessageFromVehicle_l id:557842608, area:0 not report! 
05-27 19:03:23.259   351   516 D automotive.vehicle@2.0-adayo-func-bcm: BCMFunc sendMessageFromVehicle_l dataType: 12,mByte=13,propid=0x2140007b
05-27 19:03:23.259   351   516 D automotive.vehicle@2.0-adayo-func-bcm: BCMFunc sendMessageFromVehicle_l msgBuff[13]=0x1,start:0,len:8,temp:8,
05-27 19:03:23.259   351   516 D automotive.vehicle@2.0-adayo-func-bcm: BCMFunc sendMessageFromVehicle_l prop: 0x2140007b ,areaId: 0x0  SPLITE_BIT_DATA_INTEGER : 1
05-27 19:03:23.259   351   516 D automotive.vehicle@2.0-adayo-func-bcm: BCMFunc sendMessageFromVehicle_l id:557842555, area:0 not report! 
05-27 19:03:23.259   351   516 D automotive.vehicle@2.0-adayo-func-bcm: BCMFunc sendMessageFromVehicle_l dataType: 12,mByte=14,propid=0x2140007c
05-27 19:03:23.259   351   516 D automotive.vehicle@2.0-adayo-func-bcm: BCMFunc sendMessageFromVehicle_l msgBuff[14]=0x1,start:0,len:8,temp:8,
05-27 19:03:23.259   351   516 D automotive.vehicle@2.0-adayo-func-bcm: BCMFunc sendMessageFromVehicle_l prop: 0x2140007c ,areaId: 0x0  SPLITE_BIT_DATA_INTEGER : 1
05-27 19:03:23.259   351   516 D automotive.vehicle@2.0-adayo-func-bcm: BCMFunc sendMessageFromVehicle_l id:557842556, area:0 not report! 
05-27 19:03:23.259   351   516 D automotive.vehicle@2.0-adayo-func-bcm: BCMFunc sendMessageFromVehicle_l dataType: 12,mByte=15,propid=0x21400081
05-27 19:03:23.259   351   516 D automotive.vehicle@2.0-adayo-func-bcm: BCMFunc sendMessageFromVehicle_l msgBuff[15]=0x1,start:0,len:8,temp:8,
05-27 19:03:23.259   351   516 D automotive.vehicle@2.0-adayo-func-bcm: BCMFunc sendMessageFromVehicle_l prop: 0x21400081 ,areaId: 0x0  SPLITE_BIT_DATA_INTEGER : 1
05-27 19:03:23.260   351   516 D automotive.vehicle@2.0-adayo-func-bcm: BCMFunc sendMessageFromVehicle_l id:557842561, area:0 not report! 
05-27 19:03:23.260   351   516 D automotive.vehicle@2.0-adayo-func-bcm: BCMFunc sendMessageFromVehicle_l dataType: 12,mByte=16,propid=0x214000a3
05-27 19:03:23.260   351   516 D automotive.vehicle@2.0-adayo-func-bcm: BCMFunc sendMessageFromVehicle_l msgBuff[16]=0x1,start:0,len:8,temp:8,
05-27 19:03:23.260   351   516 D automotive.vehicle@2.0-adayo-func-bcm: BCMFunc sendMessageFromVehicle_l prop: 0x214000a3 ,areaId: 0x0  SPLITE_BIT_DATA_INTEGER : 1
05-27 19:03:23.260   351   516 D automotive.vehicle@2.0-adayo-func-bcm: BCMFunc sendMessageFromVehicle_l id:557842595, area:0 not report! 
05-27 19:03:23.260   351   516 D automotive.vehicle@2.0-adayo-func-bcm: BCMFunc sendMessageFromVehicle_l dataType: 12,mByte=17,propid=0x2140007d
05-27 19:03:23.260   581   581 I SpiService: fgesysctrl_getGPIO_status success val=1
05-27 19:03:23.260   351   516 D automotive.vehicle@2.0-adayo-func-bcm: BCMFunc sendMessageFromVehicle_l msgBuff[17]=0x1,start:0,len:8,temp:8,
05-27 19:03:23.260   351   516 D automotive.vehicle@2.0-adayo-func-bcm: BCMFunc sendMessageFromVehicle_l prop: 0x2140007d ,areaId: 0x0  SPLITE_BIT_DATA_INTEGER : 1
05-27 19:03:23.260   351   516 D automotive.vehicle@2.0-adayo-func-bcm: BCMFunc sendMessageFromVehicle_l id:557842557, area:0 not report! 
05-27 19:03:23.260   351   516 D automotive.vehicle@2.0-adayo-func-bcm: BCMFunc sendMessageFromVehicle_l dataType: 12,mByte=18,propid=0x21400082
05-27 19:03:23.260   351   516 D automotive.vehicle@2.0-adayo-func-bcm: BCMFunc sendMessageFromVehicle_l msgBuff[18]=0x1,start:0,len:8,temp:8,
05-27 19:03:23.260   351   516 D automotive.vehicle@2.0-adayo-func-bcm: BCMFunc sendMessageFromVehicle_l prop: 0x21400082 ,areaId: 0x0  SPLITE_BIT_DATA_INTEGER : 1
05-27 19:03:23.260   351   516 D automotive.vehicle@2.0-adayo-func-bcm: BCMFunc sendMessageFromVehicle_l id:557842562, area:0 not report! 
05-27 19:03:23.260   351   516 D automotive.vehicle@2.0-adayo-func-bcm: BCMFunc sendMessageFromVehicle_l dataType: 12,mByte=19,propid=0x214000a4
05-27 19:03:23.260   351   516 D automotive.vehicle@2.0-adayo-func-bcm: BCMFunc sendMessageFromVehicle_l msgBuff[19]=0x1,start:0,len:8,temp:8,
05-27 19:03:23.260   351   516 D automotive.vehicle@2.0-adayo-func-bcm: BCMFunc sendMessageFromVehicle_l prop: 0x214000a4 ,areaId: 0x0  SPLITE_BIT_DATA_INTEGER : 1
05-27 19:03:23.260   351   516 D automotive.vehicle@2.0-adayo-func-bcm: BCMFunc sendMessageFromVehicle_l id:557842596, area:0 not report! 
05-27 19:03:23.260   351   516 D automotive.vehicle@2.0-adayo-func-bcm: BCMFunc sendMessageFromVehicle_l dataType: 12,mByte=20,propid=0x214000a5
05-27 19:03:23.260   351   516 D automotive.vehicle@2.0-adayo-func-bcm: BCMFunc sendMessageFromVehicle_l msgBuff[20]=0x0,start:0,len:8,temp:8,
05-27 19:03:23.260   351   516 D automotive.vehicle@2.0-adayo-func-bcm: BCMFunc sendMessageFromVehicle_l prop: 0x214000a5 ,areaId: 0x0  SPLITE_BIT_DATA_INTEGER : 0
05-27 19:03:23.260   351   516 D automotive.vehicle@2.0-adayo-func-bcm: BCMFunc sendMessageFromVehicle_l id:557842597, area:0 not report! 
05-27 19:03:23.260   351   516 D automotive.vehicle@2.0-adayo-func-bcm: BCMFunc sendMessageFromVehicle_l dataType: 12,mByte=21,propid=0x21400083
05-27 19:03:23.260 13911 14183 I SentryImuMcuAngleSender: 179.993rollDeg
05-27 19:03:23.260   351   516 D automotive.vehicle@2.0-adayo-func-bcm: BCMFunc sendMessageFromVehicle_l msgBuff[21]=0x1,start:0,len:8,temp:8,
05-27 19:03:23.260   351   516 D automotive.vehicle@2.0-adayo-func-bcm: BCMFunc sendMessageFromVehicle_l prop: 0x21400083 ,areaId: 0x0  SPLITE_BIT_DATA_INTEGER : 1
05-27 19:03:23.260 13911 14183 I SentryImuMcuAngleSender: 1,0,0
05-27 19:03:23.260   351   516 D automotive.vehicle@2.0-adayo-func-bcm: BCMFunc sendMessageFromVehicle_l id:557842563, area:0 not report! 
05-27 19:03:23.260   351   516 D automotive.vehicle@2.0-adayo-func-bcm: BCMFunc sendMessageFromVehicle_l dataType: 12,mByte=22,propid=0x214000a6
05-27 19:03:23.260   351   516 D automotive.vehicle@2.0-adayo-func-bcm: BCMFunc sendMessageFromVehicle_l msgBuff[22]=0x1,start:0,len:8,temp:8,
05-27 19:03:23.260   351   516 D automotive.vehicle@2.0-adayo-func-bcm: BCMFunc sendMessageFromVehicle_l prop: 0x214000a6 ,areaId: 0x0  SPLITE_BIT_DATA_INTEGER : 1
05-27 19:03:23.260   351   516 D automotive.vehicle@2.0-adayo-func-bcm: BCMFunc sendMessageFromVehicle_l id:557842598, area:0 not report! 
05-27 19:03:23.260   351   516 D automotive.vehicle@2.0-adayo-func-bcm: BCMFunc sendMessageFromVehicle_l dataType: 12,mByte=23,propid=0x2140007e
05-27 19:03:23.260   351   516 D automotive.vehicle@2.0-adayo-func-bcm: BCMFunc sendMessageFromVehicle_l msgBuff[23]=0x1,start:0,len:8,temp:8,
05-27 19:03:23.261   351   516 D automotive.vehicle@2.0-adayo-func-bcm: BCMFunc sendMessageFromVehicle_l prop: 0x2140007e ,areaId: 0x0  SPLITE_BIT_DATA_INTEGER : 1
05-27 19:03:23.261   351   516 D automotive.vehicle@2.0-adayo-func-bcm: BCMFunc sendMessageFromVehicle_l id:557842558, area:0 not report! 
05-27 19:03:23.261   351   516 D automotive.vehicle@2.0-adayo-func-bcm: BCMFunc sendMessageFromVehicle_l dataType: 12,mByte=24,propid=0x214000a7
05-27 19:03:23.261   351   516 D automotive.vehicle@2.0-adayo-func-bcm: BCMFunc sendMessageFromVehicle_l msgBuff[24]=0x1,start:0,len:8,temp:8,
05-27 19:03:23.261   351   516 D automotive.vehicle@2.0-adayo-func-bcm: BCMFunc sendMessageFromVehicle_l prop: 0x214000a7 ,areaId: 0x0  SPLITE_BIT_DATA_INTEGER : 1
05-27 19:03:23.261   351   516 D automotive.vehicle@2.0-adayo-func-bcm: BCMFunc sendMessageFromVehicle_l id:557842599, area:0 not report! 
05-27 19:03:23.261   351   516 D automotive.vehicle@2.0-adayo-func-bcm: BCMFunc sendMessageFromVehicle_l dataType: 12,mByte=25,propid=0x2140007f
05-27 19:03:23.261   351   516 D automotive.vehicle@2.0-adayo-func-bcm: BCMFunc sendMessageFromVehicle_l msgBuff[25]=0x1,start:0,len:8,temp:8,
05-27 19:03:23.261   351   516 D automotive.vehicle@2.0-adayo-func-bcm: BCMFunc sendMessageFromVehicle_l prop: 0x2140007f ,areaId: 0x0  SPLITE_BIT_DATA_INTEGER : 1
05-27 19:03:23.261   351   516 D automotive.vehicle@2.0-adayo-func-bcm: BCMFunc sendMessageFromVehicle_l id:557842559, area:0 not report! 
05-27 19:03:23.261   351   516 D automotive.vehicle@2.0-adayo-func-bcm: BCMFunc sendMessageFromVehicle_l dataType: 12,mByte=26,propid=0x214000a8
05-27 19:03:23.261   351   516 D automotive.vehicle@2.0-adayo-func-bcm: BCMFunc sendMessageFromVehicle_l msgBuff[26]=0x1,start:0,len:8,temp:8,
05-27 19:03:23.261   351   516 D automotive.vehicle@2.0-adayo-func-bcm: BCMFunc sendMessageFromVehicle_l prop: 0x214000a8 ,areaId: 0x0  SPLITE_BIT_DATA_INTEGER : 1
05-27 19:03:23.261   351   516 D automotive.vehicle@2.0-adayo-func-bcm: BCMFunc sendMessageFromVehicle_l id:557842600, area:0 not report! 
05-27 19:03:23.261   351   516 D automotive.vehicle@2.0-adayo-func-bcm: BCMFunc sendMessageFromVehicle_l dataType: 12,mByte=27,propid=0x214000a9
05-27 19:03:23.261   351   516 D automotive.vehicle@2.0-adayo-func-bcm: BCMFunc sendMessageFromVehicle_l msgBuff[27]=0x1,start:0,len:8,temp:8,
05-27 19:03:23.261   351   516 D automotive.vehicle@2.0-adayo-func-bcm: BCMFunc sendMessageFromVehicle_l prop: 0x214000a9 ,areaId: 0x0  SPLITE_BIT_DATA_INTEGER : 1
05-27 19:03:23.261   351   516 D automotive.vehicle@2.0-adayo-func-bcm: BCMFunc sendMessageFromVehicle_l id:557842601, area:0 not report! 
05-27 19:03:23.261   351   516 D automotive.vehicle@2.0-adayo-func-bcm: BCMFunc sendMessageFromVehicle_l dataType: 12,mByte=28,propid=0x214000aa
05-27 19:03:23.261   351   516 D automotive.vehicle@2.0-adayo-func-bcm: BCMFunc sendMessageFromVehicle_l msgBuff[28]=0x1,start:0,len:8,temp:8,
05-27 19:03:23.261   351   516 D automotive.vehicle@2.0-adayo-func-bcm: BCMFunc sendMessageFromVehicle_l prop: 0x214000aa ,areaId: 0x0  SPLITE_BIT_DATA_INTEGER : 1
05-27 19:03:23.261   351   516 D automotive.vehicle@2.0-adayo-func-bcm: BCMFunc sendMessageFromVehicle_l id:557842602, area:0 not report! 
05-27 19:03:23.261   351   516 D automotive.vehicle@2.0-adayo-func-bcm: BCMFunc sendMessageFromVehicle_l dataType: 12,mByte=29,propid=0x214000ab
05-27 19:03:23.261   351   516 D automotive.vehicle@2.0-adayo-func-bcm: BCMFunc sendMessageFromVehicle_l msgBuff[29]=0x1,start:0,len:8,temp:8,
05-27 19:03:23.261   351   516 D automotive.vehicle@2.0-adayo-func-bcm: BCMFunc sendMessageFromVehicle_l prop: 0x214000ab ,areaId: 0x0  SPLITE_BIT_DATA_INTEGER : 1
05-27 19:03:23.261   351   516 D automotive.vehicle@2.0-adayo-func-bcm: BCMFunc sendMessageFromVehicle_l id:557842603, area:0 not report! 
05-27 19:03:23.261   351   516 D automotive.vehicle@2.0-adayo-func-bcm: BCMFunc sendMessageFromVehicle_l dataType: 12,mByte=30,propid=0x214000ac
05-27 19:03:23.261   351   516 D automotive.vehicle@2.0-adayo-func-bcm: BCMFunc sendMessageFromVehicle_l msgBuff[30]=0x1,start:0,len:8,temp:8,
05-27 19:03:23.261   351   516 D automotive.vehicle@2.0-adayo-func-bcm: BCMFunc sendMessageFromVehicle_l prop: 0x214000ac ,areaId: 0x0  SPLITE_BIT_DATA_INTEGER : 1
05-27 19:03:23.261   351   516 D automotive.vehicle@2.0-adayo-func-bcm: BCMFunc sendMessageFromVehicle_l id:557842604, area:0 not report! 
05-27 19:03:23.261   351   516 D automotive.vehicle@2.0-adayo-func-bcm: BCMFunc sendMessageFromVehicle_l dataType: 12,mByte=31,propid=0x214000ad
05-27 19:03:23.261   351   516 D automotive.vehicle@2.0-adayo-func-bcm: BCMFunc sendMessageFromVehicle_l msgBuff[31]=0x1,start:0,len:8,temp:8,
05-27 19:03:23.261   351   516 D automotive.vehicle@2.0-adayo-func-bcm: BCMFunc sendMessageFromVehicle_l prop: 0x214000ad ,areaId: 0x0  SPLITE_BIT_DATA_INTEGER : 1
05-27 19:03:23.261   351   516 D automotive.vehicle@2.0-adayo-func-bcm: BCMFunc sendMessageFromVehicle_l id:557842605, area:0 not report! 
05-27 19:03:23.261   351   516 D automotive.vehicle@2.0-adayo-func-bcm: BCMFunc sendMessageFromVehicle_l dataType: 12,mByte=32,propid=0x214000ae
05-27 19:03:23.261   351   516 D automotive.vehicle@2.0-adayo-func-bcm: BCMFunc sendMessageFromVehicle_l msgBuff[32]=0x1,start:0,len:8,temp:8,
05-27 19:03:23.261   351   516 D automotive.vehicle@2.0-adayo-func-bcm: BCMFunc sendMessageFromVehicle_l prop: 0x214000ae ,areaId: 0x0  SPLITE_BIT_DATA_INTEGER : 1
05-27 19:03:23.261   351   516 D automotive.vehicle@2.0-adayo-func-bcm: BCMFunc sendMessageFromVehicle_l id:557842606, area:0 not report! 
05-27 19:03:23.261   351   516 D automotive.vehicle@2.0-adayo-func-bcm: BCMFunc sendMessageFromVehicle_l dataType: 12,mByte=33,propid=0x2140007a
05-27 19:03:23.261   351   516 D automotive.vehicle@2.0-adayo-func-bcm: BCMFunc sendMessageFromVehicle_l msgBuff[33]=0x1,start:0,len:8,temp:8,
05-27 19:03:23.261   351   516 D automotive.vehicle@2.0-adayo-func-bcm: BCMFunc sendMessageFromVehicle_l prop: 0x2140007a ,areaId: 0x0  SPLITE_BIT_DATA_INTEGER : 1
05-27 19:03:23.261   351   516 D automotive.vehicle@2.0-adayo-func-bcm: BCMFunc sendMessageFromVehicle_l id:557842554, area:0 not report! 
05-27 19:03:23.262   351   516 D automotive.vehicle@2.0-adayo-func-bcm: BCMFunc sendMessageFromVehicle_l dataType: 12,mByte=34,propid=0x214000af
05-27 19:03:23.262   351   516 D automotive.vehicle@2.0-adayo-func-bcm: BCMFunc sendMessageFromVehicle_l msgBuff[34]=0x1,start:0,len:8,temp:8,
05-27 19:03:23.262   351   516 D automotive.vehicle@2.0-adayo-func-bcm: BCMFunc sendMessageFromVehicle_l prop: 0x214000af ,areaId: 0x0  SPLITE_BIT_DATA_INTEGER : 1
05-27 19:03:23.262   351   516 D automotive.vehicle@2.0-adayo-func-bcm: BCMFunc sendMessageFromVehicle_l id:557842607, area:0 not report! 
05-27 19:03:23.262   351   516 D automotive.vehicle@2.0-adayo-func-bcm: BCMFunc sendMessageFromVehicle_l dataType: 12,mByte=35,propid=0x21400079
05-27 19:03:23.262   351   516 D automotive.vehicle@2.0-adayo-func-bcm: BCMFunc sendMessageFromVehicle_l msgBuff[35]=0x1,start:0,len:8,temp:8,
05-27 19:03:23.262   351   516 D automotive.vehicle@2.0-adayo-func-bcm: BCMFunc sendMessageFromVehicle_l prop: 0x21400079 ,areaId: 0x0  SPLITE_BIT_DATA_INTEGER : 1
05-27 19:03:23.262   351   516 D automotive.vehicle@2.0-adayo-func-bcm: BCMFunc sendMessageFromVehicle_l id:557842553, area:0 not report! 
05-27 19:03:23.265   581   581 I SpiService: fgesysctrl_getGPIO_status success val=1
05-27 08:54:32.230   581   581 D spi_rst_gpio_get_output: GPIO 145 value: 1
05-27 08:54:32.230   581   581 D spidev_ioctl: gpio status=1)
05-27 19:03:23.271   581   581 I SpiService: fgesysctrl_getGPIO_status success val=1
05-27 08:54:32.236   581   581 D spi_rst_gpio_get_output: GPIO 145 value: 1
05-27 08:54:32.236   581   581 D spidev_ioctl: gpio status=1)
05-27 19:03:23.277   581   581 I SpiService: fgesysctrl_getGPIO_status success val=1
05-27 19:03:23.279   299 30841 D EvsDriver: forwardFrame
05-27 19:03:23.280 13911 14183 I SentryImuMcuAngleSender: 179.99649rollDeg
05-27 19:03:23.281 13911 14183 I SentryImuMcuAngleSender: 1,0,0
05-27 19:03:23.281 23682 23711 D ANWStack: Realtek Bluetooth :01 01 10 00
05-27 19:03:23.281   299 30844 D EvsDriver: forwardFrame
05-27 08:54:32.241   581   581 D spi_rst_gpio_get_output: GPIO 145 value: 1
05-27 08:54:32.241   581   581 D spidev_ioctl: gpio status=1)
05-27 19:03:23.282   299 30841 D EvsDriver: Delivered 0xb400007b7ca56a60 as id 0
05-27 19:03:23.282  1167  1167 D evsmanagerd: /dev/video4 forwarded the buffer #0 to 0xb4000074bf5f6850 from 0xb4000074bf5f41d0
05-27 19:03:23.283   581   581 I SpiService: fgesysctrl_getGPIO_status success val=1
05-27 19:03:23.283   299 30844 D EvsDriver: Delivered 0xb400007b7ca56900 as id 0
05-27 19:03:23.283  1167  1167 D evsmanagerd: /dev/video6 forwarded the buffer #0 to 0xb4000074bf5f5510 from 0xb4000074bf5f6d90
05-27 08:54:32.247   581   581 D spi_rst_gpio_get_output: GPIO 145 value: 1
05-27 08:54:32.247   581   581 D spidev_ioctl: gpio status=1)
05-27 19:03:23.285 30773 30783 E dvr_service_: [myNum:0] Received S**** loss
05-27 19:03:23.287   299  1163 D EvsDriver: doneWithFrame
05-27 19:03:23.287   299  1153 D EvsDriver: doneWithFrame
05-27 19:03:23.287   536   536 D commservice260303: msg.id = 1028,0
05-27 19:03:23.287   536   536 D commservice260303: i = 170, msgid = 8A000404
05-27 19:03:23.287   536   536 D commservice260303: msgid = -1979710460,did=138
05-27 08:54:32.253   581   581 D spi_rst_gpio_get_output: GPIO 145 value: 0
05-27 08:54:32.253   581   581 D spidev_ioctl: gpio status=0)
05-27 19:03:23.288   536   536 D commservice260303: CommProtocolLibCmdBaseI2C::dataproc {"command":{"id":"imu_status","sub":""},"content":{"TimeStamp":11,"FrameCounter":274150,"GD_X":-0.011223767884075642,"GD_Y":0.005039200186729431,"GD_Z":0.002213752595707774,"AD_X":-0.002590090036392212,"AD_Y":-2.3444072576239705E-4,"AD_Z":-0.17441463470458984,"TempDsp":0,"Status":0,"CalibState":1,"SigAmpInvalid":0}},-1979710460
05-27 19:03:23.288   536   536 D commservice260303: send2Cluster len:317, 7B22636F6D6D616E64223A7B226964223A22696D755F737461747573222C22737562223A22227D2C22636F6E74656E74223A7B2254696D655374616D70223A31312C224672616D65436F756E746572223A3237343135302C2247445F58223A2D302E3031313232333736373838343037353634322C2247445F59223A302E3030353033393230303138363732393433312C2247445F5A223A302E3030323231333735323539353730373737342C2241445F58223A2D302E3030323539303039303033363339323231322C2241445F59223A2D322E33343434303732353736323339373035452D342C2241445F5A223A2D302E31373434313436333437303435383938342C2254656D70447370223A302C22537461747573223A302C2243616C69625374617465223A312C22536967416D70496E76616C6964223A307D7D, 138 
05-27 19:03:23.288   536   536 D commservice260303: Push Message into SendPool fn=-1938750464
05-27 19:03:23.288   536   536 D commservice260303: ComProtocolLibSend2Cluster::send2ClusterRaw fn=-1938750464 , len=333
05-27 19:03:23.289   536   536 D commservice260303: sendCmdToPort :333!!!
05-27 19:03:23.289   581   581 I SpiService: fgesysctrl_getGPIO_status success val=0
05-27 19:03:23.289   536   536 D commservice260303: send Cmd To Port ++++5AA501498A010004718C6A16CF7B7B22636F6D6D616E64223A7B226964223A22696D755F737461747573222C22737562223A22227D2C22636F6E74656E74223A7B2254696D655374616D70223A31312C224672616D65436F756E746572223A3237343135302C2247445F58223A2D302E3031313232333736373838343037353634322C2247445F59223A302E3030353033393230303138363732393433312C2247445F5A223A302E3030323231333735323539353730373737342C2241445F58223A2D302E3030323539303039303033363339323231322C2241445F59223A2D322E33343434303732353736323339373035452D342C2241445F5A223A2D302E31373434313436333437303435383938342C2254656D70447370223A302C22537461747573223A302C2243616C69625374617465223A312C22536967416D70496E76616C6964223A307D7D9959
05-27 19:03:23.289   481   597 I mcuc    : send SPI:6AA602EB0E000289007A
05-27 19:03:23.291  1008 30856 D [OMXB]  : usingANWBuffer: handle:0xee7421c0, format:1, w:1920, h:1080
05-27 19:03:23.293   536   536 D commservice260303: bufferevent_write retrun value = 0
05-27 19:03:23.295 13911 14192 D Sentinelmode_1.2.5.17_sentry: <SentryImuClusterFgeSender>imu_status sent to Linux, frame=274150, tsNs=11670525, tsMs=11, intervalMs=48, ad=(-0.00259009,-2.3444073E-4,-0.17441463), gd=(-0.011223768,0.0050392,0.0022137526)
05-27 19:03:23.297   536   560 D commservice260303: client datas send succeed,send finish
05-27 19:03:23.302 13911 14183 I SentryImuMcuAngleSender: 180.0rollDeg
05-27 19:03:23.302 13911 14183 I SentryImuMcuAngleSender: 1,0,0
05-27 19:03:23.304   830   830 D SurfaceFlinger: unisoc-graphics, commit has frameMissed:2, vysncId:234616
05-27 19:03:23.305   581   581 I SpiService: fgesysctrl_getGPIO_status success val=1
05-27 19:03:23.307   351   515 W automotive.vehicle@2.0-adayo-func-bcm: BCMFunc sendMessageFromClient_l sendMessage prop: 0x11500f31 not in table
05-27 19:03:23.308  1008 30857 D [OMXB]  : usingANWBuffer: handle:0xee742b60, format:1, w:1920, h:1080
05-27 08:54:32.269   581   581 D spi_rst_gpio_get_output: GPIO 145 value: 1
05-27 08:54:32.270   581   581 D spidev_ioctl: gpio status=1)
05-27 08:54:32.275   581   581 D spi_rst_gpio_get_output: GPIO 145 value: 1
05-27 08:54:32.275   581   581 D spidev_ioctl: gpio status=1)
05-27 08:54:32.281   581   581 D spi_rst_gpio_get_output: GPIO 145 value: 1
05-27 08:54:32.281   581   581 D spidev_ioctl: gpio status=1)
05-27 19:03:23.310   581   581 I SpiService: fgesysctrl_getGPIO_status success val=1
05-27 19:03:23.311 30773 30789 I dvr_service_: Camera 0: Buffer reuse stats - Total: 232500, Reused: 115041, New: 117459, Rate: 49.5%
05-27 19:03:23.311   299 30841 D EvsDriver: forwardFrame
05-27 19:03:23.312   299 30841 D EvsDriver: Delivered 0xb400007b7ca56a60 as id 0
05-27 19:03:23.312  1167  1167 D evsmanagerd: /dev/video4 forwarded the buffer #0 to 0xb4000074bf5f6850 from 0xb4000074bf5f41d0
05-27 19:03:23.314   283   307 I rvcservice: t.code = 3, t.value = 0
05-27 19:03:23.316   581   581 I SpiService: fgesysctrl_getGPIO_status success val=1
05-27 19:03:23.316   299  1153 D EvsDriver: doneWithFrame
05-27 19:03:23.322   581   581 I SpiService: fgesysctrl_getGPIO_status success val=1
05-27 19:03:23.322   299 30844 D EvsDriver: forwardFrame
05-27 19:03:23.322 13911 14183 I SentryImuMcuAngleSender: -179.993rollDeg
05-27 19:03:23.322 13911 14183 I SentryImuMcuAngleSender: 1,0,0
05-27 19:03:23.323   299 30844 D EvsDriver: Delivered 0xb400007b7ca56900 as id 0
05-27 19:03:23.323  1167  1167 D evsmanagerd: /dev/video6 forwarded the buffer #0 to 0xb4000074bf5f5510 from 0xb4000074bf5f6d90
05-27 08:54:32.286   581   581 D spi_rst_gpio_get_output: GPIO 145 value: 1
05-27 08:54:32.286   581   581 D spidev_ioctl: gpio status=1)
05-27 19:03:23.326   299  1153 D EvsDriver: doneWithFrame
05-27 19:03:23.327   581   581 I SpiService: fgesysctrl_getGPIO_status success val=0
05-27 19:03:23.335   536   536 D commservice260303: msg.id = 1028,0
05-27 19:03:23.335   536   536 D commservice260303: i = 170, msgid = 8A000404
05-27 19:03:23.335   536   536 D commservice260303: msgid = -1979710460,did=138
05-27 19:03:23.335   536   536 D commservice260303: CommProtocolLibCmdBaseI2C::dataproc {"command":{"id":"imu_status","sub":""},"content":{"TimeStamp":11,"FrameCounter":274151,"GD_X":-0.010994902811944485,"GD_Y":0.004963258747011423,"GD_Z":0.0016030981205403805,"AD_X":0.0010490864515304565,"AD_Y":-0.0020558403339236975,"AD_Z":-0.17196941375732422,"TempDsp":0,"Status":0,"CalibState":1,"SigAmpInvalid":0}},-1979710460
05-27 19:03:23.335   536   536 D commservice260303: send2Cluster len:318, 7B22636F6D6D616E64223A7B226964223A22696D755F737461747573222C22737562223A22227D2C22636F6E74656E74223A7B2254696D655374616D70223A31312C224672616D65436F756E746572223A3237343135312C2247445F58223A2D302E3031303939343930323831313934343438352C2247445F59223A302E3030343936333235383734373031313432332C2247445F5A223A302E303031363033303938313230353430333830352C2241445F58223A302E303031303439303836343531353330343536352C2241445F59223A2D302E303032303535383430333333393233363937352C2241445F5A223A2D302E31373139363934313337353733323432322C2254656D70447370223A302C22537461747573223A302C2243616C69625374617465223A312C22536967416D70496E76616C6964223A307D7D, 138 
05-27 19:03:23.335   536   536 D commservice260303: Push Message into SendPool fn=-1921973248
05-27 19:03:23.335   536   536 D commservice260303: ComProtocolLibSend2Cluster::send2ClusterRaw fn=-1921973248 , len=334
05-27 19:03:23.335   536   536 D commservice260303: sendCmdToPort :334!!!
05-27 19:03:23.335   536   536 D commservice260303: send Cmd To Port ++++5AA5014A8A010004718D6A16CF7B7B22636F6D6D616E64223A7B226964223A22696D755F737461747573222C22737562223A22227D2C22636F6E74656E74223A7B2254696D655374616D70223A31312C224672616D65436F756E746572223A3237343135312C2247445F58223A2D302E3031303939343930323831313934343438352C2247445F59223A302E3030343936333235383734373031313432332C2247445F5A223A302E303031363033303938313230353430333830352C2241445F58223A302E303031303439303836343531353330343536352C2241445F59223A2D302E303032303535383430333333393233363937352C2241445F5A223A2D302E31373139363934313337353733323432322C2254656D70447370223A302C22537461747573223A302C2243616C69625374617465223A312C22536967416D70496E76616C6964223A307D7D7AAA
05-27 19:03:23.335   536   536 D commservice260303: bufferevent_write retrun value = 0
05-27 19:03:23.336   536   560 D commservice260303: client datas send succeed,send finish
05-27 19:03:23.337 13911 14192 D Sentinelmode_1.2.5.17_sentry: <SentryImuClusterFgeSender>imu_status sent to Linux, frame=274151, tsNs=11670561, tsMs=11, intervalMs=42, ad=(0.0010490865,-0.0020558403,-0.17196941), gd=(-0.010994903,0.0049632587,0.0016030981)
05-27 08:54:32.292   581   581 D spi_rst_gpio_get_output: GPIO 145 value: 0
05-27 08:54:32.292   581   581 D spidev_ioctl: gpio status=0)
05-27 19:03:23.342   581   581 I SpiService: fgesysctrl_getGPIO_status success val=1
05-27 19:03:23.343 13911 14183 I SentryImuMcuAngleSender: -179.98949rollDeg
05-27 19:03:23.344 13911 14183 I SentryImuMcuAngleSender: 1,0,0
05-27 19:03:23.346   572   572 I Sensors : 230 AccelSensor: x:-0.170800,y:-0.001220,z:-9.974720
05-27 08:54:32.306   581   581 D spi_rst_gpio_get_output: GPIO 145 value: 1
05-27 08:54:32.306   581   581 D spidev_ioctl: gpio status=1)
05-27 19:03:23.347   581   581 I SpiService: fgesysctrl_getGPIO_status success val=1
05-27 08:54:32.312   581   581 D spi_rst_gpio_get_output: GPIO 145 value: 1
05-27 08:54:32.312   581   581 D spidev_ioctl: gpio status=1)
05-27 19:03:23.351  1008 30857 D [OMXB]  : usingANWBuffer: handle:0xee7439d0, format:1, w:1920, h:1080
05-27 19:03:23.352   299 30844 D EvsDriver: forwardFrame
05-27 19:03:23.352   299 30841 D EvsDriver: forwardFrame
05-27 19:03:23.354   581   581 I SpiService: fgesysctrl_getGPIO_status success val=1
05-27 19:03:23.355   299 30844 D EvsDriver: Delivered 0xb400007b7ca56900 as id 0
05-27 19:03:23.355   299 30841 D EvsDriver: Delivered 0xb400007b7ca56a60 as id 0
05-27 19:03:23.356  1167  1479 D evsmanagerd: /dev/video6 forwarded the buffer #0 to 0xb4000074bf5f5510 from 0xb4000074bf5f6d90
05-27 19:03:23.358  1167  1167 D evsmanagerd: /dev/video4 forwarded the buffer #0 to 0xb4000074bf5f6850 from 0xb4000074bf5f41d0
05-27 19:03:23.361   581   581 I SpiService: fgesysctrl_getGPIO_status success val=1
05-27 19:03:23.365 13911 14183 I SentryImuMcuAngleSender: -179.993rollDeg
05-27 19:03:23.365 13911 14183 I SentryImuMcuAngleSender: 1,0,0
05-27 19:03:23.365   299  1153 D EvsDriver: doneWithFrame
05-27 19:03:23.367   536   536 D commservice260303: msg.id = 1028,0
05-27 19:03:23.367   536   536 D commservice260303: i = 170, msgid = 8A000404
05-27 19:03:23.367   536   536 D commservice260303: msgid = -1979710460,did=138
05-27 19:03:23.367   536   536 D commservice260303: CommProtocolLibCmdBaseI2C::dataproc {"command":{"id":"imu_status","sub":""},"content":{"TimeStamp":11,"FrameCounter":274152,"GD_X":-0.011147825978696346,"GD_Y":0.00549693126231432,"GD_Z":0.0021378109231591225,"AD_X":-0.0014044642448425293,"AD_Y":-0.002040700986981392,"AD_Z":-0.16952991485595703,"TempDsp":0,"Status":0,"CalibState":1,"SigAmpInvalid":0}},-1979710460
05-27 19:03:23.368   536   536 D commservice260303: send2Cluster len:317, 7B22636F6D6D616E64223A7B226964223A22696D755F737461747573222C22737562223A22227D2C22636F6E74656E74223A7B2254696D655374616D70223A31312C224672616D65436F756E746572223A3237343135322C2247445F58223A2D302E3031313134373832353937383639363334362C2247445F59223A302E30303534393639333132363233313433322C2247445F5A223A302E303032313337383130393233313539313232352C2241445F58223A2D302E303031343034343634323434383432353239332C2241445F59223A2D302E3030323034303730303938363938313339322C2241445F5A223A2D302E31363935323939313438353539353730332C2254656D70447370223A302C22537461747573223A302C2243616C69625374617465223A312C22536967416D70496E76616C6964223A307D7D, 138 
05-27 19:03:23.368   536   536 D commservice260303: Push Message into SendPool fn=-1905196032
05-27 19:03:23.368   536   536 D commservice260303: ComProtocolLibSend2Cluster::send2ClusterRaw fn=-1905196032 , len=333
05-27 19:03:23.368   536   536 D commservice260303: sendCmdToPort :333!!!
