05-27 19:03:19.585 30773 30773 I /system/bin/adayo_dvr_service: type=1400 audit(0.0:76152): avc: denied { use } for comm=4E444B204D65646961436F6465635F path="/dmabuf:" dev="dmabuf" ino=2810794 scontext=u:r:adayo_dvr_service:s0 tcontext=u:r:mediaswcodec:s0 tclass=fd permissive=1
05-27 19:03:19.593   830   830 D SurfaceFlinger: unisoc-graphics, commit has frameMissed:2, vysncId:234440
05-27 19:03:19.594   283   307 I rvcservice: t.code = 4, t.value = 0
05-27 19:03:19.594   581   581 I SpiService: fgesysctrl_getGPIO_status success val=0
05-27 19:03:19.594   481   597 I mcuc    : send SPI:6AA602EAF90002890090
05-27 08:54:28.558   581   581 D spi_rst_gpio_get_output: GPIO 145 value: 0
05-27 08:54:28.559   581   581 D spidev_ioctl: gpio status=0)
05-27 19:03:19.599   299 30841 D EvsDriver: forwardFrame
05-27 19:03:19.599   299 30844 D EvsDriver: forwardFrame
05-27 19:03:19.601   299 30844 D EvsDriver: Delivered 0xb400007b7ca56900 as id 0
05-27 19:03:19.601  1167  1479 D evsmanagerd: /dev/video6 forwarded the buffer #0 to 0xb4000074bf5f5510 from 0xb4000074bf5f6d90
05-27 19:03:19.601  1008 30856 D [OMXB]  : usingANWBuffer: handle:0xee7428a0, format:1, w:1920, h:1080
05-27 19:03:19.602   299 30841 D EvsDriver: Delivered 0xb400007b7ca56a60 as id 0
05-27 19:03:19.602 30773 30773 E dvr_service_: [myNum:1] Received S**** loss
05-27 19:03:19.603  1167  1479 D evsmanagerd: /dev/video4 forwarded the buffer #0 to 0xb4000074bf5f6850 from 0xb4000074bf5f41d0
05-27 08:54:28.567 30845 30845 W audit   : audit_lost=45077 audit_rate_limit=5 audit_backlog_limit=64
05-27 08:54:28.567 30845 30845 E audit   : rate limit exceeded
05-27 19:03:19.607   299  1153 D EvsDriver: doneWithFrame
05-27 19:03:19.610 13911 14183 I SentryImuMcuAngleSender: 179.99649rollDeg
05-27 19:03:19.611 13911 14183 I SentryImuMcuAngleSender: 1,0,0
05-27 19:03:19.611   299  1153 D EvsDriver: doneWithFrame
05-27 19:03:19.611   581   581 I SpiService: fgesysctrl_getGPIO_status success val=1
05-27 08:54:28.576   581   581 D spi_rst_gpio_get_output: GPIO 145 value: 1
05-27 08:54:28.576   581   581 D spidev_ioctl: gpio status=1)
05-27 19:03:19.612   830   830 D SurfaceFlinger: unisoc-graphics, commit has frameMissed:2, vysncId:234441
05-27 19:03:19.614   299 30844 D EvsDriver: forwardFrame
05-27 19:03:19.617   581   581 I SpiService: fgesysctrl_getGPIO_status success val=1
05-27 19:03:19.617   299 30841 D EvsDriver: forwardFrame
05-27 19:03:19.619   572   622 I Sensors : 230 AccelSensor: x:-0.173239,y:0.000000,z:-9.971670
05-27 19:03:19.622   581   581 I SpiService: fgesysctrl_getGPIO_status success val=1
05-27 19:03:19.624  1167  1479 D evsmanagerd: /dev/video6 forwarded the buffer #0 to 0xb4000074bf5f5510 from 0xb4000074bf5f6d90
05-27 19:03:19.624   299 30844 D EvsDriver: Delivered 0xb400007b7ca56900 as id 0
05-27 19:03:19.624   299 30841 D EvsDriver: Delivered 0xb400007b7ca56a60 as id 0
05-27 19:03:19.624  1167  1479 D evsmanagerd: /dev/video4 forwarded the buffer #0 to 0xb4000074bf5f6850 from 0xb4000074bf5f41d0
05-27 19:03:19.624   536   536 D commservice260303: msg.id = 1028,0
05-27 19:03:19.624   536   536 D commservice260303: i = 170, msgid = 8A000404
05-27 19:03:19.624   536   536 D commservice260303: msgid = -1979710460,did=138
05-27 19:03:19.625   536   536 D commservice260303: CommProtocolLibCmdBaseI2C::dataproc {"command":{"id":"imu_status","sub":""},"content":{"TimeStamp":11,"FrameCounter":274061,"GD_X":-0.011070843786001205,"GD_Y":0.004963258747011423,"GD_Z":0.0020608289632946253,"AD_X":-0.0037360042333602905,"AD_Y":-7.703064475208521E-4,"AD_Z":-0.16648483276367188,"TempDsp":0,"Status":0,"CalibState":1,"SigAmpInvalid":0}},-1979710460
05-27 19:03:19.625   536   536 D commservice260303: send2Cluster len:318, 7B22636F6D6D616E64223A7B226964223A22696D755F737461747573222C22737562223A22227D2C22636F6E74656E74223A7B2254696D655374616D70223A31312C224672616D65436F756E746572223A3237343036312C2247445F58223A2D302E3031313037303834333738363030313230352C2247445F59223A302E3030343936333235383734373031313432332C2247445F5A223A302E303032303630383238393633323934363235332C2241445F58223A2D302E303033373336303034323333333630323930352C2241445F59223A2D372E373033303634343735323038353231452D342C2241445F5A223A2D302E31363634383438333237363336373138382C2254656D70447370223A302C22537461747573223A302C2243616C69625374617465223A312C22536967416D70496E76616C6964223A307D7D, 138 
05-27 19:03:19.625   536   536 D commservice260303: Push Message into SendPool fn=846267392
05-27 19:03:19.625   536   536 D commservice260303: ComProtocolLibSend2Cluster::send2ClusterRaw fn=846267392 , len=334
05-27 19:03:19.625   536   536 D commservice260303: sendCmdToPort :334!!!
05-27 19:03:19.625   536   536 D commservice260303: send Cmd To Port ++++5AA5014A8A01000471326A16CF777B22636F6D6D616E64223A7B226964223A22696D755F737461747573222C22737562223A22227D2C22636F6E74656E74223A7B2254696D655374616D70223A31312C224672616D65436F756E746572223A3237343036312C2247445F58223A2D302E3031313037303834333738363030313230352C2247445F59223A302E3030343936333235383734373031313432332C2247445F5A223A302E303032303630383238393633323934363235332C2241445F58223A2D302E303033373336303034323333333630323930352C2241445F59223A2D372E373033303634343735323038353231452D342C2241445F5A223A2D302E31363634383438333237363336373138382C2254656D70447370223A302C22537461747573223A302C2243616C69625374617465223A312C22536967416D70496E76616C6964223A307D7D153C
05-27 19:03:19.625   536   536 D commservice260303: bufferevent_write retrun value = 0
05-27 08:54:28.581   581   581 D spi_rst_gpio_get_output: GPIO 145 value: 1
05-27 08:54:28.581   581   581 D spidev_ioctl: gpio status=1)
05-27 19:03:19.626 30773 30773 E dvr_service_: [myNum:0] Received S**** loss
05-27 08:54:28.587   581   581 D spi_rst_gpio_get_output: GPIO 145 value: 1
05-27 08:54:28.587   581   581 D spidev_ioctl: gpio status=1)
05-27 08:54:28.588   303   303 I [Audio:SBLCK] p_tt: 1508292,1508292
05-27 08:54:28.593   581   581 D spi_rst_gpio_get_output: GPIO 145 value: 1
05-27 19:03:19.627   536   560 D commservice260303: client datas send succeed,send finish
05-27 19:03:19.627   299  1153 D EvsDriver: doneWithFrame
05-27 19:03:19.627 13911 14192 D Sentinelmode_1.2.5.17_sentry: <SentryImuClusterFgeSender>imu_status sent to Linux, frame=274061, tsNs=11666870, tsMs=11, intervalMs=40, ad=(-0.0037360042,-7.7030645E-4,-0.16648483), gd=(-0.011070844,0.0049632587,0.002060829)
05-27 19:03:19.628   581   581 I SpiService: fgesysctrl_getGPIO_status success val=1
05-27 19:03:19.628   299  1153 D EvsDriver: doneWithFrame
05-27 19:03:19.633 13911 14183 I SentryImuMcuAngleSender: 180.0rollDeg
05-27 19:03:19.633 13911 14183 I SentryImuMcuAngleSender: 1,0,0
05-27 19:03:19.633   581   581 I SpiService: fgesysctrl_getGPIO_status success val=0
05-27 08:54:28.598   581   581 D spi_rst_gpio_get_output: GPIO 145 value: 0
05-27 08:54:28.598   581   581 D spidev_ioctl: gpio status=0)
05-27 19:03:19.645 23682 23682 D .service:remote: Received session metadata: 5935802427241571414
05-27 08:54:28.614   581   581 D spi_rst_gpio_get_output: GPIO 145 value: 1
05-27 08:54:28.614   581   581 D spidev_ioctl: gpio status=1)
05-27 19:03:19.649   299 30841 D EvsDriver: forwardFrame
05-27 19:03:19.649   581   581 I SpiService: fgesysctrl_getGPIO_status success val=1
05-27 19:03:19.652   299 30841 D EvsDriver: Delivered 0xb400007b7ca56a60 as id 0
05-27 19:03:19.652  1167  1479 D evsmanagerd: /dev/video4 forwarded the buffer #0 to 0xb4000074bf5f6850 from 0xb4000074bf5f41d0
05-27 19:03:19.653 13911 14183 I SentryImuMcuAngleSender: 180.0rollDeg
05-27 19:03:19.653   536   560 D commservice260303: recv len:77, 5AA500490600000044776A16CF777B22636F6D6D616E64223A7B226964223A226473695F6C7578222C22737562223A22227D2C22636F6E74656E74223A7B2276616C7565223A3230307D7D4F72 from server
05-27 19:03:19.654 13911 14183 I SentryImuMcuAngleSender: 1,0,0
05-27 19:03:19.654   536  2578 D commservice260303: mcuDataAnalyzeHandle templen:77,len:77,pos:0, 5AA500490600000044776A16CF777B22636F6D6D616E64223A7B226964223A226473695F6C7578222C22737562223A22227D2C22636F6E74656E74223A7B2276616C7565223A3230307D7D4F72 
05-27 19:03:19.654   536  2578 I commservice260303: checksumCal = 20338
05-27 19:03:19.654   536  2578 D commservice260303: CommProtocolLibCmdBaseC2I::dataproc {"command":{"id":"dsi_lux","sub":""},"content":{"value":200}},6
05-27 19:03:19.655   536  2578 D commservice260303: mcuCommMessageManager::notifyMsgToClient hwbinder OK
05-27 19:03:19.655   536  2578 D commservice260303: McuProtocolLibSend2Service::send2Service ret=1
05-27 19:03:19.655   581   581 I SpiService: fgesysctrl_getGPIO_status success val=1
05-27 19:03:19.655   299 30844 D EvsDriver: forwardFrame
05-27 19:03:19.656   299 30844 D EvsDriver: Delivered 0xb400007b7ca56900 as id 0
05-27 19:03:19.656  1167  1479 D evsmanagerd: /dev/video6 forwarded the buffer #0 to 0xb4000074bf5f5510 from 0xb4000074bf5f6d90
05-27 19:03:19.656 12246 12440 D ivicomm_CommManager: fgeComServiceCallback: {"command":{"id":"dsi_lux","sub":""},"content":{"value":200}}
05-27 08:54:28.619   581   581 D spi_rst_gpio_get_output: GPIO 145 value: 1
05-27 08:54:28.619   581   581 D spidev_ioctl: gpio status=1)
05-27 08:54:28.625   581   581 D spi_rst_gpio_get_output: GPIO 145 value: 1
05-27 08:54:28.625   581   581 D spidev_ioctl: gpio status=1)
05-27 19:03:19.659 12246 12440 D ivicomm_CallbackManager: registerCallback DSI_LUX: {"value":200} mCommStateCallbackMap size:4
05-27 19:03:19.659   299  1153 D EvsDriver: doneWithFrame
05-27 19:03:19.659   299  1163 D EvsDriver: doneWithFrame
05-27 19:03:19.660 11579 11719 D NSLogUtils_VehicleService: L2A comm state: id=dsi_lux, value=200
05-27 19:03:19.660   581   581 I SpiService: fgesysctrl_getGPIO_status success val=1
05-27 19:03:19.661 11344  6590 D SystemUI_SystemSettingsControllerService: onCommState: commandID = dsi_lux; value = 200
05-27 19:03:19.663  1008 30857 D [OMXB]  : usingANWBuffer: handle:0xee744630, format:1, w:1920, h:1080
05-27 19:03:19.666   581   581 I SpiService: fgesysctrl_getGPIO_status success val=1
05-27 19:03:19.668   536   536 D commservice260303: msg.id = 1028,0
05-27 19:03:19.668   536   536 D commservice260303: i = 170, msgid = 8A000404
05-27 19:03:19.668   536   536 D commservice260303: msgid = -1979710460,did=138
05-27 19:03:19.668   536   536 D commservice260303: CommProtocolLibCmdBaseI2C::dataproc {"command":{"id":"imu_status","sub":""},"content":{"TimeStamp":11,"FrameCounter":274062,"GD_X":-0.010766036808490753,"GD_Y":0.004580949433147907,"GD_Z":0.002443138277158141,"AD_X":-0.0013003498315811157,"AD_Y":0.0016666450537741184,"AD_Z":-0.16465473175048828,"TempDsp":0,"Status":0,"CalibState":1,"SigAmpInvalid":0}},-1979710460
05-27 19:03:19.668   536   536 D commservice260303: send2Cluster len:317, 7B22636F6D6D616E64223A7B226964223A22696D755F737461747573222C22737562223A22227D2C22636F6E74656E74223A7B2254696D655374616D70223A31312C224672616D65436F756E746572223A3237343036322C2247445F58223A2D302E3031303736363033363830383439303735332C2247445F59223A302E3030343538303934393433333134373930372C2247445F5A223A302E3030323434333133383237373135383134312C2241445F58223A2D302E303031333030333439383331353831313135372C2241445F59223A302E303031363636363435303533373734313138342C2241445F5A223A2D302E31363436353437333137353034383832382C2254656D70447370223A302C22537461747573223A302C2243616C69625374617465223A312C22536967416D70496E76616C6964223A307D7D, 138 
05-27 19:03:19.668   536   536 D commservice260303: Push Message into SendPool fn=863044608
05-27 19:03:19.668   536   536 D commservice260303: ComProtocolLibSend2Cluster::send2ClusterRaw fn=863044608 , len=333
05-27 19:03:19.668   536   536 D commservice260303: sendCmdToPort :333!!!
05-27 19:03:19.668   536   536 D commservice260303: send Cmd To Port ++++5AA501498A01000471336A16CF777B22636F6D6D616E64223A7B226964223A22696D755F737461747573222C22737562223A22227D2C22636F6E74656E74223A7B2254696D655374616D70223A31312C224672616D65436F756E746572223A3237343036322C2247445F58223A2D302E3031303736363033363830383439303735332C2247445F59223A302E3030343538303934393433333134373930372C2247445F5A223A302E3030323434333133383237373135383134312C2241445F58223A2D302E303031333030333439383331353831313135372C2241445F59223A302E303031363636363435303533373734313138342C2241445F5A223A2D302E31363436353437333137353034383832382C2254656D70447370223A302C22537461747573223A302C2243616C69625374617465223A312C22536967416D70496E76616C6964223A307D7D52C7
05-27 08:54:28.631   581   581 D spi_rst_gpio_get_output: GPIO 145 value: 1
05-27 08:54:28.631   581   581 D spidev_ioctl: gpio status=1)
05-27 19:03:19.669   536   536 D commservice260303: bufferevent_write retrun value = 0
05-27 19:03:19.669   536   560 D commservice260303: client datas send succeed,send finish
05-27 19:03:19.672   581   581 I SpiService: fgesysctrl_getGPIO_status success val=0
05-27 19:03:19.673 13911 14192 D Sentinelmode_1.2.5.17_sentry: <SentryImuClusterFgeSender>imu_status sent to Linux, frame=274062, tsNs=11666906, tsMs=11, intervalMs=45, ad=(-0.0013003498,0.001666645,-0.16465473), gd=(-0.010766037,0.0045809494,0.0024431383)
05-27 19:03:19.674 13911 14183 I SentryImuMcuAngleSender: 179.96495rollDeg
05-27 19:03:19.674 13911 14183 I SentryImuMcuAngleSender: 1,0,0
05-27 08:54:28.637   581   581 D spidev_ioctl: gpio status=0)
05-27 19:03:19.676   299 30841 D EvsDriver: forwardFrame
05-27 19:03:19.676   299 30844 D EvsDriver: forwardFrame
05-27 19:03:19.679   830   830 D SurfaceFlinger: unisoc-graphics, commit has frameMissed:2, vysncId:234444
05-27 19:03:19.682  1167  1479 D evsmanagerd: /dev/video6 forwarded the buffer #0 to 0xb4000074bf5f5510 from 0xb4000074bf5f6d90
05-27 19:03:19.682   299 30844 D EvsDriver: Delivered 0xb400007b7ca56900 as id 0
05-27 19:03:19.682  1167  1184 D evsmanagerd: /dev/video4 forwarded the buffer #0 to 0xb4000074bf5f6850 from 0xb4000074bf5f41d0
05-27 19:03:19.683   299 30841 D EvsDriver: Delivered 0xb400007b7ca56a60 as id 0
05-27 19:03:19.686   299  1153 D EvsDriver: doneWithFrame
05-27 19:03:19.687   581   581 I SpiService: fgesysctrl_getGPIO_status success val=1
05-27 19:03:19.687   299  1163 D EvsDriver: doneWithFrame
05-27 08:54:28.651   581   581 D spi_rst_gpio_get_output: GPIO 145 value: 1
05-27 08:54:28.651   581   581 D spidev_ioctl: gpio status=1)
05-27 19:03:19.691  1008 30856 D [OMXB]  : usingANWBuffer: handle:0xee743240, format:1, w:1920, h:1080
05-27 19:03:19.693   581   581 I SpiService: fgesysctrl_getGPIO_status success val=1
05-27 19:03:19.694   283   307 I rvcservice: t.code = 3, t.value = 0
05-27 19:03:19.695 13911 14183 I SentryImuMcuAngleSender: 179.96848rollDeg
05-27 19:03:19.695 13911 14183 I SentryImuMcuAngleSender: 1,0,0
05-27 19:03:19.696   830   830 D SurfaceFlinger: unisoc-graphics, commit has frameMissed:2, vysncId:234445
05-27 08:54:28.658   581   581 D spi_rst_gpio_get_output: GPIO 145 value: 1
05-27 08:54:28.658   581   581 D spidev_ioctl: gpio status=1)
05-27 19:03:19.698   581   581 I SpiService: fgesysctrl_getGPIO_status success val=1
05-27 19:03:19.699  1116  1135 I adbd    : jdwp connection from 23682
05-27 08:54:28.663   581   581 D spi_rst_gpio_get_output: GPIO 145 value: 1
05-27 08:54:28.663   581   581 D spidev_ioctl: gpio status=1)
05-27 19:03:19.703 30773 30789 I dvr_service_: Camera 1: MediaOK:128879150, frames:1750, isKeyFrame:0,pts:11666285624
05-27 19:03:19.704   581   581 I SpiService: fgesysctrl_getGPIO_status success val=1
05-27 08:54:28.669   581   581 D spi_rst_gpio_get_output: GPIO 145 value: 1
05-27 08:54:28.669   581   581 D spidev_ioctl: gpio status=1)
05-27 19:03:19.705   536   560 D commservice260303: recv len:101, 5AA500610600000044786A16CF777B22636F6D6D616E64223A7B226964223A22417564696F5F466F6375735F4162616E646F6E222C22737562223A22227D2C22636F6E74656E74223A7B2273657373696F6E6964223A39343438393238303531327D7D6B6D from server
05-27 19:03:19.705   536  2578 D commservice260303: mcuDataAnalyzeHandle templen:101,len:101,pos:0, 5AA500610600000044786A16CF777B22636F6D6D616E64223A7B226964223A22417564696F5F466F6375735F4162616E646F6E222C22737562223A22227D2C22636F6E74656E74223A7B2273657373696F6E6964223A39343438393238303531327D7D6B6D 
05-27 19:03:19.705   536  2578 I commservice260303: checksumCal = 27501
05-27 19:03:19.705   536  2578 D commservice260303: CommProtocolLibCmdBaseC2I::dataproc {"command":{"id":"Audio_Focus_Abandon","sub":""},"content":{"sessionid":94489280512}},6
05-27 19:03:19.705   536  2578 D commservice260303: mcuCommMessageManager::notifyMsgToClient hwbinder OK
05-27 19:03:19.705   536  2578 D commservice260303: McuProtocolLibSend2Service::send2Service ret=1
05-27 19:03:19.706 12246 12440 D ivicomm_CommManager: fgeComServiceCallback: {"command":{"id":"Audio_Focus_Abandon","sub":""},"content":{"sessionid":94489280512}}
05-27 19:03:19.707   536   536 D commservice260303: msg.id = 1028,0
05-27 19:03:19.707   536   536 D commservice260303: i = 170, msgid = 8A000404
05-27 19:03:19.707   536   536 D commservice260303: msgid = -1979710460,did=138
05-27 19:03:19.707   536   536 D commservice260303: CommProtocolLibCmdBaseI2C::dataproc {"command":{"id":"imu_status","sub":""},"content":{"TimeStamp":11,"FrameCounter":274063,"GD_X":-0.010841978713870049,"GD_Y":0.005345047451555729,"GD_Z":0.0016030981205403805,"AD_X":-0.0013127923011779785,"AD_Y":0.004684677347540855,"AD_Z":-0.17197418212890625,"TempDsp":0,"Status":0,"CalibState":1,"SigAmpInvalid":0}},-1979710460
05-27 19:03:19.707   536   536 D commservice260303: send2Cluster len:317, 7B22636F6D6D616E64223A7B226964223A22696D755F737461747573222C22737562223A22227D2C22636F6E74656E74223A7B2254696D655374616D70223A31312C224672616D65436F756E746572223A3237343036332C2247445F58223A2D302E3031303834313937383731333837303034392C2247445F59223A302E3030353334353034373435313535353732392C2247445F5A223A302E303031363033303938313230353430333830352C2241445F58223A2D302E303031333132373932333031313737393738352C2241445F59223A302E3030343638343637373334373534303835352C2241445F5A223A2D302E31373139373431383231323839303632352C2254656D70447370223A302C22537461747573223A302C2243616C69625374617465223A312C22536967416D70496E76616C6964223A307D7D, 138 
05-27 19:03:19.707   536   536 D commservice260303: Push Message into SendPool fn=879821824
05-27 19:03:19.707   536   536 D commservice260303: ComProtocolLibSend2Cluster::send2ClusterRaw fn=879821824 , len=333
05-27 19:03:19.707   536   536 D commservice260303: sendCmdToPort :333!!!
05-27 19:03:19.707   536   536 D commservice260303: send Cmd To Port ++++5AA501498A01000471346A16CF777B22636F6D6D616E64223A7B226964223A22696D755F737461747573222C22737562223A22227D2C22636F6E74656E74223A7B2254696D655374616D70223A31312C224672616D65436F756E746572223A3237343036332C2247445F58223A2D302E3031303834313937383731333837303034392C2247445F59223A302E3030353334353034373435313535353732392C2247445F5A223A302E303031363033303938313230353430333830352C2241445F58223A2D302E303031333132373932333031313737393738352C2241445F59223A302E3030343638343637373334373534303835352C2241445F5A223A2D302E31373139373431383231323839303632352C2254656D70447370223A302C22537461747573223A302C2243616C69625374617465223A312C22536967416D70496E76616C6964223A307D7DD7B2
05-27 19:03:19.707   536   536 D commservice260303: bufferevent_write retrun value = 0
05-27 19:03:19.707   536   560 D commservice260303: client datas send succeed,send finish
05-27 19:03:19.707 13911 14192 D Sentinelmode_1.2.5.17_sentry: <SentryImuClusterFgeSender>imu_status sent to Linux, frame=274063, tsNs=11666942, tsMs=11, intervalMs=35, ad=(-0.0013127923,0.0046846773,-0.17197418), gd=(-0.010841979,0.0053450475,0.0016030981)
05-27 19:03:19.708 12246 12440 D ivicomm_CallbackManager: registerCallback AUDIO_FOCUS_ABANDON: {"sessionid":94489280512} mMediaCallbackMap size:1
05-27 19:03:19.709   572   622 I Sensors : 230 GyroSensor: x:-0.010842,y:0.005421,z:0.001908
05-27 19:03:19.709   299 30841 D EvsDriver: forwardFrame
05-27 19:03:19.709 12226 15974 D CommAudioInteraction: onAudioFocusStatus ID: Audio_Focus_Abandon,mediaInfo: com.yadea.apf.commonaidl.bean.MediaInfo@a80e606
05-27 19:03:19.709 12226 15974 D NsrAudioManager: abandonAudioFocus
05-27 19:03:19.710   581   581 I SpiService: fgesysctrl_getGPIO_status success val=1
05-27 19:03:19.711   299 30841 D EvsDriver: Delivered 0xb400007b7ca56a60 as id 0
05-27 19:03:19.711  1167  1184 D evsmanagerd: /dev/video4 forwarded the buffer #0 to 0xb4000074bf5f6850 from 0xb4000074bf5f41d0
05-27 19:03:19.711 10188 10454 I MediaFocusControl: abandonAudioFocus() from uid/pid 10072/12226 clientId=android.media.AudioManager@5801f2ecom.yadea.apf.vehicleservice.manager.NsrAudioManager$$ExternalSyntheticLambda0@ca17acf
05-27 19:03:19.711   299 30844 D EvsDriver: forwardFrame
05-27 19:03:19.712 11346 11346 I CarAudioFocus: onAudioFocusAbandon for client android.media.AudioManager@5801f2ecom.yadea.apf.vehicleservice.manager.NsrAudioManager$$ExternalSyntheticLambda0@ca17acf
05-27 19:03:19.712   299 30844 D EvsDriver: Delivered 0xb400007b7ca56900 as id 0
05-27 19:03:19.712 11346 11346 I CarAudioFocus: removeFocusEntry android.media.AudioManager@5801f2ecom.yadea.apf.vehicleservice.manager.NsrAudioManager$$ExternalSyntheticLambda0@ca17acf
05-27 19:03:19.712  1167  1184 D evsmanagerd: /dev/video6 forwarded the buffer #0 to 0xb4000074bf5f5510 from 0xb4000074bf5f6d90
05-27 19:03:19.712 11346 11346 I CarDucking: to duck list []
05-27 19:03:19.712 11346 11346 I CarDucking: to unduck list []
05-27 08:54:28.674   581   581 D spi_rst_gpio_get_output: GPIO 145 value: 1
05-27 08:54:28.674   581   581 D spidev_ioctl: gpio status=1)
05-27 19:03:19.715   299  1163 D EvsDriver: doneWithFrame
05-27 19:03:19.715   299  1153 D EvsDriver: doneWithFrame
05-27 19:03:19.715   581   581 I SpiService: fgesysctrl_getGPIO_status success val=0
05-27 19:03:19.716 13911 14183 I SentryImuMcuAngleSender: 179.986rollDeg
05-27 19:03:19.716 13911 14183 I SentryImuMcuAngleSender: 1,0,0
05-27 08:54:28.680   581   581 D spi_rst_gpio_get_output: GPIO 145 value: 0
05-27 08:54:28.680   581   581 D spidev_ioctl: gpio status=0)
05-27 19:03:19.721 23682 23682 W ziparchive: Unable to open '/system_ext/framework/unisoc-framework.dm': No such file or directory
05-27 19:03:19.721 23682 23682 W ziparchive: Unable to open '/system_ext/framework/unisoc-framework.dm': No such file or directory
05-27 19:03:19.724 10188 11505 E SSense.fps: We could not find the file :/sys/class/display/dispc0/frame_count
05-27 19:03:19.726 10188 10454 I am_proc_bound: [0,23682,com.anwsdk.service:remote]
05-27 19:03:19.726 13549 13800 I ADAYO_LOG_: addEncryptorBean(EncryptorModel.java:28)key:logcat_2026_05_27_19_03_15_043-50.zip
05-27 19:03:19.727 13549 13800 I ADAYO_LOG_: writeEncryptorFile(EncryptorModel.java:48)mHashMapList:36
05-27 19:03:19.730   581   581 I SpiService: fgesysctrl_getGPIO_status success val=1
05-27 08:54:28.694   581   581 D spi_rst_gpio_get_output: GPIO 145 value: 1
05-27 08:54:28.694   581   581 D spidev_ioctl: gpio status=1)
05-27 08:54:28.700   581   581 D spi_rst_gpio_get_output: GPIO 145 value: 1
05-27 08:54:28.700   581   581 D spidev_ioctl: gpio status=1)
05-27 19:03:19.735   581   581 I SpiService: fgesysctrl_getGPIO_status success val=1
05-27 19:03:19.736 13911 14183 I SentryImuMcuAngleSender: -179.99298rollDeg
05-27 19:03:19.736 13911 14183 I SentryImuMcuAngleSender: 1,0,0
05-27 19:03:19.736 13911 14183 I SentryImuMcuAngleSender: [4, 18, 1, 0, 0],5
05-27 19:03:19.736 15286 23185 D okhttp.TaskRunner: Q10007 scheduled after   0 µs: OkHttp ConnectionPool
05-27 19:03:19.737 15286  4887 D okhttp.TaskRunner: Q10007 starting              : OkHttp ConnectionPool
05-27 19:03:19.736 13911 14183 I McuCommManager: mcuCommSendcmd [4, 18, 1, 0, 0]
05-27 19:03:19.738 15286  4887 D okhttp.TaskRunner: Q10007 run again after 300 s : OkHttp ConnectionPool
05-27 19:03:19.738 15286  4887 D okhttp.TaskRunner: Q10007 finished run in 845 µs: OkHttp ConnectionPool
05-27 19:03:19.740 13911 14183 I SentryImuMcuAngleSender: true
05-27 19:03:19.740 13911 14183 W Sentinelmode_1.2.5.17_sentry: <SentryImuMcuAngleSender>MCU IMU send interval abnormal: 1002ms
05-27 19:03:19.741   581   581 I SpiService: fgesysctrl_getGPIO_status success val=1
05-27 08:54:28.705   581   581 D spi_rst_gpio_get_output: GPIO 145 value: 1
05-27 08:54:28.705   581   581 D spidev_ioctl: gpio status=1)
05-27 19:03:19.743 10188 10454 I am_create_service: [0,208025669,.anwbtservice,1000,23682]
05-27 19:03:19.747   581   581 I SpiService: fgesysctrl_getGPIO_status success val=1
05-27 19:03:19.748   536   536 D commservice260303: msg.id = 1028,0
05-27 19:03:19.748   536   536 D commservice260303: i = 170, msgid = 8A000404
05-27 19:03:19.748   536   536 D commservice260303: msgid = -1979710460,did=138
05-27 19:03:19.748   536   536 D commservice260303: CommProtocolLibCmdBaseI2C::dataproc {"command":{"id":"imu_status","sub":""},"content":{"TimeStamp":11,"FrameCounter":274064,"GD_X":-0.011834942735731602,"GD_Y":0.004656890872865915,"GD_Z":0.0019848872907459736,"AD_X":-0.0013320446014404297,"AD_Y":-0.0014093597419559956,"AD_Z":-0.16587448120117188,"TempDsp":0,"Status":0,"CalibState":1,"SigAmpInvalid":0}},-1979710460
05-27 19:03:19.748   536   536 D commservice260303: send2Cluster len:319, 7B22636F6D6D616E64223A7B226964223A22696D755F737461747573222C22737562223A22227D2C22636F6E74656E74223A7B2254696D655374616D70223A31312C224672616D65436F756E746572223A3237343036342C2247445F58223A2D302E3031313833343934323733353733313630322C2247445F59223A302E3030343635363839303837323836353931352C2247445F5A223A302E303031393834383837323930373435393733362C2241445F58223A2D302E303031333332303434363031343430343239372C2241445F59223A2D302E303031343039333539373431393535393935362C2241445F5A223A2D302E31363538373434383132303131373138382C2254656D70447370223A302C22537461747573223A302C2243616C69625374617465223A312C22536967416D70496E76616C6964223A307D7D, 138 
05-27 08:54:28.711   581   581 D spi_rst_gpio_get_output: GPIO 145 value: 1
05-27 08:54:28.711   581   581 D spidev_ioctl: gpio status=1)
05-27 19:03:19.748   536   536 D commservice260303: Push Message into SendPool fn=896599040
05-27 19:03:19.749   536   536 D commservice260303: ComProtocolLibSend2Cluster::send2ClusterRaw fn=896599040 , len=335
05-27 19:03:19.749   536   536 D commservice260303: sendCmdToPort :335!!!
05-27 19:03:19.749   299 30841 D EvsDriver: forwardFrame
05-27 19:03:19.749   536   536 D commservice260303: send Cmd To Port ++++5AA5014B8A01000471356A16CF777B22636F6D6D616E64223A7B226964223A22696D755F737461747573222C22737562223A22227D2C22636F6E74656E74223A7B2254696D655374616D70223A31312C224672616D65436F756E746572223A3237343036342C2247445F58223A2D302E3031313833343934323733353733313630322C2247445F59223A302E3030343635363839303837323836353931352C2247445F5A223A302E303031393834383837323930373435393733362C2241445F58223A2D302E303031333332303434363031343430343239372C2241445F59223A2D302E303031343039333539373431393535393935362C2241445F5A223A2D302E31363538373434383132303131373138382C2254656D70447370223A302C22537461747573223A302C2243616C69625374617465223A312C22536967416D70496E76616C6964223A307D7D0A05
05-27 19:03:19.749   536   536 D commservice260303: bufferevent_write retrun value = 0
05-27 19:03:19.749   536   560 D commservice260303: client datas send succeed,send finish
05-27 19:03:19.750 13911 14192 D Sentinelmode_1.2.5.17_sentry: <SentryImuClusterFgeSender>imu_status sent to Linux, frame=274064, tsNs=11666995, tsMs=11, intervalMs=43, ad=(-0.0013320446,-0.0014093597,-0.16587448), gd=(-0.011834943,0.004656891,0.0019848873)
05-27 19:03:19.751   299 30841 D EvsDriver: Delivered 0xb400007b7ca56a60 as id 0
05-27 19:03:19.752  1167  1479 D evsmanagerd: /dev/video4 forwarded the buffer #0 to 0xb4000074bf5f6850 from 0xb4000074bf5f41d0
05-27 19:03:19.753 23682 23682 D CompatibilityChangeReporter: Compat change id reported: 171979766; UID 1000; state: ENABLED
05-27 19:03:19.753   581   581 I SpiService: fgesysctrl_getGPIO_status success val=0
05-27 19:03:19.753   481   597 I mcuc    : send SPI:6AA60080B000050412010000B4
05-27 08:54:28.717   581   581 D spi_rst_gpio_get_output: GPIO 145 value: 0
05-27 08:54:28.717   581   581 D spidev_ioctl: gpio status=0)
05-27 19:03:19.760 13911 14183 I SentryImuMcuAngleSender: -179.99649rollDeg
05-27 19:03:19.760 13911 14183 I SentryImuMcuAngleSender: 1,0,0
05-27 19:03:19.760   299 30844 D EvsDriver: forwardFrame
05-27 19:03:19.760   299  1163 D EvsDriver: doneWithFrame
05-27 19:03:19.761   299 30844 D EvsDriver: Delivered 0xb400007b7ca56900 as id 0
05-27 19:03:19.761  1167  1479 D evsmanagerd: /dev/video6 forwarded the buffer #0 to 0xb4000074bf5f5510 from 0xb4000074bf5f6d90
05-27 19:03:19.762 30773 30783 E dvr_service_: [myNum:1] Received S**** loss
05-27 19:03:19.762   299  1163 D EvsDriver: doneWithFrame
05-27 19:03:19.763   830   830 D SurfaceFlinger: unisoc-graphics, commit has frameMissed:2, vysncId:234448
05-27 19:03:19.764  1008 30857 D [OMXB]  : usingANWBuffer: handle:0xee743df0, format:1, w:1920, h:1080
05-27 19:03:19.765 30773 30786 I dvr_service_: CameraX 0  audioOK: 128854043,audios:1930
05-27 19:03:19.768 13549 13800 W System.err: java.io.IOException: No such file or directory
05-27 19:03:19.768 13549 13800 W System.err: 	at java.io.UnixFileSystem.createFileExclusively0(Native Method)
05-27 19:03:19.768 13549 13800 W System.err: 	at java.io.UnixFileSystem.createFileExclusively(UnixFileSystem.java:317)
05-27 19:03:19.769 13549 13800 W System.err: 	at java.io.File.createNewFile(File.java:1006)
05-27 19:03:19.769 13549 13800 W System.err: 	at com.adayo.log.utils.FileUtil.writeStringToFile(FileUtil.java:253)
05-27 19:03:19.769 13549 13800 W System.err: 	at com.adayo.log.model.EncryptorModel.writeEncryptorFile(EncryptorModel.java:53)
05-27 19:03:19.769 13549 13800 W System.err: 	at com.adayo.log.model.EncryptorModel.addEncryptorBean(EncryptorModel.java:31)
05-27 19:03:19.769 13549 13800 W System.err: 	at com.adayo.log.function.collect.LogcatFunc.startZip(LogcatFunc.java:404)
05-27 19:03:19.769 13549 13800 W System.err: 	at com.adayo.log.function.collect.LogcatFunc.startSeparationAndZip(LogcatFunc.java:293)
05-27 19:03:19.769 13549 13800 W System.err: 	at com.adayo.log.function.collect.LogcatFunc.access$000(LogcatFunc.java:56)
05-27 19:03:19.769 13549 13800 W System.err: 	at com.adayo.log.function.collect.LogcatFunc$WatchCallable.call(LogcatFunc.java:505)
05-27 19:03:19.769 13549 13800 W System.err: 	at com.adayo.log.function.collect.LogcatFunc$WatchCallable.call(LogcatFunc.java:431)
05-27 19:03:19.769 13549 13800 W System.err: 	at com.adayo.log.utils.easythread.RunnableWrapper.run(RunnableWrapper.java:37)
05-27 19:03:19.769 13549 13800 W System.err: 	at java.util.concurrent.ThreadPoolExecutor.runWorker(ThreadPoolExecutor.java:1137)
05-27 19:03:19.769 13549 13800 W System.err: 	at java.util.concurrent.ThreadPoolExecutor$Worker.run(ThreadPoolExecutor.java:637)
05-27 19:03:19.769 13549 13800 W System.err: 	at java.lang.Thread.run(Thread.java:1023)
05-27 19:03:19.770 13549 13800 W System.err: java.io.FileNotFoundException: /log/offlinelogs/AndroidLog/logKey.txt: open failed: ENOENT (No such file or directory)
05-27 19:03:19.770 13549 13800 W System.err: 	at libcore.io.IoBridge.open(IoBridge.java:574)
05-27 19:03:19.770 13549 13800 W System.err: 	at java.io.FileOutputStream.<init>(FileOutputStream.java:236)
05-27 19:03:19.770 23682 23682 D CompatibilityInfo: applyToConfigurationCompat inoutConfig.densityDpi= 160
05-27 19:03:19.770 13549 13800 W System.err: 	at java.io.FileOutputStream.<init>(FileOutputStream.java:186)
05-27 19:03:19.770   581   581 I SpiService: fgesysctrl_getGPIO_status success val=1
05-27 19:03:19.770 13549 13800 W System.err: 	at com.adayo.log.utils.FileUtil.writeStringToFile(FileUtil.java:258)
05-27 19:03:19.770 13549 13800 W System.err: 	at com.adayo.log.model.EncryptorModel.writeEncryptorFile(EncryptorModel.java:53)
05-27 19:03:19.770 13549 13800 W System.err: 	at com.adayo.log.model.EncryptorModel.addEncryptorBean(EncryptorModel.java:31)
05-27 19:03:19.770 13549 13800 W System.err: 	at com.adayo.log.function.collect.LogcatFunc.startZip(LogcatFunc.java:404)
05-27 19:03:19.770 13549 13800 W System.err: 	at com.adayo.log.function.collect.LogcatFunc.startSeparationAndZip(LogcatFunc.java:293)
05-27 19:03:19.770 13549 13800 W System.err: 	at com.adayo.log.function.collect.LogcatFunc.access$000(LogcatFunc.java:56)
05-27 19:03:19.770 13549 13800 W System.err: 	at com.adayo.log.function.collect.LogcatFunc$WatchCallable.call(LogcatFunc.java:505)
05-27 19:03:19.770 13549 13800 W System.err: 	at com.adayo.log.function.collect.LogcatFunc$WatchCallable.call(LogcatFunc.java:431)
05-27 19:03:19.770 13549 13800 W System.err: 	at com.adayo.log.utils.easythread.RunnableWrapper.run(RunnableWrapper.java:37)
05-27 19:03:19.770 13549 13800 W System.err: 	at java.util.concurrent.ThreadPoolExecutor.runWorker(ThreadPoolExecutor.java:1137)
05-27 19:03:19.771 13549 13800 W System.err: 	at java.util.concurrent.ThreadPoolExecutor$Worker.run(ThreadPoolExecutor.java:637)
05-27 19:03:19.771 13549 13800 W System.err: 	at java.lang.Thread.run(Thread.java:1023)
05-27 19:03:19.771 13549 13800 W System.err: Caused by: android.system.ErrnoException: open failed: ENOENT (No such file or directory)
05-27 19:03:19.771 13549 13800 W System.err: 	at libcore.io.Linux.open(Native Method)
05-27 19:03:19.771 13549 13800 W System.err: 	at libcore.io.ForwardingOs.open(ForwardingOs.java:563)
05-27 19:03:19.771 13549 13800 W System.err: 	at libcore.io.BlockGuardOs.open(BlockGuardOs.java:274)
05-27 19:03:19.771 13549 13800 W System.err: 	at libcore.io.ForwardingOs.open(ForwardingOs.java:563)
05-27 19:03:19.771 13549 13800 W System.err: 	at android.app.ActivityThread$AndroidOs.open(ActivityThread.java:7919)
05-27 19:03:19.771 13549 13800 W System.err: 	at libcore.io.IoBridge.open(IoBridge.java:560)
05-27 19:03:19.771 13549 13800 W System.err: 	... 14 more
05-27 08:54:28.734   581   581 D spi_rst_gpio_get_output: GPIO 145 value: 1
05-27 08:54:28.734   581   581 D spidev_ioctl: gpio status=1)
05-27 19:03:19.776   581   581 I SpiService: fgesysctrl_getGPIO_status success val=1
05-27 08:54:28.740   581   581 D spi_rst_gpio_get_output: GPIO 145 value: 1
05-27 08:54:28.740   581   581 D spidev_ioctl: gpio status=1)
05-27 19:03:19.782   581   581 I SpiService: fgesysctrl_getGPIO_status success val=1
05-27 19:03:19.782   830   830 D SurfaceFlinger: unisoc-graphics, commit has frameMissed:2, vysncId:234449
05-27 19:03:19.782   269   269 D libvintf: HalManifest::getHidlTransport(framework): Cannot find android.hardware.usb@1.0::IUsb/default
05-27 19:03:19.783   269   269 D libvintf: HalManifest::getHidlTransport(device): Cannot find android.hardware.usb@1.0::IUsb/default
05-27 19:03:19.783   269   269 I hwservicemanager: getTransport: Cannot find entry android.hardware.usb@1.0::IUsb/default in either framework or device VINTF manifest.
05-27 08:54:28.746   581   581 D spi_rst_gpio_get_output: GPIO 145 value: 1
05-27 08:54:28.746   581   581 D spidev_ioctl: gpio status=1)
05-27 19:03:19.784   299 30844 D EvsDriver: forwardFrame
05-27 08:54:28.752   581   581 D spi_rst_gpio_get_output: GPIO 145 value: 1
05-27 08:54:28.752   581   581 D spidev_ioctl: gpio status=1)
05-27 19:03:19.785   299 30844 D EvsDriver: Delivered 0xb400007b7ca56900 as id 0
05-27 19:03:19.785  1167  1479 D evsmanagerd: /dev/video6 forwarded the buffer #0 to 0xb4000074bf5f5510 from 0xb4000074bf5f6d90
05-27 19:03:19.786   299 30841 D EvsDriver: forwardFrame
05-27 19:03:19.787   581   581 I SpiService: fgesysctrl_getGPIO_status success val=1
05-27 19:03:19.787 13911 14183 I SentryImuMcuAngleSender: 179.986rollDeg
05-27 19:03:19.788   299 30841 D EvsDriver: Delivered 0xb400007b7ca56a60 as id 0
05-27 19:03:19.788 13911 14183 I SentryImuMcuAngleSender: 1,0,0
05-27 19:03:19.788  1167  1184 D evsmanagerd: /dev/video4 forwarded the buffer #0 to 0xb4000074bf5f6850 from 0xb4000074bf5f41d0
05-27 19:03:19.788 30773 30783 E dvr_service_: [myNum:0] Received S**** loss
05-27 19:03:19.788   299  1163 D EvsDriver: doneWithFrame
05-27 19:03:19.788   299  1153 D EvsDriver: doneWithFrame
05-27 19:03:19.788 12348 12448 E ExtUsbManager: UsbHalController: android.hardware.usb.V1_0.IUsb getService failed!
05-27 19:03:19.788 12348 12448 E ExtUsbManager: java.util.NoSuchElementException
05-27 19:03:19.788 12348 12448 E ExtUsbManager: 	at android.os.HwBinder.getService(Native Method)
05-27 19:03:19.788 12348 12448 E ExtUsbManager: 	at android.os.HwBinder.getService(HwBinder.java:81)
05-27 19:03:19.788 12348 12448 E ExtUsbManager: 	at android.hardware.usb.V1_0.IUsb.getService(IUsb.java:74)
05-27 19:03:19.788 12348 12448 E ExtUsbManager: 	at android.hardware.usb.V1_0.IUsb.getService(IUsb.java:84)
05-27 19:03:19.788 12348 12448 E ExtUsbManager: 	at ts.car.usb.UsbHalController.createService(UsbHalController.java:37)
05-27 19:03:19.788 12348 12448 E ExtUsbManager: 	at ts.car.usb.UsbHalController.createService(UsbHalController.java:18)
05-27 19:03:19.788 12348 12448 E ExtUsbManager: 	at ts.car.usb.utils.AutoServiceConnector4Hidl.autoConnect(AutoServiceConnector4Hidl.java:47)
05-27 19:03:19.788 12348 12448 E ExtUsbManager: 	at ts.car.usb.utils.AutoServiceConnector4Hidl$$ExternalSyntheticLambda0.run(Unknown Source:2)
05-27 19:03:19.788 12348 12448 E ExtUsbManager: 	at android.os.Handler.handleCallback(Handler.java:942)
05-27 19:03:19.788 12348 12448 E ExtUsbManager: 	at android.os.Handler.dispatchMessage(Handler.java:99)
05-27 19:03:19.788 12348 12448 E ExtUsbManager: 	at android.os.Looper.loopOnce(Looper.java:201)
05-27 19:03:19.788 12348 12448 E ExtUsbManager: 	at android.os.Looper.loop(Looper.java:288)
05-27 19:03:19.788 12348 12448 E ExtUsbManager: 	at android.os.HandlerThread.run(HandlerThread.java:67)
05-27 19:03:19.790   269   269 D libvintf: HalManifest::getHidlTransport(framework): Cannot find vendor.ts.usbext@1.0::IUsbext/default
05-27 19:03:19.791   269   269 D libvintf: HalManifest::getHidlTransport(device): Cannot find vendor.ts.usbext@1.0::IUsbext/default
05-27 19:03:19.791   269   269 I hwservicemanager: getTransport: Cannot find entry vendor.ts.usbext@1.0::IUsbext/default in either framework or device VINTF manifest.
05-27 19:03:19.792   536   536 D commservice260303: msg.id = 1028,1
05-27 19:03:19.792   536   536 D commservice260303: i = 170, msgid = 8A000404
05-27 19:03:19.793   536   536 D commservice260303: msgid = -1979710460,did=138
05-27 19:03:19.793   536   536 D commservice260303: CommProtocolLibCmdBaseI2C::dataproc {"command":{"id":"imu_status","sub":""},"content":{"TimeStamp":11,"FrameCounter":274065,"GD_X":-0.011223767884075642,"GD_Y":0.005268065724521875,"GD_Z":0.0022902146447449923,"AD_X":-0.004378706216812134,"AD_Y":0.005887158680707216,"AD_Z":-0.17075443267822266,"TempDsp":0,"Status":0,"CalibState":1,"SigAmpInvalid":0}},-1979710460
05-27 19:03:19.793   536   536 D commservice260303: send2Cluster len:316, 7B22636F6D6D616E64223A7B226964223A22696D755F737461747573222C22737562223A22227D2C22636F6E74656E74223A7B2254696D655374616D70223A31312C224672616D65436F756E746572223A3237343036352C2247445F58223A2D302E3031313232333736373838343037353634322C2247445F59223A302E3030353236383036353732343532313837352C2247445F5A223A302E303032323930323134363434373434393932332C2241445F58223A2D302E3030343337383730363231363831323133342C2241445F59223A302E3030353838373135383638303730373231362C2241445F5A223A2D302E31373037353434333236373832323236362C2254656D70447370223A302C22537461747573223A302C2243616C69625374617465223A312C22536967416D70496E76616C6964223A307D7D, 138 
05-27 19:03:19.793   536   536 D commservice260303: Push Message into SendPool fn=913376256
05-27 19:03:19.793   536   536 D commservice260303: ComProtocolLibSend2Cluster::send2ClusterRaw fn=913376256 , len=332
05-27 19:03:19.793   536   536 D commservice260303: sendCmdToPort :332!!!
05-27 19:03:19.793   581   581 I SpiService: fgesysctrl_getGPIO_status success val=0
05-27 19:03:19.793   536   536 D commservice260303: send Cmd To Port ++++5AA501488A01000471366A16CF777B22636F6D6D616E64223A7B226964223A22696D755F737461747573222C22737562223A22227D2C22636F6E74656E74223A7B2254696D655374616D70223A31312C224672616D65436F756E746572223A3237343036352C2247445F58223A2D302E3031313232333736373838343037353634322C2247445F59223A302E3030353236383036353732343532313837352C2247445F5A223A302E303032323930323134363434373434393932332C2241445F58223A2D302E3030343337383730363231363831323133342C2241445F59223A302E3030353838373135383638303730373231362C2241445F5A223A2D302E31373037353434333236373832323236362C2254656D70447370223A302C22537461747573223A302C2243616C69625374617465223A312C22536967416D70496E76616C6964223A307D7D4785
05-27 19:03:19.794   536   536 D commservice260303: bufferevent_write retrun value = 0
05-27 19:03:19.794   536   560 D commservice260303: client datas send succeed,send finish
05-27 19:03:19.794 13911 14192 D Sentinelmode_1.2.5.17_sentry: <SentryImuClusterFgeSender>imu_status sent to Linux, frame=274065, tsNs=11667031, tsMs=11, intervalMs=44, ad=(-0.004378706,0.0058871587,-0.17075443), gd=(-0.011223768,0.0052680657,0.0022902146)
05-27 19:03:19.794   283   307 I rvcservice: t.code = 1, t.value = -170190
05-27 19:03:19.794  1008 30856 D [OMXB]  : usingANWBuffer: handle:0xee743b30, format:1, w:1920, h:1080
05-27 08:54:28.758   581   581 D spi_rst_gpio_get_output: GPIO 145 value: 0
05-27 08:54:28.758   581   581 D spidev_ioctl: gpio status=0)
05-27 19:03:19.799 12348 12448 E ExtUsbManager: UsbHalExtController: vendor.ts.usbext.V1_0.IUsbext getService failed!
05-27 19:03:19.799 12348 12448 E ExtUsbManager: java.util.NoSuchElementException
05-27 19:03:19.799 12348 12448 E ExtUsbManager: 	at android.os.HwBinder.getService(Native Method)
05-27 19:03:19.799 12348 12448 E ExtUsbManager: 	at android.os.HwBinder.getService(HwBinder.java:81)
05-27 19:03:19.799 12348 12448 E ExtUsbManager: 	at vendor.ts.usbext.V1_0.IUsbext.getService(IUsbext.java:74)
05-27 19:03:19.799 12348 12448 E ExtUsbManager: 	at vendor.ts.usbext.V1_0.IUsbext.getService(IUsbext.java:84)
05-27 19:03:19.799 12348 12448 E ExtUsbManager: 	at ts.car.usb.UsbHalExtController.createService(UsbHalExtController.java:37)
05-27 19:03:19.799 12348 12448 E ExtUsbManager: 	at ts.car.usb.UsbHalExtController.createService(UsbHalExtController.java:18)
05-27 19:03:19.799 12348 12448 E ExtUsbManager: 	at ts.car.usb.utils.AutoServiceConnector4Hidl.autoConnect(AutoServiceConnector4Hidl.java:47)
05-27 19:03:19.799 12348 12448 E ExtUsbManager: 	at ts.car.usb.utils.AutoServiceConnector4Hidl$$ExternalSyntheticLambda0.run(Unknown Source:2)
05-27 19:03:19.799 12348 12448 E ExtUsbManager: 	at android.os.Handler.handleCallback(Handler.java:942)
05-27 19:03:19.799 12348 12448 E ExtUsbManager: 	at android.os.Handler.dispatchMessage(Handler.java:99)
05-27 19:03:19.799 12348 12448 E ExtUsbManager: 	at android.os.Looper.loopOnce(Looper.java:201)
05-27 19:03:19.799 12348 12448 E ExtUsbManager: 	at android.os.Looper.loop(Looper.java:288)
05-27 19:03:19.799 12348 12448 E ExtUsbManager: 	at android.os.HandlerThread.run(HandlerThread.java:67)
05-27 19:03:19.800   269   269 D libvintf: HalManifest::getHidlTransport(framework): Cannot find android.hardware.usb.gadget@1.0::IUsbGadget/default
05-27 19:03:19.800   269   269 D libvintf: HalManifest::getHidlTransport(device): Cannot find android.hardware.usb.gadget@1.0::IUsbGadget/default
05-27 19:03:19.800   269   269 I hwservicemanager: getTransport: Cannot find entry android.hardware.usb.gadget@1.0::IUsbGadget/default in either framework or device VINTF manifest.
05-27 19:03:19.801 12348 12448 E ExtUsbManager: UsbGadgetController: android.hardware.usb.gadget.V1_0.IUsbGadget getService failed!
05-27 19:03:19.801 12348 12448 E ExtUsbManager: java.util.NoSuchElementException
05-27 19:03:19.801 12348 12448 E ExtUsbManager: 	at android.os.HwBinder.getService(Native Method)
05-27 19:03:19.801 12348 12448 E ExtUsbManager: 	at android.os.HwBinder.getService(HwBinder.java:81)
05-27 19:03:19.801 12348 12448 E ExtUsbManager: 	at android.hardware.usb.gadget.V1_0.IUsbGadget.getService(IUsbGadget.java:74)
05-27 19:03:19.801 12348 12448 E ExtUsbManager: 	at android.hardware.usb.gadget.V1_0.IUsbGadget.getService(IUsbGadget.java:84)
05-27 19:03:19.801 12348 12448 E ExtUsbManager: 	at ts.car.usb.UsbGadgetController.createService(UsbGadgetController.java:36)
05-27 19:03:19.801 12348 12448 E ExtUsbManager: 	at ts.car.usb.UsbGadgetController.createService(UsbGadgetController.java:17)
05-27 19:03:19.801 12348 12448 E ExtUsbManager: 	at ts.car.usb.utils.AutoServiceConnector4Hidl.autoConnect(AutoServiceConnector4Hidl.java:47)
05-27 19:03:19.801 12348 12448 E ExtUsbManager: 	at ts.car.usb.utils.AutoServiceConnector4Hidl$$ExternalSyntheticLambda0.run(Unknown Source:2)
05-27 19:03:19.801 12348 12448 E ExtUsbManager: 	at android.os.Handler.handleCallback(Handler.java:942)
05-27 19:03:19.801 12348 12448 E ExtUsbManager: 	at android.os.Handler.dispatchMessage(Handler.java:99)
05-27 19:03:19.801 12348 12448 E ExtUsbManager: 	at android.os.Looper.loopOnce(Looper.java:201)
05-27 19:03:19.801 12348 12448 E ExtUsbManager: 	at android.os.Looper.loop(Looper.java:288)
05-27 19:03:19.801 12348 12448 E ExtUsbManager: 	at android.os.HandlerThread.run(HandlerThread.java:67)
05-27 19:03:19.806 13549 13800 I ADAYO_LOG_: startZip(LogcatFunc.java:409)zipFile:true,txtFilePath: /mnt/log_data/AndroidLog/logcat/logcat_2026_05_27_18_58_41_759-50.txt
05-27 19:03:19.808 13911 14183 I SentryImuMcuAngleSender: 179.96495rollDeg
05-27 19:03:19.808 13911 14183 I SentryImuMcuAngleSender: 1,0,0
05-27 19:03:19.809   299 30844 D EvsDriver: forwardFrame
05-27 19:03:19.810   581   581 I SpiService: fgesysctrl_getGPIO_status success val=1
05-27 19:03:19.810   481   598 I mcuc    : rev,n=1,6AA681EAFA000A8900330104091212345619
05-27 19:03:19.811  1121  1144 I tboxmids_ap: [2026-05-27 19:03:19.810] [MCU RX] src=MCU dst=ZMQ len=10 type=BINARY data=00 08 33 01 04 09 12 12 34 56 
05-27 08:54:28.775   581   581 D spi_rst_gpio_get_output: GPIO 145 value: 1
05-27 19:03:19.811   299 30844 D EvsDriver: Delivered 0xb400007b7ca56900 as id 0
05-27 08:54:28.775   581   581 D spidev_ioctl: gpio status=1)
05-27 19:03:19.811   351   373 D automotive.vehicle@2.0-adayo-datacomm-mcu: MCUDatacomm sendMessageFromVehicle prop: 0x89, areaId: 0x0, status: 0x33, timestamp: 0x1
05-27 19:03:19.811   299 30841 D EvsDriver: forwardFrame
05-27 19:03:19.811   351   373 D automotive.vehicle@2.0-adayo-datacomm-mcu: MCUDatacomm 1sendMessageFromVehicle ---> type = 12 
05-27 19:03:19.811  1167  1184 D evsmanagerd: /dev/video6 forwarded the buffer #0 to 0xb4000074bf5f5510 from 0xb4000074bf5f6d90
05-27 19:03:19.812 23682 23682 D adservices: Registering AdServices's TopicsManager.
05-27 19:03:19.812  1083  1083 I MyAppLog: [2026-05-27 19:03:19.812 I tboxap mcuCommTboxmidsRecvCb:97] [Mcu] [mcuCommTboxmidsRecvCb] recv from tboxmids, size:10
05-27 19:03:19.813   299 30841 D EvsDriver: Delivered 0xb400007b7ca56a60 as id 0
05-27 19:03:19.813  1167  1184 D evsmanagerd: /dev/video4 forwarded the buffer #0 to 0xb4000074bf5f6850 from 0xb4000074bf5f41d0
05-27 19:03:19.813  1083  1083 I MyAppLog: [2026-05-27 19:03:19.812 I tboxap mcuCommTboxmidsRecvCb:98] [Mcu] [tboxmids -> tboxap]: :00 08 33 01 04 09 12 12 34 56
05-27 19:03:19.817   581   581 I SpiService: fgesysctrl_getGPIO_status success val=1
05-27 19:03:19.817   572   572 I Sensors : 230 AccelSensor: x:-0.174459,y:0.001829,z:-9.973500
05-27 19:03:19.817   299  1153 D EvsDriver: doneWithFrame
05-27 19:03:19.818   299  1163 D EvsDriver: doneWithFrame
05-27 19:03:19.819  1083  1083 W MyAppLog: [2026-05-27 19:03:19.812 W tboxap mcuYadiFrameParse:852] [Mcu] [mcuYadiFrameParse] cmd:0912(MCU_MAIN_BATT_DYNAMIC_IND) payload too short:5 < 36
05-27 08:54:28.781   581   581 D spi_rst_gpio_get_output: GPIO 145 value: 1
05-27 08:54:28.781   581   581 D spidev_ioctl: gpio status=1)
05-27 19:03:19.824   581   581 I SpiService: fgesysctrl_getGPIO_status success val=1
05-27 08:54:28.789   581   581 D spi_rst_gpio_get_output: GPIO 145 value: 1
05-27 08:54:28.789   581   581 D spidev_ioctl: gpio status=1)
05-27 19:03:19.824 30773 30786 I dvr_service_: CameraX 1  audioOK: 128854043,audios:1930
05-27 19:03:19.827  1083  1083 W MyAppLog: [2026-05-27 19:03:19.812 W tboxap mcuPtlParseData:982] [Mcu] [mcuPtlParseData] invalid yadi frame, len:10
05-27 19:03:19.827 13911 14183 I SentryImuMcuAngleSender: 179.98949rollDeg
05-27 19:03:19.828 13911 14183 I SentryImuMcuAngleSender: 1,0,0
05-27 08:54:28.794   581   581 D spi_rst_gpio_get_output: GPIO 145 value: 1
05-27 08:54:28.794   581   581 D spidev_ioctl: gpio status=1)
05-27 08:54:28.800   581   581 D spi_rst_gpio_get_output: GPIO 145 value: 0
05-27 08:54:28.800   581   581 D spidev_ioctl: gpio status=0)
05-27 19:03:19.830   581   581 I SpiService: fgesysctrl_getGPIO_status success val=1
05-27 19:03:19.835 23682 23682 D CompatibilityInfo: applyToConfigurationCompat inoutConfig.densityDpi= 160
05-27 19:03:19.835   536   536 D commservice260303: msg.id = 1028,1
05-27 19:03:19.835   536   536 D commservice260303: i = 170, msgid = 8A000404
05-27 19:03:19.835   536   536 D commservice260303: msgid = -1979710460,did=138
05-27 19:03:19.835   536   536 D commservice260303: CommProtocolLibCmdBaseI2C::dataproc {"command":{"id":"imu_status","sub":""},"content":{"TimeStamp":11,"FrameCounter":274066,"GD_X":-0.011377211660146713,"GD_Y":0.00519212381914258,"GD_Z":0.0020608289632946253,"AD_X":-0.004974439740180969,"AD_Y":9.863597806543112E-4,"AD_Z":-0.16831588745117188,"TempDsp":0,"Status":0,"CalibState":1,"SigAmpInvalid":0}},-1979710460
05-27 19:03:19.836   581   581 I SpiService: fgesysctrl_getGPIO_status success val=0
