05-27 19:03:20.426   566 11459 I gps_hdbd: [reportSvStatus]--->PLATFORM_BSP::Enter
05-27 19:03:20.426   566 11459 I gps_hdbd: hy abnormal deal:hy_cnr30_satellite_cnt=0
05-27 19:03:20.426   566 11459 D gps_hdbd: hy abnormal deal:hy_fixStatus_fail_count=0
05-27 19:03:20.427   566 11459 I gps_hdbd: Received: '$GNZDA,011911.000,27,05,2026,00,00*47
'
05-27 19:03:20.427  1083  1083 W MyAppLog: [2026-05-27 19:03:20.426 W tboxap gpsSyncGpsInfoToDm:361] [Gps] [gpsSyncGpsInfoToDm] fix=0 mode=49 corner:0x01 alt=0.00 sat=0 hdop=0.00 pdop=0.00 vdop=0.00
05-27 19:03:20.430   581   581 I SpiService: fgesysctrl_getGPIO_status success val=1
05-27 08:54:29.394   581   581 D spi_rst_gpio_get_output: GPIO 145 value: 1
05-27 08:54:29.394   581   581 D spidev_ioctl: gpio status=1)
05-27 19:03:20.434  1008 30857 D [OMXB]  : usingANWBuffer: handle:0xee746ec0, format:1, w:1920, h:1080
05-27 19:03:20.435   581   581 I SpiService: fgesysctrl_getGPIO_status success val=1
05-27 08:54:29.400   581   581 D spi_rst_gpio_get_output: GPIO 145 value: 1
05-27 08:54:29.400   581   581 D spidev_ioctl: gpio status=1)
05-27 19:03:20.439 13911 14183 I SentryImuMcuAngleSender: 179.98598rollDeg
05-27 19:03:20.439 13911 14183 I SentryImuMcuAngleSender: 1,0,0
05-27 19:03:20.441   581   581 I SpiService: fgesysctrl_getGPIO_status success val=1
05-27 19:03:20.442   830   830 D SurfaceFlinger: unisoc-graphics, commit has frameMissed:2, vysncId:234483
05-27 19:03:20.443   299 30844 D EvsDriver: forwardFrame
05-27 19:03:20.444   566 11459 I gps_hdbd: Received: '$GNINS,1,1,TYPE,I,V,011911.000,20262000,FUS,-2,0,0,0,MOT,V,1,PATT,0.00,0.00,0.00,VEL,0.000,0.000,0.000,POS,40.0001330924,116.0001570688,84.176,IIA,1,0.00,0.00,0.00,BGA,0.31,-0.66,-0.13,0.000,0.000,0.000,IGA,0,-1,0,0,-2,98,VG,16c2ff1*1F
'
05-27 19:03:20.444   299 30841 D EvsDriver: forwardFrame
05-27 19:03:20.445   299 30841 D EvsDriver: Delivered 0xb400007b7ca56a60 as id 0
05-27 19:03:20.445  1167  1479 D evsmanagerd: /dev/video4 forwarded the buffer #0 to 0xb4000074bf5f6850 from 0xb4000074bf5f41d0
05-27 08:54:29.405   581   581 D spi_rst_gpio_get_output: GPIO 145 value: 1
05-27 08:54:29.405   581   581 D spidev_ioctl: gpio status=1)
05-27 19:03:20.446   299  1153 D EvsDriver: doneWithFrame
05-27 19:03:20.446   581   581 I SpiService: fgesysctrl_getGPIO_status success val=1
05-27 19:03:20.447   299 30844 D EvsDriver: Delivered 0xb400007b7ca56900 as id 0
05-27 19:03:20.447  1167  1479 D evsmanagerd: /dev/video6 forwarded the buffer #0 to 0xb4000074bf5f5510 from 0xb4000074bf5f6d90
05-27 19:03:20.451   299  1153 D EvsDriver: doneWithFrame
05-27 19:03:20.452   581   581 I SpiService: fgesysctrl_getGPIO_status success val=1
05-27 19:03:20.452   536   536 D commservice260303: msg.id = 1028,0
05-27 19:03:20.452   536   536 D commservice260303: i = 170, msgid = 8A000404
05-27 19:03:20.452   536   536 D commservice260303: msgid = -1979710460,did=138
05-27 19:03:20.452   536   536 D commservice260303: CommProtocolLibCmdBaseI2C::dataproc {"command":{"id":"imu_status","sub":""},"content":{"TimeStamp":11,"FrameCounter":274081,"GD_X":-0.011377211660146713,"GD_Y":0.00519212381914258,"GD_Z":0.002213752595707774,"AD_X":-0.0020371675491333008,"AD_Y":0.0016223867423832417,"AD_Z":-0.16831111907958984,"TempDsp":0,"Status":0,"CalibState":1,"SigAmpInvalid":0}},-1979710460
05-27 19:03:20.452   536   536 D commservice260303: send2Cluster len:316, 7B22636F6D6D616E64223A7B226964223A22696D755F737461747573222C22737562223A22227D2C22636F6E74656E74223A7B2254696D655374616D70223A31312C224672616D65436F756E746572223A3237343038312C2247445F58223A2D302E3031313337373231313636303134363731332C2247445F59223A302E30303531393231323338313931343235382C2247445F5A223A302E3030323231333735323539353730373737342C2241445F58223A2D302E303032303337313637353439313333333030382C2241445F59223A302E303031363232333836373432333833323431372C2241445F5A223A2D302E31363833313131313930373935383938342C2254656D70447370223A302C22537461747573223A302C2243616C69625374617465223A312C22536967416D70496E76616C6964223A307D7D, 138 
05-27 19:03:20.452   536   536 D commservice260303: Push Message into SendPool fn=1181811712
05-27 19:03:20.452   536   536 D commservice260303: ComProtocolLibSend2Cluster::send2ClusterRaw fn=1181811712 , len=332
05-27 19:03:20.452   536   536 D commservice260303: sendCmdToPort :332!!!
05-27 19:03:20.452   536   536 D commservice260303: send Cmd To Port ++++5AA501488A01000471466A16CF787B22636F6D6D616E64223A7B226964223A22696D755F737461747573222C22737562223A22227D2C22636F6E74656E74223A7B2254696D655374616D70223A31312C224672616D65436F756E746572223A3237343038312C2247445F58223A2D302E3031313337373231313636303134363731332C2247445F59223A302E30303531393231323338313931343235382C2247445F5A223A302E3030323231333735323539353730373737342C2241445F58223A2D302E303032303337313637353439313333333030382C2241445F59223A302E303031363232333836373432333833323431372C2241445F5A223A2D302E31363833313131313930373935383938342C2254656D70447370223A302C22537461747573223A302C2243616C69625374617465223A312C22536967416D70496E76616C6964223A307D7D1F9D
05-27 19:03:20.452   536   536 D commservice260303: bufferevent_write retrun value = 0
05-27 19:03:20.453   536   560 D commservice260303: client datas send succeed,send finish
05-27 19:03:20.454 13911 14192 D Sentinelmode_1.2.5.17_sentry: <SentryImuClusterFgeSender>imu_status sent to Linux, frame=274081, tsNs=11667678, tsMs=11, intervalMs=41, ad=(-0.0020371675,0.0016223867,-0.16831112), gd=(-0.011377212,0.005192124,0.0022137526)
05-27 19:03:20.455   566 11459 I gps_hdbd: Received: '$GNINS,CARSPEED,ADR_STATUS,0,Pulse_count,0,1,0,0,20262000,116470,0.000,0.000,0.000*07
'
05-27 19:03:20.461 13911 14183 I SentryImuMcuAngleSender: 1,0,0
05-27 19:03:20.462   566 11459 I gps_hdbd: Received: '$GNTXT,04,01,04,INS,V,1,,,,FLG,1,000000,1,0,1,0,0,Con,0*71
'
05-27 19:03:20.463   566 11459 I gps_hdbd: Received: '$GNTXT,INSTALL,0.00,0.00,0.00,0.00,0.00,0.00,0*20
'
05-27 19:03:20.464 30773 30786 I dvr_service_: CameraX 1  audioOK: 129494043,audios:1940
05-27 19:03:20.466 13549 13549 I ADAYO_LOG_: handleMessage(UsbFunc.java:352)copyQnx = 0
05-27 19:03:20.467 13549 13549 I ADAYO_LOG_: handleMessage(UsbFunc.java:404)copyState = 2
05-27 19:03:20.472   581   581 I SpiService: fgesysctrl_getGPIO_status success val=1
05-27 08:54:29.436   581   581 D spi_rst_gpio_get_output: GPIO 145 value: 1
05-27 08:54:29.436   581   581 D spidev_ioctl: gpio status=1)
05-27 19:03:20.476 10047 10047 D wificond-lazy: Ignoring scan type because device does not support it
05-27 08:54:29.441 10047 10047 W         : AICWFDBG(LOGTRACE)	>>> rwnx_cfg80211_scan()
05-27 19:03:20.477   581   581 I SpiService: fgesysctrl_getGPIO_status success val=1
05-27 19:03:20.477  7248  7248 D wpa_supplicant: nl80211: Event message available
05-27 19:03:20.477  7248  7248 D wpa_supplicant: nl80211: Drv Event 33 (NL80211_CMD_TRIGGER_SCAN) received for wlan0
05-27 08:54:29.441 10047 10047 W         : AICWFDBG(LOGTRACE)	>>> rwnx_send_scanu_req()
05-27 08:54:29.441 10047 10047 W         : AICWFDBG(LOGDEBUG)	scan channel:48(5240)
05-27 08:54:29.441 10047 10047 W         : AICWFDBG(LOGDEBUG)	scan channel:149(5745)
05-27 08:54:29.441 10047 10047 W         : AICWFDBG(LOGDEBUG)	scan channel:153(5765)
05-27 08:54:29.441 10047 10047 W         : AICWFDBG(LOGDEBUG)	scan channel:157(5785)
05-27 08:54:29.441 10047 10047 W         : AICWFDBG(LOGTRACE)	rwnx_send_msg (4105)SCANU_START_CFM_ADDTIONAL reqcfm:1 in_irq:0 in_softirq:0 in_atomic:0
05-27 08:54:29.441 10047 10047 W         : AICWFDBG(LOGTRACE)	rwnx_cmd_malloc get cmd_array[0]:000000004c96fbbb
05-27 19:03:20.477  7248  7248 D wpa_supplicant: wlan0: nl80211: Scan trigger
05-27 19:03:20.477  7248  7248 D wpa_supplicant: wlan0: Event SCAN_STARTED (47) received
05-27 08:54:29.441   354   354 W         : AICWFDBG(LOGDEBUG)	rwnx_rx_handle_msg msg->id:0x1009
05-27 19:03:20.477  7248  7248 D wpa_supplicant: wlan0: External program started a scan
05-27 19:03:20.478 10188 11144 D AlarmManagerService: set alarm to kernel: 11672.804000000, type=2 
05-27 08:54:29.442 10047 10047 W         : AICWFDBG(LOGTRACE)	rwnx_cmd_free cmd_array[0]:000000004c96fbbb
05-27 08:54:29.442   581   581 D spi_rst_gpio_get_output: GPIO 145 value: 1
05-27 08:54:29.442   581   581 D spidev_ioctl: gpio status=1)
05-27 19:03:20.479  1008 30856 D [OMXB]  : usingANWBuffer: handle:0xee7469f0, format:1, w:1920, h:1080
05-27 19:03:20.480   299 30844 D EvsDriver: forwardFrame
05-27 19:03:20.480   299 30841 D EvsDriver: forwardFrame
05-27 19:03:20.482 13911 14183 I SentryImuMcuAngleSender: 179.98598rollDeg
05-27 19:03:20.482 13911 14183 I SentryImuMcuAngleSender: 1,0,0
05-27 19:03:20.483   299 30841 D EvsDriver: Delivered 0xb400007b7ca56a60 as id 0
05-27 19:03:20.483  1167  1479 D evsmanagerd: /dev/video4 forwarded the buffer #0 to 0xb4000074bf5f6850 from 0xb4000074bf5f41d0
05-27 19:03:20.483   581   581 I SpiService: fgesysctrl_getGPIO_status success val=1
05-27 08:54:29.448   581   581 D spi_rst_gpio_get_output: GPIO 145 value: 1
05-27 08:54:29.448   581   581 D spidev_ioctl: gpio status=1)
05-27 19:03:20.486 11344 11344 E SystemUI_NavBarFragment: SysUIConfig.icCarServiceConnected：false
05-27 19:03:20.488   299  1153 D EvsDriver: doneWithFrame
05-27 19:03:20.488  1167  1479 D evsmanagerd: /dev/video6 forwarded the buffer #0 to 0xb4000074bf5f5510 from 0xb4000074bf5f6d90
05-27 19:03:20.488   299 30844 D EvsDriver: Delivered 0xb400007b7ca56900 as id 0
05-27 19:03:20.489   581   581 I SpiService: fgesysctrl_getGPIO_status success val=1
05-27 08:54:29.454   581   581 D spi_rst_gpio_get_output: GPIO 145 value: 1
05-27 08:54:29.454   581   581 D spidev_ioctl: gpio status=1)
05-27 19:03:20.494   572   572 I Sensors : 230 GyroSensor: x:-0.010690,y:0.004810,z:0.002290
05-27 19:03:20.494   536   536 D commservice260303: msg.id = 1028,1
05-27 19:03:20.494   536   536 D commservice260303: i = 170, msgid = 8A000404
05-27 19:03:20.494   536   536 D commservice260303: msgid = -1979710460,did=138
05-27 19:03:20.494   536   536 D commservice260303: CommProtocolLibCmdBaseI2C::dataproc {"command":{"id":"imu_status","sub":""},"content":{"TimeStamp":11,"FrameCounter":274082,"GD_X":-0.010461229830980301,"GD_Y":0.004809814505279064,"GD_Z":0.0022902146447449923,"AD_X":-0.0014332830905914307,"AD_Y":0.001610837411135435,"AD_Z":-0.16831111907958984,"TempDsp":0,"Status":0,"CalibState":1,"SigAmpInvalid":0}},-1979710460
05-27 19:03:20.494   536   536 D commservice260303: send2Cluster len:317, 7B22636F6D6D616E64223A7B226964223A22696D755F737461747573222C22737562223A22227D2C22636F6E74656E74223A7B2254696D655374616D70223A31312C224672616D65436F756E746572223A3237343038322C2247445F58223A2D302E3031303436313232393833303938303330312C2247445F59223A302E3030343830393831343530353237393036342C2247445F5A223A302E303032323930323134363434373434393932332C2241445F58223A2D302E303031343333323833303930353931343330372C2241445F59223A302E3030313631303833373431313133353433352C2241445F5A223A2D302E31363833313131313930373935383938342C2254656D70447370223A302C22537461747573223A302C2243616C69625374617465223A312C22536967416D70496E76616C6964223A307D7D, 138 
05-27 19:03:20.494   536   536 D commservice260303: Push Message into SendPool fn=1198588928
05-27 19:03:20.494   536   536 D commservice260303: ComProtocolLibSend2Cluster::send2ClusterRaw fn=1198588928 , len=333
05-27 19:03:20.494   536   536 D commservice260303: sendCmdToPort :333!!!
05-27 19:03:20.494   536   536 D commservice260303: send Cmd To Port ++++5AA501498A01000471476A16CF787B22636F6D6D616E64223A7B226964223A22696D755F737461747573222C22737562223A22227D2C22636F6E74656E74223A7B2254696D655374616D70223A31312C224672616D65436F756E746572223A3237343038322C2247445F58223A2D302E3031303436313232393833303938303330312C2247445F59223A302E3030343830393831343530353237393036342C2247445F5A223A302E303032323930323134363434373434393932332C2241445F58223A2D302E303031343333323833303930353931343330372C2241445F59223A302E3030313631303833373431313133353433352C2241445F5A223A2D302E31363833313131313930373935383938342C2254656D70447370223A302C22537461747573223A302C2243616C69625374617465223A312C22536967416D70496E76616C6964223A307D7D7920
05-27 19:03:20.495   536   536 D commservice260303: bufferevent_write retrun value = 0
05-27 19:03:20.495   536   560 D commservice260303: client datas send succeed,send finish
05-27 19:03:20.495   581   581 I SpiService: fgesysctrl_getGPIO_status success val=1
05-27 19:03:20.495 13911 14192 D Sentinelmode_1.2.5.17_sentry: <SentryImuClusterFgeSender>imu_status sent to Linux, frame=274082, tsNs=11667726, tsMs=11, intervalMs=41, ad=(-0.0014332831,0.0016108374,-0.16831112), gd=(-0.01046123,0.0048098145,0.0022902146)
05-27 19:03:20.496   299  1153 D EvsDriver: doneWithFrame
05-27 08:54:29.459   581   581 D spi_rst_gpio_get_output: GPIO 145 value: 1
05-27 08:54:29.459   581   581 D spidev_ioctl: gpio status=1)
05-27 19:03:20.498   283   307 I rvcservice: t.code = 3, t.value = 0
05-27 19:03:20.501   581   581 I SpiService: fgesysctrl_getGPIO_status success val=0
05-27 08:54:29.465   581   581 D spi_rst_gpio_get_output: GPIO 145 value: 0
05-27 08:54:29.465   581   581 D spidev_ioctl: gpio status=0)
05-27 19:03:20.503   536   536 W commservice260303: [FgeComService::getAQConnectStatus:378]
05-27 19:03:20.503   536   536 W commservice260303: [mcuCommFunctionTcp::getAQConnectStatus:406] 1
05-27 19:03:20.503   536   536 W commservice260303: [FgeComService::getAQConnectStatus:380] status:1
05-27 19:03:20.503 13911 14183 I SentryImuMcuAngleSender: 179.98949rollDeg
05-27 19:03:20.503 13911 14183 I SentryImuMcuAngleSender: 1,0,0
05-27 19:03:20.504 12246 12246 E ivicomm_CommManager: getA2lConnectStatus aqConnectStatus:1
05-27 19:03:20.504 12246 12246 D ivicomm_ConnectStateManager: notifyState newState=1curState=1
05-27 19:03:20.509  1008 30857 D [OMXB]  : usingANWBuffer: handle:0xee746cb0, format:1, w:1920, h:1080
05-27 08:54:29.473   354   354 W         : AICWFDBG(LOGDEBUG)	rwnx_rx_handle_msg msg->id:0x45
05-27 08:54:29.473   354   354 W         : AICWFDBG(LOGDEBUG)	rwnx_rx_handle_msg msg->id:0x1004
05-27 08:54:29.474   354   354 W         : AICWFDBG(LOGDEBUG)	rwnx_rx_handle_msg msg->id:0x1004
05-27 19:03:20.515   581   581 I SpiService: fgesysctrl_getGPIO_status success val=1
05-27 19:03:20.515 30773 30789 I dvr_service_: Camera 1: MediaOK:129671469, frames:1760, isKeyFrame:0,pts:11667077943
05-27 08:54:29.479   581   581 D spi_rst_gpio_get_output: GPIO 145 value: 1
05-27 08:54:29.479   581   581 D spidev_ioctl: gpio status=1)
05-27 19:03:20.520   299 30841 D EvsDriver: forwardFrame
05-27 19:03:20.521   299 30844 D EvsDriver: forwardFrame
05-27 19:03:20.521   581   581 I SpiService: fgesysctrl_getGPIO_status success val=1
05-27 08:54:29.485   581   581 D spi_rst_gpio_get_output: GPIO 145 value: 1
05-27 08:54:29.485   581   581 D spidev_ioctl: gpio status=1)
05-27 19:03:20.523   299 30841 D EvsDriver: Delivered 0xb400007b7ca56a60 as id 0
05-27 19:03:20.523  1167  1479 D evsmanagerd: /dev/video4 forwarded the buffer #0 to 0xb4000074bf5f6850 from 0xb4000074bf5f41d0
05-27 19:03:20.524 13911 14183 I SentryImuMcuAngleSender: 179.98949rollDeg
05-27 19:03:20.524 13911 14183 I SentryImuMcuAngleSender: 1,0,0
05-27 19:03:20.526   299 30844 D EvsDriver: Delivered 0xb400007b7ca56900 as id 0
05-27 19:03:20.526  1167  1479 D evsmanagerd: /dev/video6 forwarded the buffer #0 to 0xb4000074bf5f5510 from 0xb4000074bf5f6d90
05-27 19:03:20.527   581   581 I SpiService: fgesysctrl_getGPIO_status success val=1
05-27 19:03:20.528   299  1153 D EvsDriver: doneWithFrame
05-27 08:54:29.491   581   581 D spi_rst_gpio_get_output: GPIO 145 value: 1
05-27 08:54:29.491   581   581 D spidev_ioctl: gpio status=1)
05-27 19:03:20.530   299  1153 D EvsDriver: doneWithFrame
05-27 19:03:20.532   581   581 I SpiService: fgesysctrl_getGPIO_status success val=1
05-27 08:54:29.497   581   581 D spi_rst_gpio_get_output: GPIO 145 value: 1
05-27 19:03:20.533   536   536 D commservice260303: msg.id = 1028,0
05-27 19:03:20.533   536   536 D commservice260303: i = 170, msgid = 8A000404
05-27 19:03:20.533   536   536 D commservice260303: msgid = -1979710460,did=138
05-27 19:03:20.533   536   536 D commservice260303: CommProtocolLibCmdBaseI2C::dataproc {"command":{"id":"imu_status","sub":""},"content":{"TimeStamp":11,"FrameCounter":274083,"GD_X":-0.011070843786001205,"GD_Y":0.0048857564106583595,"GD_Z":0.002747945487499237,"AD_X":-0.0038603544235229492,"AD_Y":0.0015994752757251263,"AD_Z":-0.17196941375732422,"TempDsp":0,"Status":0,"CalibState":1,"SigAmpInvalid":0}},-1979710460
05-27 08:54:29.497   581   581 D spidev_ioctl: gpio status=1)
05-27 19:03:20.533   536   536 D commservice260303: send2Cluster len:318, 7B22636F6D6D616E64223A7B226964223A22696D755F737461747573222C22737562223A22227D2C22636F6E74656E74223A7B2254696D655374616D70223A31312C224672616D65436F756E746572223A3237343038332C2247445F58223A2D302E3031313037303834333738363030313230352C2247445F59223A302E303034383835373536343130363538333539352C2247445F5A223A302E3030323734373934353438373439393233372C2241445F58223A2D302E303033383630333534343233353232393439322C2241445F59223A302E303031353939343735323735373235313236332C2241445F5A223A2D302E31373139363934313337353733323432322C2254656D70447370223A302C22537461747573223A302C2243616C69625374617465223A312C22536967416D70496E76616C6964223A307D7D, 138 
05-27 19:03:20.533   536   536 D commservice260303: Push Message into SendPool fn=1215366144
05-27 19:03:20.533   536   536 D commservice260303: ComProtocolLibSend2Cluster::send2ClusterRaw fn=1215366144 , len=334
05-27 19:03:20.534   536   536 D commservice260303: sendCmdToPort :334!!!
05-27 19:03:20.534   536   536 D commservice260303: send Cmd To Port ++++5AA5014A8A01000471486A16CF787B22636F6D6D616E64223A7B226964223A22696D755F737461747573222C22737562223A22227D2C22636F6E74656E74223A7B2254696D655374616D70223A31312C224672616D65436F756E746572223A3237343038332C2247445F58223A2D302E3031313037303834333738363030313230352C2247445F59223A302E303034383835373536343130363538333539352C2247445F5A223A302E3030323734373934353438373439393233372C2241445F58223A2D302E303033383630333534343233353232393439322C2241445F59223A302E303031353939343735323735373235313236332C2241445F5A223A2D302E31373139363934313337353733323432322C2254656D70447370223A302C22537461747573223A302C2243616C69625374617465223A312C22536967416D70496E76616C6964223A307D7DB9AA
05-27 19:03:20.534   536   536 D commservice260303: bufferevent_write retrun value = 0
05-27 19:03:20.534   536   560 D commservice260303: client datas send succeed,send finish
05-27 19:03:20.534 13911 14192 D Sentinelmode_1.2.5.17_sentry: <SentryImuClusterFgeSender>imu_status sent to Linux, frame=274083, tsNs=11667781, tsMs=11, intervalMs=39, ad=(-0.0038603544,0.0015994753,-0.17196941), gd=(-0.011070844,0.0048857564,0.0027479455)
05-27 19:03:20.536  1008 30856 D [OMXB]  : usingANWBuffer: handle:0xee744160, format:1, w:1920, h:1080
05-27 19:03:20.538   581   581 I SpiService: fgesysctrl_getGPIO_status success val=0
05-27 08:54:29.503   581   581 D spi_rst_gpio_get_output: GPIO 145 value: 0
05-27 08:54:29.503   581   581 D spidev_ioctl: gpio status=0)
05-27 19:03:20.544   830   830 D SurfaceFlinger: unisoc-graphics, commit has frameMissed:2, vysncId:234487
05-27 19:03:20.544   536   760 I commservice260303: [mcuCommFunctionTcp::ProtocolCheckConnectTimeOutProc:613] keyID:256,tcpEvent:5,tcpcount:0,heartbeat:1,noHeartBeatNumber:0,endispatch:0,strState:0
05-27 19:03:20.544 13911 14183 I SentryImuMcuAngleSender: 179.986rollDeg
05-27 19:03:20.544   536   760 D commservice260303: ProtocolCheckConnectTimeOutProc,629,clear heartbeat
05-27 19:03:20.544 13911 14183 I SentryImuMcuAngleSender: 1,0,0
05-27 08:54:29.507   354   354 W         : AICWFDBG(LOGDEBUG)	rwnx_rx_handle_msg msg->id:0x4f
05-27 08:54:29.507   354   354 W         : AICWFDBG(LOGDEBUG)	rwnx_rx_handle_msg msg->id:0x44
05-27 19:03:20.550 13911 13911 I Sentinelmode_1.2.5.17_sentry: <SentinelCarServiceManager>sensorType:291504647
05-27 19:03:20.553   481   598 I mcuc    : rev,n=1,6AA681EB01000A89003701040920123456FF
05-27 19:03:20.553   351   373 D automotive.vehicle@2.0-adayo-datacomm-mcu: MCUDatacomm sendMessageFromVehicle prop: 0x89, areaId: 0x0, status: 0x37, timestamp: 0x1
05-27 19:03:20.553  1121  1144 I tboxmids_ap: [2026-05-27 19:03:20.553] [MCU RX] src=MCU dst=ZMQ len=10 type=BINARY data=00 08 37 01 04 09 20 12 34 56 
05-27 19:03:20.553   351   373 D automotive.vehicle@2.0-adayo-datacomm-mcu: MCUDatacomm 1sendMessageFromVehicle ---> type = 12 
05-27 19:03:20.553   581   581 I SpiService: fgesysctrl_getGPIO_status success val=1
05-27 19:03:20.555  1083  1083 I MyAppLog: [2026-05-27 19:03:20.554 I tboxap mcuCommTboxmidsRecvCb:97] [Mcu] [mcuCommTboxmidsRecvCb] recv from tboxmids, size:10
05-27 08:54:29.518   581   581 D spi_rst_gpio_get_output: GPIO 145 value: 1
05-27 19:03:20.556  1083  1083 I MyAppLog: [2026-05-27 19:03:20.554 I tboxap mcuCommTboxmidsRecvCb:98] [Mcu] [tboxmids -> tboxap]: :00 08 37 01 04 09 20 12 34 56
05-27 08:54:29.518   581   581 D spidev_ioctl: gpio status=1)
05-27 19:03:20.556  1083  1083 I MyAppLog: [2026-05-27 19:03:20.554 I tboxap mcuPtlParseData:990] [Mcu] [Mcu  Parse]: (cmd):0920 (param):0920123456
05-27 19:03:20.557  1083  1083 W MyAppLog: [2026-05-27 19:03:20.554 W tboxap mcuParamDataRevPack:918] [Mcu] mcuParamDataRevPack start pack data!!!
05-27 19:03:20.557  1083  1083 W MyAppLog: [2026-05-27 19:03:20.554 W tboxap mcuHandleTrigAlarmInd:1906] [Mcu] [mcuHandleTrigAlarmInd] trig alarm rpt, msgId:0x0200 alarmType:0x12 12VBatt:0x34
05-27 19:03:20.557  1083  1083 I MyAppLog: [2026-05-27 19:03:20.555 I tboxap mcuSendYadiTransfer:196] [Mcu] [mcuYadiSend]: :00 06 98 04 01 09 A0 01
05-27 19:03:20.557  1083  1083 W MyAppLog: [2026-05-27 19:03:20.555 W tboxap tsp_ExternalEvent:109] [Tsp] [tsp_ExternalEvent] recv ExternalEvent = 61, size:4
05-27 19:03:20.557  1083  1083 W MyAppLog: [2026-05-27 19:03:20.555 W tboxap tsp_TrigAlarmFilter:621] [Tsp] [tsp_TrigAlarmFilter] bit[1] check start: isActive:1 wasActive:1 lastReport:1779878995 delta:805 severeCnt:0 severeDelta:-1
05-27 19:03:20.557  1083  1083 W MyAppLog: [2026-05-27 19:03:20.555 W tboxap tsp_TrigAlarmFilter:668] [Tsp] [tsp_TrigAlarmFilter] bit[1] check done: allow:0 outAlarmType:0x00 outBatt:0x00
05-27 19:03:20.558  1083  1083 W MyAppLog: [2026-05-27 19:03:20.555 W tboxap tsp_TrigAlarmFilter:621] [Tsp] [tsp_TrigAlarmFilter] bit[10] check start: isActive:1 wasActive:1 lastReport:1779878995 delta:805 severeCnt:0 severeDelta:-1
05-27 19:03:20.558  1083  1083 W MyAppLog: [2026-05-27 19:03:20.555 W tboxap tsp_TrigAlarmFilter:668] [Tsp] [tsp_TrigAlarmFilter] bit[10] check done: allow:0 outAlarmType:0x00 outBatt:0x00
05-27 19:03:20.558  1083  1083 W MyAppLog: [2026-05-27 19:03:20.555 W tboxap tsp_TrigAlarmFilter:677] [Tsp] [tsp_TrigAlarmFilter] input alarmType:0x02 batt:0x04 output alarmType:0x00 batt:0x00 severeCnt:0
05-27 19:03:20.559   481   599 I mcuc    : start timer OK = 32948 
05-27 19:03:20.559   299 30844 D EvsDriver: forwardFrame
05-27 19:03:20.559   581   581 I SpiService: fgesysctrl_getGPIO_status success val=1
05-27 08:54:29.524   581   581 D spi_rst_gpio_get_output: GPIO 145 value: 1
05-27 08:54:29.524   581   581 D spidev_ioctl: gpio status=1)
05-27 19:03:20.561   830   830 D SurfaceFlinger: unisoc-graphics, commit has frameMissed:2, vysncId:234488
05-27 19:03:20.561   299 30841 D EvsDriver: forwardFrame
05-27 19:03:20.563  1167  1479 D evsmanagerd: /dev/video6 forwarded the buffer #0 to 0xb4000074bf5f5510 from 0xb4000074bf5f6d90
05-27 19:03:20.564   299 30841 D EvsDriver: Delivered 0xb400007b7ca56a60 as id 0
05-27 19:03:20.564  1167  1479 D evsmanagerd: /dev/video4 forwarded the buffer #0 to 0xb4000074bf5f6850 from 0xb4000074bf5f41d0
05-27 19:03:20.564 13911 14183 I SentryImuMcuAngleSender: 180.0rollDeg
05-27 19:03:20.565 13911 14183 I SentryImuMcuAngleSender: 1,0,0
05-27 19:03:20.566   581   581 I SpiService: fgesysctrl_getGPIO_status success val=1
05-27 08:54:29.530   581   581 D spi_rst_gpio_get_output: GPIO 145 value: 1
05-27 08:54:29.530   581   581 D spidev_ioctl: gpio status=1)
05-27 19:03:20.570   299 30844 D EvsDriver: Delivered 0xb400007b7ca56900 as id 0
05-27 19:03:20.572   581   581 I SpiService: fgesysctrl_getGPIO_status success val=1
05-27 19:03:20.573   536   536 D commservice260303: msg.id = 1028,0
05-27 19:03:20.573   536   536 D commservice260303: i = 170, msgid = 8A000404
05-27 19:03:20.573   536   536 D commservice260303: msgid = -1979710460,did=138
05-27 19:03:20.573   536   536 D commservice260303: CommProtocolLibCmdBaseI2C::dataproc {"command":{"id":"imu_status","sub":""},"content":{"TimeStamp":11,"FrameCounter":274084,"GD_X":-0.012063807807862759,"GD_Y":0.0048857564106583595,"GD_Z":0.0026720035821199417,"AD_X":-0.005066230893135071,"AD_Y":-8.348850533366203E-4,"AD_Z":-0.17136001586914062,"TempDsp":0,"Status":0,"CalibState":1,"SigAmpInvalid":0}},-1979710460
05-27 19:03:20.574   536   536 D commservice260303: send2Cluster len:318, 7B22636F6D6D616E64223A7B226964223A22696D755F737461747573222C22737562223A22227D2C22636F6E74656E74223A7B2254696D655374616D70223A31312C224672616D65436F756E746572223A3237343038342C2247445F58223A2D302E3031323036333830373830373836323735392C2247445F59223A302E303034383835373536343130363538333539352C2247445F5A223A302E303032363732303033353832313139393431372C2241445F58223A2D302E3030353036363233303839333133353037312C2241445F59223A2D382E333438383530353333333636323033452D342C2241445F5A223A2D302E31373133363030313538363931343036322C2254656D70447370223A302C22537461747573223A302C2243616C69625374617465223A312C22536967416D70496E76616C6964223A307D7D, 138 
05-27 19:03:20.574   536   536 D commservice260303: Push Message into SendPool fn=1232143360
05-27 19:03:20.574   299  1153 D EvsDriver: doneWithFrame
05-27 19:03:20.574   536   536 D commservice260303: ComProtocolLibSend2Cluster::send2ClusterRaw fn=1232143360 , len=334
05-27 19:03:20.574   536   536 D commservice260303: sendCmdToPort :334!!!
05-27 19:03:20.574   536   536 D commservice260303: send Cmd To Port ++++5AA5014A8A01000471496A16CF787B22636F6D6D616E64223A7B226964223A22696D755F737461747573222C22737562223A22227D2C22636F6E74656E74223A7B2254696D655374616D70223A31312C224672616D65436F756E746572223A3237343038342C2247445F58223A2D302E3031323036333830373830373836323735392C2247445F59223A302E303034383835373536343130363538333539352C2247445F5A223A302E303032363732303033353832313139393431372C2241445F58223A2D302E3030353036363233303839333133353037312C2241445F59223A2D382E333438383530353333333636323033452D342C2241445F5A223A2D302E31373133363030313538363931343036322C2254656D70447370223A302C22537461747573223A302C2243616C69625374617465223A312C22536967416D70496E76616C6964223A307D7D83F1
05-27 19:03:20.574   536   536 D commservice260303: bufferevent_write retrun value = 0
05-27 19:03:20.575 13911 14192 D Sentinelmode_1.2.5.17_sentry: <SentryImuClusterFgeSender>imu_status sent to Linux, frame=274084, tsNs=11667819, tsMs=11, intervalMs=40, ad=(-0.005066231,-8.3488505E-4,-0.17136002), gd=(-0.012063808,0.0048857564,0.0026720036)
05-27 19:03:20.575   299  1163 D EvsDriver: doneWithFrame
05-27 08:54:29.536   581   581 D spi_rst_gpio_get_output: GPIO 145 value: 1
05-27 08:54:29.536   581   581 D spidev_ioctl: gpio status=1)
05-27 08:54:29.537   354   354 W         : AICWFDBG(LOGDEBUG)	rwnx_rx_handle_msg msg->id:0x45
05-27 08:54:29.538   354   354 W         : AICWFDBG(LOGDEBUG)	rwnx_rx_handle_msg msg->id:0x1004
05-27 08:54:29.539   354   354 W         : AICWFDBG(LOGDEBUG)	rwnx_rx_handle_msg msg->id:0x1004
05-27 19:03:20.575   536   560 D commservice260303: client datas send succeed,send finish
05-27 08:54:29.539   354   354 W         : AICWFDBG(LOGDEBUG)	rwnx_rx_handle_msg msg->id:0x1004
05-27 08:54:29.540   354   354 W         : AICWFDBG(LOGDEBUG)	rwnx_rx_handle_msg msg->id:0x1004
05-27 19:03:20.578   581   581 I SpiService: fgesysctrl_getGPIO_status success val=1
05-27 19:03:20.578  1008 30857 D [OMXB]  : usingANWBuffer: handle:0xee744bb0, format:1, w:1920, h:1080
05-27 19:03:20.581 30773 30789 I dvr_service_: Camera 1: Buffer reuse stats - Total: 232500, Reused: 115398, New: 117102, Rate: 49.6%
05-27 19:03:20.583   581   581 I SpiService: fgesysctrl_getGPIO_status success val=0
05-27 19:03:20.584   481   597 I mcuc    : send SPI:6AA602EB0100028900876AA60180B400F8090198040109A00100000000000000000000000000000000000000000000000000000000000000000000000000000000000000000000000000000000000000000000000000000000000000000000000000000000000000000000000000000000000000000000000000000000000000000000000000000000000000000000000000000000000000000000000000000000000000000000000000000000000000000000000000000000000000000000000000000000000000000000000000000000000000000000000000000000000000000000000000000000000000000000000000000000000000000000000000000000000000000000000082
05-27 19:03:20.584 13911 14183 I SentryImuMcuAngleSender: 179.986rollDeg
05-27 19:03:20.584 13911 14183 I SentryImuMcuAngleSender: 1,0,0
05-27 08:54:29.542   581   581 D spi_rst_gpio_get_output: GPIO 145 value: 1
05-27 08:54:29.542   581   581 D spidev_ioctl: gpio status=1)
05-27 08:54:29.548   581   581 D spi_rst_gpio_get_output: GPIO 145 value: 0
05-27 08:54:29.548   581   581 D spidev_ioctl: gpio status=0)
05-27 19:03:20.587   299 30841 D EvsDriver: forwardFrame
05-27 19:03:20.587   299 30844 D EvsDriver: forwardFrame
05-27 19:03:20.589   299 30844 D EvsDriver: Delivered 0xb400007b7ca56900 as id 0
05-27 19:03:20.589  1167  1479 D evsmanagerd: /dev/video6 forwarded the buffer #0 to 0xb4000074bf5f5510 from 0xb4000074bf5f6d90
05-27 19:03:20.589  1167  1184 D evsmanagerd: /dev/video4 forwarded the buffer #0 to 0xb4000074bf5f6850 from 0xb4000074bf5f41d0
05-27 19:03:20.589 30773 30783 E dvr_service_: [myNum:1] Received S**** loss
05-27 19:03:20.590   299 30841 D EvsDriver: Delivered 0xb400007b7ca56a60 as id 0
05-27 19:03:20.594   299  1163 D EvsDriver: doneWithFrame
05-27 19:03:20.594   299  1153 D EvsDriver: doneWithFrame
05-27 19:03:20.598   283   307 I rvcservice: t.code = 0, t.value = 0
05-27 19:03:20.599   581   581 I SpiService: fgesysctrl_getGPIO_status success val=1
05-27 08:54:29.563   581   581 D spi_rst_gpio_get_output: GPIO 145 value: 1
05-27 08:54:29.563   581   581 D spidev_ioctl: gpio status=1)
05-27 19:03:20.601   572   572 I Sensors : 230 AccelSensor: x:-0.175680,y:0.001829,z:-9.972890
05-27 19:03:20.604 13911 14183 I SentryImuMcuAngleSender: 179.98949rollDeg
05-27 19:03:20.604 13911 14183 I SentryImuMcuAngleSender: 1,0,0
05-27 08:54:29.569   581   581 D spi_rst_gpio_get_output: GPIO 145 value: 1
05-27 08:54:29.569   581   581 D spidev_ioctl: gpio status=1)
05-27 19:03:20.605   581   581 I SpiService: fgesysctrl_getGPIO_status success val=1
05-27 08:54:29.572   354   354 W         : AICWFDBG(LOGDEBUG)	rwnx_rx_handle_msg msg->id:0x4f
05-27 08:54:29.572   354   354 W         : AICWFDBG(LOGDEBUG)	rwnx_rx_handle_msg msg->id:0x44
05-27 19:03:20.610   581   581 I SpiService: fgesysctrl_getGPIO_status success val=1
05-27 08:54:29.575   581   581 D spi_rst_gpio_get_output: GPIO 145 value: 1
05-27 08:54:29.575   581   581 D spidev_ioctl: gpio status=1)
05-27 19:03:20.613   536   536 D commservice260303: msg.id = 1028,0
05-27 19:03:20.613   536   536 D commservice260303: i = 170, msgid = 8A000404
05-27 19:03:20.613   536   536 D commservice260303: msgid = -1979710460,did=138
05-27 19:03:20.613   536   536 D commservice260303: CommProtocolLibCmdBaseI2C::dataproc {"command":{"id":"imu_status","sub":""},"content":{"TimeStamp":11,"FrameCounter":274085,"GD_X":-0.011759000830352306,"GD_Y":0.004963258747011423,"GD_Z":0.0022902146447449923,"AD_X":-0.006268218159675598,"AD_Y":9.864377789199352E-4,"AD_Z":-0.16769886016845703,"TempDsp":0,"Status":0,"CalibState":1,"SigAmpInvalid":0}},-1979710460
05-27 19:03:20.613   536   536 D commservice260303: send2Cluster len:316, 7B22636F6D6D616E64223A7B226964223A22696D755F737461747573222C22737562223A22227D2C22636F6E74656E74223A7B2254696D655374616D70223A31312C224672616D65436F756E746572223A3237343038352C2247445F58223A2D302E3031313735393030303833303335323330362C2247445F59223A302E3030343936333235383734373031313432332C2247445F5A223A302E303032323930323134363434373434393932332C2241445F58223A2D302E3030363236383231383135393637353539382C2241445F59223A392E383634333737373839313939333532452D342C2241445F5A223A2D302E31363736393838363031363834353730332C2254656D70447370223A302C22537461747573223A302C2243616C69625374617465223A312C22536967416D70496E76616C6964223A307D7D, 138 
05-27 19:03:20.614   536   536 D commservice260303: Push Message into SendPool fn=1248920576
05-27 19:03:20.614   536   536 D commservice260303: ComProtocolLibSend2Cluster::send2ClusterRaw fn=1248920576 , len=332
05-27 19:03:20.614   536   536 D commservice260303: sendCmdToPort :332!!!
05-27 19:03:20.614   536   536 D commservice260303: send Cmd To Port ++++5AA501488A010004714A6A16CF787B22636F6D6D616E64223A7B226964223A22696D755F737461747573222C22737562223A22227D2C22636F6E74656E74223A7B2254696D655374616D70223A31312C224672616D65436F756E746572223A3237343038352C2247445F58223A2D302E3031313735393030303833303335323330362C2247445F59223A302E3030343936333235383734373031313432332C2247445F5A223A302E303032323930323134363434373434393932332C2241445F58223A2D302E3030363236383231383135393637353539382C2241445F59223A392E383634333737373839313939333532452D342C2241445F5A223A2D302E31363736393838363031363834353730332C2254656D70447370223A302C22537461747573223A302C2243616C69625374617465223A312C22536967416D70496E76616C6964223A307D7D5D66
05-27 19:03:20.614   536   536 D commservice260303: bufferevent_write retrun value = 0
05-27 19:03:20.614   536   560 D commservice260303: client datas send succeed,send finish
05-27 19:03:20.614 13911 14192 D Sentinelmode_1.2.5.17_sentry: <SentryImuClusterFgeSender>imu_status sent to Linux, frame=274085, tsNs=11667851, tsMs=11, intervalMs=40, ad=(-0.006268218,9.864378E-4,-0.16769886), gd=(-0.011759001,0.0049632587,0.0022902146)
05-27 19:03:20.615  1008 30856 D [OMXB]  : usingANWBuffer: handle:0xee742ab0, format:1, w:1920, h:1080
05-27 19:03:20.616   581   581 I SpiService: fgesysctrl_getGPIO_status success val=1
05-27 08:54:29.581   581   581 D spi_rst_gpio_get_output: GPIO 145 value: 1
05-27 08:54:29.581   581   581 D spidev_ioctl: gpio status=1)
05-27 19:03:20.620   299 30844 D EvsDriver: forwardFrame
05-27 19:03:20.621   299 30841 D EvsDriver: forwardFrame
05-27 19:03:20.622   581   581 I SpiService: fgesysctrl_getGPIO_status success val=0
05-27 08:54:29.587   581   581 D spi_rst_gpio_get_output: GPIO 145 value: 0
05-27 08:54:29.587   581   581 D spidev_ioctl: gpio status=0)
05-27 19:03:20.624   299 30844 D EvsDriver: Delivered 0xb400007b7ca56900 as id 0
05-27 19:03:20.624  1167  1184 D evsmanagerd: /dev/video6 forwarded the buffer #0 to 0xb4000074bf5f5510 from 0xb4000074bf5f6d90
05-27 19:03:20.624   299 30841 D EvsDriver: Delivered 0xb400007b7ca56a60 as id 0
05-27 19:03:20.624  1167  1184 D evsmanagerd: /dev/video4 forwarded the buffer #0 to 0xb4000074bf5f6850 from 0xb4000074bf5f41d0
05-27 19:03:20.625 13911 14183 I SentryImuMcuAngleSender: 179.99298rollDeg
05-27 19:03:20.625 13911 14183 I SentryImuMcuAngleSender: 1,0,0
05-27 19:03:20.625 30773 30783 E dvr_service_: [myNum:0] Received S**** loss
05-27 19:03:20.626   299  1153 D EvsDriver: doneWithFrame
05-27 19:03:20.629   830   830 D SurfaceFlinger: unisoc-graphics, commit has frameMissed:2, vysncId:234491
05-27 19:03:20.632   299  1153 D EvsDriver: doneWithFrame
05-27 08:54:29.600   354   354 W         : AICWFDBG(LOGDEBUG)	rwnx_rx_handle_msg msg->id:0x1004
05-27 08:54:29.602   354   354 W         : AICWFDBG(LOGDEBUG)	rwnx_rx_handle_msg msg->id:0x45
05-27 19:03:20.637   481   598 I mcuc    : rev,n=1,6AA681EB02000A8900380104091412345609
05-27 19:03:20.638   481   598 I mcuc    : rev,n=2,6AA68280B4000209013E
05-27 19:03:20.638  1121  1144 I tboxmids_ap: [2026-05-27 19:03:20.638] [MCU RX] src=MCU dst=ZMQ len=10 type=BINARY data=00 08 38 01 04 09 14 12 34 56 
05-27 19:03:20.638   351   373 D automotive.vehicle@2.0-adayo-datacomm-mcu: MCUDatacomm sendMessageFromVehicle prop: 0x89, areaId: 0x0, status: 0x38, timestamp: 0x1
05-27 19:03:20.638   351   373 D automotive.vehicle@2.0-adayo-datacomm-mcu: MCUDatacomm 1sendMessageFromVehicle ---> type = 12 
05-27 19:03:20.638   581   581 I SpiService: fgesysctrl_getGPIO_status success val=1
05-27 19:03:20.639  1083  1083 I MyAppLog: [2026-05-27 19:03:20.638 I tboxap mcuCommTboxmidsRecvCb:97] [Mcu] [mcuCommTboxmidsRecvCb] recv from tboxmids, size:10
05-27 19:03:20.639  1083  1083 I MyAppLog: [2026-05-27 19:03:20.638 I tboxap mcuCommTboxmidsRecvCb:98] [Mcu] [tboxmids -> tboxap]: :00 08 38 01 04 09 14 12 34 56
05-27 19:03:20.639  1083  1083 W MyAppLog: [2026-05-27 19:03:20.638 W tboxap mcuYadiFrameParse:852] [Mcu] [mcuYadiFrameParse] cmd:0914(MCU_SEC_BATT2_DYNAMIC_IND) payload too short:5 < 36
05-27 19:03:20.639  1083  1083 W MyAppLog: [2026-05-27 19:03:20.638 W tboxap mcuPtlParseData:982] [Mcu] [mcuPtlParseData] invalid yadi frame, len:10
05-27 19:03:20.641  1008 30857 D [OMXB]  : usingANWBuffer: handle:0xee744630, format:1, w:1920, h:1080
05-27 08:54:29.603   581   581 D spi_rst_gpio_get_output: GPIO 145 value: 1
05-27 08:54:29.603   581   581 D spidev_ioctl: gpio status=1)
05-27 19:03:20.644   581   581 I SpiService: fgesysctrl_getGPIO_status success val=1
05-27 08:54:29.609   581   581 D spi_rst_gpio_get_output: GPIO 145 value: 1
05-27 08:54:29.609   581   581 D spidev_ioctl: gpio status=1)
05-27 19:03:20.645 13911 14183 I SentryImuMcuAngleSender: 179.993rollDeg
05-27 19:03:20.645 13911 14183 I SentryImuMcuAngleSender: 1,0,0
05-27 19:03:20.650   581   581 I SpiService: fgesysctrl_getGPIO_status success val=1
05-27 08:54:29.615   581   581 D spi_rst_gpio_get_output: GPIO 145 value: 1
05-27 08:54:29.615   581   581 D spidev_ioctl: gpio status=1)
05-27 19:03:20.654   536   536 D commservice260303: msg.id = 1028,0
05-27 19:03:20.654   536   536 D commservice260303: i = 170, msgid = 8A000404
05-27 19:03:20.654   536   536 D commservice260303: msgid = -1979710460,did=138
05-27 19:03:20.654   536   536 D commservice260303: CommProtocolLibCmdBaseI2C::dataproc {"command":{"id":"imu_status","sub":""},"content":{"TimeStamp":11,"FrameCounter":274086,"GD_X":-0.011987865902483463,"GD_Y":0.004963258747011423,"GD_Z":0.0019079053308814764,"AD_X":-0.003208458423614502,"AD_Y":3.7503911880776286E-4,"AD_Z":-0.16952991485595703,"TempDsp":0,"Status":0,"CalibState":1,"SigAmpInvalid":0}},-1979710460
05-27 19:03:20.654   536   536 D commservice260303: send2Cluster len:317, 7B22636F6D6D616E64223A7B226964223A22696D755F737461747573222C22737562223A22227D2C22636F6E74656E74223A7B2254696D655374616D70223A31312C224672616D65436F756E746572223A3237343038362C2247445F58223A2D302E3031313938373836353930323438333436332C2247445F59223A302E3030343936333235383734373031313432332C2247445F5A223A302E303031393037393035333330383831343736342C2241445F58223A2D302E3030333230383435383432333631343530322C2241445F59223A332E37353033393131383830373736323836452D342C2241445F5A223A2D302E31363935323939313438353539353730332C2254656D70447370223A302C22537461747573223A302C2243616C69625374617465223A312C22536967416D70496E76616C6964223A307D7D, 138 
05-27 19:03:20.654   536   536 D commservice260303: Push Message into SendPool fn=1265697792
05-27 19:03:20.654   536   536 D commservice260303: ComProtocolLibSend2Cluster::send2ClusterRaw fn=1265697792 , len=333
05-27 19:03:20.654   536   536 D commservice260303: sendCmdToPort :333!!!
05-27 19:03:20.654   536   536 D commservice260303: send Cmd To Port ++++5AA501498A010004714B6A16CF787B22636F6D6D616E64223A7B226964223A22696D755F737461747573222C22737562223A22227D2C22636F6E74656E74223A7B2254696D655374616D70223A31312C224672616D65436F756E746572223A3237343038362C2247445F58223A2D302E3031313938373836353930323438333436332C2247445F59223A302E3030343936333235383734373031313432332C2247445F5A223A302E303031393037393035333330383831343736342C2241445F58223A2D302E3030333230383435383432333631343530322C2241445F59223A332E37353033393131383830373736323836452D342C2241445F5A223A2D302E31363935323939313438353539353730332C2254656D70447370223A302C22537461747573223A302C2243616C69625374617465223A312C22536967416D70496E76616C6964223A307D7D342B
05-27 19:03:20.654   536   536 D commservice260303: bufferevent_write retrun value = 0
05-27 19:03:20.655   536   560 D commservice260303: client datas send succeed,send finish
05-27 19:03:20.655 13911 14192 D Sentinelmode_1.2.5.17_sentry: <SentryImuClusterFgeSender>imu_status sent to Linux, frame=274086, tsNs=11667887, tsMs=11, intervalMs=41, ad=(-0.0032084584,3.7503912E-4,-0.16952991), gd=(-0.011987866,0.0049632587,0.0019079053)
05-27 19:03:20.656   581   581 I SpiService: fgesysctrl_getGPIO_status success val=1
05-27 08:54:29.620   581   581 D spi_rst_gpio_get_output: GPIO 145 value: 1
05-27 08:54:29.620   581   581 D spidev_ioctl: gpio status=1)
05-27 19:03:20.661   581   581 I SpiService: fgesysctrl_getGPIO_status success val=0
05-27 19:03:20.662   481   597 I mcuc    : send SPI:6AA602EB020002890086
05-27 19:03:20.662   830   830 D SurfaceFlinger: unisoc-graphics, commit has frameMissed:2, vysncId:234493
05-27 19:03:20.663   299 30841 D EvsDriver: forwardFrame
05-27 19:03:20.663   299 30844 D EvsDriver: forwardFrame
05-27 08:54:29.626   581   581 D spi_rst_gpio_get_output: GPIO 145 value: 0
05-27 08:54:29.626   581   581 D spidev_ioctl: gpio status=0)
05-27 19:03:20.667   536   560 D commservice260303: recv len:77, 5AA500490600000044796A16CF787B22636F6D6D616E64223A7B226964223A226473695F6C7578222C22737562223A22227D2C22636F6E74656E74223A7B2276616C7565223A3230307D7D2D1D from server
05-27 19:03:20.667   299 30841 D EvsDriver: Delivered 0xb400007b7ca56a60 as id 0
05-27 19:03:20.667 13911 14183 I SentryImuMcuAngleSender: 179.98949rollDeg
05-27 19:03:20.668 13911 14183 I SentryImuMcuAngleSender: 1,0,0
05-27 19:03:20.668  1167  1479 D evsmanagerd: /dev/video4 forwarded the buffer #0 to 0xb4000074bf5f6850 from 0xb4000074bf5f41d0
05-27 19:03:20.668   536  2578 D commservice260303: mcuDataAnalyzeHandle templen:77,len:77,pos:0, 5AA500490600000044796A16CF787B22636F6D6D616E64223A7B226964223A226473695F6C7578222C22737562223A22227D2C22636F6E74656E74223A7B2276616C7565223A3230307D7D2D1D 
05-27 19:03:20.668   536  2578 I commservice260303: checksumCal = 11549
05-27 19:03:20.668   536  2578 D commservice260303: CommProtocolLibCmdBaseC2I::dataproc {"command":{"id":"dsi_lux","sub":""},"content":{"value":200}},6
05-27 19:03:20.668   536  2578 D commservice260303: mcuCommMessageManager::notifyMsgToClient hwbinder OK
05-27 19:03:20.668   536  2578 D commservice260303: McuProtocolLibSend2Service::send2Service ret=1
05-27 19:03:20.668  1167  1184 D evsmanagerd: /dev/video6 forwarded the buffer #0 to 0xb4000074bf5f5510 from 0xb4000074bf5f6d90
05-27 19:03:20.669 12246 12440 D ivicomm_CommManager: fgeComServiceCallback: {"command":{"id":"dsi_lux","sub":""},"content":{"value":200}}
05-27 19:03:20.669   299 30844 D EvsDriver: Delivered 0xb400007b7ca56900 as id 0
05-27 19:03:20.670 12246 12440 D ivicomm_CallbackManager: registerCallback DSI_LUX: {"value":200} mCommStateCallbackMap size:4
05-27 19:03:20.671 11579 11719 D NSLogUtils_VehicleService: L2A comm state: id=dsi_lux, value=200
05-27 19:03:20.672 11344  6590 D SystemUI_SystemSettingsControllerService: onCommState: commandID = dsi_lux; value = 200
05-27 19:03:20.672   299  1163 D EvsDriver: doneWithFrame
05-27 19:03:20.672   299  1153 D EvsDriver: doneWithFrame
05-27 19:03:20.678   581   581 I SpiService: fgesysctrl_getGPIO_status success val=1
05-27 19:03:20.679   830   830 D SurfaceFlinger: unisoc-graphics, commit has frameMissed:2, vysncId:234494
05-27 08:54:29.643   581   581 D spi_rst_gpio_get_output: GPIO 145 value: 1
05-27 08:54:29.643   581   581 D spidev_ioctl: gpio status=1)
05-27 19:03:20.684   581   581 I SpiService: fgesysctrl_getGPIO_status success val=1
05-27 08:54:29.648   581   581 D spi_rst_gpio_get_output: GPIO 145 value: 1
05-27 08:54:29.648   581   581 D spidev_ioctl: gpio status=1)
05-27 19:03:20.688 13911 14183 I SentryImuMcuAngleSender: 179.99649rollDeg
05-27 19:03:20.688 13911 14183 I SentryImuMcuAngleSender: 1,0,0
05-27 19:03:20.689   572   572 I Sensors : 230 GyroSensor: x:-0.011377,y:0.005879,z:0.002290
05-27 19:03:20.689   581   581 I SpiService: fgesysctrl_getGPIO_status success val=1
05-27 19:03:20.690   299 30841 D EvsDriver: forwardFrame
05-27 19:03:20.690   299 30844 D EvsDriver: forwardFrame
05-27 19:03:20.692   299 30844 D EvsDriver: Delivered 0xb400007b7ca56900 as id 0
05-27 08:54:29.654   581   581 D spi_rst_gpio_get_output: GPIO 145 value: 1
05-27 08:54:29.654   581   581 D spidev_ioctl: gpio status=1)
05-27 08:54:29.657   354   354 W         : AICWFDBG(LOGDEBUG)	rwnx_rx_handle_msg msg->id:0x4f
05-27 08:54:29.657   354   354 W         : AICWFDBG(LOGDEBUG)	rwnx_rx_handle_msg msg->id:0x44
05-27 19:03:20.692  1167  1184 D evsmanagerd: /dev/video6 forwarded the buffer #0 to 0xb4000074bf5f5510 from 0xb4000074bf5f6d90
05-27 19:03:20.692  1167  1479 D evsmanagerd: /dev/video4 forwarded the buffer #0 to 0xb4000074bf5f6850 from 0xb4000074bf5f41d0
05-27 19:03:20.693   536   536 D commservice260303: msg.id = 1028,2
05-27 19:03:20.693   536   536 D commservice260303: i = 170, msgid = 8A000404
05-27 19:03:20.693   536   536 D commservice260303: msgid = -1979710460,did=138
05-27 19:03:20.694   536   536 D commservice260303: CommProtocolLibCmdBaseI2C::dataproc {"command":{"id":"imu_status","sub":""},"content":{"TimeStamp":11,"FrameCounter":274087,"GD_X":-0.011377211660146713,"GD_Y":0.005879240110516548,"GD_Z":0.0022902146447449923,"AD_X":-0.0026062875986099243,"AD_Y":-0.0020616180263459682,"AD_Z":-0.17319011688232422,"TempDsp":0,"Status":0,"CalibState":1,"SigAmpInvalid":0}},-1979710460
05-27 19:03:20.694   536   536 D commservice260303: send2Cluster len:319, 7B22636F6D6D616E64223A7B226964223A22696D755F737461747573222C22737562223A22227D2C22636F6E74656E74223A7B2254696D655374616D70223A31312C224672616D65436F756E746572223A3237343038372C2247445F58223A2D302E3031313337373231313636303134363731332C2247445F59223A302E3030353837393234303131303531363534382C2247445F5A223A302E303032323930323134363434373434393932332C2241445F58223A2D302E303032363036323837353938363039393234332C2241445F59223A2D302E303032303631363138303236333435393638322C2241445F5A223A2D302E31373331393031313638383233323432322C2254656D70447370223A302C22537461747573223A302C2243616C69625374617465223A312C22536967416D70496E76616C6964223A307D7D, 138 
05-27 19:03:20.694   536   536 D commservice260303: Push Message into SendPool fn=1282475008
05-27 19:03:20.694   536   536 D commservice260303: ComProtocolLibSend2Cluster::send2ClusterRaw fn=1282475008 , len=335
05-27 19:03:20.694   536   536 D commservice260303: sendCmdToPort :335!!!
05-27 19:03:20.694   536   536 D commservice260303: send Cmd To Port ++++5AA5014B8A010004714C6A16CF787B22636F6D6D616E64223A7B226964223A22696D755F737461747573222C22737562223A22227D2C22636F6E74656E74223A7B2254696D655374616D70223A31312C224672616D65436F756E746572223A3237343038372C2247445F58223A2D302E3031313337373231313636303134363731332C2247445F59223A302E3030353837393234303131303531363534382C2247445F5A223A302E303032323930323134363434373434393932332C2241445F58223A2D302E303032363036323837353938363039393234332C2241445F59223A2D302E303032303631363138303236333435393638322C2241445F5A223A2D302E31373331393031313638383233323432322C2254656D70447370223A302C22537461747573223A302C2243616C69625374617465223A312C22536967416D70496E76616C6964223A307D7DA17C
05-27 19:03:20.694   536   536 D commservice260303: bufferevent_write retrun value = 0
05-27 19:03:20.695   536   560 D commservice260303: client datas send succeed,send finish
05-27 19:03:20.695   581   581 I SpiService: fgesysctrl_getGPIO_status success val=1
05-27 19:03:20.696   830   830 D SurfaceFlinger: unisoc-graphics, commit has frameMissed:2, vysncId:234495
05-27 08:54:29.660   581   581 D spi_rst_gpio_get_output: GPIO 145 value: 1
05-27 19:03:20.696 13911 14192 D Sentinelmode_1.2.5.17_sentry: <SentryImuClusterFgeSender>imu_status sent to Linux, frame=274087, tsNs=11667940, tsMs=11, intervalMs=40, ad=(-0.0026062876,-0.002061618,-0.17319012), gd=(-0.011377212,0.00587924,0.0022902146)
05-27 08:54:29.660   581   581 D spidev_ioctl: gpio status=1)
05-27 19:03:20.696   299  1153 D EvsDriver: doneWithFrame
05-27 19:03:20.696   299  1163 D EvsDriver: doneWithFrame
05-27 19:03:20.699   283   307 I rvcservice: t.code = 3, t.value = 0
05-27 19:03:20.701   581   581 I SpiService: fgesysctrl_getGPIO_status success val=0
05-27 08:54:29.666   581   581 D spi_rst_gpio_get_output: GPIO 145 value: 0
05-27 08:54:29.666   581   581 D spidev_ioctl: gpio status=0)
05-27 19:03:20.708 13911 14183 I SentryImuMcuAngleSender: -179.993rollDeg
05-27 19:03:20.708 13911 14183 I SentryImuMcuAngleSender: 1,0,0
05-27 19:03:20.713   299 30841 D EvsDriver: forwardFrame
05-27 19:03:20.715   299 30841 D EvsDriver: Delivered 0xb400007b7ca56a60 as id 0
05-27 19:03:20.715  1167  1479 D evsmanagerd: /dev/video4 forwarded the buffer #0 to 0xb4000074bf5f6850 from 0xb4000074bf5f41d0
05-27 19:03:20.717   581   581 I SpiService: fgesysctrl_getGPIO_status success val=1
05-27 19:03:20.719   299  1163 D EvsDriver: doneWithFrame
05-27 19:03:20.720  1008 30857 D [OMXB]  : usingANWBuffer: handle:0xee743df0, format:1, w:1920, h:1080
05-27 08:54:29.682   581   581 D spi_rst_gpio_get_output: GPIO 145 value: 1
05-27 08:54:29.682   581   581 D spidev_ioctl: gpio status=1)
05-27 19:03:20.723   299 30844 D EvsDriver: forwardFrame
05-27 19:03:20.723   581   581 I SpiService: fgesysctrl_getGPIO_status success val=1
05-27 19:03:20.724   299 30844 D EvsDriver: Delivered 0xb400007b7ca56900 as id 0
05-27 19:03:20.725  1167  1479 D evsmanagerd: /dev/video6 forwarded the buffer #0 to 0xb4000074bf5f5510 from 0xb4000074bf5f6d90
05-27 08:54:29.687   354   354 W         : AICWFDBG(LOGDEBUG)	rwnx_rx_handle_msg msg->id:0x45
05-27 08:54:29.688   581   581 D spi_rst_gpio_get_output: GPIO 145 value: 1
05-27 08:54:29.688   581   581 D spidev_ioctl: gpio status=1)
