05-27 08:54:28.303   581   581 D spi_rst_gpio_get_output: GPIO 145 value: 1
05-27 08:54:28.303   581   581 D spidev_ioctl: gpio status=1)
05-27 08:54:28.309   581   581 D spi_rst_gpio_get_output: GPIO 145 value: 1
05-27 08:54:28.309   581   581 D spidev_ioctl: gpio status=1)
05-27 19:03:19.338   581   581 I SpiService: fgesysctrl_getGPIO_status success val=1
05-27 19:03:19.344   581   581 I SpiService: fgesysctrl_getGPIO_status success val=1
05-27 19:03:19.345   536   536 D commservice260303: msg.id = 1028,0
05-27 19:03:19.346   536   536 D commservice260303: i = 170, msgid = 8A000404
05-27 19:03:19.346   536   536 D commservice260303: msgid = -1979710460,did=138
05-27 19:03:19.346   536   536 D commservice260303: CommProtocolLibCmdBaseI2C::dataproc {"command":{"id":"imu_status","sub":""},"content":{"TimeStamp":11,"FrameCounter":274054,"GD_X":-0.011300750076770782,"GD_Y":0.00549693126231432,"GD_Z":0.0022902146447449923,"AD_X":-0.003741726279258728,"AD_Y":4.537859931588173E-4,"AD_Z":-0.17075443267822266,"TempDsp":0,"Status":0,"CalibState":1,"SigAmpInvalid":0}},-1979710460
05-27 19:03:19.346   536   536 D commservice260303: send2Cluster len:315, 7B22636F6D6D616E64223A7B226964223A22696D755F737461747573222C22737562223A22227D2C22636F6E74656E74223A7B2254696D655374616D70223A31312C224672616D65436F756E746572223A3237343035342C2247445F58223A2D302E3031313330303735303037363737303738322C2247445F59223A302E30303534393639333132363233313433322C2247445F5A223A302E303032323930323134363434373434393932332C2241445F58223A2D302E3030333734313732363237393235383732382C2241445F59223A342E353337383539393331353838313733452D342C2241445F5A223A2D302E31373037353434333236373832323236362C2254656D70447370223A302C22537461747573223A302C2243616C69625374617465223A312C22536967416D70496E76616C6964223A307D7D, 138 
05-27 19:03:19.346   536   536 D commservice260303: Push Message into SendPool fn=712049664
05-27 19:03:19.346   536   536 D commservice260303: ComProtocolLibSend2Cluster::send2ClusterRaw fn=712049664 , len=331
05-27 19:03:19.346   536   536 D commservice260303: sendCmdToPort :331!!!
05-27 19:03:19.346   536   536 D commservice260303: send Cmd To Port ++++5AA501478A010004712A6A16CF777B22636F6D6D616E64223A7B226964223A22696D755F737461747573222C22737562223A22227D2C22636F6E74656E74223A7B2254696D655374616D70223A31312C224672616D65436F756E746572223A3237343035342C2247445F58223A2D302E3031313330303735303037363737303738322C2247445F59223A302E30303534393639333132363233313433322C2247445F5A223A302E303032323930323134363434373434393932332C2241445F58223A2D302E3030333734313732363237393235383732382C2241445F59223A342E353337383539393331353838313733452D342C2241445F5A223A2D302E31373037353434333236373832323236362C2254656D70447370223A302C22537461747573223A302C2243616C69625374617465223A312C22536967416D70496E76616C6964223A307D7DF675
05-27 19:03:19.346   536   536 D commservice260303: bufferevent_write retrun value = 0
05-27 19:03:19.346   536   560 D commservice260303: client datas send succeed,send finish
05-27 19:03:19.347 13911 14192 D Sentinelmode_1.2.5.17_sentry: <SentryImuClusterFgeSender>imu_status sent to Linux, frame=274054, tsNs=11666585, tsMs=11, intervalMs=44, ad=(-0.0037417263,4.53786E-4,-0.17075443), gd=(-0.01130075,0.0054969313,0.0022902146)
05-27 19:03:19.350   581   581 I SpiService: fgesysctrl_getGPIO_status success val=0
05-27 19:03:19.350   299 30841 D EvsDriver: forwardFrame
05-27 19:03:19.351 13911 13911 I Sentinelmode_1.2.5.17_sentry: <SentinelCarServiceManager>sensorType:291504647
05-27 19:03:19.353  1167  1184 D evsmanagerd: /dev/video4 forwarded the buffer #0 to 0xb4000074bf5f6850 from 0xb4000074bf5f41d0
05-27 19:03:19.354   299 30844 D EvsDriver: forwardFrame
05-27 08:54:28.315   581   581 D spi_rst_gpio_get_output: GPIO 145 value: 0
05-27 08:54:28.315   581   581 D spidev_ioctl: gpio status=0)
05-27 19:03:19.357   299 30841 D EvsDriver: Delivered 0xb400007b7ca56a60 as id 0
05-27 19:03:19.358   299 30844 D EvsDriver: Delivered 0xb400007b7ca56900 as id 0
05-27 19:03:19.358  1167  1184 D evsmanagerd: /dev/video6 forwarded the buffer #0 to 0xb4000074bf5f5510 from 0xb4000074bf5f6d90
05-27 19:03:19.358 13911 14183 I SentryImuMcuAngleSender: 179.993rollDeg
05-27 19:03:19.358 13911 14183 I SentryImuMcuAngleSender: 1,0,0
05-27 08:54:28.336   581   581 D spi_rst_gpio_get_output: GPIO 145 value: 1
05-27 08:54:28.336   581   581 D spidev_ioctl: gpio status=1)
05-27 19:03:19.361   299  1153 D EvsDriver: doneWithFrame
05-27 19:03:19.365   299  1153 D EvsDriver: doneWithFrame
05-27 19:03:19.371   581   581 I SpiService: fgesysctrl_getGPIO_status success val=1
05-27 19:03:19.373  1008 30857 D [OMXB]  : usingANWBuffer: handle:0xee746aa0, format:1, w:1920, h:1080
05-27 08:54:28.342   581   581 D spi_rst_gpio_get_output: GPIO 145 value: 1
05-27 08:54:28.342   581   581 D spidev_ioctl: gpio status=1)
05-27 08:54:28.348   581   581 D spi_rst_gpio_get_output: GPIO 145 value: 1
05-27 08:54:28.348   581   581 D spidev_ioctl: gpio status=1)
05-27 19:03:19.377   581   581 I SpiService: fgesysctrl_getGPIO_status success val=1
05-27 19:03:19.380 13911 14183 I SentryImuMcuAngleSender: 179.986rollDeg
05-27 19:03:19.380 13911 14183 I SentryImuMcuAngleSender: 1,0,0
05-27 19:03:19.381   536   536 D commservice260303: msg.id = 1028,1
05-27 19:03:19.381   536   536 D commservice260303: i = 170, msgid = 8A000404
05-27 19:03:19.383   581   581 I SpiService: fgesysctrl_getGPIO_status success val=1
05-27 19:03:19.385   536   536 D commservice260303: msgid = -1979710460,did=138
05-27 19:03:19.385   536   536 D commservice260303: CommProtocolLibCmdBaseI2C::dataproc {"command":{"id":"imu_status","sub":""},"content":{"TimeStamp":11,"FrameCounter":274055,"GD_X":-0.012599040754139423,"GD_Y":0.004963258747011423,"GD_Z":0.0022902146447449923,"AD_X":-0.004952087998390198,"AD_Y":0.0016663759015500546,"AD_Z":-0.16953468322753906,"TempDsp":0,"Status":0,"CalibState":1,"SigAmpInvalid":0}},-1979710460
05-27 19:03:19.386   536   536 D commservice260303: send2Cluster len:317, 7B22636F6D6D616E64223A7B226964223A22696D755F737461747573222C22737562223A22227D2C22636F6E74656E74223A7B2254696D655374616D70223A31312C224672616D65436F756E746572223A3237343035352C2247445F58223A2D302E3031323539393034303735343133393432332C2247445F59223A302E3030343936333235383734373031313432332C2247445F5A223A302E303032323930323134363434373434393932332C2241445F58223A2D302E3030343935323038373939383339303139382C2241445F59223A302E303031363636333735393031353530303534362C2241445F5A223A2D302E31363935333436383332323735333930362C2254656D70447370223A302C22537461747573223A302C2243616C69625374617465223A312C22536967416D70496E76616C6964223A307D7D, 138 
05-27 19:03:19.386   536   536 D commservice260303: Push Message into SendPool fn=728826880
05-27 19:03:19.386   536   536 D commservice260303: ComProtocolLibSend2Cluster::send2ClusterRaw fn=728826880 , len=333
05-27 19:03:19.386   536   536 D commservice260303: sendCmdToPort :333!!!
05-27 19:03:19.387   566 11459 I gps_hdbd: Received: '$GNGGA,011910.000,,,,,0,00,,,M,,M,,*6E
'
05-27 19:03:19.388   536   536 D commservice260303: send Cmd To Port ++++5AA501498A010004712B6A16CF777B22636F6D6D616E64223A7B226964223A22696D755F737461747573222C22737562223A22227D2C22636F6E74656E74223A7B2254696D655374616D70223A31312C224672616D65436F756E746572223A3237343035352C2247445F58223A2D302E3031323539393034303735343133393432332C2247445F59223A302E3030343936333235383734373031313432332C2247445F5A223A302E303032323930323134363434373434393932332C2241445F58223A2D302E3030343935323038373939383339303139382C2241445F59223A302E303031363636333735393031353530303534362C2241445F5A223A2D302E31363935333436383332323735333930362C2254656D70447370223A302C22537461747573223A302C2243616C69625374617465223A312C22536967416D70496E76616C6964223A307D7DA613
05-27 19:03:19.389   536   536 D commservice260303: bufferevent_write retrun value = 0
05-27 19:03:19.389   536   560 D commservice260303: client datas send succeed,send finish
05-27 19:03:19.389 13911 14192 D Sentinelmode_1.2.5.17_sentry: <SentryImuClusterFgeSender>imu_status sent to Linux, frame=274055, tsNs=11666626, tsMs=11, intervalMs=43, ad=(-0.004952088,0.0016663759,-0.16953468), gd=(-0.012599041,0.0049632587,0.0022902146)
05-27 19:03:19.390   581   581 I SpiService: fgesysctrl_getGPIO_status success val=0
05-27 19:03:19.391  1083  1083 I MyAppLog: [2026-05-27 19:03:19.390 I tboxap mcuSendYadiTransfer:196] [Mcu] [mcuYadiSend]: :00 08 95 04 01 09 81 02 01 01
05-27 08:54:28.355   581   581 D spi_rst_gpio_get_output: GPIO 145 value: 0
05-27 08:54:28.355   581   581 D spidev_ioctl: gpio status=0)
05-27 19:03:19.392   566 11459 I gps_hdbd: Received: '$GNGSA,A,1,,,,,,,,,,,,,,,,1*1D
'
05-27 19:03:19.393   283   307 I rvcservice: t.code = 0, t.value = 0
05-27 19:03:19.394  1008 30856 D [OMXB]  : usingANWBuffer: handle:0xee743710, format:1, w:1920, h:1080
05-27 19:03:19.394   481   599 I mcuc    : start timer OK = 32943 
05-27 19:03:19.394   299 30841 D EvsDriver: forwardFrame
05-27 19:03:19.398  1167  1184 D evsmanagerd: /dev/video4 forwarded the buffer #0 to 0xb4000074bf5f6850 from 0xb4000074bf5f41d0
05-27 19:03:19.398   299 30841 D EvsDriver: Delivered 0xb400007b7ca56a60 as id 0
05-27 19:03:19.398   566 11459 I gps_hdbd: Received: '$GNGSA,A,1,,,,,,,,,,,,,,,,3*1F
'
05-27 19:03:19.400 13911 14183 I SentryImuMcuAngleSender: 179.986rollDeg
05-27 19:03:19.401 13911 14183 I SentryImuMcuAngleSender: 1,0,0
05-27 19:03:19.401   566 11459 I gps_hdbd: Received: '$GNGSA,A,1,,,,,,,,,,,,,,,,4*18
'
05-27 19:03:19.401   299  1153 D EvsDriver: doneWithFrame
05-27 19:03:19.405   481   598 I mcuc    : rev,n=1,6AA681EAF8000A89003101040930123456FF
05-27 19:03:19.406   351   373 D automotive.vehicle@2.0-adayo-datacomm-mcu: MCUDatacomm sendMessageFromVehicle prop: 0x89, areaId: 0x0, status: 0x31, timestamp: 0x1
05-27 19:03:19.406   351   373 D automotive.vehicle@2.0-adayo-datacomm-mcu: MCUDatacomm 1sendMessageFromVehicle ---> type = 12 
05-27 19:03:19.406  1121  1144 I tboxmids_ap: [2026-05-27 19:03:19.406] [MCU RX] src=MCU dst=ZMQ len=10 type=BINARY data=00 08 31 01 04 09 30 12 34 56 
05-27 19:03:19.407   830   830 D SurfaceFlinger: unisoc-graphics, commit has frameMissed:2, vysncId:234432
05-27 19:03:19.407   299 30844 D EvsDriver: forwardFrame
05-27 19:03:19.409  1083  1083 I MyAppLog: [2026-05-27 19:03:19.408 I tboxap mcuCommTboxmidsRecvCb:97] [Mcu] [mcuCommTboxmidsRecvCb] recv from tboxmids, size:10
05-27 19:03:19.409   581   581 I SpiService: fgesysctrl_getGPIO_status success val=1
05-27 19:03:19.409  1083  1083 I MyAppLog: [2026-05-27 19:03:19.408 I tboxap mcuCommTboxmidsRecvCb:98] [Mcu] [tboxmids -> tboxap]: :00 08 31 01 04 09 30 12 34 56
05-27 19:03:19.409  1083  1083 W MyAppLog: [2026-05-27 19:03:19.408 W tboxap mcuYadiFrameParse:852] [Mcu] [mcuYadiFrameParse] cmd:0930(MCU_REMOTE_CTRL_RSP_IND) payload too short:5 < 8
05-27 19:03:19.409  1083  1083 W MyAppLog: [2026-05-27 19:03:19.408 W tboxap mcuPtlParseData:982] [Mcu] [mcuPtlParseData] invalid yadi frame, len:10
05-27 19:03:19.409   566 11459 I gps_hdbd: Received: '$BDGSV,1,1,00,1*75
'
05-27 19:03:19.412   566 11459 I gps_hdbd: Received: '$BDGSV,1,1,00,5*71
'
05-27 19:03:19.413  1167  1184 D evsmanagerd: /dev/video6 forwarded the buffer #0 to 0xb4000074bf5f5510 from 0xb4000074bf5f6d90
05-27 19:03:19.413   299 30844 D EvsDriver: Delivered 0xb400007b7ca56900 as id 0
05-27 19:03:19.415   566 11459 I gps_hdbd: Received: '$GPGSV,1,1,01,199,42,165,,1*60
'
05-27 19:03:19.415   581   581 I SpiService: fgesysctrl_getGPIO_status success val=1
05-27 19:03:19.416   299 30841 D EvsDriver: forwardFrame
05-27 19:03:19.416   299 30844 D EvsDriver: forwardFrame
05-27 19:03:19.418   299  1153 D EvsDriver: doneWithFrame
05-27 19:03:19.419   299 30841 D EvsDriver: Delivered 0xb400007b7ca56a60 as id 0
05-27 19:03:19.419  1167  1184 D evsmanagerd: /dev/video4 forwarded the buffer #0 to 0xb4000074bf5f6850 from 0xb4000074bf5f41d0
05-27 19:03:19.420   299 30844 D EvsDriver: Delivered 0xb400007b7ca56380 as id 1
05-27 19:03:19.420 13911 14183 I SentryImuMcuAngleSender: 179.986rollDeg
05-27 19:03:19.420 13911 14183 I SentryImuMcuAngleSender: 1,0,0
05-27 19:03:19.421   581   581 I SpiService: fgesysctrl_getGPIO_status success val=1
05-27 19:03:19.421  1167  1184 D evsmanagerd: /dev/video6 forwarded the buffer #1 to 0xb4000074bf5f5510 from 0xb4000074bf5f6d90
05-27 19:03:19.422 30773 30773 E dvr_service_: [myNum:1] Received S**** loss
05-27 19:03:19.422   299  1153 D EvsDriver: doneWithFrame
05-27 19:03:19.422   299  1163 D EvsDriver: doneWithFrame
05-27 19:03:19.425   566 11459 I gps_hdbd: Received: '$GPGSV,1,1,00,8*6D
'
05-27 19:03:19.426   566 11459 I gps_hdbd: Received: '$GAGSV,1,1,00,7*73
'
05-27 19:03:19.426   830   830 D SurfaceFlinger: unisoc-graphics, commit has frameMissed:2, vysncId:234433
05-27 19:03:19.426   581   581 I SpiService: fgesysctrl_getGPIO_status success val=1
05-27 19:03:19.426  1008 30857 D [OMXB]  : usingANWBuffer: handle:0xee742690, format:1, w:1920, h:1080
05-27 19:03:19.431   581   581 I SpiService: fgesysctrl_getGPIO_status success val=0
05-27 19:03:19.432   481   597 I mcuc    : send SPI:6AA60180AF00F80901950401098102010100000000000000000000000000000000000000000000000000000000000000000000000000000000000000000000000000000000000000000000000000000000000000000000000000000000000000000000000000000000000000000000000000000000000000000000000000000000000000000000000000000000000000000000000000000000000000000000000000000000000000000000000000000000000000000000000000000000000000000000000000000000000000000000000000000000000000000000000000000000000000000000000000000000000000000000000000000000000000000000A66AA602EAF80002890091
05-27 19:03:19.434   566 11459 I gps_hdbd: Received: '$GAGSV,1,1,00,1*75
'
05-27 19:03:19.439   536   536 D commservice260303: msg.id = 1028,0
05-27 19:03:19.439   536   536 D commservice260303: i = 170, msgid = 8A000404
05-27 19:03:19.439   536   536 D commservice260303: msgid = -1979710460,did=138
05-27 19:03:19.439   536   536 D commservice260303: CommProtocolLibCmdBaseI2C::dataproc {"command":{"id":"imu_status","sub":""},"content":{"TimeStamp":11,"FrameCounter":274056,"GD_X":-0.012446117587387562,"GD_Y":0.005039200186729431,"GD_Z":0.002213752595707774,"AD_X":-0.004945650696754456,"AD_Y":0.001661084359511733,"AD_Z":-0.17014503479003906,"TempDsp":0,"Status":0,"CalibState":1,"SigAmpInvalid":0}},-1979710460
05-27 19:03:19.440   536   536 D commservice260303: send2Cluster len:315, 7B22636F6D6D616E64223A7B226964223A22696D755F737461747573222C22737562223A22227D2C22636F6E74656E74223A7B2254696D655374616D70223A31312C224672616D65436F756E746572223A3237343035362C2247445F58223A2D302E3031323434363131373538373338373536322C2247445F59223A302E3030353033393230303138363732393433312C2247445F5A223A302E3030323231333735323539353730373737342C2241445F58223A2D302E3030343934353635303639363735343435362C2241445F59223A302E3030313636313038343335393531313733332C2241445F5A223A2D302E31373031343530333437393030333930362C2254656D70447370223A302C22537461747573223A302C2243616C69625374617465223A312C22536967416D70496E76616C6964223A307D7D, 138 
05-27 19:03:19.440   536   536 D commservice260303: Push Message into SendPool fn=745604096
05-27 19:03:19.440   536   536 D commservice260303: ComProtocolLibSend2Cluster::send2ClusterRaw fn=745604096 , len=331
05-27 19:03:19.440   536   536 D commservice260303: sendCmdToPort :331!!!
05-27 19:03:19.440   536   536 D commservice260303: send Cmd To Port ++++5AA501478A010004712C6A16CF777B22636F6D6D616E64223A7B226964223A22696D755F737461747573222C22737562223A22227D2C22636F6E74656E74223A7B2254696D655374616D70223A31312C224672616D65436F756E746572223A3237343035362C2247445F58223A2D302E3031323434363131373538373338373536322C2247445F59223A302E3030353033393230303138363732393433312C2247445F5A223A302E3030323231333735323539353730373737342C2241445F58223A2D302E3030343934353635303639363735343435362C2241445F59223A302E3030313636313038343335393531313733332C2241445F5A223A2D302E31373031343530333437393030333930362C2254656D70447370223A302C22537461747573223A302C2243616C69625374617465223A312C22536967416D70496E76616C6964223A307D7D6EBB
05-27 19:03:19.440   536   536 D commservice260303: bufferevent_write retrun value = 0
05-27 19:03:19.441   536   560 D commservice260303: client datas send succeed,send finish
05-27 19:03:19.442   566 11459 I gps_hdbd: Received: '$GNRMC,011910.000,V,,,,,,,270526,120.0,E,N,V*4D
'
05-27 19:03:19.443   566 11459 I gps_hdbd: RMC : CALL gnss_sv_status_cb, view_in_sat <1>
05-27 08:54:28.373   581   581 D spi_rst_gpio_get_output: GPIO 145 value: 1
05-27 08:54:28.373   581   581 D spidev_ioctl: gpio status=1)
05-27 08:54:28.379   581   581 D spi_rst_gpio_get_output: GPIO 145 value: 1
05-27 08:54:28.379   581   581 D spidev_ioctl: gpio status=1)
05-27 08:54:28.385   581   581 D spi_rst_gpio_get_output: GPIO 145 value: 1
05-27 08:54:28.385   581   581 D spidev_ioctl: gpio status=1)
05-27 08:54:28.391   581   581 D spi_rst_gpio_get_output: GPIO 145 value: 1
05-27 08:54:28.391   581   581 D spidev_ioctl: gpio status=1)
05-27 08:54:28.396   581   581 D spi_rst_gpio_get_output: GPIO 145 value: 0
05-27 08:54:28.396   581   581 D spidev_ioctl: gpio status=0)
05-27 08:54:28.412   581   581 D spi_rst_gpio_get_output: GPIO 145 value: 1
05-27 08:54:28.412   581   581 D spidev_ioctl: gpio status=1)
05-27 08:54:28.418   581   581 D spi_rst_gpio_get_output: GPIO 145 value: 1
05-27 08:54:28.418   581   581 D spidev_ioctl: gpio status=1)
05-27 08:54:28.424   581   581 D spi_rst_gpio_get_output: GPIO 145 value: 1
05-27 08:54:28.424   581   581 D spidev_ioctl: gpio status=1)
05-27 08:54:28.430   581   581 D spi_rst_gpio_get_output: GPIO 145 value: 1
05-27 08:54:28.430   581   581 D spidev_ioctl: gpio status=1)
05-27 08:54:28.436   581   581 D spi_rst_gpio_get_output: GPIO 145 value: 0
05-27 08:54:28.436   581   581 D spidev_ioctl: gpio status=0)
05-27 19:03:19.443   566 11459 I gps_hdbd: [reportSvStatus]--->PLATFORM_BSP::Enter
05-27 19:03:19.445  1083  1083 W MyAppLog: [2026-05-27 19:03:19.443 W tboxap gpsSyncGpsInfoToDm:361] [Gps] [gpsSyncGpsInfoToDm] fix=0 mode=49 corner:0x01 alt=0.00 sat=0 hdop=0.00 pdop=0.00 vdop=0.00
05-27 19:03:19.446 13911 14183 I SentryImuMcuAngleSender: 179.99649rollDeg
05-27 19:03:19.446 13911 14183 I SentryImuMcuAngleSender: 1,0,0
05-27 19:03:19.447   581   581 I SpiService: fgesysctrl_getGPIO_status success val=1
05-27 19:03:19.447   566 11459 I gps_hdbd: hy abnormal deal:hy_cnr30_satellite_cnt=0
05-27 19:03:19.447   566 11459 D gps_hdbd: hy abnormal deal:hy_fixStatus_fail_count=0
05-27 19:03:19.448   566 11459 I gps_hdbd: Received: '$GNZDA,011910.000,27,05,2026,00,00*46
'
05-27 19:03:19.449   299 30841 D EvsDriver: forwardFrame
05-27 19:03:19.450   566 11459 I gps_hdbd: Received: '$GNINS,1,1,TYPE,I,V,011910.000,20261000,FUS,-18,0,0,0,MOT,V,1,PATT,0.00,0.00,0.00,VEL,0.000,0.000,0.000,POS,40.0001330924,116.0001570688,84.176,IIA,1,0.00,0.00,0.00,BGA,0.31,-0.66,-0.13,0.000,0.000,0.000,IGA,0,-1,0,0,-2,98,VG,16c2ff1*26
'
05-27 19:03:19.450   299 30844 D EvsDriver: forwardFrame
05-27 19:03:19.451   566 11459 I gps_hdbd: Received: '$GNINS,CARSPEED,ADR_STATUS,0,Pulse_count,0,1,0,0,20260977,116460,0.000,0.000,0.000*0D
'
05-27 19:03:19.454   581   581 I SpiService: fgesysctrl_getGPIO_status success val=1
05-27 19:03:19.454   299 30844 D EvsDriver: Delivered 0xb400007b7ca56900 as id 0
05-27 19:03:19.454  1167  1479 D evsmanagerd: /dev/video6 forwarded the buffer #0 to 0xb4000074bf5f5510 from 0xb4000074bf5f6d90
05-27 19:03:19.457   566 11459 I gps_hdbd: Received: '$GNTXT,04,01,04,INS,V,1,,,,FLG,1,000000,1,0,1,0,0,Con,0*71
'
05-27 19:03:19.458 13911 14192 D Sentinelmode_1.2.5.17_sentry: <SentryImuClusterFgeSender>imu_status sent to Linux, frame=274056, tsNs=11666644, tsMs=11, intervalMs=69, ad=(-0.0049456507,0.0016610844,-0.17014503), gd=(-0.012446118,0.0050392,0.0022137526)
05-27 19:03:19.459   299  1153 D EvsDriver: doneWithFrame
05-27 19:03:19.459   581   581 I SpiService: fgesysctrl_getGPIO_status success val=1
05-27 19:03:19.462   299 30841 D EvsDriver: Delivered 0xb400007b7ca56a60 as id 0
05-27 19:03:19.462  1167  1479 D evsmanagerd: /dev/video4 forwarded the buffer #0 to 0xb4000074bf5f6850 from 0xb4000074bf5f41d0
05-27 19:03:19.462 30773 30783 E dvr_service_: [myNum:0] Received S**** loss
05-27 19:03:19.465   299  1153 D EvsDriver: doneWithFrame
05-27 19:03:19.465   581   581 I SpiService: fgesysctrl_getGPIO_status success val=1
05-27 19:03:19.466   536   536 D commservice260303: msg.id = 1028,1
05-27 19:03:19.466   536   536 D commservice260303: i = 170, msgid = 8A000404
05-27 19:03:19.466   536   536 D commservice260303: msgid = -1979710460,did=138
05-27 19:03:19.466   536   536 D commservice260303: CommProtocolLibCmdBaseI2C::dataproc {"command":{"id":"imu_status","sub":""},"content":{"TimeStamp":11,"FrameCounter":274057,"GD_X":-0.011987865902483463,"GD_Y":0.00519212381914258,"GD_Z":0.0022902146447449923,"AD_X":-0.004939332604408264,"AD_Y":-1.678920816630125E-4,"AD_Z":-0.17136478424072266,"TempDsp":0,"Status":0,"CalibState":1,"SigAmpInvalid":0}},-1979710460
05-27 19:03:19.467   536   536 D commservice260303: send2Cluster len:316, 7B22636F6D6D616E64223A7B226964223A22696D755F737461747573222C22737562223A22227D2C22636F6E74656E74223A7B2254696D655374616D70223A31312C224672616D65436F756E746572223A3237343035372C2247445F58223A2D302E3031313938373836353930323438333436332C2247445F59223A302E30303531393231323338313931343235382C2247445F5A223A302E303032323930323134363434373434393932332C2241445F58223A2D302E3030343933393333323630343430383236342C2241445F59223A2D312E363738393230383136363330313235452D342C2241445F5A223A2D302E31373133363437383432343037323236362C2254656D70447370223A302C22537461747573223A302C2243616C69625374617465223A312C22536967416D70496E76616C6964223A307D7D, 138 
05-27 19:03:19.467   536   536 D commservice260303: Push Message into SendPool fn=762381312
05-27 19:03:19.467   536   536 D commservice260303: ComProtocolLibSend2Cluster::send2ClusterRaw fn=762381312 , len=332
05-27 19:03:19.467   536   536 D commservice260303: sendCmdToPort :332!!!
05-27 19:03:19.467   536   536 D commservice260303: send Cmd To Port ++++5AA501488A010004712D6A16CF777B22636F6D6D616E64223A7B226964223A22696D755F737461747573222C22737562223A22227D2C22636F6E74656E74223A7B2254696D655374616D70223A31312C224672616D65436F756E746572223A3237343035372C2247445F58223A2D302E3031313938373836353930323438333436332C2247445F59223A302E30303531393231323338313931343235382C2247445F5A223A302E303032323930323134363434373434393932332C2241445F58223A2D302E3030343933393333323630343430383236342C2241445F59223A2D312E363738393230383136363330313235452D342C2241445F5A223A2D302E31373133363437383432343037323236362C2254656D70447370223A302C22537461747573223A302C2243616C69625374617465223A312C22536967416D70496E76616C6964223A307D7D9086
05-27 19:03:19.467   536   536 D commservice260303: bufferevent_write retrun value = 0
05-27 19:03:19.468   536   560 D commservice260303: client datas send succeed,send finish
05-27 19:03:19.468 13911 14192 D Sentinelmode_1.2.5.17_sentry: <SentryImuClusterFgeSender>imu_status sent to Linux, frame=274057, tsNs=11666677, tsMs=11, intervalMs=10, ad=(-0.0049393326,-1.6789208E-4,-0.17136478), gd=(-0.011987866,0.005192124,0.0022902146)
05-27 19:03:19.471   581   581 I SpiService: fgesysctrl_getGPIO_status success val=0
05-27 19:03:19.471  1008 30857 D [OMXB]  : usingANWBuffer: handle:0xee745760, format:1, w:1920, h:1080
05-27 19:03:19.471   566 11459 I gps_hdbd: Received: '$GNTXT,INSTALL,0.00,0.00,0.00,0.00,0.00,0.00,0*20
'
05-27 19:03:19.472 13911 14183 I SentryImuMcuAngleSender: 179.99649rollDeg
05-27 19:03:19.472 13911 14183 I SentryImuMcuAngleSender: 1,0,0
05-27 19:03:19.472   572   622 I Sensors : 230 AccelSensor: x:-0.173239,y:-0.001220,z:-9.975330
05-27 19:03:19.479   299 30844 D EvsDriver: forwardFrame
05-27 19:03:19.481  1167  1479 D evsmanagerd: /dev/video6 forwarded the buffer #0 to 0xb4000074bf5f5510 from 0xb4000074bf5f6d90
05-27 19:03:19.483   299 30844 D EvsDriver: Delivered 0xb400007b7ca56900 as id 0
05-27 19:03:19.483   299 30841 D EvsDriver: forwardFrame
05-27 19:03:19.484   481   598 I mcuc    : rev,n=1,6AA68280AF0002090143
05-27 19:03:19.485 11344 11344 E SystemUI_NavBarFragment: SysUIConfig.icCarServiceConnected：false
05-27 19:03:19.485   299  1153 D EvsDriver: doneWithFrame
05-27 19:03:19.485  1167  1479 D evsmanagerd: /dev/video4 forwarded the buffer #0 to 0xb4000074bf5f6850 from 0xb4000074bf5f41d0
05-27 19:03:19.485   299 30841 D EvsDriver: Delivered 0xb400007b7ca56a60 as id 0
05-27 19:03:19.487   581   581 I SpiService: fgesysctrl_getGPIO_status success val=1
05-27 19:03:19.489  1008 30856 D [OMXB]  : usingANWBuffer: handle:0xee742ab0, format:1, w:1920, h:1080
05-27 08:54:28.452   581   581 D spi_rst_gpio_get_output: GPIO 145 value: 1
05-27 08:54:28.452   581   581 D spidev_ioctl: gpio status=1)
05-27 08:54:28.457   581   581 D spi_rst_gpio_get_output: GPIO 145 value: 1
05-27 08:54:28.457   581   581 D spidev_ioctl: gpio status=1)
05-27 19:03:19.490   299  1153 D EvsDriver: doneWithFrame
05-27 19:03:19.493   581   581 I SpiService: fgesysctrl_getGPIO_status success val=1
05-27 19:03:19.493 13911 14183 I SentryImuMcuAngleSender: -179.99298rollDeg
05-27 19:03:19.493 13911 14183 I SentryImuMcuAngleSender: 1,0,0
05-27 19:03:19.493   283   307 I rvcservice: t.code = 3, t.value = 0
05-27 19:03:19.498   581   581 I SpiService: fgesysctrl_getGPIO_status success val=1
05-27 08:54:28.463   581   581 D spi_rst_gpio_get_output: GPIO 145 value: 1
05-27 08:54:28.463   581   581 D spidev_ioctl: gpio status=1)
05-27 19:03:19.502   536   536 D commservice260303: msg.id = 1028,0
05-27 19:03:19.502   536   536 D commservice260303: i = 170, msgid = 8A000404
05-27 19:03:19.502   536   536 D commservice260303: msgid = -1979710460,did=138
05-27 19:03:19.502   536   536 D commservice260303: CommProtocolLibCmdBaseI2C::dataproc {"command":{"id":"imu_status","sub":""},"content":{"TimeStamp":11,"FrameCounter":274058,"GD_X":-0.01153013575822115,"GD_Y":0.0056498548947274685,"GD_Z":0.0020608289632946253,"AD_X":-0.0024950504302978516,"AD_Y":0.0010750348446890712,"AD_Z":-0.16587448120117188,"TempDsp":0,"Status":0,"CalibState":1,"SigAmpInvalid":0}},-1979710460
05-27 19:03:19.502   536   536 D commservice260303: send2Cluster len:318, 7B22636F6D6D616E64223A7B226964223A22696D755F737461747573222C22737562223A22227D2C22636F6E74656E74223A7B2254696D655374616D70223A31312C224672616D65436F756E746572223A3237343035382C2247445F58223A2D302E30313135333031333537353832323131352C2247445F59223A302E303035363439383534383934373237343638352C2247445F5A223A302E303032303630383238393633323934363235332C2241445F58223A2D302E303032343935303530343330323937383531362C2241445F59223A302E303031303735303334383434363839303731322C2241445F5A223A2D302E31363538373434383132303131373138382C2254656D70447370223A302C22537461747573223A302C2243616C69625374617465223A312C22536967416D70496E76616C6964223A307D7D, 138 
05-27 19:03:19.502   536   536 D commservice260303: Push Message into SendPool fn=779158528
05-27 19:03:19.502   536   536 D commservice260303: ComProtocolLibSend2Cluster::send2ClusterRaw fn=779158528 , len=334
05-27 19:03:19.502   536   536 D commservice260303: sendCmdToPort :334!!!
05-27 19:03:19.502   536   536 D commservice260303: send Cmd To Port ++++5AA5014A8A010004712E6A16CF777B22636F6D6D616E64223A7B226964223A22696D755F737461747573222C22737562223A22227D2C22636F6E74656E74223A7B2254696D655374616D70223A31312C224672616D65436F756E746572223A3237343035382C2247445F58223A2D302E30313135333031333537353832323131352C2247445F59223A302E303035363439383534383934373237343638352C2247445F5A223A302E303032303630383238393633323934363235332C2241445F58223A2D302E303032343935303530343330323937383531362C2241445F59223A302E303031303735303334383434363839303731322C2241445F5A223A2D302E31363538373434383132303131373138382C2254656D70447370223A302C22537461747573223A302C2243616C69625374617465223A312C22536967416D70496E76616C6964223A307D7D943F
05-27 19:03:19.502   536   536 D commservice260303: bufferevent_write retrun value = 0
05-27 19:03:19.502   536   560 D commservice260303: client datas send succeed,send finish
05-27 19:03:19.502 13911 14192 D Sentinelmode_1.2.5.17_sentry: <SentryImuClusterFgeSender>imu_status sent to Linux, frame=274058, tsNs=11666746, tsMs=11, intervalMs=34, ad=(-0.0024950504,0.0010750348,-0.16587448), gd=(-0.011530136,0.005649855,0.002060829)
05-27 19:03:19.504   581   581 I SpiService: fgesysctrl_getGPIO_status success val=1
05-27 08:54:28.468   581   581 D spi_rst_gpio_get_output: GPIO 145 value: 1
05-27 08:54:28.468   581   581 D spidev_ioctl: gpio status=1)
05-27 19:03:19.508   830   830 D SurfaceFlinger: unisoc-graphics, commit has frameMissed:2, vysncId:234436
05-27 19:03:19.509   581   581 I SpiService: fgesysctrl_getGPIO_status success val=1
05-27 19:03:19.512   572   572 I Sensors : 230 GyroSensor: x:-0.011530,y:0.006032,z:0.002290
05-27 08:54:28.474   581   581 D spi_rst_gpio_get_output: GPIO 145 value: 1
05-27 08:54:28.474   581   581 D spidev_ioctl: gpio status=1)
05-27 19:03:19.513 15863 16069 D AIN-HttpHealthPolicy: response: 200, cost=296
05-27 19:03:19.513 13911 14183 I SentryImuMcuAngleSender: 179.98247rollDeg
05-27 19:03:19.513 13911 14183 I SentryImuMcuAngleSender: 1,0,0
05-27 19:03:19.513 15863 16068 D AIN-PingWorker: updateHost: result=true,host=www.feishu.cn,delay=296
05-27 19:03:19.513 15863 16068 D AIN-NetCheckerOutputer: onHealthy
05-27 19:03:19.513 15863 16068 D AIN-ServiceHub: getService with: name = service_tracker
05-27 19:03:19.515   581   581 I SpiService: fgesysctrl_getGPIO_status success val=0
05-27 19:03:19.516   299 30844 D EvsDriver: forwardFrame
05-27 19:03:19.516   299 30841 D EvsDriver: forwardFrame
05-27 19:03:19.518  1167  1479 D evsmanagerd: /dev/video6 forwarded the buffer #0 to 0xb4000074bf5f5510 from 0xb4000074bf5f6d90
05-27 19:03:19.518   299 30844 D EvsDriver: Delivered 0xb400007b7ca56900 as id 0
05-27 19:03:19.518   299 30841 D EvsDriver: Delivered 0xb400007b7ca56a60 as id 0
05-27 19:03:19.518  1167  1479 D evsmanagerd: /dev/video4 forwarded the buffer #0 to 0xb4000074bf5f6850 from 0xb4000074bf5f41d0
05-27 19:03:19.523   299  1153 D EvsDriver: doneWithFrame
05-27 19:03:19.526   299  1153 D EvsDriver: doneWithFrame
05-27 19:03:19.527   830   830 D SurfaceFlinger: unisoc-graphics, commit has frameMissed:2, vysncId:234437
05-27 19:03:19.532   581   581 I SpiService: fgesysctrl_getGPIO_status success val=1
05-27 19:03:19.538   581   581 I SpiService: fgesysctrl_getGPIO_status success val=1
05-27 19:03:19.543 10188 10454 I ActivityManager: Death received in com.android.server.am.ActivityManagerService$AppDeathRecipient@5b0a2e1 for thread android.os.BinderProxy@8dc1806, proc:ProcessRecord{4148e2 23580:com.anwsdk.service:remote/1000}
05-27 08:54:28.480   581   581 D spi_rst_gpio_get_output: GPIO 145 value: 0
05-27 08:54:28.480   581   581 D spidev_ioctl: gpio status=0)
05-27 08:54:28.496   581   581 D spi_rst_gpio_get_output: GPIO 145 value: 1
05-27 08:54:28.496   581   581 D spidev_ioctl: gpio status=1)
05-27 08:54:28.502   581   581 D spi_rst_gpio_get_output: GPIO 145 value: 1
05-27 08:54:28.503   581   581 D spidev_ioctl: gpio status=1)
05-27 08:54:28.508   581   581 D spi_rst_gpio_get_output: GPIO 145 value: 1
05-27 08:54:28.508   581   581 D spidev_ioctl: gpio status=1)
05-27 19:03:19.543 13911 14183 I SentryImuMcuAngleSender: 179.98247rollDeg
05-27 19:03:19.544 13911 14183 I SentryImuMcuAngleSender: 1,0,0
05-27 19:03:19.544   581   581 I SpiService: fgesysctrl_getGPIO_status success val=1
05-27 19:03:19.544   536   536 D commservice260303: msg.id = 1028,0
05-27 19:03:19.544   536   536 D commservice260303: i = 170, msgid = 8A000404
05-27 19:03:19.544 13435 13435 D BtManager: onServiceDisconnected
05-27 19:03:19.544   536   536 D commservice260303: msgid = -1979710460,did=138
05-27 19:03:19.544   536   536 D commservice260303: CommProtocolLibCmdBaseI2C::dataproc {"command":{"id":"imu_status","sub":""},"content":{"TimeStamp":11,"FrameCounter":274059,"GD_X":-0.01153013575822115,"GD_Y":0.006032164208590984,"GD_Z":0.0022902146447449923,"AD_X":-0.0012809336185455322,"AD_Y":0.0022881466429680586,"AD_Z":-0.16648483276367188,"TempDsp":0,"Status":0,"CalibState":1,"SigAmpInvalid":0}},-1979710460
05-27 19:03:19.544   536   536 D commservice260303: send2Cluster len:317, 7B22636F6D6D616E64223A7B226964223A22696D755F737461747573222C22737562223A22227D2C22636F6E74656E74223A7B2254696D655374616D70223A31312C224672616D65436F756E746572223A3237343035392C2247445F58223A2D302E30313135333031333537353832323131352C2247445F59223A302E3030363033323136343230383539303938342C2247445F5A223A302E303032323930323134363434373434393932332C2241445F58223A2D302E303031323830393333363138353435353332322C2241445F59223A302E303032323838313436363432393638303538362C2241445F5A223A2D302E31363634383438333237363336373138382C2254656D70447370223A302C22537461747573223A302C2243616C69625374617465223A312C22536967416D70496E76616C6964223A307D7D, 138 
05-27 19:03:19.544   536   536 D commservice260303: Push Message into SendPool fn=795935744
05-27 19:03:19.544   536   536 D commservice260303: ComProtocolLibSend2Cluster::send2ClusterRaw fn=795935744 , len=333
05-27 19:03:19.544   536   536 D commservice260303: sendCmdToPort :333!!!
05-27 19:03:19.544   536   536 D commservice260303: send Cmd To Port ++++5AA501498A010004712F6A16CF777B22636F6D6D616E64223A7B226964223A22696D755F737461747573222C22737562223A22227D2C22636F6E74656E74223A7B2254696D655374616D70223A31312C224672616D65436F756E746572223A3237343035392C2247445F58223A2D302E30313135333031333537353832323131352C2247445F59223A302E3030363033323136343230383539303938342C2247445F5A223A302E303032323930323134363434373434393932332C2241445F58223A2D302E303031323830393333363138353435353332322C2241445F59223A302E303032323838313436363432393638303538362C2241445F5A223A2D302E31363634383438333237363336373138382C2254656D70447370223A302C22537461747573223A302C2243616C69625374617465223A312C22536967416D70496E76616C6964223A307D7DADD9
05-27 19:03:19.544   536   536 D commservice260303: bufferevent_write retrun value = 0
05-27 19:03:19.545   536   560 D commservice260303: client datas send succeed,send finish
05-27 19:03:19.545 10188 10454 I ActivityManager: Process com.anwsdk.service:remote (pid 23580) has died: cch CACC
05-27 19:03:19.545 10188 10454 I am_proc_died: [0,23580,com.anwsdk.service:remote,900,17]
05-27 19:03:19.545 10188 10454 I ActivityManager: app ProcessRecord{4148e2 23580:com.anwsdk.service:remote/1000} mThread:android.app.IApplicationThread$Stub$Proxy@fac3ec7 mDeathRecipient:com.android.server.am.ActivityManagerService$AppDeathRecipient@5b0a2e1 has been unlinked.
05-27 19:03:19.545 13911 14192 D Sentinelmode_1.2.5.17_sentry: <SentryImuClusterFgeSender>imu_status sent to Linux, frame=274059, tsNs=11666763, tsMs=11, intervalMs=43, ad=(-0.0012809336,0.0022881466,-0.16648483), gd=(-0.011530136,0.006032164,0.0022902146)
05-27 19:03:19.546 10188 10454 W ActivityManager: Scheduling restart of crashed service com.anwsdk.service/.anwbtservice in 0ms for persistent
05-27 19:03:19.546 10188 10454 I am_schedule_service_restart: [0,com.anwsdk.service/.anwbtservice,0]
05-27 19:03:19.546 10188 10454 I ActivityManager: note: ProcessRecord{4148e2 23580:com.anwsdk.service:remote/1000} died, saving the exit info
05-27 19:03:19.546 10188 10680 I ActivityManager: Update process exit info for com.anwsdk.service(23580/u1000)
05-27 19:03:19.546 10188 10454 D ActivityTaskManager: put all activities to cleanup list, wpc=ProcessRecord{4148e2 0:com.anwsdk.service:remote/1000} mHasActivities=false activeActivitySize=0
05-27 19:03:19.547 10041 10041 I Zygote  : Process 23580 exited cleanly (1)
05-27 19:03:19.547 10188 10678 I libprocessgroup: Successfully killed process cgroup uid 1000 pid 23580 in 4ms
05-27 19:03:19.548 10188 10678 I ActivityManager: Got SIGCHLD from zygote: pid=23580, uid=1000, status=100
05-27 19:03:19.548 10188 10680 I ActivityManager: zygote: proc died: pid=23580 uid=1000, status=256
05-27 19:03:19.548 10188 10680 E UnisocStabilityCollection: getKill:true,cur=0,killType=3 ,name=proc_died:1000, reason=proc_died
05-27 19:03:19.548 10188 10680 E UnisocStabilityCollection: getKill sum:25
05-27 19:03:19.549   581   581 I SpiService: fgesysctrl_getGPIO_status success val=1
05-27 19:03:19.550 10188 10188 D JobScheduler.Quota: Processing event 31 for <0>com.anwsdk.service
05-27 19:03:19.550 10188 10660 I ActivityManager: com.anwsdk.service is exempt from freezer
05-27 19:03:19.550 10188 10660 D CompatibilityChangeReporter: Compat change id reported: 135634846; UID 1000; state: DISABLED
05-27 19:03:19.550 10188 10660 D CompatibilityChangeReporter: Compat change id reported: 177438394; UID 1000; state: DISABLED
05-27 19:03:19.550 10188 10660 D CompatibilityChangeReporter: Compat change id reported: 135772972; UID 1000; state: DISABLED
05-27 19:03:19.550 10188 10660 D CompatibilityChangeReporter: Compat change id reported: 135754954; UID 1000; state: ENABLED
05-27 19:03:19.551 10188 10660 D ActivityManager: ProcessRecord{c618cf4 0:com.anwsdk.service:remote/1000} setPendingStart=true callers=com.android.server.am.ProcessList.startProcessLocked:1922 com.android.server.am.UnisocProcessList.startProcessLocked:320 com.android.server.am.ProcessList.startProcessLocked:2391 com.android.server.am.ProcessList.startProcessLocked:2534 com.android.server.am.ActivityManagerService.startProcessLocked:2890 com.android.server.am.ActiveServices.bringUpServiceLocked:4326 com.android.server.am.ActiveServices.performServiceRestartLocked:4104 com.android.server.am.ActiveServices$ServiceRestarter.run:3320 android.os.Handler.handleCallback:942 android.os.Handler.dispatchMessage:99 
05-27 19:03:19.551 10188 10660 I ActivityManager: Posting procStart msg for 0:com.anwsdk.service:remote/1000
05-27 19:03:19.551 10188 10661 D ActivityManager: asking zygote to start proc:ProcessRecord{c618cf4 0:com.anwsdk.service:remote/1000}
05-27 19:03:19.551 10188 10661 D Prefork : startResult is empty and running normal execution.
05-27 08:54:28.514   581   581 D spi_rst_gpio_get_output: GPIO 145 value: 1
05-27 08:54:28.514   581   581 D spidev_ioctl: gpio status=1)
05-27 19:03:19.553   299 30844 D EvsDriver: forwardFrame
05-27 19:03:19.554  1167  1479 D evsmanagerd: /dev/video6 forwarded the buffer #0 to 0xb4000074bf5f5510 from 0xb4000074bf5f6d90
05-27 19:03:19.554   299 30841 D EvsDriver: forwardFrame
05-27 19:03:19.555   581   581 I SpiService: fgesysctrl_getGPIO_status success val=0
05-27 19:03:19.556   299 30844 D EvsDriver: Delivered 0xb400007b7ca56900 as id 0
05-27 08:54:28.519   581   581 D spi_rst_gpio_get_output: GPIO 145 value: 0
05-27 08:54:28.519   581   581 D spidev_ioctl: gpio status=0)
05-27 19:03:19.557   299  1153 D EvsDriver: doneWithFrame
05-27 19:03:19.558   299 30841 D EvsDriver: Delivered 0xb400007b7ca56a60 as id 0
05-27 19:03:19.558  1167  1479 D evsmanagerd: /dev/video4 forwarded the buffer #0 to 0xb4000074bf5f6850 from 0xb4000074bf5f41d0
05-27 19:03:19.560   299  1153 D EvsDriver: doneWithFrame
05-27 19:03:19.561   536  2579 D commservice260303: send heart beat package to Cluster
05-27 19:03:19.562   536  2579 D commservice260303: send2Cluster len:40, 7B22636F6D6D616E64223A7B226964223A22686561727462656174222C22737562223A22227D7D0A, 129 
05-27 19:03:19.562   536  2579 D commservice260303: Push Message into SendPool fn=812712960
05-27 19:03:19.562   536  2579 D commservice260303: ComProtocolLibSend2Cluster::send2ClusterRaw fn=812712960 , len=56
05-27 19:03:19.562   536  2579 D commservice260303: sendCmdToPort :56!!!
05-27 19:03:19.562   536  2579 D commservice260303: send Cmd To Port ++++5AA500348101000471306A16CF777B22636F6D6D616E64223A7B226964223A22686561727462656174222C22737562223A22227D7D0A16D1
05-27 19:03:19.562   536  2579 D commservice260303: bufferevent_write retrun value = 0
05-27 19:03:19.562   536   560 D commservice260303: client datas send succeed,send finish
05-27 19:03:19.565 13911 14183 I SentryImuMcuAngleSender: 179.993rollDeg
05-27 19:03:19.565 13911 14183 I SentryImuMcuAngleSender: 1,0,0
05-27 19:03:19.561   536   536 I auditd  : type=1400 audit(0.0:76148): avc: denied { getattr } for comm="fgecomservice@1" path="socket:[34776]" dev="sockfs" ino=34776 scontext=u:r:hal_fgecomservice_default:s0 tcontext=u:r:hal_fgecomservice_default:s0 tclass=vsock_socket permissive=1
05-27 19:03:19.561   536   536 I fgecomservice@1: type=1400 audit(0.0:76148): avc: denied { getattr } for path="socket:[34776]" dev="sockfs" ino=34776 scontext=u:r:hal_fgecomservice_default:s0 tcontext=u:r:hal_fgecomservice_default:s0 tclass=vsock_socket permissive=1
05-27 19:03:19.561   536   536 I auditd  : type=1400 audit(0.0:76149): avc: denied { read } for comm="fgecomservice@1" path="socket:[34776]" dev="sockfs" ino=34776 scontext=u:r:hal_fgecomservice_default:s0 tcontext=u:r:hal_fgecomservice_default:s0 tclass=vsock_socket permissive=1
05-27 19:03:19.561   536   536 I fgecomservice@1: type=1400 audit(0.0:76149): avc: denied { read } for path="socket:[34776]" dev="sockfs" ino=34776 scontext=u:r:hal_fgecomservice_default:s0 tcontext=u:r:hal_fgecomservice_default:s0 tclass=vsock_socket permissive=1
05-27 19:03:19.566   536   560 D commservice260303: recv len:91, 5AA500570100000044766A16CF777B22636F6D6D616E64223A7B226964223A22686561727462656174222C22737562223A22227D2C22726573706F6E65223A7B22636F6465223A302C226D657373616765223A226F6B227D7D3882 from server
05-27 19:03:19.566   536  2578 D commservice260303: mcuDataAnalyzeHandle templen:91,len:91,pos:0, 5AA500570100000044766A16CF777B22636F6D6D616E64223A7B226964223A22686561727462656174222C22737562223A22227D2C22726573706F6E65223A7B22636F6465223A302C226D657373616765223A226F6B227D7D3882 
05-27 19:03:19.566   536  2578 I commservice260303: checksumCal = 14466
05-27 19:03:19.566   536  2578 D commservice260303: Protocol_C2I_Commservice::dataproc {"command":{"id":"heartbeat","sub":""},"respone":{"code":0,"message":"ok"}},1
05-27 19:03:19.566   536  2578 D commservice260303: Protocol_C2I_Commservice::dataproc Receive a heartbeat command from Cluster, setTcpHeartbeat = EID_UID_HEARTBEAT
05-27 19:03:19.569   481   598 I mcuc    : rev,n=1,6AA681EAF9000A890032010409021234562B
05-27 19:03:19.569   351   373 D automotive.vehicle@2.0-adayo-datacomm-mcu: MCUDatacomm sendMessageFromVehicle prop: 0x89, areaId: 0x0, status: 0x32, timestamp: 0x1
05-27 19:03:19.569   351   373 D automotive.vehicle@2.0-adayo-datacomm-mcu: MCUDatacomm 1sendMessageFromVehicle ---> type = 12 
05-27 19:03:19.570   581   581 I SpiService: fgesysctrl_getGPIO_status success val=1
05-27 19:03:19.570  1121  1144 I tboxmids_ap: [2026-05-27 19:03:19.569] [MCU RX] src=MCU dst=ZMQ len=10 type=BINARY data=00 08 32 01 04 09 02 12 34 56 
05-27 19:03:19.571  1083  1083 I MyAppLog: [2026-05-27 19:03:19.570 I tboxap mcuCommTboxmidsRecvCb:97] [Mcu] [mcuCommTboxmidsRecvCb] recv from tboxmids, size:10
05-27 19:03:19.571  1083  1083 I MyAppLog: [2026-05-27 19:03:19.570 I tboxap mcuCommTboxmidsRecvCb:98] [Mcu] [tboxmids -> tboxap]: :00 08 32 01 04 09 02 12 34 56
05-27 19:03:19.571  1083  1083 I MyAppLog: [2026-05-27 19:03:19.570 I tboxap mcuPtlParseData:990] [Mcu] [Mcu  Parse]: (cmd):0902 (param):0902123456
05-27 19:03:19.571  1083  1083 W MyAppLog: [2026-05-27 19:03:19.570 W tboxap mcuParamDataRevPack:918] [Mcu] mcuParamDataRevPack start pack data!!!
05-27 19:03:19.571  1083  1083 W MyAppLog: [2026-05-27 19:03:19.570 W tboxap mcuHandlePowerReqInd:1739] [Mcu] [mcuHandlePowerReqInd] recv 0x0902 power req type:0x12
05-27 08:54:28.534   581   581 D spi_rst_gpio_get_output: GPIO 145 value: 1
05-27 08:54:28.534   581   581 D spidev_ioctl: gpio status=1)
05-27 19:03:19.573 10041 10041 D Zygote  : Forked child process 23682
05-27 19:03:19.574 10188 10661 I am_proc_start: [0,23682,1000,com.anwsdk.service:remote,service,{com.anwsdk.service/com.anwsdk.service.anwbtservice}]
05-27 19:03:19.575 10188 10661 I ActivityManager: Start proc 23682:com.anwsdk.service:remote/1000 for service {com.anwsdk.service/com.anwsdk.service.anwbtservice}
05-27 19:03:19.575   581   581 I SpiService: fgesysctrl_getGPIO_status success val=1
05-27 19:03:19.576 10188 10661 D ActivityManager: ProcessRecord{c618cf4 23682:com.anwsdk.service:remote/1000} setPendingStart=false callers=com.android.server.am.ProcessList.handleProcessStartedLocked:2646 com.android.server.am.UnisocProcessList.handleProcessStartedLocked:377 com.android.server.am.ProcessList.handleProcessStartedLocked:2585 com.android.server.am.ProcessList.lambda$handleProcessStart$1$com-android-server-am-ProcessList:1993 com.android.server.am.ProcessList$$ExternalSyntheticLambda1.run:22 com.android.server.am.ProcessList.handleProcessStart:2016 com.android.server.am.ProcessList.lambda$startProcessLocked$0$com-android-server-am-ProcessList:1950 com.android.server.am.ProcessList$$ExternalSyntheticLambda5.run:22 android.os.Handler.handleCallback:942 android.os.Handler.dispatchMessage:99 
05-27 08:54:28.540   581   581 D spi_rst_gpio_get_output: GPIO 145 value: 1
05-27 08:54:28.540   581   581 D spidev_ioctl: gpio status=1)
05-27 19:03:19.582   581   581 I SpiService: fgesysctrl_getGPIO_status success val=1
05-27 19:03:19.582 23682 23682 I Zygote  : seccomp disabled by setenforce 0
05-27 19:03:19.584  1008 30857 D [OMXB]  : usingANWBuffer: handle:0xee741400, format:1, w:1920, h:1080
05-27 08:54:28.547   581   581 D spi_rst_gpio_get_output: GPIO 145 value: 1
05-27 08:54:28.547   581   581 D spidev_ioctl: gpio status=1)
05-27 19:03:19.585 13911 14183 I SentryImuMcuAngleSender: 179.99298rollDeg
05-27 19:03:19.585 13911 14183 I SentryImuMcuAngleSender: 1,0,0
05-27 19:03:19.586   536   536 D commservice260303: msg.id = 1028,1
05-27 19:03:19.586   536   536 D commservice260303: i = 170, msgid = 8A000404
05-27 19:03:19.586   536   536 D commservice260303: msgid = -1979710460,did=138
05-27 19:03:19.586   536   536 D commservice260303: CommProtocolLibCmdBaseI2C::dataproc {"command":{"id":"imu_status","sub":""},"content":{"TimeStamp":11,"FrameCounter":274060,"GD_X":-0.01160607673227787,"GD_Y":0.004963258747011423,"GD_Z":0.002519079949706793,"AD_X":-8.125603199005127E-5,"AD_Y":4.484792589209974E-4,"AD_Z":-0.16831588745117188,"TempDsp":0,"Status":0,"CalibState":1,"SigAmpInvalid":0}},-1979710460
05-27 19:03:19.586   536   536 D commservice260303: send2Cluster len:314, 7B22636F6D6D616E64223A7B226964223A22696D755F737461747573222C22737562223A22227D2C22636F6E74656E74223A7B2254696D655374616D70223A31312C224672616D65436F756E746572223A3237343036302C2247445F58223A2D302E30313136303630373637333232373738372C2247445F59223A302E3030343936333235383734373031313432332C2247445F5A223A302E3030323531393037393934393730363739332C2241445F58223A2D382E313235363033313939303035313237452D352C2241445F59223A342E343834373932353839323039393734452D342C2241445F5A223A2D302E31363833313538383734353131373138382C2254656D70447370223A302C22537461747573223A302C2243616C69625374617465223A312C22536967416D70496E76616C6964223A307D7D, 138 
05-27 19:03:19.586   536   536 D commservice260303: Push Message into SendPool fn=829490176
05-27 19:03:19.586   536   536 D commservice260303: ComProtocolLibSend2Cluster::send2ClusterRaw fn=829490176 , len=330
05-27 19:03:19.586   536   536 D commservice260303: sendCmdToPort :330!!!
05-27 19:03:19.586   536   536 D commservice260303: send Cmd To Port ++++5AA501468A01000471316A16CF777B22636F6D6D616E64223A7B226964223A22696D755F737461747573222C22737562223A22227D2C22636F6E74656E74223A7B2254696D655374616D70223A31312C224672616D65436F756E746572223A3237343036302C2247445F58223A2D302E30313136303630373637333232373738372C2247445F59223A302E3030343936333235383734373031313432332C2247445F5A223A302E3030323531393037393934393730363739332C2241445F58223A2D382E313235363033313939303035313237452D352C2241445F59223A342E343834373932353839323039393734452D342C2241445F5A223A2D302E31363833313538383734353131373138382C2254656D70447370223A302C22537461747573223A302C2243616C69625374617465223A312C22536967416D70496E76616C6964223A307D7D9002
05-27 19:03:19.586   536   536 D commservice260303: bufferevent_write retrun value = 0
05-27 19:03:19.586   536   560 D commservice260303: client datas send succeed,send finish
05-27 19:03:19.587 13911 14192 D Sentinelmode_1.2.5.17_sentry: <SentryImuClusterFgeSender>imu_status sent to Linux, frame=274060, tsNs=11666817, tsMs=11, intervalMs=42, ad=(-8.125603E-5,4.4847926E-4,-0.16831589), gd=(-0.011606077,0.0049632587,0.00251908)
05-27 19:03:19.588   581   581 I SpiService: fgesysctrl_getGPIO_status success val=1
05-27 08:54:28.553   581   581 D spi_rst_gpio_get_output: GPIO 145 value: 1
05-27 08:54:28.553   581   581 D spidev_ioctl: gpio status=1)
05-27 19:03:19.585  1044  1044 I auditd  : type=1400 audit(0.0:76150): avc: denied { call } for comm="oid.aac.encoder" scontext=u:r:mediaswcodec:s0 tcontext=u:r:adayo_dvr_service:s0 tclass=binder permissive=1
05-27 19:03:19.585  1044  1044 I oid.aac.encoder: type=1400 audit(0.0:76150): avc: denied { call } for scontext=u:r:mediaswcodec:s0 tcontext=u:r:adayo_dvr_service:s0 tclass=binder permissive=1
05-27 19:03:19.591 23682 23682 I .service:remote: Late-enabling -Xcheck:jni
05-27 19:03:19.585 23640 23640 I auditd  : type=1400 audit(0.0:76151): avc: denied { append } for comm="logcat" path="/mnt/log_data/AndroidLog/logcat/logcat_2026_05_27_19_03_15_046-51.txt" dev="vda93" ino=180284 scontext=u:r:logpersist:s0 tcontext=u:object_r:log_data_file:s0 tclass=file permissive=1
05-27 19:03:19.585 23640 23640 I logcat  : type=1400 audit(0.0:76151): avc: denied { append } for path="/mnt/log_data/AndroidLog/logcat/logcat_2026_05_27_19_03_15_046-51.txt" dev="vda93" ino=180284 scontext=u:r:logpersist:s0 tcontext=u:object_r:log_data_file:s0 tclass=file permissive=1
05-27 19:03:19.585 30773 30773 I auditd  : type=1400 audit(0.0:76152): avc: denied { use } for comm=4E444B204D65646961436F6465635F path="/dmabuf:" dev="dmabuf" ino=2810794 scontext=u:r:adayo_dvr_service:s0 tcontext=u:r:mediaswcodec:s0 tclass=fd permissive=1
