05-27 19:03:17.389 13911 14183 I SentryImuMcuAngleSender: 179.97899rollDeg
05-27 19:03:17.389 13911 14183 I SentryImuMcuAngleSender: 1,0,0
05-27 19:03:17.391   830   830 D SurfaceFlinger: unisoc-graphics, commit has frameMissed:2, vysncId:234338
05-27 19:03:17.394   566 11459 I gps_hdbd: Received: '$GNGSA,A,1,,,,,,,,,,,,,,,,1*1D
'
05-27 19:03:17.396   299 30844 D EvsDriver: forwardFrame
05-27 19:03:17.399   299 30841 D EvsDriver: forwardFrame
05-27 19:03:17.401   566 11459 I gps_hdbd: Received: '$GNGSA,A,1,,,,,,,,,,,,,,,,3*1F
'
05-27 19:03:17.401   299 30841 D EvsDriver: Delivered 0xb400007b7ca56a60 as id 0
05-27 19:03:17.402  1167  1184 D evsmanagerd: /dev/video6 forwarded the buffer #0 to 0xb4000074bf5f5510 from 0xb4000074bf5f6d90
05-27 19:03:17.402  1167  1479 D evsmanagerd: /dev/video4 forwarded the buffer #0 to 0xb4000074bf5f6850 from 0xb4000074bf5f41d0
05-27 19:03:17.402   566 11459 I gps_hdbd: Received: '$GNGSA,A,1,,,,,,,,,,,,,,,,4*18
'
05-27 19:03:17.403   299 30844 D EvsDriver: Delivered 0xb400007b7ca56900 as id 0
05-27 19:03:17.403   566 11459 I gps_hdbd: Received: '$BDGSV,1,1,00,1*75
'
05-27 19:03:17.403   481   598 I mcuc    : rev,n=1,6AA681EAED00358900FC060003000000000000000064006400641010000000000000000000000000000000000000000000000000000000000000000099
05-27 19:03:17.406   566 11459 I gps_hdbd: Received: '$BDGSV,1,1,00,5*71
'
05-27 19:03:17.406   581   581 I SpiService: fgesysctrl_getGPIO_status success val=1
05-27 19:03:17.407   566 11459 I gps_hdbd: Received: '$GPGSV,1,1,01,199,42,165,,1*60
'
05-27 19:03:17.408   299 30841 D EvsDriver: forwardFrame
05-27 19:03:17.408   351   373 D automotive.vehicle@2.0-adayo-datacomm-mcu: MCUDatacomm sendMessageFromVehicle prop: 0x89, areaId: 0x0, status: 0xfc, timestamp: 0x6
05-27 19:03:17.408   351   373 D automotive.vehicle@2.0-adayo-datacomm-mcu: MCUDatacomm 1sendMessageFromVehicle ---> type = 3 
05-27 19:03:17.408   351   373 D automotive.vehicle@2.0-adayo-func-bcm: sendMessageFromVehicle sendMessageFromVehicle
05-27 19:03:17.409   351   516 D automotive.vehicle@2.0-adayo-func-bcm: jjfan1 ______procotolSize :45
05-27 19:03:17.409   351   516 D automotive.vehicle@2.0-adayo-func-bcm: BCMFunc sendMessageFromVehicle_l dataType: 12,mByte=8,propid=0x21600001
05-27 19:03:17.409   351   516 D automotive.vehicle@2.0-adayo-func-bcm: BCMFunc sendMessageFromVehicle_l msgBuff[8]=0x0,start:2,len:11,temp:6,
05-27 19:03:17.410   351   516 D automotive.vehicle@2.0-adayo-func-bcm: BCMFunc sendMessageFromVehicle_l msgBuff[7]=0x0,start:0,len:5,temp:5,
05-27 19:03:17.410   351   516 D automotive.vehicle@2.0-adayo-func-bcm: BCMFunc sendMessageFromVehicle_l prop: 0x21600001 , SPLITE_BIT_DATA_INTEGER1 data:0
05-27 19:03:17.410   351   516 D automotive.vehicle@2.0-adayo-func-bcm: BCMFunc sendMessageFromVehicle_l prop: 0x21600001 , SPLITE_BIT_DATA_INTEGER4 procotol.calc[0]:0.100000,procotol.calc[1]:0.000000
05-27 19:03:17.410   351   516 D automotive.vehicle@2.0-adayo-func-bcm: BCMFunc sendMessageFromVehicle_l prop: 0x21600001 ,areaId: 0x0  SPLITE_BIT_DATA_INTEGER : 0.000000,calc[0]:0.100000,calc[1]:0.000000
05-27 19:03:17.410 13911 14183 I SentryImuMcuAngleSender: 179.97197rollDeg
05-27 19:03:17.410   351   516 D automotive.vehicle@2.0-adayo-func-bcm: BCMFunc sendMessageFromVehicle_l id:559939585, area:0 not report! 
05-27 19:03:17.410   351   516 D automotive.vehicle@2.0-adayo-func-bcm: BCMFunc sendMessageFromVehicle_l dataType: 12,mByte=9,propid=0x2140004d
05-27 19:03:17.410 13911 14183 I SentryImuMcuAngleSender: 1,0,0
05-27 19:03:17.410   351   516 D automotive.vehicle@2.0-adayo-func-bcm: BCMFunc sendMessageFromVehicle_l msgBuff[9]=0x0,start:0,len:3,temp:3,
05-27 19:03:17.410   351   516 D automotive.vehicle@2.0-adayo-func-bcm: BCMFunc sendMessageFromVehicle_l prop: 0x2140004d ,areaId: 0x0  SPLITE_BIT_DATA_INTEGER : 0
05-27 19:03:17.410   351   516 D automotive.vehicle@2.0-adayo-func-bcm: BCMFunc sendMessageFromVehicle_l id:557842509, area:0 not report! 
05-27 19:03:17.410   351   516 D automotive.vehicle@2.0-adayo-func-bcm: BCMFunc sendMessageFromVehicle_l dataType: 12,mByte=10,propid=0x21400009
05-27 19:03:17.410   351   516 D automotive.vehicle@2.0-adayo-func-bcm: BCMFunc sendMessageFromVehicle_l msgBuff[10]=0x0,start:0,len:3,temp:3,
05-27 19:03:17.410   351   516 D automotive.vehicle@2.0-adayo-func-bcm: BCMFunc sendMessageFromVehicle_l prop: 0x21400009 ,areaId: 0x0  SPLITE_BIT_DATA_INTEGER : 0
05-27 19:03:17.410   351   516 D automotive.vehicle@2.0-adayo-func-bcm: BCMFunc sendMessageFromVehicle_l id:557842441, area:0 not report! 
05-27 19:03:17.410   351   516 D automotive.vehicle@2.0-adayo-func-bcm: BCMFunc sendMessageFromVehicle_l dataType: 12,mByte=10,propid=0x2140000a
05-27 19:03:17.410   351   516 D automotive.vehicle@2.0-adayo-func-bcm: BCMFunc sendMessageFromVehicle_l msgBuff[10]=0x0,start:4,len:3,temp:3,
05-27 19:03:17.410   536   536 D commservice260303: msg.id = 1028,1
05-27 19:03:17.410   351   516 D automotive.vehicle@2.0-adayo-func-bcm: BCMFunc sendMessageFromVehicle_l prop: 0x2140000a ,areaId: 0x0  SPLITE_BIT_DATA_INTEGER : 0
05-27 19:03:17.411   351   516 D automotive.vehicle@2.0-adayo-func-bcm: BCMFunc sendMessageFromVehicle_l id:557842442, area:0 not report! 
05-27 19:03:17.411   299 30841 D EvsDriver: Delivered 0xb400007b7ca572a0 as id 1
05-27 19:03:17.411   536   536 D commservice260303: i = 170, msgid = 8A000404
05-27 19:03:17.411   351   516 D automotive.vehicle@2.0-adayo-func-bcm: BCMFunc sendMessageFromVehicle_l dataType: 12,mByte=11,propid=0x21400096
05-27 19:03:17.411   536   536 D commservice260303: msgid = -1979710460,did=138
05-27 19:03:17.411   351   516 D automotive.vehicle@2.0-adayo-func-bcm: BCMFunc sendMessageFromVehicle_l msgBuff[11]=0x0,start:0,len:8,temp:8,
05-27 19:03:17.411   536   536 D commservice260303: CommProtocolLibCmdBaseI2C::dataproc {"command":{"id":"imu_status","sub":""},"content":{"TimeStamp":11,"FrameCounter":274008,"GD_X":-0.01153013575822115,"GD_Y":0.005039200186729431,"GD_Z":0.0020608289632946253,"AD_X":-0.009673893451690674,"AD_Y":0.004386110696941614,"AD_Z":-0.17136478424072266,"TempDsp":0,"Status":0,"CalibState":1,"SigAmpInvalid":0}},-1979710460
05-27 08:54:26.371   581   581 D spi_rst_gpio_get_output: GPIO 145 value: 1
05-27 08:54:26.371   581   581 D spidev_ioctl: gpio status=1)
05-27 08:54:26.377   581   581 D spi_rst_gpio_get_output: GPIO 145 value: 1
05-27 08:54:26.377   581   581 D spidev_ioctl: gpio status=1)
05-27 08:54:26.383   581   581 D spi_rst_gpio_get_output: GPIO 145 value: 1
05-27 08:54:26.383   581   581 D spidev_ioctl: gpio status=1)
05-27 08:54:26.389   581   581 D spi_rst_gpio_get_output: GPIO 145 value: 1
05-27 08:54:26.389   581   581 D spidev_ioctl: gpio status=1)
05-27 08:54:26.395   581   581 D spi_rst_gpio_get_output: GPIO 145 value: 0
05-27 08:54:26.395   581   581 D spidev_ioctl: gpio status=0)
05-27 08:54:26.399     1     1 I init    : starting service 'trace_resource'...
05-27 19:03:17.411   351   516 D automotive.vehicle@2.0-adayo-func-bcm: BCMFunc sendMessageFromVehicle_l prop: 0x21400096 ,areaId: 0x0  SPLITE_BIT_DATA_INTEGER : 0
05-27 19:03:17.411   351   516 D automotive.vehicle@2.0-adayo-func-bcm: BCMFunc sendMessageFromVehicle_l id:557842582, area:0 not report! 
05-27 19:03:17.411   351   516 D automotive.vehicle@2.0-adayo-func-bcm: BCMFunc sendMessageFromVehicle_l dataType: 12,mByte=12,propid=0x2140008a
05-27 19:03:17.411   351   516 D automotive.vehicle@2.0-adayo-func-bcm: BCMFunc sendMessageFromVehicle_l msgBuff[12]=0x0,start:0,len:4,temp:4,
05-27 19:03:17.411   536   536 D commservice260303: send2Cluster len:315, 7B22636F6D6D616E64223A7B226964223A22696D755F737461747573222C22737562223A22227D2C22636F6E74656E74223A7B2254696D655374616D70223A31312C224672616D65436F756E746572223A3237343030382C2247445F58223A2D302E30313135333031333537353832323131352C2247445F59223A302E3030353033393230303138363732393433312C2247445F5A223A302E303032303630383238393633323934363235332C2241445F58223A2D302E3030393637333839333435313639303637342C2241445F59223A302E3030343338363131303639363934313631342C2241445F5A223A2D302E31373133363437383432343037323236362C2254656D70447370223A302C22537461747573223A302C2243616C69625374617465223A312C22536967416D70496E76616C6964223A307D7D, 138 
05-27 19:03:17.411   351   516 D automotive.vehicle@2.0-adayo-func-bcm: BCMFunc sendMessageFromVehicle_l prop: 0x2140008a ,areaId: 0x0  SPLITE_BIT_DATA_INTEGER : 0
05-27 19:03:17.411   536   536 D commservice260303: Push Message into SendPool fn=-126876672
05-27 19:03:17.411   351   516 D automotive.vehicle@2.0-adayo-func-bcm: BCMFunc sendMessageFromVehicle_l id:557842570, area:0 not report! 
05-27 19:03:17.411   536   536 D commservice260303: ComProtocolLibSend2Cluster::send2ClusterRaw fn=-126876672 , len=331
05-27 19:03:17.411   351   516 D automotive.vehicle@2.0-adayo-func-bcm: BCMFunc sendMessageFromVehicle_l dataType: 12,mByte=14,propid=0x21400005
05-27 19:03:17.411   536   536 D commservice260303: sendCmdToPort :331!!!
05-27 19:03:17.411   351   516 D automotive.vehicle@2.0-adayo-func-bcm: BCMFunc sendMessageFromVehicle_l msgBuff[14]=0x64,start:0,len:10,temp:8,
05-27 19:03:17.411   351   516 D automotive.vehicle@2.0-adayo-func-bcm: BCMFunc sendMessageFromVehicle_l msgBuff[13]=0x0,start:0,len:2,temp:2,
05-27 19:03:17.411   351   516 D automotive.vehicle@2.0-adayo-func-bcm: BCMFunc sendMessageFromVehicle_l prop: 0x21400005 ,areaId: 0x0  SPLITE_BIT_DATA_INTEGER : 100
05-27 19:03:17.411   536   536 D commservice260303: send Cmd To Port ++++5AA501478A01000470F86A16CF757B22636F6D6D616E64223A7B226964223A22696D755F737461747573222C22737562223A22227D2C22636F6E74656E74223A7B2254696D655374616D70223A31312C224672616D65436F756E746572223A3237343030382C2247445F58223A2D302E30313135333031333537353832323131352C2247445F59223A302E3030353033393230303138363732393433312C2247445F5A223A302E303032303630383238393633323934363235332C2241445F58223A2D302E3030393637333839333435313639303637342C2241445F59223A302E3030343338363131303639363934313631342C2241445F5A223A2D302E31373133363437383432343037323236362C2254656D70447370223A302C22537461747573223A302C2243616C69625374617465223A312C22536967416D70496E76616C6964223A307D7DAA81
05-27 19:03:17.411   351   516 D automotive.vehicle@2.0-adayo-func-bcm: BCMFunc sendMessageFromVehicle_l id:557842437, area:0 not report! 
05-27 19:03:17.411   351   516 D automotive.vehicle@2.0-adayo-func-bcm: BCMFunc sendMessageFromVehicle_l dataType: 12,mByte=16,propid=0x21600006
05-27 19:03:17.412   351   516 D automotive.vehicle@2.0-adayo-func-bcm: BCMFunc sendMessageFromVehicle_l msgBuff[16]=0x64,start:0,len:10,temp:8,
05-27 19:03:17.412   351   516 D automotive.vehicle@2.0-adayo-func-bcm: BCMFunc sendMessageFromVehicle_l msgBuff[15]=0x0,start:0,len:2,temp:2,
05-27 19:03:17.412   351   516 D automotive.vehicle@2.0-adayo-func-bcm: BCMFunc sendMessageFromVehicle_l prop: 0x21600006 , SPLITE_BIT_DATA_INTEGER1 data:100
05-27 19:03:17.412   351   516 D automotive.vehicle@2.0-adayo-func-bcm: BCMFunc sendMessageFromVehicle_l prop: 0x21600006 , SPLITE_BIT_DATA_INTEGER4 procotol.calc[0]:0.100000,procotol.calc[1]:0.000000
05-27 19:03:17.412   351   516 D automotive.vehicle@2.0-adayo-func-bcm: BCMFunc sendMessageFromVehicle_l prop: 0x21600006 ,areaId: 0x0  SPLITE_BIT_DATA_INTEGER : 80.000000,calc[0]:0.100000,calc[1]:0.000000
05-27 19:03:17.412   536   536 D commservice260303: bufferevent_write retrun value = 0
05-27 19:03:17.412   351   516 D automotive.vehicle@2.0-adayo-func-bcm: BCMFunc sendMessageFromVehicle_l id:559939590, area:0 not report! 
05-27 19:03:17.412   351   516 D automotive.vehicle@2.0-adayo-func-bcm: BCMFunc sendMessageFromVehicle_l dataType: 12,mByte=18,propid=0x21600007
05-27 19:03:17.412   351   516 D automotive.vehicle@2.0-adayo-func-bcm: BCMFunc sendMessageFromVehicle_l msgBuff[18]=0x64,start:0,len:10,temp:8,
05-27 19:03:17.412   351   516 D automotive.vehicle@2.0-adayo-func-bcm: BCMFunc sendMessageFromVehicle_l msgBuff[17]=0x0,start:0,len:2,temp:2,
05-27 19:03:17.412   351   516 D automotive.vehicle@2.0-adayo-func-bcm: BCMFunc sendMessageFromVehicle_l prop: 0x21600007 , SPLITE_BIT_DATA_INTEGER1 data:100
05-27 19:03:17.412   351   516 D automotive.vehicle@2.0-adayo-func-bcm: BCMFunc sendMessageFromVehicle_l prop: 0x21600007 , SPLITE_BIT_DATA_INTEGER4 procotol.calc[0]:0.100000,procotol.calc[1]:0.000000
05-27 19:03:17.412   581   581 I SpiService: fgesysctrl_getGPIO_status success val=1
05-27 19:03:17.412   351   516 D automotive.vehicle@2.0-adayo-func-bcm: BCMFunc sendMessageFromVehicle_l prop: 0x21600007 ,areaId: 0x0  SPLITE_BIT_DATA_INTEGER : 70.000000,calc[0]:0.100000,calc[1]:0.000000
05-27 19:03:17.412 13911 14192 D Sentinelmode_1.2.5.17_sentry: <SentryImuClusterFgeSender>imu_status sent to Linux, frame=274008, tsNs=11664651, tsMs=11, intervalMs=39, ad=(-0.009673893,0.0043861107,-0.17136478), gd=(-0.011530136,0.0050392,0.002060829)
05-27 19:03:17.412   351   516 D automotive.vehicle@2.0-adayo-func-bcm: BCMFunc sendMessageFromVehicle_l id:559939591, area:0 not report! 
05-27 19:03:17.412   351   516 D automotive.vehicle@2.0-adayo-func-bcm: BCMFunc sendMessageFromVehicle_l dataType: 12,mByte=19,propid=0x21400087
05-27 19:03:17.412   351   516 D automotive.vehicle@2.0-adayo-func-bcm: BCMFunc sendMessageFromVehicle_l msgBuff[19]=0x10,start:3,len:1,temp:1,
05-27 19:03:17.412   351   516 D automotive.vehicle@2.0-adayo-func-bcm: BCMFunc sendMessageFromVehicle_l prop: 0x21400087 ,areaId: 0x0  SPLITE_BIT_DATA_INTEGER : 0
05-27 19:03:17.412   351   516 D automotive.vehicle@2.0-adayo-func-bcm: BCMFunc sendMessageFromVehicle_l id:557842567, area:0 not report! 
05-27 19:03:17.412   536   560 D commservice260303: client datas send succeed,send finish
05-27 19:03:17.412   351   516 D automotive.vehicle@2.0-adayo-func-bcm: BCMFunc sendMessageFromVehicle_l dataType: 12,mByte=19,propid=0x2140004e
05-27 19:03:17.412   351   516 D automotive.vehicle@2.0-adayo-func-bcm: BCMFunc sendMessageFromVehicle_l msgBuff[19]=0x10,start:5,len:1,temp:1,
05-27 19:03:17.413   351   516 D automotive.vehicle@2.0-adayo-func-bcm: BCMFunc sendMessageFromVehicle_l prop: 0x2140004e ,areaId: 0x0  SPLITE_BIT_DATA_INTEGER : 0
05-27 19:03:17.413   351   516 D automotive.vehicle@2.0-adayo-func-bcm: BCMFunc sendMessageFromVehicle_l id:557842510, area:0 not report! 
05-27 19:03:17.413   299  1153 D EvsDriver: doneWithFrame
05-27 19:03:17.415   299  1163 D EvsDriver: doneWithFrame
05-27 19:03:17.416   566 11459 I gps_hdbd: Received: '$GPGSV,1,1,00,8*6D
'
05-27 19:03:17.417   351   516 D automotive.vehicle@2.0-adayo-func-bcm: BCMFunc sendMessageFromVehicle_l dataType: 12,mByte=19,propid=0x2140004f
05-27 19:03:17.417  1167  1479 D evsmanagerd: /dev/video4 forwarded the buffer #1 to 0xb4000074bf5f6850 from 0xb4000074bf5f41d0
05-27 19:03:17.418   581   581 I SpiService: fgesysctrl_getGPIO_status success val=1
05-27 19:03:17.418   351   516 D automotive.vehicle@2.0-adayo-func-bcm: BCMFunc sendMessageFromVehicle_l msgBuff[19]=0x10,start:7,len:1,temp:1,
05-27 19:03:17.418   351   516 D automotive.vehicle@2.0-adayo-func-bcm: BCMFunc sendMessageFromVehicle_l prop: 0x2140004f ,areaId: 0x0  SPLITE_BIT_DATA_INTEGER : 0
05-27 19:03:17.419   351   516 D automotive.vehicle@2.0-adayo-func-bcm: BCMFunc sendMessageFromVehicle_l id:557842511, area:0 not report! 
05-27 19:03:17.419   351   516 D automotive.vehicle@2.0-adayo-func-bcm: BCMFunc sendMessageFromVehicle_l dataType: 12,mByte=20,propid=0x21400031
05-27 19:03:17.419   351   516 D automotive.vehicle@2.0-adayo-func-bcm: BCMFunc sendMessageFromVehicle_l msgBuff[20]=0x10,start:0,len:3,temp:3,
05-27 19:03:17.419   351   516 D automotive.vehicle@2.0-adayo-func-bcm: BCMFunc sendMessageFromVehicle_l prop: 0x21400031 ,areaId: 0x0  SPLITE_BIT_DATA_INTEGER : 0
05-27 19:03:17.419   351   516 D 2026-5-19:FakeVehicleHardware: setPropertyFromVehicle propId: 0x21400031，value：0,timestamp:11664669918538
05-27 19:03:17.419   566 11459 I gps_hdbd: Received: '$GAGSV,1,1,00,7*73
'
05-27 19:03:17.419   299 30844 D EvsDriver: forwardFrame
05-27 19:03:17.421   351   516 D automotive.vehicle@2.0-adayo-func-bcm: BCMFunc sendMessageFromVehicle_l id:557842481, area:0 report! 
05-27 19:03:17.421   351   516 D automotive.vehicle@2.0-adayo-func-bcm: BCMFunc sendMessageFromVehicle_l dataType: 12,mByte=20,propid=0x2140003a
05-27 19:03:17.421   351   516 D automotive.vehicle@2.0-adayo-func-bcm: BCMFunc sendMessageFromVehicle_l msgBuff[20]=0x10,start:5,len:3,temp:3,
05-27 19:03:17.421   351   516 D automotive.vehicle@2.0-adayo-func-bcm: BCMFunc sendMessageFromVehicle_l prop: 0x2140003a ,areaId: 0x0  SPLITE_BIT_DATA_INTEGER : 0
05-27 19:03:17.421   351   516 D automotive.vehicle@2.0-adayo-func-bcm: BCMFunc sendMessageFromVehicle_l id:557842490, area:0 not report! 
05-27 19:03:17.421   351   516 D automotive.vehicle@2.0-adayo-func-bcm: BCMFunc sendMessageFromVehicle_l dataType: 12,mByte=21,propid=0x2140008b
05-27 19:03:17.421   351   516 D automotive.vehicle@2.0-adayo-func-bcm: BCMFunc sendMessageFromVehicle_l msgBuff[21]=0x0,start:0,len:3,temp:3,
05-27 19:03:17.421   351   516 D automotive.vehicle@2.0-adayo-func-bcm: BCMFunc sendMessageFromVehicle_l prop: 0x2140008b ,areaId: 0x0  SPLITE_BIT_DATA_INTEGER : 0
05-27 19:03:17.421   351   516 D automotive.vehicle@2.0-adayo-func-bcm: BCMFunc sendMessageFromVehicle_l id:557842571, area:0 not report! 
05-27 19:03:17.422   351   516 D automotive.vehicle@2.0-adayo-func-bcm: BCMFunc sendMessageFromVehicle_l dataType: 12,mByte=22,propid=0x2140008c
05-27 19:03:17.422   351   516 D automotive.vehicle@2.0-adayo-func-bcm: BCMFunc sendMessageFromVehicle_l msgBuff[22]=0x0,start:1,len:1,temp:1,
05-27 19:03:17.422   351   516 D automotive.vehicle@2.0-adayo-func-bcm: BCMFunc sendMessageFromVehicle_l prop: 0x2140008c ,areaId: 0x0  SPLITE_BIT_DATA_INTEGER : 0
05-27 19:03:17.422   351   516 D automotive.vehicle@2.0-adayo-func-bcm: BCMFunc sendMessageFromVehicle_l id:557842572, area:0 not report! 
05-27 19:03:17.422   351   516 D automotive.vehicle@2.0-adayo-func-bcm: BCMFunc sendMessageFromVehicle_l dataType: 12,mByte=23,propid=0x2140008e
05-27 19:03:17.422   351   516 D automotive.vehicle@2.0-adayo-func-bcm: BCMFunc sendMessageFromVehicle_l msgBuff[23]=0x0,start:0,len:1,temp:1,
05-27 19:03:17.422   351   516 D automotive.vehicle@2.0-adayo-func-bcm: BCMFunc sendMessageFromVehicle_l prop: 0x2140008e ,areaId: 0x0  SPLITE_BIT_DATA_INTEGER : 0
05-27 19:03:17.422   351   516 D automotive.vehicle@2.0-adayo-func-bcm: BCMFunc sendMessageFromVehicle_l id:557842574, area:0 not report! 
05-27 19:03:17.422   351   516 D automotive.vehicle@2.0-adayo-func-bcm: BCMFunc sendMessageFromVehicle_l dataType: 12,mByte=23,propid=0x2140008f
05-27 19:03:17.422   351   516 D automotive.vehicle@2.0-adayo-func-bcm: BCMFunc sendMessageFromVehicle_l msgBuff[23]=0x0,start:1,len:1,temp:1,
05-27 19:03:17.422  1167  1184 D evsmanagerd: /dev/video6 forwarded the buffer #0 to 0xb4000074bf5f5510 from 0xb4000074bf5f6d90
05-27 19:03:17.422   299 30844 D EvsDriver: Delivered 0xb400007b7ca56900 as id 0
05-27 19:03:17.422   351   516 D automotive.vehicle@2.0-adayo-func-bcm: BCMFunc sendMessageFromVehicle_l prop: 0x2140008f ,areaId: 0x0  SPLITE_BIT_DATA_INTEGER : 0
05-27 19:03:17.423   351   516 D automotive.vehicle@2.0-adayo-func-bcm: BCMFunc sendMessageFromVehicle_l id:557842575, area:0 not report! 
05-27 19:03:17.423 30773 30783 E dvr_service_: [myNum:1] Received S**** loss
05-27 19:03:17.423   351   516 D automotive.vehicle@2.0-adayo-func-bcm: BCMFunc sendMessageFromVehicle_l dataType: 12,mByte=24,propid=0x2140000b
05-27 19:03:17.423  1008 30856 D [OMXB]  : usingANWBuffer: handle:0xee742530, format:1, w:1920, h:1080
05-27 19:03:17.423   351   516 D automotive.vehicle@2.0-adayo-func-bcm: BCMFunc sendMessageFromVehicle_l msgBuff[24]=0x0,start:2,len:3,temp:3,
05-27 19:03:17.423   299  1163 D EvsDriver: doneWithFrame
05-27 19:03:17.424   299  1153 D EvsDriver: doneWithFrame
05-27 19:03:17.424   581   581 I SpiService: fgesysctrl_getGPIO_status success val=1
05-27 19:03:17.425 15661 15661 D carlib_CarServiceManager: [main] - CarPropertyEventCallback->onChangeEvent :557842481
05-27 19:03:17.425 15661 15661 D EnergyChargeGunMonitor: onChangeEvent: propId=4022, value=0
05-27 19:03:17.425   351   516 D automotive.vehicle@2.0-adayo-func-bcm: BCMFunc sendMessageFromVehicle_l prop: 0x2140000b ,areaId: 0x0  SPLITE_BIT_DATA_INTEGER : 0
05-27 19:03:17.425 15661 15661 D EnergyChargeGunMonitor: [ACTUAL_GEAR] gear=0
05-27 19:03:17.425   351   516 D automotive.vehicle@2.0-adayo-func-bcm: BCMFunc sendMessageFromVehicle_l id:557842443, area:0 not report! 
05-27 19:03:17.426 15661 15661 D EnergyChargeGunMonitor: [AUTO_ENTRY] gear→P ignored: no gun connected, ac=0, dc=0
05-27 19:03:17.426 15661 15661 D carlib_CarServiceManager: [main] - CarPropertyEventCallback->onChangeEvent :557842481
05-27 19:03:17.426 15661 15661 D EnergyVehicleService: Car property change: propId=4022, value=0
05-27 19:03:17.426 15661 15661 D EnergyVehicleService: [ACTUAL_GEAR] onChangeEvent: rawValue=0, normalizedGear=0
05-27 19:03:17.426 15661 15661 D EnergyVehicleService: [ACTUAL_GEAR] notify skipped: no listener, gear=0
05-27 19:03:17.426 15661 15661 D EnergyVehicleService: [CHARGING_GUN_NOT_REMOVED] check: source=gearChanged, acConnected=false, dcConnected=false, charging=false, notParking=false, gear=0x00(P)
05-27 19:03:17.426   351   516 D automotive.vehicle@2.0-adayo-func-bcm: BCMFunc sendMessageFromVehicle_l dataType: 12,mByte=26,propid=0x21400086
05-27 19:03:17.426   351   516 D automotive.vehicle@2.0-adayo-func-bcm: BCMFunc sendMessageFromVehicle_l msgBuff[26]=0x0,start:0,len:11,temp:8,
05-27 19:03:17.426   351   516 D automotive.vehicle@2.0-adayo-func-bcm: BCMFunc sendMessageFromVehicle_l msgBuff[25]=0x0,start:0,len:3,temp:3,
05-27 19:03:17.426   351   516 D automotive.vehicle@2.0-adayo-func-bcm: BCMFunc sendMessageFromVehicle_l prop: 0x21400086 ,areaId: 0x0  SPLITE_BIT_DATA_INTEGER : 0
05-27 19:03:17.426   351   516 D automotive.vehicle@2.0-adayo-func-bcm: BCMFunc sendMessageFromVehicle_l id:557842566, area:0 not report! 
05-27 19:03:17.426   351   516 D automotive.vehicle@2.0-adayo-func-bcm: BCMFunc sendMessageFromVehicle_l dataType: 12,mByte=28,propid=0x21600004
05-27 19:03:17.426   351   516 D automotive.vehicle@2.0-adayo-func-bcm: BCMFunc sendMessageFromVehicle_l msgBuff[28]=0x0,start:0,len:16,temp:8,
05-27 08:54:26.419   581   581 D spidev_ioctl: gpio status=1)
05-27 08:54:26.426   581   581 D spi_rst_gpio_get_output: GPIO 145 value: 1
05-27 08:54:26.426   581   581 D spidev_ioctl: gpio status=1)
05-27 08:54:26.431   581   581 D spi_rst_gpio_get_output: GPIO 145 value: 1
05-27 08:54:26.431   581   581 D spidev_ioctl: gpio status=1)
05-27 08:54:26.437   581   581 D spi_rst_gpio_get_output: GPIO 145 value: 1
05-27 08:54:26.437   581   581 D spidev_ioctl: gpio status=1)
05-27 19:03:17.426   351   516 D automotive.vehicle@2.0-adayo-func-bcm: BCMFunc sendMessageFromVehicle_l msgBuff[27]=0x0,start:0,len:8,temp:8,
05-27 19:03:17.426   351   516 D automotive.vehicle@2.0-adayo-func-bcm: BCMFunc sendMessageFromVehicle_l prop: 0x21600004 , SPLITE_BIT_DATA_INTEGER1 data:0
05-27 19:03:17.426   351   516 D automotive.vehicle@2.0-adayo-func-bcm: BCMFunc sendMessageFromVehicle_l prop: 0x21600004 , SPLITE_BIT_DATA_INTEGER4 procotol.calc[0]:0.100000,procotol.calc[1]:0.000000
05-27 19:03:17.427   351   516 D automotive.vehicle@2.0-adayo-func-bcm: BCMFunc sendMessageFromVehicle_l prop: 0x21600004 ,areaId: 0x0  SPLITE_BIT_DATA_INTEGER : 0.000000,calc[0]:0.100000,calc[1]:0.000000
05-27 19:03:17.427   351   516 D automotive.vehicle@2.0-adayo-func-bcm: BCMFunc sendMessageFromVehicle_l id:559939588, area:0 not report! 
05-27 19:03:17.427   351   516 D automotive.vehicle@2.0-adayo-func-bcm: BCMFunc sendMessageFromVehicle_l dataType: 12,mByte=30,propid=0x21400003
05-27 19:03:17.427   351   516 D automotive.vehicle@2.0-adayo-func-bcm: BCMFunc sendMessageFromVehicle_l msgBuff[30]=0x0,start:0,len:16,temp:8,
05-27 19:03:17.427   351   516 D automotive.vehicle@2.0-adayo-func-bcm: BCMFunc sendMessageFromVehicle_l msgBuff[29]=0x0,start:0,len:8,temp:8,
05-27 19:03:17.427   351   516 D automotive.vehicle@2.0-adayo-func-bcm: BCMFunc sendMessageFromVehicle_l prop: 0x21400003 ,areaId: 0x0  SPLITE_BIT_DATA_INTEGER : 0
05-27 19:03:17.427   351   516 D automotive.vehicle@2.0-adayo-func-bcm: BCMFunc sendMessageFromVehicle_l id:557842435, area:0 not report! 
05-27 19:03:17.427   351   516 D automotive.vehicle@2.0-adayo-func-bcm: BCMFunc sendMessageFromVehicle_l dataType: 12,mByte=32,propid=0x21600002
05-27 19:03:17.427   351   516 D automotive.vehicle@2.0-adayo-func-bcm: BCMFunc sendMessageFromVehicle_l msgBuff[32]=0x0,start:5,len:11,temp:3,
05-27 19:03:17.427   351   516 D automotive.vehicle@2.0-adayo-func-bcm: BCMFunc sendMessageFromVehicle_l msgBuff[31]=0x0,start:0,len:8,temp:8,
05-27 19:03:17.427   351   516 D automotive.vehicle@2.0-adayo-func-bcm: BCMFunc sendMessageFromVehicle_l prop: 0x21600002 , SPLITE_BIT_DATA_INTEGER1 data:0
05-27 19:03:17.427   351   516 D automotive.vehicle@2.0-adayo-func-bcm: BCMFunc sendMessageFromVehicle_l prop: 0x21600002 , SPLITE_BIT_DATA_INTEGER4 procotol.calc[0]:0.100000,procotol.calc[1]:0.000000
05-27 19:03:17.427   351   516 D automotive.vehicle@2.0-adayo-func-bcm: BCMFunc sendMessageFromVehicle_l prop: 0x21600002 ,areaId: 0x0  SPLITE_BIT_DATA_INTEGER : 0.000000,calc[0]:0.100000,calc[1]:0.000000
05-27 19:03:17.427   351   516 D automotive.vehicle@2.0-adayo-func-bcm: BCMFunc sendMessageFromVehicle_l id:559939586, area:0 not report! 
05-27 19:03:17.427   351   516 D automotive.vehicle@2.0-adayo-func-bcm: BCMFunc sendMessageFromVehicle_l dataType: 12,mByte=34,propid=0x216000dd
05-27 19:03:17.427   351   516 D automotive.vehicle@2.0-adayo-func-bcm: BCMFunc sendMessageFromVehicle_l msgBuff[34]=0x0,start:5,len:11,temp:3,
05-27 19:03:17.427   351   516 D automotive.vehicle@2.0-adayo-func-bcm: BCMFunc sendMessageFromVehicle_l msgBuff[33]=0x0,start:0,len:8,temp:8,
05-27 19:03:17.427   351   516 D automotive.vehicle@2.0-adayo-func-bcm: BCMFunc sendMessageFromVehicle_l prop: 0x216000dd , SPLITE_BIT_DATA_INTEGER1 data:0
05-27 19:03:17.427   351   516 D automotive.vehicle@2.0-adayo-func-bcm: BCMFunc sendMessageFromVehicle_l prop: 0x216000dd , SPLITE_BIT_DATA_INTEGER4 procotol.calc[0]:0.200000,procotol.calc[1]:0.000000
05-27 19:03:17.427   351   516 D automotive.vehicle@2.0-adayo-func-bcm: BCMFunc sendMessageFromVehicle_l prop: 0x216000dd ,areaId: 0x0  SPLITE_BIT_DATA_INTEGER : 0.000000,calc[0]:0.200000,calc[1]:0.000000
05-27 19:03:17.427   351   516 D automotive.vehicle@2.0-adayo-func-bcm: BCMFunc sendMessageFromVehicle_l id:559939805, area:0 not report! 
05-27 19:03:17.427   351   516 D automotive.vehicle@2.0-adayo-func-bcm: BCMFunc sendMessageFromVehicle_l dataType: 12,mByte=35,propid=0x216000de
05-27 19:03:17.428   351   516 D automotive.vehicle@2.0-adayo-func-bcm: BCMFunc sendMessageFromVehicle_l msgBuff[35]=0x0,start:0,len:8,temp:8,
05-27 19:03:17.428   351   516 D automotive.vehicle@2.0-adayo-func-bcm: BCMFunc sendMessageFromVehicle_l prop: 0x216000de , SPLITE_BIT_DATA_INTEGER1 data:0
05-27 19:03:17.428   351   516 D automotive.vehicle@2.0-adayo-func-bcm: BCMFunc sendMessageFromVehicle_l prop: 0x216000de , SPLITE_BIT_DATA_INTEGER4 procotol.calc[0]:0.392157,procotol.calc[1]:0.000000
05-27 19:03:17.428   351   516 D automotive.vehicle@2.0-adayo-func-bcm: BCMFunc sendMessageFromVehicle_l prop: 0x216000de ,areaId: 0x0  SPLITE_BIT_DATA_INTEGER : 0.000000,calc[0]:0.392157,calc[1]:0.000000
05-27 19:03:17.428   351   516 D automotive.vehicle@2.0-adayo-func-bcm: BCMFunc sendMessageFromVehicle_l id:559939806, area:0 not report! 
05-27 19:03:17.428   351   516 D automotive.vehicle@2.0-adayo-func-bcm: BCMFunc sendMessageFromVehicle_l dataType: 12,mByte=36,propid=0x214000df
05-27 19:03:17.428   351   516 D automotive.vehicle@2.0-adayo-func-bcm: BCMFunc sendMessageFromVehicle_l msgBuff[36]=0x0,start:3,len:1,temp:1,
05-27 19:03:17.428   351   516 D automotive.vehicle@2.0-adayo-func-bcm: BCMFunc sendMessageFromVehicle_l prop: 0x214000df ,areaId: 0x0  SPLITE_BIT_DATA_INTEGER : 0
05-27 19:03:17.428   351   516 D automotive.vehicle@2.0-adayo-func-bcm: BCMFunc sendMessageFromVehicle_l id:557842655, area:0 not report! 
05-27 19:03:17.429   351   516 D automotive.vehicle@2.0-adayo-func-bcm: BCMFunc sendMessageFromVehicle_l dataType: 12,mByte=37,propid=0x214000e0
05-27 19:03:17.429   351   516 D automotive.vehicle@2.0-adayo-func-bcm: BCMFunc sendMessageFromVehicle_l msgBuff[37]=0x0,start:0,len:3,temp:3,
05-27 19:03:17.429   351   516 D automotive.vehicle@2.0-adayo-func-bcm: BCMFunc sendMessageFromVehicle_l prop: 0x214000e0 ,areaId: 0x0  SPLITE_BIT_DATA_INTEGER : 0
05-27 19:03:17.429   351   516 D automotive.vehicle@2.0-adayo-func-bcm: BCMFunc sendMessageFromVehicle_l id:557842656, area:0 not report! 
05-27 19:03:17.429   566 11459 I gps_hdbd: Received: '$GAGSV,1,1,00,1*75
'
05-27 19:03:17.429   351   516 D automotive.vehicle@2.0-adayo-func-bcm: BCMFunc sendMessageFromVehicle_l dataType: 12,mByte=38,propid=0x216000e1
05-27 19:03:17.429   351   516 D automotive.vehicle@2.0-adayo-func-bcm: BCMFunc sendMessageFromVehicle_l msgBuff[38]=0x0,start:0,len:8,temp:8,
05-27 19:03:17.429   351   516 D automotive.vehicle@2.0-adayo-func-bcm: BCMFunc sendMessageFromVehicle_l prop: 0x216000e1 , SPLITE_BIT_DATA_INTEGER1 data:0
05-27 19:03:17.430   351   516 D automotive.vehicle@2.0-adayo-func-bcm: BCMFunc sendMessageFromVehicle_l prop: 0x216000e1 , SPLITE_BIT_DATA_INTEGER4 procotol.calc[0]:0.005000,procotol.calc[1]:-163.839996
05-27 19:03:17.430   351   516 D automotive.vehicle@2.0-adayo-func-bcm: BCMFunc sendMessageFromVehicle_l prop: 0x216000e1 ,areaId: 0x0  SPLITE_BIT_DATA_INTEGER : -163.839996,calc[0]:0.005000,calc[1]:-163.839996
05-27 19:03:17.430   351   516 D automotive.vehicle@2.0-adayo-func-bcm: BCMFunc sendMessageFromVehicle_l id:559939809, area:0 not report! 
05-27 19:03:17.430   351   516 D automotive.vehicle@2.0-adayo-func-bcm: BCMFunc sendMessageFromVehicle_l dataType: 12,mByte=39,propid=0x214000e2
05-27 19:03:17.430   351   516 D automotive.vehicle@2.0-adayo-func-bcm: BCMFunc sendMessageFromVehicle_l msgBuff[39]=0x0,start:0,len:8,temp:8,
05-27 19:03:17.430   351   516 D automotive.vehicle@2.0-adayo-func-bcm: BCMFunc sendMessageFromVehicle_l prop: 0x214000e2 ,areaId: 0x0  SPLITE_BIT_DATA_INTEGER : 0
05-27 19:03:17.430   351   516 D automotive.vehicle@2.0-adayo-func-bcm: BCMFunc sendMessageFromVehicle_l id:557842658, area:0 not report! 
05-27 19:03:17.430   351   516 D automotive.vehicle@2.0-adayo-func-bcm: BCMFunc sendMessageFromVehicle_l dataType: 12,mByte=40,propid=0x214000e3
05-27 19:03:17.430   351   516 D automotive.vehicle@2.0-adayo-func-bcm: BCMFunc sendMessageFromVehicle_l msgBuff[40]=0x0,start:0,len:4,temp:4,
05-27 19:03:17.430   581   581 I SpiService: fgesysctrl_getGPIO_status success val=0
05-27 19:03:17.430   351   516 D automotive.vehicle@2.0-adayo-func-bcm: BCMFunc sendMessageFromVehicle_l prop: 0x214000e3 ,areaId: 0x0  SPLITE_BIT_DATA_INTEGER : 0
05-27 19:03:17.431   351   516 D automotive.vehicle@2.0-adayo-func-bcm: BCMFunc sendMessageFromVehicle_l id:557842659, area:0 not report! 
05-27 19:03:17.431   351   516 D automotive.vehicle@2.0-adayo-func-bcm: BCMFunc sendMessageFromVehicle_l dataType: 12,mByte=40,propid=0x214000e4
05-27 19:03:17.431   351   516 D automotive.vehicle@2.0-adayo-func-bcm: BCMFunc sendMessageFromVehicle_l msgBuff[40]=0x0,start:4,len:4,temp:4,
05-27 19:03:17.431   351   516 D automotive.vehicle@2.0-adayo-func-bcm: BCMFunc sendMessageFromVehicle_l prop: 0x214000e4 ,areaId: 0x0  SPLITE_BIT_DATA_INTEGER : 0
05-27 19:03:17.431 13911 14183 I SentryImuMcuAngleSender: 179.97899rollDeg
05-27 19:03:17.431   351   516 D automotive.vehicle@2.0-adayo-func-bcm: BCMFunc sendMessageFromVehicle_l id:557842660, area:0 not report! 
05-27 19:03:17.431 13911 14183 I SentryImuMcuAngleSender: 1,0,0
05-27 19:03:17.431   351   516 D automotive.vehicle@2.0-adayo-func-bcm: BCMFunc sendMessageFromVehicle_l dataType: 12,mByte=41,propid=0x214000e5
05-27 19:03:17.431   351   516 D automotive.vehicle@2.0-adayo-func-bcm: BCMFunc sendMessageFromVehicle_l msgBuff[41]=0x0,start:0,len:8,temp:8,
05-27 19:03:17.431   351   516 D automotive.vehicle@2.0-adayo-func-bcm: BCMFunc sendMessageFromVehicle_l prop: 0x214000e5 ,areaId: 0x0  SPLITE_BIT_DATA_INTEGER : 0
05-27 19:03:17.431   351   516 D automotive.vehicle@2.0-adayo-func-bcm: BCMFunc sendMessageFromVehicle_l id:557842661, area:0 not report! 
05-27 19:03:17.431   351   516 D automotive.vehicle@2.0-adayo-func-bcm: BCMFunc sendMessageFromVehicle_l dataType: 12,mByte=42,propid=0x216000e6
05-27 19:03:17.431   351   516 D automotive.vehicle@2.0-adayo-func-bcm: BCMFunc sendMessageFromVehicle_l msgBuff[42]=0x0,start:0,len:8,temp:8,
05-27 19:03:17.431   351   516 D automotive.vehicle@2.0-adayo-func-bcm: BCMFunc sendMessageFromVehicle_l prop: 0x216000e6 , SPLITE_BIT_DATA_INTEGER1 data:0
05-27 19:03:17.431   351   516 D automotive.vehicle@2.0-adayo-func-bcm: BCMFunc sendMessageFromVehicle_l prop: 0x216000e6 , SPLITE_BIT_DATA_INTEGER4 procotol.calc[0]:0.000127,procotol.calc[1]:-4.176800
05-27 19:03:17.431   351   516 D automotive.vehicle@2.0-adayo-func-bcm: BCMFunc sendMessageFromVehicle_l prop: 0x216000e6 ,areaId: 0x0  SPLITE_BIT_DATA_INTEGER : -4.176800,calc[0]:0.000127,calc[1]:-4.176800
05-27 19:03:17.431 15661 15661 D EnergyVehicleService: [AUTO_ENTRY] gear→P ignored: no gun connected, ac=-1, dc=-1
05-27 19:03:17.432   351   516 D automotive.vehicle@2.0-adayo-func-bcm: BCMFunc sendMessageFromVehicle_l id:559939814, area:0 not report! 
05-27 19:03:17.432   351   516 D automotive.vehicle@2.0-adayo-func-bcm: BCMFunc sendMessageFromVehicle_l dataType: 12,mByte=43,propid=0x214000e7
05-27 19:03:17.432   351   516 D automotive.vehicle@2.0-adayo-func-bcm: BCMFunc sendMessageFromVehicle_l msgBuff[43]=0x0,start:0,len:8,temp:8,
05-27 19:03:17.432 15661 15661 D carlib_CarServiceManager: [main] - CarPropertyEventCallback->onChangeEvent :557842481
05-27 19:03:17.432   351   516 D automotive.vehicle@2.0-adayo-func-bcm: BCMFunc sendMessageFromVehicle_l prop: 0x214000e7 ,areaId: 0x0  SPLITE_BIT_DATA_INTEGER : 0
05-27 19:03:17.432   351   516 D automotive.vehicle@2.0-adayo-func-bcm: BCMFunc sendMessageFromVehicle_l id:557842663, area:0 not report! 
05-27 19:03:17.432   351   516 D automotive.vehicle@2.0-adayo-func-bcm: BCMFunc sendMessageFromVehicle_l dataType: 12,mByte=44,propid=0x214000e8
05-27 19:03:17.432 15661 15661 D EnergyChargeGunMonitor: onChangeEvent: propId=4022, value=0
05-27 19:03:17.432   351   516 D automotive.vehicle@2.0-adayo-func-bcm: BCMFunc sendMessageFromVehicle_l msgBuff[44]=0x0,start:0,len:4,temp:4,
05-27 19:03:17.432 15661 15661 D EnergyChargeGunMonitor: [ACTUAL_GEAR] gear=0
05-27 19:03:17.432   351   516 D automotive.vehicle@2.0-adayo-func-bcm: BCMFunc sendMessageFromVehicle_l prop: 0x214000e8 ,areaId: 0x0  SPLITE_BIT_DATA_INTEGER : 0
05-27 19:03:17.432   351   516 D automotive.vehicle@2.0-adayo-func-bcm: BCMFunc sendMessageFromVehicle_l id:557842664, area:0 not report! 
05-27 19:03:17.432 15661 15661 D carlib_CarServiceManager: [main] - CarPropertyEventCallback->onChangeEvent :557842481
05-27 19:03:17.432   351   516 D automotive.vehicle@2.0-adayo-func-bcm: BCMFunc sendMessageFromVehicle_l dataType: 12,mByte=44,propid=0x214000e9
05-27 19:03:17.432 15661 15661 D EnergyVehicleService: Car property change: propId=4022, value=0
05-27 19:03:17.432   351   516 D automotive.vehicle@2.0-adayo-func-bcm: BCMFunc sendMessageFromVehicle_l msgBuff[44]=0x0,start:4,len:4,temp:4,
05-27 19:03:17.432   351   516 D automotive.vehicle@2.0-adayo-func-bcm: BCMFunc sendMessageFromVehicle_l prop: 0x214000e9 ,areaId: 0x0  SPLITE_BIT_DATA_INTEGER : 0
05-27 19:03:17.432   351   516 D automotive.vehicle@2.0-adayo-func-bcm: BCMFunc sendMessageFromVehicle_l id:557842665, area:0 not report! 
05-27 19:03:17.432 15661 15661 D EnergyVehicleService: [ACTUAL_GEAR] onChangeEvent: rawValue=0, normalizedGear=0
05-27 19:03:17.432   351   516 D automotive.vehicle@2.0-adayo-func-bcm: BCMFunc sendMessageFromVehicle_l dataType: 12,mByte=45,propid=0x214000ea
05-27 19:03:17.432 15661 15661 D EnergyVehicleService: [ACTUAL_GEAR] notify skipped: no listener, gear=0
05-27 19:03:17.433   351   516 D automotive.vehicle@2.0-adayo-func-bcm: BCMFunc sendMessageFromVehicle_l msgBuff[45]=0x0,start:0,len:8,temp:8,
05-27 19:03:17.433 15661 15661 D EnergyVehicleService: [CHARGING_GUN_NOT_REMOVED] check: source=gearChanged, acConnected=false, dcConnected=false, charging=false, notParking=false, gear=0x00(P)
05-27 19:03:17.433 13911 14085 I DvrLog_Ser->: (CarServiceManager.java:onChangeEvent)305 onChangeEvent carPropertyId =557842481
05-27 08:54:26.442   581   581 D spi_rst_gpio_get_output: GPIO 145 value: 1
05-27 19:03:17.433 13911 14085 I DvrLog_Ser->: (CarServiceManager.java:onChangeEvent)403 ACTUAL_GEAR=0
05-27 08:54:26.442   581   581 D spidev_ioctl: gpio status=1)
05-27 19:03:17.434 13911 14085 I DvrLog_Ser->: (DvrLocalServiceManager.java:onTCUGearShiftPosition)4363 TESTTIME  开始换挡1779879797433
05-27 08:54:26.452   581   581 D spi_rst_gpio_get_output: GPIO 145 value: 0
05-27 08:54:26.452   581   581 D spidev_ioctl: gpio status=0)
05-27 08:54:26.470   581   581 D spi_rst_gpio_get_output: GPIO 145 value: 1
05-27 08:54:26.470   581   581 D spidev_ioctl: gpio status=1)
05-27 08:54:26.471     1     1 I init    : Service 'trace_resource' (pid 23665) exited with status 127
05-27 08:54:26.471     1     1 I init    : Sending signal 9 to service 'trace_resource' (pid 23665) process group...
05-27 08:54:26.472     1     1 I libprocessgroup: Successfully killed process cgroup uid 0 pid 23665 in 0ms
05-27 08:54:26.476   581   581 D spi_rst_gpio_get_output: GPIO 145 value: 1
05-27 08:54:26.476   581   581 D spidev_ioctl: gpio status=1)
05-27 08:54:26.482   581   581 D spi_rst_gpio_get_output: GPIO 145 value: 1
05-27 08:54:26.482   581   581 D spidev_ioctl: gpio status=1)
05-27 19:03:17.434 13911 14085 I DvrLog_Ser->: (CarServiceManager.java:onChangeEvent)305 onChangeEvent carPropertyId =557842481
05-27 19:03:17.434   351   516 D automotive.vehicle@2.0-adayo-func-bcm: BCMFunc sendMessageFromVehicle_l id:557842666, area:0 not report! 
05-27 19:03:17.434   351   516 D automotive.vehicle@2.0-adayo-func-bcm: BCMFunc sendMessageFromVehicle_l dataType: 12,mByte=46,propid=0x214000eb
05-27 19:03:17.434 13911 14085 I DvrLog_Ser->: (CarServiceManager.java:onChangeEvent)403 ACTUAL_GEAR=0
05-27 19:03:17.434 13911 14085 I DvrLog_Ser->: (DvrLocalServiceManager.java:onTCUGearShiftPosition)4363 TESTTIME  开始换挡1779879797434
05-27 19:03:17.434 13911 14085 I DvrLog_Ser->: (CarServiceManager.java:onChangeEvent)305 onChangeEvent carPropertyId =557842481
05-27 19:03:17.434   351   516 D automotive.vehicle@2.0-adayo-func-bcm: BCMFunc sendMessageFromVehicle_l msgBuff[46]=0x0,start:0,len:8,temp:8,
05-27 19:03:17.434   351   516 D automotive.vehicle@2.0-adayo-func-bcm: BCMFunc sendMessageFromVehicle_l prop: 0x214000eb ,areaId: 0x0  SPLITE_BIT_DATA_INTEGER : 0
05-27 08:54:26.488   581   581 D spi_rst_gpio_get_output: GPIO 145 value: 1
05-27 08:54:26.488   581   581 D spidev_ioctl: gpio status=1)
05-27 19:03:17.434   351   516 D automotive.vehicle@2.0-adayo-func-bcm: BCMFunc sendMessageFromVehicle_l id:557842667, area:0 not report! 
05-27 19:03:17.435   351   516 D automotive.vehicle@2.0-adayo-func-bcm: BCMFunc sendMessageFromVehicle_l dataType: 12,mByte=47,propid=0x214000ec
05-27 19:03:17.435   351   516 D automotive.vehicle@2.0-adayo-func-bcm: BCMFunc sendMessageFromVehicle_l msgBuff[47]=0x0,start:0,len:8,temp:8,
05-27 19:03:17.435   351   516 D automotive.vehicle@2.0-adayo-func-bcm: BCMFunc sendMessageFromVehicle_l prop: 0x214000ec ,areaId: 0x0  SPLITE_BIT_DATA_INTEGER : 0
05-27 19:03:17.435   351   516 D automotive.vehicle@2.0-adayo-func-bcm: BCMFunc sendMessageFromVehicle_l id:557842668, area:0 not report! 
05-27 19:03:17.435   351   516 D automotive.vehicle@2.0-adayo-func-bcm: BCMFunc sendMessageFromVehicle_l dataType: 12,mByte=48,propid=0x214000ed
05-27 19:03:17.435   351   516 D automotive.vehicle@2.0-adayo-func-bcm: BCMFunc sendMessageFromVehicle_l msgBuff[48]=0x0,start:0,len:4,temp:4,
05-27 19:03:17.435   351   516 D automotive.vehicle@2.0-adayo-func-bcm: BCMFunc sendMessageFromVehicle_l prop: 0x214000ed ,areaId: 0x0  SPLITE_BIT_DATA_INTEGER : 0
05-27 19:03:17.435   351   516 D automotive.vehicle@2.0-adayo-func-bcm: BCMFunc sendMessageFromVehicle_l id:557842669, area:0 not report! 
05-27 19:03:17.435   351   516 D automotive.vehicle@2.0-adayo-func-bcm: BCMFunc sendMessageFromVehicle_l dataType: 12,mByte=48,propid=0x214000ee
05-27 19:03:17.435 11344 11344 D carlib_CarServiceManager: [main] - CarPropertyEventCallback->onChangeEvent :557842481
05-27 19:03:17.435   351   516 D automotive.vehicle@2.0-adayo-func-bcm: BCMFunc sendMessageFromVehicle_l msgBuff[48]=0x0,start:4,len:4,temp:4,
05-27 19:03:17.435   351   516 D automotive.vehicle@2.0-adayo-func-bcm: BCMFunc sendMessageFromVehicle_l prop: 0x214000ee ,areaId: 0x0  SPLITE_BIT_DATA_INTEGER : 0
05-27 19:03:17.435   351   516 D automotive.vehicle@2.0-adayo-func-bcm: BCMFunc sendMessageFromVehicle_l id:557842670, area:0 not report! 
05-27 19:03:17.435   351   516 D automotive.vehicle@2.0-adayo-func-bcm: BCMFunc sendMessageFromVehicle_l dataType: 12,mByte=49,propid=0x214000ef
05-27 19:03:17.435 11344 11344 D SystemUI_VehicleMsgCmdControllerService: onChangeEvent: id =4022 value =0
05-27 19:03:17.435   351   516 D automotive.vehicle@2.0-adayo-func-bcm: BCMFunc sendMessageFromVehicle_l msgBuff[49]=0x0,start:0,len:8,temp:8,
05-27 19:03:17.436   351   516 D automotive.vehicle@2.0-adayo-func-bcm: BCMFunc sendMessageFromVehicle_l prop: 0x214000ef ,areaId: 0x0  SPLITE_BIT_DATA_INTEGER : 0
05-27 19:03:17.436   351   516 D automotive.vehicle@2.0-adayo-func-bcm: BCMFunc sendMessageFromVehicle_l id:557842671, area:0 not report! 
05-27 19:03:17.436 11344 11344 D carlib_CarServiceManager: [main] - CarPropertyEventCallback->onChangeEvent :557842481
05-27 19:03:17.436   351   516 D automotive.vehicle@2.0-adayo-func-bcm: BCMFunc sendMessageFromVehicle_l dataType: 12,mByte=50,propid=0x21400108
05-27 19:03:17.436   351   516 D automotive.vehicle@2.0-adayo-func-bcm: BCMFunc sendMessageFromVehicle_l msgBuff[50]=0x0,start:5,len:1,temp:1,
05-27 19:03:17.436   351   516 D automotive.vehicle@2.0-adayo-func-bcm: BCMFunc sendMessageFromVehicle_l prop: 0x21400108 ,areaId: 0x0  SPLITE_BIT_DATA_INTEGER : 0
05-27 19:03:17.436 11344 11344 I SystemUI_DigitalKeyVehicleService: onChangeEvent: propertyId=4022, value=0
05-27 19:03:17.436   351   516 D automotive.vehicle@2.0-adayo-func-bcm: BCMFunc sendMessageFromVehicle_l id:557842696, area:0 not report! 
05-27 19:03:17.436   351   516 D automotive.vehicle@2.0-adayo-func-bcm: BCMFunc sendMessageFromVehicle_l dataType: 12,mByte=51,propid=0x21400109
05-27 19:03:17.436 13911 14085 I DvrLog_Ser->: (CarServiceManager.java:onChangeEvent)403 ACTUAL_GEAR=0
05-27 19:03:17.436 11344 11344 I SystemUI_DigitalKeyVehicleService: PCU_ActualGearFeed: gear=0x0
05-27 19:03:17.436   351   516 D automotive.vehicle@2.0-adayo-func-bcm: BCMFunc sendMessageFromVehicle_l msgBuff[51]=0x0,start:5,len:1,temp:1,
05-27 19:03:17.436   351   516 D automotive.vehicle@2.0-adayo-func-bcm: BCMFunc sendMessageFromVehicle_l prop: 0x21400109 ,areaId: 0x0  SPLITE_BIT_DATA_INTEGER : 0
05-27 19:03:17.436 13911 14085 I DvrLog_Ser->: (DvrLocalServiceManager.java:onTCUGearShiftPosition)4363 TESTTIME  开始换挡1779879797436
05-27 19:03:17.436   351   516 D automotive.vehicle@2.0-adayo-func-bcm: BCMFunc sendMessageFromVehicle_l id:557842697, area:0 not report! 
05-27 19:03:17.436 11344 11344 D SystemUI_PageStateMachine: [INPUT] State=S5_Linux_Lyric Event=Gear_P speed=0.0 gear=P
05-27 19:03:17.436   351   516 D automotive.vehicle@2.0-adayo-func-bcm: BCMFunc sendMessageFromVehicle_l dataType: 12,mByte=52,propid=0x21400105
05-27 19:03:17.436   351   516 D automotive.vehicle@2.0-adayo-func-bcm: BCMFunc sendMessageFromVehicle_l msgBuff[52]=0x0,start:3,len:3,temp:3,
05-27 19:03:17.436 13911 14085 I DvrLog_Ser->: (CarServiceManager.java:onChangeEvent)305 onChangeEvent carPropertyId =557842481
05-27 19:03:17.436 11344 11344 D SystemUI_PageStateMachine: TRANSITION: S5_Linux_Lyric --> S0_Android_Park
05-27 19:03:17.436   351   516 D automotive.vehicle@2.0-adayo-func-bcm: BCMFunc sendMessageFromVehicle_l prop: 0x21400105 ,areaId: 0x0  SPLITE_BIT_DATA_INTEGER : 0
05-27 19:03:17.438   481   597 I mcuc    : send SPI:6AA602EAED000289009C
05-27 19:03:17.439 11344 11344 D SystemUI_PlatformNotifierImpl: [LOG] S5_Linux_Lyric -> S0_Android_Park | trigger=Gear_P
05-27 19:03:17.439 11344 11344 D SystemUI_PlatformNotifierImpl: [NOTIFY Android] Show parked home page -> state=S0
05-27 19:03:17.439 11344 11344 D ivicomm_SDK_IviCommManager: sendCommValue id:Meter_Form sub:Set value:0
05-27 19:03:17.440 12246 12297 D ivicomm_MyService: sendCommValue packageName:com.android.systemui id:Meter_Form sub:Set value:0
05-27 19:03:17.440 12246 12297 E ivicomm_MyService: runOrQueue mIsReady:true
05-27 19:03:17.440 12246 12297 D ivicomm_SendManager: sendCommValue id:Meter_Form sub:Set value:0
05-27 19:03:17.440 12246 12297 D ivicomm_CommManager: sendCommValue: messageId=1028, param={"command":{"id":"Meter_Form","sub":"Set"},"content":{"sessionid":1001,"value":0}}
05-27 19:03:17.440   536   536 D commservice260303: msg.id = 1028,0
05-27 19:03:17.441   536   536 D commservice260303: i = 170, msgid = 8A000404
05-27 19:03:17.441   536   536 D commservice260303: msgid = -1979710460,did=138
05-27 19:03:17.441   536   536 D commservice260303: CommProtocolLibCmdBaseI2C::dataproc {"command":{"id":"Meter_Form","sub":"Set"},"content":{"sessionid":1001,"value":0}},-1979710460
05-27 19:03:17.441   536   536 D commservice260303: send2Cluster len:82, 7B22636F6D6D616E64223A7B226964223A224D657465725F466F726D222C22737562223A22536574227D2C22636F6E74656E74223A7B2273657373696F6E6964223A313030312C2276616C7565223A307D7D, 138 
05-27 19:03:17.441   536   536 D commservice260303: Push Message into SendPool fn=-110099456
05-27 19:03:17.441   536   536 D commservice260303: ComProtocolLibSend2Cluster::send2ClusterRaw fn=-110099456 , len=98
05-27 19:03:17.441   536   536 D commservice260303: sendCmdToPort :98!!!
05-27 19:03:17.441   536   536 D commservice260303: send Cmd To Port ++++5AA5005E8A01000470F96A16CF757B22636F6D6D616E64223A7B226964223A224D657465725F466F726D222C22737562223A22536574227D2C22636F6E74656E74223A7B2273657373696F6E6964223A313030312C2276616C7565223A307D7D2BF0
05-27 19:03:17.441   566 11459 I gps_hdbd: Received: '$GNRMC,011908.000,V,,,,,,,270526,120.0,E,N,V*44
'
05-27 19:03:17.441   536   536 D commservice260303: bufferevent_write retrun value = 0
05-27 19:03:17.441   536   560 D commservice260303: client datas send succeed,send finish
05-27 19:03:17.443   566 11459 I gps_hdbd: RMC : CALL gnss_sv_status_cb, view_in_sat <1>
05-27 19:03:17.443   566 11459 I gps_hdbd: [reportSvStatus]--->PLATFORM_BSP::Enter
05-27 19:03:17.444   566 11459 I gps_hdbd: hy abnormal deal:hy_cnr30_satellite_cnt=0
05-27 19:03:17.444   566 11459 D gps_hdbd: hy abnormal deal:hy_fixStatus_fail_count=0
05-27 19:03:17.445  1083  1083 W MyAppLog: [2026-05-27 19:03:17.442 W tboxap gpsSyncGpsInfoToDm:361] [Gps] [gpsSyncGpsInfoToDm] fix=0 mode=49 corner:0x01 alt=0.00 sat=0 hdop=0.00 pdop=0.00 vdop=0.00
05-27 19:03:17.445 11344 11344 D carlib_CarServiceManager: [main] - CarPropertyEventCallback->onChangeEvent :557842481
05-27 19:03:17.446 11344 11344 D SystemUI_VehicleMsgCmdControllerService: onChangeEvent: id =4022 value =0
05-27 19:03:17.446   299 30841 D EvsDriver: forwardFrame
05-27 19:03:17.447   299 30844 D EvsDriver: forwardFrame
05-27 19:03:17.449   566 11459 I gps_hdbd: Received: '$GNZDA,011908.000,27,05,2026,00,00*4F
'
05-27 19:03:17.449   299 30841 D EvsDriver: Delivered 0xb400007b7ca56a60 as id 0
05-27 19:03:17.449  1167  1184 D evsmanagerd: /dev/video4 forwarded the buffer #0 to 0xb4000074bf5f6850 from 0xb4000074bf5f41d0
05-27 19:03:17.450 30773 30783 E dvr_service_: [myNum:0] Received S**** loss
05-27 19:03:17.450   299 30844 D EvsDriver: Delivered 0xb400007b7ca56900 as id 0
05-27 19:03:17.451   299  1153 D EvsDriver: doneWithFrame
05-27 19:03:17.451   566 11459 I gps_hdbd: Received: '$GNINS,1,1,TYPE,I,V,011908.000,20259000,FUS,-15,0,0,0,MOT,V,1,PATT,0.00,0.00,0.00,VEL,0.000,0.000,0.000,POS,40.0001330924,116.0001570688,84.176,IIA,1,0.00,0.00,0.00,BGA,0.31,-0.66,-0.13,0.000,0.000,0.000,IGA,0,-1,0,0,-2,98,VG,16c2ff1*29
'
05-27 19:03:17.451  1167  1184 D evsmanagerd: /dev/video6 forwarded the buffer #0 to 0xb4000074bf5f5510 from 0xb4000074bf5f6d90
05-27 19:03:17.452   566 11459 I gps_hdbd: Received: '$GNINS,CARSPEED,ADR_STATUS,0,Pulse_count,0,1,0,0,20259000,116440,0.000,0.000,0.000*0C
'
05-27 19:03:17.452   351   516 D automotive.vehicle@2.0-adayo-func-bcm: BCMFunc sendMessageFromVehicle_l id:557842693, area:0 not report! 
05-27 19:03:17.453   536   536 D commservice260303: msg.id = 1028,1
05-27 19:03:17.453 13911 14085 I DvrLog_Ser->: (CarServiceManager.java:onChangeEvent)403 ACTUAL_GEAR=0
05-27 19:03:17.453   536   536 D commservice260303: i = 170, msgid = 8A000404
05-27 19:03:17.454   536   536 D commservice260303: msgid = -1979710460,did=138
05-27 19:03:17.454   581   581 I SpiService: fgesysctrl_getGPIO_status success val=1
05-27 19:03:17.455   536   536 D commservice260303: CommProtocolLibCmdBaseI2C::dataproc {"command":{"id":"imu_status","sub":""},"content":{"TimeStamp":11,"FrameCounter":274009,"GD_X":-0.011377211660146713,"GD_Y":0.005420989356935024,"GD_Z":0.0017560218693688512,"AD_X":-0.006612241268157959,"AD_Y":0.003155570011585951,"AD_Z":-0.17197418212890625,"TempDsp":0,"Status":0,"CalibState":1,"SigAmpInvalid":0}},-1979710460
05-27 19:03:17.456 13911 14085 I DvrLog_Ser->: (DvrLocalServiceManager.java:onTCUGearShiftPosition)4363 TESTTIME  开始换挡1779879797455
