05-27 19:03:22.279 23682 23711 D ANWStack: 
05-27 19:03:22.280 23682 23711 D ANWStack: Realtek Bluetooth :Use epoll
05-27 19:03:22.280 23682 23711 D ANWStack: Realtek Bluetooth :Realtek H4 IC
05-27 19:03:22.281   581   581 I SpiService: fgesysctrl_getGPIO_status success val=1
05-27 19:03:22.284   830   830 D SurfaceFlinger: unisoc-graphics, commit has frameMissed:2, vysncId:234572
05-27 19:03:22.287   581   581 I SpiService: fgesysctrl_getGPIO_status success val=1
05-27 19:03:22.287 30773 30789 I dvr_service_: Camera 1: MediaOK:131335371, frames:1780, isKeyFrame:0,pts:11668741845
05-27 08:54:31.252   581   581 D spi_rst_gpio_get_output: GPIO 145 value: 1
05-27 08:54:31.252   581   581 D spidev_ioctl: gpio status=1)
05-27 19:03:22.290  1008 30856 D [OMXB]  : usingANWBuffer: handle:0xee745760, format:1, w:1920, h:1080
05-27 19:03:22.291   299 30841 D EvsDriver: forwardFrame
05-27 19:03:22.291   299 30844 D EvsDriver: forwardFrame
05-27 19:03:22.293   299 30844 D EvsDriver: Delivered 0xb400007b7ca56900 as id 0
05-27 19:03:22.293   299 30841 D EvsDriver: Delivered 0xb400007b7ca56a60 as id 0
05-27 19:03:22.293  1167  1479 D evsmanagerd: /dev/video4 forwarded the buffer #0 to 0xb4000074bf5f6850 from 0xb4000074bf5f41d0
05-27 19:03:22.293   581   581 I SpiService: fgesysctrl_getGPIO_status success val=1
05-27 19:03:22.293 30773 30773 E dvr_service_: [myNum:0] Received S**** loss
05-27 19:03:22.294  1167  1167 D evsmanagerd: /dev/video6 forwarded the buffer #0 to 0xb4000074bf5f5510 from 0xb4000074bf5f6d90
05-27 08:54:31.258   581   581 D spi_rst_gpio_get_output: GPIO 145 value: 1
05-27 08:54:31.258   581   581 D spidev_ioctl: gpio status=1)
05-27 19:03:22.297   299  1153 D EvsDriver: doneWithFrame
05-27 19:03:22.299   299  1153 D EvsDriver: doneWithFrame
05-27 19:03:22.299   581   581 I SpiService: fgesysctrl_getGPIO_status success val=0
05-27 19:03:22.300 13911 14183 I SentryImuMcuAngleSender: 179.98949rollDeg
05-27 19:03:22.300 13911 14183 I SentryImuMcuAngleSender: 1,0,0
05-27 08:54:31.263   581   581 D spi_rst_gpio_get_output: GPIO 145 value: 0
05-27 08:54:31.264   581   581 D spidev_ioctl: gpio status=0)
05-27 19:03:22.300   536   536 D commservice260303: msg.id = 1028,2
05-27 19:03:22.300   536   536 D commservice260303: i = 170, msgid = 8A000404
05-27 19:03:22.300   536   536 D commservice260303: msgid = -1979710460,did=138
05-27 19:03:22.301   536   536 D commservice260303: CommProtocolLibCmdBaseI2C::dataproc {"command":{"id":"imu_status","sub":""},"content":{"TimeStamp":11,"FrameCounter":274126,"GD_X":-0.010994902811944485,"GD_Y":0.005802778527140617,"GD_Z":0.0019848872907459736,"AD_X":-0.008058309555053711,"AD_Y":5.180489388294518E-4,"AD_Z":-0.1634349822998047,"TempDsp":0,"Status":0,"CalibState":1,"SigAmpInvalid":0}},-1979710460
05-27 19:03:22.301   536   536 D commservice260303: send2Cluster len:315, 7B22636F6D6D616E64223A7B226964223A22696D755F737461747573222C22737562223A22227D2C22636F6E74656E74223A7B2254696D655374616D70223A31312C224672616D65436F756E746572223A3237343132362C2247445F58223A2D302E3031303939343930323831313934343438352C2247445F59223A302E3030353830323737383532373134303631372C2247445F5A223A302E303031393834383837323930373435393733362C2241445F58223A2D302E3030383035383330393535353035333731312C2241445F59223A352E313830343839333838323934353138452D342C2241445F5A223A2D302E313633343334393832323939383034372C2254656D70447370223A302C22537461747573223A302C2243616C69625374617465223A312C22536967416D70496E76616C6964223A307D7D, 138 
05-27 19:03:22.301   536   536 D commservice260303: Push Message into SendPool fn=1953563648
05-27 19:03:22.301   536   536 D commservice260303: ComProtocolLibSend2Cluster::send2ClusterRaw fn=1953563648 , len=331
05-27 19:03:22.301   536   536 D commservice260303: sendCmdToPort :331!!!
05-27 19:03:22.301   536   536 D commservice260303: send Cmd To Port ++++5AA501478A01000471746A16CF7A7B22636F6D6D616E64223A7B226964223A22696D755F737461747573222C22737562223A22227D2C22636F6E74656E74223A7B2254696D655374616D70223A31312C224672616D65436F756E746572223A3237343132362C2247445F58223A2D302E3031303939343930323831313934343438352C2247445F59223A302E3030353830323737383532373134303631372C2247445F5A223A302E303031393834383837323930373435393733362C2241445F58223A2D302E3030383035383330393535353035333731312C2241445F59223A352E313830343839333838323934353138452D342C2241445F5A223A2D302E313633343334393832323939383034372C2254656D70447370223A302C22537461747573223A302C2243616C69625374617465223A312C22536967416D70496E76616C6964223A307D7DCBF9
05-27 19:03:22.302   536   536 D commservice260303: bufferevent_write retrun value = 0
05-27 19:03:22.302   536   560 D commservice260303: client datas send succeed,send finish
05-27 19:03:22.303 13911 14192 D Sentinelmode_1.2.5.17_sentry: <SentryImuClusterFgeSender>imu_status sent to Linux, frame=274126, tsNs=11669527, tsMs=11, intervalMs=51, ad=(-0.00805831,5.1804894E-4,-0.16343498), gd=(-0.010994903,0.0058027785,0.0019848873)
05-27 19:03:22.308   283   307 I rvcservice: t.code = 7, t.value = 11669384
05-27 19:03:22.314   581   581 I SpiService: fgesysctrl_getGPIO_status success val=1
05-27 08:54:31.279   581   581 D spi_rst_gpio_get_output: GPIO 145 value: 1
05-27 08:54:31.279   581   581 D spidev_ioctl: gpio status=1)
05-27 19:03:22.319   299 30841 D EvsDriver: forwardFrame
05-27 19:03:22.319   299 30844 D EvsDriver: forwardFrame
05-27 08:54:31.285   581   581 D spi_rst_gpio_get_output: GPIO 145 value: 1
05-27 08:54:31.285   581   581 D spidev_ioctl: gpio status=1)
05-27 19:03:22.321   581   581 I SpiService: fgesysctrl_getGPIO_status success val=1
05-27 19:03:22.321 13911 14183 I SentryImuMcuAngleSender: 179.99298rollDeg
05-27 19:03:22.321 13911 14183 I SentryImuMcuAngleSender: 1,0,0
05-27 19:03:22.323   299 30841 D EvsDriver: Delivered 0xb400007b7ca56a60 as id 0
05-27 19:03:22.323  1167  1479 D evsmanagerd: /dev/video6 forwarded the buffer #0 to 0xb4000074bf5f5510 from 0xb4000074bf5f6d90
05-27 19:03:22.323  1167  1167 D evsmanagerd: /dev/video4 forwarded the buffer #0 to 0xb4000074bf5f6850 from 0xb4000074bf5f41d0
05-27 19:03:22.323   299 30844 D EvsDriver: Delivered 0xb400007b7ca56900 as id 0
05-27 19:03:22.327   581   581 I SpiService: fgesysctrl_getGPIO_status success val=1
05-27 19:03:22.329   299  1153 D EvsDriver: doneWithFrame
05-27 19:03:22.330 30773 30786 I dvr_service_: CameraX 0  audioOK: 131414043,audios:1970
05-27 19:03:22.331   299  1163 D EvsDriver: doneWithFrame
05-27 08:54:31.292   581   581 D spi_rst_gpio_get_output: GPIO 145 value: 1
05-27 08:54:31.292   581   581 D spidev_ioctl: gpio status=1)
05-27 19:03:22.334   581   581 I SpiService: fgesysctrl_getGPIO_status success val=1
05-27 19:03:22.335   536   536 D commservice260303: msg.id = 1028,0
05-27 19:03:22.335   536   536 D commservice260303: i = 170, msgid = 8A000404
05-27 19:03:22.335   536   536 D commservice260303: msgid = -1979710460,did=138
05-27 19:03:22.335   536   536 D commservice260303: CommProtocolLibCmdBaseI2C::dataproc {"command":{"id":"imu_status","sub":""},"content":{"TimeStamp":11,"FrameCounter":274127,"GD_X":-0.011223767884075642,"GD_Y":0.00549693126231432,"GD_Z":0.0020608289632946253,"AD_X":-0.004968762397766113,"AD_Y":-0.001921879593282938,"AD_Z":-0.16587448120117188,"TempDsp":0,"Status":0,"CalibState":1,"SigAmpInvalid":0}},-1979710460
05-27 19:03:22.335   536   536 D commservice260303: send2Cluster len:316, 7B22636F6D6D616E64223A7B226964223A22696D755F737461747573222C22737562223A22227D2C22636F6E74656E74223A7B2254696D655374616D70223A31312C224672616D65436F756E746572223A3237343132372C2247445F58223A2D302E3031313232333736373838343037353634322C2247445F59223A302E30303534393639333132363233313433322C2247445F5A223A302E303032303630383238393633323934363235332C2241445F58223A2D302E3030343936383736323339373736363131332C2241445F59223A2D302E3030313932313837393539333238323933382C2241445F5A223A2D302E31363538373434383132303131373138382C2254656D70447370223A302C22537461747573223A302C2243616C69625374617465223A312C22536967416D70496E76616C6964223A307D7D, 138 
05-27 19:03:22.335   536   536 D commservice260303: Push Message into SendPool fn=1970340864
05-27 19:03:22.335   536   536 D commservice260303: ComProtocolLibSend2Cluster::send2ClusterRaw fn=1970340864 , len=332
05-27 19:03:22.335   536   536 D commservice260303: sendCmdToPort :332!!!
05-27 19:03:22.335   536   536 D commservice260303: send Cmd To Port ++++5AA501488A01000471756A16CF7A7B22636F6D6D616E64223A7B226964223A22696D755F737461747573222C22737562223A22227D2C22636F6E74656E74223A7B2254696D655374616D70223A31312C224672616D65436F756E746572223A3237343132372C2247445F58223A2D302E3031313232333736373838343037353634322C2247445F59223A302E30303534393639333132363233313433322C2247445F5A223A302E303032303630383238393633323934363235332C2241445F58223A2D302E3030343936383736323339373736363131332C2241445F59223A2D302E3030313932313837393539333238323933382C2241445F5A223A2D302E31363538373434383132303131373138382C2254656D70447370223A302C22537461747573223A302C2243616C69625374617465223A312C22536967416D70496E76616C6964223A307D7D26F3
05-27 19:03:22.336   536   536 D commservice260303: bufferevent_write retrun value = 0
05-27 19:03:22.336   536   560 D commservice260303: client datas send succeed,send finish
05-27 19:03:22.336 13911 14192 D Sentinelmode_1.2.5.17_sentry: <SentryImuClusterFgeSender>imu_status sent to Linux, frame=274127, tsNs=11669580, tsMs=11, intervalMs=33, ad=(-0.0049687624,-0.0019218796,-0.16587448), gd=(-0.011223768,0.0054969313,0.002060829)
05-27 08:54:31.298   581   581 D spi_rst_gpio_get_output: GPIO 145 value: 1
05-27 08:54:31.298   581   581 D spidev_ioctl: gpio status=1)
05-27 19:03:22.338  1008 30857 D [OMXB]  : usingANWBuffer: handle:0xee740590, format:1, w:1920, h:1080
05-27 19:03:22.339   581   581 I SpiService: fgesysctrl_getGPIO_status success val=0
05-27 08:54:31.304   581   581 D spi_rst_gpio_get_output: GPIO 145 value: 0
05-27 08:54:31.304   581   581 D spidev_ioctl: gpio status=0)
05-27 19:03:22.342 13911 14183 I SentryImuMcuAngleSender: -179.99298rollDeg
05-27 19:03:22.342 13911 14183 I SentryImuMcuAngleSender: 1,0,0
05-27 19:03:22.355   581   581 I SpiService: fgesysctrl_getGPIO_status success val=1
05-27 19:03:22.356  1008 30856 D [OMXB]  : usingANWBuffer: handle:0xee7428a0, format:1, w:1920, h:1080
05-27 08:54:31.320   581   581 D spi_rst_gpio_get_output: GPIO 145 value: 1
05-27 08:54:31.320   581   581 D spidev_ioctl: gpio status=1)
05-27 19:03:22.359   299 30841 D EvsDriver: forwardFrame
05-27 19:03:22.360   299 30844 D EvsDriver: forwardFrame
05-27 19:03:22.361   581   581 I SpiService: fgesysctrl_getGPIO_status success val=1
05-27 19:03:22.361  1167  1167 D evsmanagerd: /dev/video4 forwarded the buffer #0 to 0xb4000074bf5f6850 from 0xb4000074bf5f41d0
05-27 19:03:22.361   299 30841 D EvsDriver: Delivered 0xb400007b7ca56a60 as id 0
05-27 19:03:22.362   299 30844 D EvsDriver: Delivered 0xb400007b7ca56900 as id 0
05-27 19:03:22.362  1167  1167 D evsmanagerd: /dev/video6 forwarded the buffer #0 to 0xb4000074bf5f5510 from 0xb4000074bf5f6d90
05-27 19:03:22.364 13911 14183 I SentryImuMcuAngleSender: -179.98949rollDeg
05-27 19:03:22.364 13911 14183 I SentryImuMcuAngleSender: 1,0,0
05-27 08:54:31.326   581   581 D spi_rst_gpio_get_output: GPIO 145 value: 1
05-27 08:54:31.326   581   581 D spidev_ioctl: gpio status=1)
05-27 08:54:31.331   581   581 D spi_rst_gpio_get_output: GPIO 145 value: 1
05-27 08:54:31.332   581   581 D spidev_ioctl: gpio status=1)
05-27 19:03:22.366   299  1163 D EvsDriver: doneWithFrame
05-27 19:03:22.367   572   572 I Sensors : 230 AccelSensor: x:-0.166530,y:-0.001220,z:-9.972281
05-27 19:03:22.367   581   581 I SpiService: fgesysctrl_getGPIO_status success val=1
05-27 19:03:22.368   830   830 D SurfaceFlinger: unisoc-graphics, commit has frameMissed:2, vysncId:234575
05-27 19:03:22.369   299  1163 D EvsDriver: doneWithFrame
05-27 08:54:31.337   581   581 D spi_rst_gpio_get_output: GPIO 145 value: 1
05-27 08:54:31.337   581   581 D spidev_ioctl: gpio status=1)
05-27 19:03:22.373   581   581 I SpiService: fgesysctrl_getGPIO_status success val=1
05-27 19:03:22.373   536   536 D commservice260303: msg.id = 1028,1
05-27 19:03:22.373   536   536 D commservice260303: i = 170, msgid = 8A000404
05-27 19:03:22.373   536   536 D commservice260303: msgid = -1979710460,did=138
05-27 19:03:22.373   536   536 D commservice260303: CommProtocolLibCmdBaseI2C::dataproc {"command":{"id":"imu_status","sub":""},"content":{"TimeStamp":11,"FrameCounter":274128,"GD_X":-0.01153013575822115,"GD_Y":0.004580949433147907,"GD_Z":0.0019848872907459736,"AD_X":0.0029318779706954956,"AD_Y":-0.0019075036980211735,"AD_Z":-0.16709518432617188,"TempDsp":0,"Status":0,"CalibState":1,"SigAmpInvalid":0}},-1979710460
05-27 19:03:22.374   536   536 D commservice260303: send2Cluster len:317, 7B22636F6D6D616E64223A7B226964223A22696D755F737461747573222C22737562223A22227D2C22636F6E74656E74223A7B2254696D655374616D70223A31312C224672616D65436F756E746572223A3237343132382C2247445F58223A2D302E30313135333031333537353832323131352C2247445F59223A302E3030343538303934393433333134373930372C2247445F5A223A302E303031393834383837323930373435393733362C2241445F58223A302E303032393331383737393730363935343935362C2241445F59223A2D302E303031393037353033363938303231313733352C2241445F5A223A2D302E31363730393531383433323631373138382C2254656D70447370223A302C22537461747573223A302C2243616C69625374617465223A312C22536967416D70496E76616C6964223A307D7D, 138 
05-27 19:03:22.374   536   536 D commservice260303: Push Message into SendPool fn=1987118080
05-27 19:03:22.374   536   536 D commservice260303: ComProtocolLibSend2Cluster::send2ClusterRaw fn=1987118080 , len=333
05-27 19:03:22.374   536   536 D commservice260303: sendCmdToPort :333!!!
05-27 19:03:22.374   536   536 D commservice260303: send Cmd To Port ++++5AA501498A01000471766A16CF7A7B22636F6D6D616E64223A7B226964223A22696D755F737461747573222C22737562223A22227D2C22636F6E74656E74223A7B2254696D655374616D70223A31312C224672616D65436F756E746572223A3237343132382C2247445F58223A2D302E30313135333031333537353832323131352C2247445F59223A302E3030343538303934393433333134373930372C2247445F5A223A302E303031393834383837323930373435393733362C2241445F58223A302E303032393331383737393730363935343935362C2241445F59223A2D302E303031393037353033363938303231313733352C2241445F5A223A2D302E31363730393531383433323631373138382C2254656D70447370223A302C22537461747573223A302C2243616C69625374617465223A312C22536967416D70496E76616C6964223A307D7DFB40
05-27 19:03:22.374   536   536 D commservice260303: bufferevent_write retrun value = 0
05-27 19:03:22.374   536   560 D commservice260303: client datas send succeed,send finish
05-27 19:03:22.374 13911 14192 D Sentinelmode_1.2.5.17_sentry: <SentryImuClusterFgeSender>imu_status sent to Linux, frame=274128, tsNs=11669617, tsMs=11, intervalMs=38, ad=(0.002931878,-0.0019075037,-0.16709518), gd=(-0.011530136,0.0045809494,0.0019848873)
05-27 19:03:22.379   581   581 I SpiService: fgesysctrl_getGPIO_status success val=0
05-27 08:54:31.343   581   581 D spi_rst_gpio_get_output: GPIO 145 value: 0
05-27 08:54:31.343   581   581 D spidev_ioctl: gpio status=0)
05-27 19:03:22.384   830   830 D SurfaceFlinger: unisoc-graphics, commit has frameMissed:2, vysncId:234576
05-27 19:03:22.386 30773 30786 I dvr_service_: CameraX 1  audioOK: 131414043,audios:1970
05-27 19:03:22.386 13911 14183 I SentryImuMcuAngleSender: -179.99298rollDeg
05-27 19:03:22.386 13911 14183 I SentryImuMcuAngleSender: 1,0,0
05-27 19:03:22.390   566 11459 I gps_hdbd: Received: '$GNGGA,011913.000,,,,,0,00,,,M,,M,,*6D
'
05-27 19:03:22.390   566 11459 I gps_hdbd: Received: '$GNGSA,A,1,,,,,,,,,,,,,,,,1*1D
'
05-27 19:03:22.393   581   581 I SpiService: fgesysctrl_getGPIO_status success val=1
05-27 19:03:22.396   566 11459 I gps_hdbd: Received: '$GNGSA,A,1,,,,,,,,,,,,,,,,3*1F
'
05-27 19:03:22.396   566 11459 I gps_hdbd: Received: '$GNGSA,A,1,,,,,,,,,,,,,,,,4*18
'
05-27 19:03:22.396   566 11459 I gps_hdbd: Received: '$BDGSV,1,1,00,1*75
'
05-27 19:03:22.397   299 30841 D EvsDriver: forwardFrame
05-27 08:54:31.358   581   581 D spi_rst_gpio_get_output: GPIO 145 value: 1
05-27 08:54:31.358   581   581 D spidev_ioctl: gpio status=1)
05-27 19:03:22.397   299 30844 D EvsDriver: forwardFrame
05-27 19:03:22.398   299 30841 D EvsDriver: Delivered 0xb400007b7ca56a60 as id 0
05-27 19:03:22.398  1167  1167 D evsmanagerd: /dev/video4 forwarded the buffer #0 to 0xb4000074bf5f6850 from 0xb4000074bf5f41d0
05-27 19:03:22.399   581   581 I SpiService: fgesysctrl_getGPIO_status success val=1
05-27 08:54:31.364   581   581 D spi_rst_gpio_get_output: GPIO 145 value: 1
05-27 08:54:31.364   581   581 D spidev_ioctl: gpio status=1)
05-27 19:03:22.401  1167  1167 D evsmanagerd: /dev/video6 forwarded the buffer #0 to 0xb4000074bf5f5510 from 0xb4000074bf5f6d90
05-27 19:03:22.401   299 30844 D EvsDriver: Delivered 0xb400007b7ca56900 as id 0
05-27 19:03:22.401   299  1163 D EvsDriver: doneWithFrame
05-27 19:03:22.401   566 11459 I gps_hdbd: Received: '$BDGSV,1,1,00,5*71
'
05-27 19:03:22.405   581   581 I SpiService: fgesysctrl_getGPIO_status success val=1
05-27 19:03:22.405   299  1163 D EvsDriver: doneWithFrame
05-27 19:03:22.407   566 11459 I gps_hdbd: Received: '$GPGSV,1,1,01,199,42,165,,1*60
'
05-27 19:03:22.407 13911 14183 I SentryImuMcuAngleSender: 179.97897rollDeg
05-27 19:03:22.407 13911 14183 I SentryImuMcuAngleSender: 1,0,0
05-27 19:03:22.409   566 11459 I gps_hdbd: Received: '$GPGSV,1,1,00,8*6D
'
05-27 08:54:31.370   581   581 D spi_rst_gpio_get_output: GPIO 145 value: 1
05-27 19:03:22.410   283   307 I rvcservice: t.code = 3, t.value = 0
05-27 19:03:22.410   566 11459 I gps_hdbd: Received: '$GAGSV,1,1,00,7*73
'
05-27 19:03:22.411   581   581 I SpiService: fgesysctrl_getGPIO_status success val=1
05-27 19:03:22.413   566 11459 I gps_hdbd: Received: '$GAGSV,1,1,00,1*75
'
05-27 19:03:22.415   536   536 D commservice260303: msg.id = 1028,1
05-27 19:03:22.415   536   536 D commservice260303: i = 170, msgid = 8A000404
05-27 19:03:22.415   536   536 D commservice260303: msgid = -1979710460,did=138
05-27 19:03:22.415   536   536 D commservice260303: CommProtocolLibCmdBaseI2C::dataproc {"command":{"id":"imu_status","sub":""},"content":{"TimeStamp":11,"FrameCounter":274129,"GD_X":-0.01153013575822115,"GD_Y":0.004963258747011423,"GD_Z":0.0021378109231591225,"AD_X":0.001070857048034668,"AD_Y":0.0029608807526528835,"AD_Z":-0.16709041595458984,"TempDsp":0,"Status":0,"CalibState":1,"SigAmpInvalid":0}},-1979710460
05-27 19:03:22.415   536   536 D commservice260303: send2Cluster len:315, 7B22636F6D6D616E64223A7B226964223A22696D755F737461747573222C22737562223A22227D2C22636F6E74656E74223A7B2254696D655374616D70223A31312C224672616D65436F756E746572223A3237343132392C2247445F58223A2D302E30313135333031333537353832323131352C2247445F59223A302E3030343936333235383734373031313432332C2247445F5A223A302E303032313337383130393233313539313232352C2241445F58223A302E3030313037303835373034383033343636382C2241445F59223A302E303032393630383830373532363532383833352C2241445F5A223A2D302E31363730393034313539353435383938342C2254656D70447370223A302C22537461747573223A302C2243616C69625374617465223A312C22536967416D70496E76616C6964223A307D7D, 138 
05-27 19:03:22.415   536   536 D commservice260303: Push Message into SendPool fn=2003895296
05-27 19:03:22.415   536   536 D commservice260303: ComProtocolLibSend2Cluster::send2ClusterRaw fn=2003895296 , len=331
05-27 19:03:22.415   536   536 D commservice260303: sendCmdToPort :331!!!
05-27 19:03:22.416   536   536 D commservice260303: send Cmd To Port ++++5AA501478A01000471776A16CF7A7B22636F6D6D616E64223A7B226964223A22696D755F737461747573222C22737562223A22227D2C22636F6E74656E74223A7B2254696D655374616D70223A31312C224672616D65436F756E746572223A3237343132392C2247445F58223A2D302E30313135333031333537353832323131352C2247445F59223A302E3030343936333235383734373031313432332C2247445F5A223A302E303032313337383130393233313539313232352C2241445F58223A302E3030313037303835373034383033343636382C2241445F59223A302E303032393630383830373532363532383833352C2241445F5A223A2D302E31363730393034313539353435383938342C2254656D70447370223A302C22537461747573223A302C2243616C69625374617465223A312C22536967416D70496E76616C6964223A307D7DA051
05-27 19:03:22.416   536   536 D commservice260303: bufferevent_write retrun value = 0
05-27 19:03:22.416   536   560 D commservice260303: client datas send succeed,send finish
05-27 19:03:22.416   581   581 I SpiService: fgesysctrl_getGPIO_status success val=1
05-27 19:03:22.417 13911 14192 D Sentinelmode_1.2.5.17_sentry: <SentryImuClusterFgeSender>imu_status sent to Linux, frame=274129, tsNs=11669654, tsMs=11, intervalMs=42, ad=(0.001070857,0.0029608808,-0.16709042), gd=(-0.011530136,0.0049632587,0.002137811)
05-27 08:54:31.370   581   581 D spidev_ioctl: gpio status=1)
05-27 08:54:31.375   581   581 D spi_rst_gpio_get_output: GPIO 145 value: 1
05-27 08:54:31.375   581   581 D spidev_ioctl: gpio status=1)
05-27 08:54:31.381   581   581 D spi_rst_gpio_get_output: GPIO 145 value: 1
05-27 08:54:31.381   581   581 D spidev_ioctl: gpio status=1)
05-27 19:03:22.420   299 30841 D EvsDriver: forwardFrame
05-27 19:03:22.420   299 30844 D EvsDriver: forwardFrame
05-27 19:03:22.420   566 11459 I gps_hdbd: Received: '$GNRMC,011913.000,V,,,,,,,270526,120.0,E,N,V*4E
'
05-27 19:03:22.421   566 11459 I gps_hdbd: RMC : CALL gnss_sv_status_cb, view_in_sat <1>
05-27 19:03:22.421   566 11459 I gps_hdbd: [reportSvStatus]--->PLATFORM_BSP::Enter
05-27 19:03:22.422   566 11459 I gps_hdbd: hy abnormal deal:hy_cnr30_satellite_cnt=0
05-27 19:03:22.423   581   581 I SpiService: fgesysctrl_getGPIO_status success val=0
05-27 19:03:22.422   566 11459 D gps_hdbd: hy abnormal deal:hy_fixStatus_fail_count=0
05-27 19:03:22.425  1167  1479 D evsmanagerd: /dev/video4 forwarded the buffer #0 to 0xb4000074bf5f6850 from 0xb4000074bf5f41d0
05-27 19:03:22.425  1167  1167 D evsmanagerd: /dev/video6 forwarded the buffer #0 to 0xb4000074bf5f5510 from 0xb4000074bf5f6d90
05-27 19:03:22.425   566 11459 I gps_hdbd: Received: '$GNZDA,011913.000,27,05,2026,00,00*45
'
05-27 19:03:22.425   299 30841 D EvsDriver: Delivered 0xb400007b7ca56a60 as id 0
05-27 19:03:22.426   299 30844 D EvsDriver: Delivered 0xb400007b7ca56900 as id 0
05-27 19:03:22.428   299  1163 D EvsDriver: doneWithFrame
05-27 19:03:22.428  1083  1083 W MyAppLog: [2026-05-27 19:03:22.427 W tboxap gpsSyncGpsInfoToDm:361] [Gps] [gpsSyncGpsInfoToDm] fix=0 mode=49 corner:0x01 alt=0.00 sat=0 hdop=0.00 pdop=0.00 vdop=0.00
05-27 19:03:22.429  1083  1083 I MyAppLog: [2026-05-27 19:03:22.429 I tboxap mcuSendYadiTransfer:196] [Mcu] [mcuYadiSend]: :00 08 9A 04 01 09 81 02 01 01
05-27 08:54:31.387   581   581 D spidev_ioctl: gpio status=0)
05-27 19:03:22.430 13911 14183 I SentryImuMcuAngleSender: 179.97897rollDeg
05-27 19:03:22.430 13911 14183 I SentryImuMcuAngleSender: 1,0,0
05-27 08:54:31.396     0     0 I         : c5 [    C5] io insert-issue:  786   13    9    0    0    0    0    0    0    0    0    0
05-27 08:54:31.396     0     0 I         : c5 [    C5] |_i2i       sda[  8- 8192ms]:   71    8    0    0    0    0    0    0    0    0    0    0
05-27 19:03:22.432   481   599 I mcuc    : start timer OK = 32953 
05-27 08:54:31.396     0     0 I         : c5 [    C5] |_i2i    others[  8- 8192ms]:  715    5    9    0    0    0    0    0    0    0    0    0
05-27 08:54:31.396     0     0 I         : c5 [    C5] io issue-comp:  609  121   68   10    0    0    0    0    0    0    0    0
05-27 08:54:31.396     0     0 I         : c5 [    C5] |_i2c       sda[  8- 8192ms]:   67   12    0    0    0    0    0    0    0    0    0    0
05-27 08:54:31.396     0     0 I         : c5 [    C5] |_i2c    others[  8- 8192ms]:  542  109   68   10    0    0    0    0    0    0    0    0
05-27 19:03:22.432 30773 30773 E dvr_service_: [myNum:1] Received S**** loss
05-27 08:54:31.396  6048  6048 I iowait  : 202   46   26    0    0    0    0    0    0    0    0    0
05-27 19:03:22.433   299  1163 D EvsDriver: doneWithFrame
05-27 19:03:22.439   299 30841 D EvsDriver: forwardFrame
05-27 19:03:22.439   299 30844 D EvsDriver: forwardFrame
05-27 19:03:22.440  1008 30857 D [OMXB]  : usingANWBuffer: handle:0xee741b90, format:1, w:1920, h:1080
05-27 19:03:22.440   581   581 I SpiService: fgesysctrl_getGPIO_status success val=1
05-27 19:03:22.441   299 30841 D EvsDriver: Delivered 0xb400007b7ca56a60 as id 0
05-27 19:03:22.441  1167  1167 D evsmanagerd: /dev/video4 forwarded the buffer #0 to 0xb4000074bf5f6850 from 0xb4000074bf5f41d0
05-27 19:03:22.442 30773 30773 E dvr_service_: [myNum:0] Received S**** loss
05-27 08:54:31.405   581   581 D spi_rst_gpio_get_output: GPIO 145 value: 1
05-27 08:54:31.405   581   581 D spidev_ioctl: gpio status=1)
05-27 08:54:31.405     1     1 I init    : starting service 'trace_resource'...
05-27 19:03:22.442   299  1163 D EvsDriver: doneWithFrame
05-27 08:54:31.411   581   581 D spi_rst_gpio_get_output: GPIO 145 value: 1
05-27 08:54:31.411   581   581 D spidev_ioctl: gpio status=1)
05-27 08:54:31.417   581   581 D spi_rst_gpio_get_output: GPIO 145 value: 1
05-27 08:54:31.417   581   581 D spidev_ioctl: gpio status=1)
05-27 19:03:22.444  1167  1167 D evsmanagerd: /dev/video6 forwarded the buffer #0 to 0xb4000074bf5f5510 from 0xb4000074bf5f6d90
05-27 19:03:22.445   299 30844 D EvsDriver: Delivered 0xb400007b7ca56900 as id 0
05-27 19:03:22.446   581   581 I SpiService: fgesysctrl_getGPIO_status success val=1
05-27 19:03:22.450   566 11459 I gps_hdbd: Received: '$GNINS,1,1,TYPE,I,V,011913.000,20264000,FUS,-5,0,0,0,MOT,V,1,PATT,0.00,0.00,0.00,VEL,0.000,0.000,0.000,POS,40.0001330924,116.0001570688,84.176,IIA,1,0.00,0.00,0.00,BGA,0.31,-0.66,-0.13,0.000,0.000,0.000,IGA,0,-1,0,0,-2,98,VG,16c2ff1*1C
'
05-27 19:03:22.452   581   581 I SpiService: fgesysctrl_getGPIO_status success val=1
05-27 19:03:22.454   830   830 D SurfaceFlinger: unisoc-graphics, commit has frameMissed:2, vysncId:234579
05-27 19:03:22.454   299  1163 D EvsDriver: doneWithFrame
05-27 19:03:22.457   536   536 D commservice260303: msg.id = 1028,0
05-27 19:03:22.457   536   536 D commservice260303: i = 170, msgid = 8A000404
05-27 19:03:22.457   536   536 D commservice260303: msgid = -1979710460,did=138
05-27 19:03:22.457   536   536 D commservice260303: CommProtocolLibCmdBaseI2C::dataproc {"command":{"id":"imu_status","sub":""},"content":{"TimeStamp":11,"FrameCounter":274130,"GD_X":-0.011070843786001205,"GD_Y":0.004963258747011423,"GD_Z":0.002213752595707774,"AD_X":-1.5854835510253906E-4,"AD_Y":-8.766900282353163E-5,"AD_Z":-0.17074966430664062,"TempDsp":0,"Status":0,"CalibState":1,"SigAmpInvalid":0}},-1979710460
05-27 19:03:22.457   536   536 D commservice260303: send2Cluster len:317, 7B22636F6D6D616E64223A7B226964223A22696D755F737461747573222C22737562223A22227D2C22636F6E74656E74223A7B2254696D655374616D70223A31312C224672616D65436F756E746572223A3237343133302C2247445F58223A2D302E3031313037303834333738363030313230352C2247445F59223A302E3030343936333235383734373031313432332C2247445F5A223A302E3030323231333735323539353730373737342C2241445F58223A2D312E35383534383335353130323533393036452D342C2241445F59223A2D382E373636393030323832333533313633452D352C2241445F5A223A2D302E31373037343936363433303636343036322C2254656D70447370223A302C22537461747573223A302C2243616C69625374617465223A312C22536967416D70496E76616C6964223A307D7D, 138 
05-27 19:03:22.457   536   536 D commservice260303: Push Message into SendPool fn=2020672512
05-27 19:03:22.457   536   536 D commservice260303: ComProtocolLibSend2Cluster::send2ClusterRaw fn=2020672512 , len=333
05-27 19:03:22.457   536   536 D commservice260303: sendCmdToPort :333!!!
05-27 19:03:22.458   581   581 I SpiService: fgesysctrl_getGPIO_status success val=0
05-27 19:03:22.459 13911 14183 I SentryImuMcuAngleSender: 179.99649rollDeg
05-27 19:03:22.460   536   536 D commservice260303: send Cmd To Port ++++5AA501498A01000471786A16CF7A7B22636F6D6D616E64223A7B226964223A22696D755F737461747573222C22737562223A22227D2C22636F6E74656E74223A7B2254696D655374616D70223A31312C224672616D65436F756E746572223A3237343133302C2247445F58223A2D302E3031313037303834333738363030313230352C2247445F59223A302E3030343936333235383734373031313432332C2247445F5A223A302E3030323231333735323539353730373737342C2241445F58223A2D312E35383534383335353130323533393036452D342C2241445F59223A2D382E373636393030323832333533313633452D352C2241445F5A223A2D302E31373037343936363433303636343036322C2254656D70447370223A302C22537461747573223A302C2243616C69625374617465223A312C22536967416D70496E76616C6964223A307D7DCE4C
05-27 19:03:22.460   536   536 D commservice260303: bufferevent_write retrun value = 0
05-27 19:03:22.460   481   597 I mcuc    : send SPI:6AA60180B900F809019A040109810201010000000000000000000000000000000000000000000000000000000000000000000000000000000000000000000000000000000000000000000000000000000000000000000000000000000000000000000000000000000000000000000000000000000000000000000000000000000000000000000000000000000000000000000000000000000000000000000000000000000000000000000000000000000000000000000000000000000000000000000000000000000000000000000000000000000000000000000000000000000000000000000000000000000000000000000000000000000000000000000097
05-27 19:03:22.461   536   560 D commservice260303: client datas send succeed,send finish
05-27 19:03:22.461 13911 14183 I SentryImuMcuAngleSender: 1,0,0
05-27 19:03:22.463 13911 14192 D Sentinelmode_1.2.5.17_sentry: <SentryImuClusterFgeSender>imu_status sent to Linux, frame=274130, tsNs=11669681, tsMs=11, intervalMs=46, ad=(-1.5854836E-4,-8.7669E-5,-0.17074966), gd=(-0.011070844,0.0049632587,0.0022137526)
05-27 19:03:22.463   566 11459 I gps_hdbd: Received: '$GNINS,CARSPEED,ADR_STATUS,0,Pulse_count,0,1,0,0,20264000,116490,0.000,0.000,0.000*0F
'
05-27 19:03:22.465   566 11459 I gps_hdbd: Received: '$GNTXT,04,01,04,INS,V,1,,,,FLG,1,000000,1,0,1,0,0,Con,0*71
'
05-27 19:03:22.465   566 11459 I gps_hdbd: Received: '$GNTXT,INSTALL,0.00,0.00,0.00,0.00,0.00,0.00,0*20
'
05-27 19:03:22.466   572   572 I Sensors : 230 GyroSensor: x:-0.011835,y:0.005345,z:0.001985
05-27 19:03:22.467 13549 13549 I ADAYO_LOG_: handleMessage(UsbFunc.java:352)copyQnx = 0
05-27 19:03:22.468 13549 13549 I ADAYO_LOG_: handleMessage(UsbFunc.java:404)copyState = 2
05-27 08:54:31.422   581   581 D spi_rst_gpio_get_output: GPIO 145 value: 0
05-27 08:54:31.422   581   581 D spidev_ioctl: gpio status=0)
05-27 19:03:22.476   299 30841 D EvsDriver: forwardFrame
05-27 08:54:31.441   581   581 D spi_rst_gpio_get_output: GPIO 145 value: 1
05-27 08:54:31.441   581   581 D spidev_ioctl: gpio status=1)
05-27 08:54:31.447   581   581 D spi_rst_gpio_get_output: GPIO 145 value: 1
05-27 08:54:31.447   581   581 D spidev_ioctl: gpio status=1)
05-27 19:03:22.477  1008 30856 D [OMXB]  : usingANWBuffer: handle:0xee740bc0, format:1, w:1920, h:1080
05-27 08:54:31.449   303   303 I [Audio:SBLCK] p_tt: 1508663,1508663
05-27 19:03:22.477   581   581 I SpiService: fgesysctrl_getGPIO_status success val=1
05-27 19:03:22.478   299 30844 D EvsDriver: forwardFrame
05-27 19:03:22.478   299 30841 D EvsDriver: Delivered 0xb400007b7ca56a60 as id 0
05-27 19:03:22.478  1167  1167 D evsmanagerd: /dev/video4 forwarded the buffer #0 to 0xb4000074bf5f6850 from 0xb4000074bf5f41d0
05-27 19:03:22.481 13911 14183 I SentryImuMcuAngleSender: -179.97897rollDeg
05-27 19:03:22.481 13911 14183 I SentryImuMcuAngleSender: 1,0,0
05-27 08:54:31.453   581   581 D spi_rst_gpio_get_output: GPIO 145 value: 1
05-27 08:54:31.453   581   581 D spidev_ioctl: gpio status=1)
05-27 19:03:22.482   299  1163 D EvsDriver: doneWithFrame
05-27 19:03:22.482   581   581 I SpiService: fgesysctrl_getGPIO_status success val=1
05-27 19:03:22.484   299 30844 D EvsDriver: Delivered 0xb400007b7ca56900 as id 0
05-27 19:03:22.484  1167  1167 D evsmanagerd: /dev/video6 forwarded the buffer #0 to 0xb4000074bf5f5510 from 0xb4000074bf5f6d90
05-27 19:03:22.488   581   581 I SpiService: fgesysctrl_getGPIO_status success val=1
05-27 19:03:22.489 11344 11344 E SystemUI_NavBarFragment: SysUIConfig.icCarServiceConnected：false
05-27 19:03:22.489   299  1163 D EvsDriver: doneWithFrame
05-27 19:03:22.494   581   581 I SpiService: fgesysctrl_getGPIO_status success val=1
05-27 19:03:22.495   536   536 D commservice260303: msg.id = 1028,0
05-27 19:03:22.495   536   536 D commservice260303: i = 170, msgid = 8A000404
05-27 19:03:22.495   536   536 D commservice260303: msgid = -1979710460,did=138
05-27 19:03:22.495   536   536 D commservice260303: CommProtocolLibCmdBaseI2C::dataproc {"command":{"id":"imu_status","sub":""},"content":{"TimeStamp":11,"FrameCounter":274131,"GD_X":-0.011453153565526009,"GD_Y":0.0048857564106583595,"GD_Z":0.0023671966046094894,"AD_X":-0.009868010878562927,"AD_Y":-6.678026984445751E-4,"AD_Z":-0.16709518432617188,"TempDsp":0,"Status":0,"CalibState":1,"SigAmpInvalid":0}},-1979710460
05-27 19:03:22.495   536   536 D commservice260303: send2Cluster len:318, 7B22636F6D6D616E64223A7B226964223A22696D755F737461747573222C22737562223A22227D2C22636F6E74656E74223A7B2254696D655374616D70223A31312C224672616D65436F756E746572223A3237343133312C2247445F58223A2D302E3031313435333135333536353532363030392C2247445F59223A302E303034383835373536343130363538333539352C2247445F5A223A302E303032333637313936363034363039343839342C2241445F58223A2D302E3030393836383031303837383536323932372C2241445F59223A2D362E363738303236393834343435373531452D342C2241445F5A223A2D302E31363730393531383433323631373138382C2254656D70447370223A302C22537461747573223A302C2243616C69625374617465223A312C22536967416D70496E76616C6964223A307D7D, 138 
05-27 19:03:22.496   536   536 D commservice260303: Push Message into SendPool fn=2037449728
05-27 19:03:22.496   536   536 D commservice260303: ComProtocolLibSend2Cluster::send2ClusterRaw fn=2037449728 , len=334
05-27 19:03:22.496   536   536 D commservice260303: sendCmdToPort :334!!!
05-27 19:03:22.496   536   536 D commservice260303: send Cmd To Port ++++5AA5014A8A01000471796A16CF7A7B22636F6D6D616E64223A7B226964223A22696D755F737461747573222C22737562223A22227D2C22636F6E74656E74223A7B2254696D655374616D70223A31312C224672616D65436F756E746572223A3237343133312C2247445F58223A2D302E3031313435333135333536353532363030392C2247445F59223A302E303034383835373536343130363538333539352C2247445F5A223A302E303032333637313936363034363039343839342C2241445F58223A2D302E3030393836383031303837383536323932372C2241445F59223A2D362E363738303236393834343435373531452D342C2241445F5A223A2D302E31363730393531383433323631373138382C2254656D70447370223A302C22537461747573223A302C2243616C69625374617465223A312C22536967416D70496E76616C6964223A307D7D1434
05-27 19:03:22.496   536   536 D commservice260303: bufferevent_write retrun value = 0
05-27 08:54:31.459   581   581 D spi_rst_gpio_get_output: GPIO 145 value: 1
05-27 08:54:31.459   581   581 D spidev_ioctl: gpio status=1)
05-27 19:03:22.496   536   560 D commservice260303: client datas send succeed,send finish
05-27 19:03:22.496 13911 14192 D Sentinelmode_1.2.5.17_sentry: <SentryImuClusterFgeSender>imu_status sent to Linux, frame=274131, tsNs=11669741, tsMs=11, intervalMs=34, ad=(-0.009868011,-6.678027E-4,-0.16709518), gd=(-0.011453154,0.0048857564,0.0023671966)
05-27 19:03:22.500   581   581 I SpiService: fgesysctrl_getGPIO_status success val=0
05-27 08:54:31.465   581   581 D spi_rst_gpio_get_output: GPIO 145 value: 0
05-27 08:54:31.465   581   581 D spidev_ioctl: gpio status=0)
05-27 19:03:22.503   586   614 D vendor.sprd.hardware.aprd-service: GPS Get GPSver failed No such file or directory
05-27 19:03:22.503 13911 14183 I SentryImuMcuAngleSender: 180.0rollDeg
05-27 19:03:22.503 13911 14183 I SentryImuMcuAngleSender: 1,0,0
05-27 19:03:22.503   586   614 D vendor.sprd.hardware.aprd-service: GE xmlDoc is NULL, may not set GPS on.
05-27 19:03:22.508   536   536 W commservice260303: [FgeComService::getAQConnectStatus:378]
05-27 19:03:22.508   536   536 W commservice260303: [mcuCommFunctionTcp::getAQConnectStatus:406] 1
05-27 19:03:22.508   536   536 W commservice260303: [FgeComService::getAQConnectStatus:380] status:1
05-27 19:03:22.508 12246 12246 E ivicomm_CommManager: getA2lConnectStatus aqConnectStatus:1
05-27 19:03:22.508 12246 12246 D ivicomm_ConnectStateManager: notifyState newState=1curState=1
05-27 19:03:22.512   283   307 I rvcservice: t.code = 2, t.value = 9971060
05-27 19:03:22.513   481   598 I mcuc    : rev,n=1,6AA68280B90002090139
05-27 19:03:22.514   299 30841 D EvsDriver: forwardFrame
05-27 19:03:22.515   481   598 I mcuc    : rev,n=2,6AA681EB070035890002060003000000000000000064006400641010000000000000000000000000000000000000000000000000000000000000000078
05-27 19:03:22.516   351   373 D automotive.vehicle@2.0-adayo-datacomm-mcu: MCUDatacomm sendMessageFromVehicle prop: 0x89, areaId: 0x0, status: 0x2, timestamp: 0x6
05-27 19:03:22.516   351   373 D automotive.vehicle@2.0-adayo-datacomm-mcu: MCUDatacomm 1sendMessageFromVehicle ---> type = 3 
05-27 19:03:22.516   351   373 D automotive.vehicle@2.0-adayo-func-bcm: sendMessageFromVehicle sendMessageFromVehicle
05-27 19:03:22.516   351   516 D automotive.vehicle@2.0-adayo-func-bcm: jjfan1 ______procotolSize :45
05-27 19:03:22.516   351   516 D automotive.vehicle@2.0-adayo-func-bcm: BCMFunc sendMessageFromVehicle_l dataType: 12,mByte=8,propid=0x21600001
05-27 19:03:22.516   351   516 D automotive.vehicle@2.0-adayo-func-bcm: BCMFunc sendMessageFromVehicle_l msgBuff[8]=0x0,start:2,len:11,temp:6,
05-27 19:03:22.516   351   516 D automotive.vehicle@2.0-adayo-func-bcm: BCMFunc sendMessageFromVehicle_l msgBuff[7]=0x0,start:0,len:5,temp:5,
05-27 19:03:22.516   351   516 D automotive.vehicle@2.0-adayo-func-bcm: BCMFunc sendMessageFromVehicle_l prop: 0x21600001 , SPLITE_BIT_DATA_INTEGER1 data:0
05-27 19:03:22.516   351   516 D automotive.vehicle@2.0-adayo-func-bcm: BCMFunc sendMessageFromVehicle_l prop: 0x21600001 , SPLITE_BIT_DATA_INTEGER4 procotol.calc[0]:0.100000,procotol.calc[1]:0.000000
05-27 19:03:22.516   351   516 D automotive.vehicle@2.0-adayo-func-bcm: BCMFunc sendMessageFromVehicle_l prop: 0x21600001 ,areaId: 0x0  SPLITE_BIT_DATA_INTEGER : 0.000000,calc[0]:0.100000,calc[1]:0.000000
05-27 19:03:22.517   351   516 D automotive.vehicle@2.0-adayo-func-bcm: BCMFunc sendMessageFromVehicle_l id:559939585, area:0 not report! 
05-27 19:03:22.517   299 30844 D EvsDriver: forwardFrame
05-27 19:03:22.517   351   516 D automotive.vehicle@2.0-adayo-func-bcm: BCMFunc sendMessageFromVehicle_l dataType: 12,mByte=9,propid=0x2140004d
05-27 19:03:22.517   351   516 D automotive.vehicle@2.0-adayo-func-bcm: BCMFunc sendMessageFromVehicle_l msgBuff[9]=0x0,start:0,len:3,temp:3,
05-27 19:03:22.517   351   516 D automotive.vehicle@2.0-adayo-func-bcm: BCMFunc sendMessageFromVehicle_l prop: 0x2140004d ,areaId: 0x0  SPLITE_BIT_DATA_INTEGER : 0
05-27 19:03:22.517   351   516 D automotive.vehicle@2.0-adayo-func-bcm: BCMFunc sendMessageFromVehicle_l id:557842509, area:0 not report! 
05-27 19:03:22.517   581   581 I SpiService: fgesysctrl_getGPIO_status success val=1
05-27 19:03:22.517   351   516 D automotive.vehicle@2.0-adayo-func-bcm: BCMFunc sendMessageFromVehicle_l dataType: 12,mByte=10,propid=0x21400009
05-27 19:03:22.517   351   516 D automotive.vehicle@2.0-adayo-func-bcm: BCMFunc sendMessageFromVehicle_l msgBuff[10]=0x0,start:0,len:3,temp:3,
05-27 19:03:22.517   351   516 D automotive.vehicle@2.0-adayo-func-bcm: BCMFunc sendMessageFromVehicle_l prop: 0x21400009 ,areaId: 0x0  SPLITE_BIT_DATA_INTEGER : 0
05-27 19:03:22.517   351   516 D automotive.vehicle@2.0-adayo-func-bcm: BCMFunc sendMessageFromVehicle_l id:557842441, area:0 not report! 
05-27 19:03:22.517   351   516 D automotive.vehicle@2.0-adayo-func-bcm: BCMFunc sendMessageFromVehicle_l dataType: 12,mByte=10,propid=0x2140000a
05-27 19:03:22.517   351   516 D automotive.vehicle@2.0-adayo-func-bcm: BCMFunc sendMessageFromVehicle_l msgBuff[10]=0x0,start:4,len:3,temp:3,
05-27 19:03:22.518   351   516 D automotive.vehicle@2.0-adayo-func-bcm: BCMFunc sendMessageFromVehicle_l prop: 0x2140000a ,areaId: 0x0  SPLITE_BIT_DATA_INTEGER : 0
05-27 19:03:22.518   351   516 D automotive.vehicle@2.0-adayo-func-bcm: BCMFunc sendMessageFromVehicle_l id:557842442, area:0 not report! 
05-27 19:03:22.518   351   516 D automotive.vehicle@2.0-adayo-func-bcm: BCMFunc sendMessageFromVehicle_l dataType: 12,mByte=11,propid=0x21400096
05-27 19:03:22.518   351   516 D automotive.vehicle@2.0-adayo-func-bcm: BCMFunc sendMessageFromVehicle_l msgBuff[11]=0x0,start:0,len:8,temp:8,
05-27 19:03:22.518   351   516 D automotive.vehicle@2.0-adayo-func-bcm: BCMFunc sendMessageFromVehicle_l prop: 0x21400096 ,areaId: 0x0  SPLITE_BIT_DATA_INTEGER : 0
05-27 19:03:22.518   351   516 D automotive.vehicle@2.0-adayo-func-bcm: BCMFunc sendMessageFromVehicle_l id:557842582, area:0 not report! 
05-27 19:03:22.518   351   516 D automotive.vehicle@2.0-adayo-func-bcm: BCMFunc sendMessageFromVehicle_l dataType: 12,mByte=12,propid=0x2140008a
05-27 19:03:22.518   351   516 D automotive.vehicle@2.0-adayo-func-bcm: BCMFunc sendMessageFromVehicle_l msgBuff[12]=0x0,start:0,len:4,temp:4,
05-27 19:03:22.518   351   516 D automotive.vehicle@2.0-adayo-func-bcm: BCMFunc sendMessageFromVehicle_l prop: 0x2140008a ,areaId: 0x0  SPLITE_BIT_DATA_INTEGER : 0
05-27 19:03:22.518   351   516 D automotive.vehicle@2.0-adayo-func-bcm: BCMFunc sendMessageFromVehicle_l id:557842570, area:0 not report! 
05-27 19:03:22.518   351   516 D automotive.vehicle@2.0-adayo-func-bcm: BCMFunc sendMessageFromVehicle_l dataType: 12,mByte=14,propid=0x21400005
05-27 19:03:22.518   351   516 D automotive.vehicle@2.0-adayo-func-bcm: BCMFunc sendMessageFromVehicle_l msgBuff[14]=0x64,start:0,len:10,temp:8,
05-27 19:03:22.519   351   516 D automotive.vehicle@2.0-adayo-func-bcm: BCMFunc sendMessageFromVehicle_l msgBuff[13]=0x0,start:0,len:2,temp:2,
05-27 19:03:22.519   351   516 D automotive.vehicle@2.0-adayo-func-bcm: BCMFunc sendMessageFromVehicle_l prop: 0x21400005 ,areaId: 0x0  SPLITE_BIT_DATA_INTEGER : 100
05-27 19:03:22.519   351   516 D automotive.vehicle@2.0-adayo-func-bcm: BCMFunc sendMessageFromVehicle_l id:557842437, area:0 not report! 
05-27 19:03:22.519   351   516 D automotive.vehicle@2.0-adayo-func-bcm: BCMFunc sendMessageFromVehicle_l dataType: 12,mByte=16,propid=0x21600006
05-27 19:03:22.519   351   516 D automotive.vehicle@2.0-adayo-func-bcm: BCMFunc sendMessageFromVehicle_l msgBuff[16]=0x64,start:0,len:10,temp:8,
05-27 19:03:22.519   351   516 D automotive.vehicle@2.0-adayo-func-bcm: BCMFunc sendMessageFromVehicle_l msgBuff[15]=0x0,start:0,len:2,temp:2,
05-27 19:03:22.519   351   516 D automotive.vehicle@2.0-adayo-func-bcm: BCMFunc sendMessageFromVehicle_l prop: 0x21600006 , SPLITE_BIT_DATA_INTEGER1 data:100
05-27 19:03:22.519   351   516 D automotive.vehicle@2.0-adayo-func-bcm: BCMFunc sendMessageFromVehicle_l prop: 0x21600006 , SPLITE_BIT_DATA_INTEGER4 procotol.calc[0]:0.100000,procotol.calc[1]:0.000000
05-27 19:03:22.519   351   516 D automotive.vehicle@2.0-adayo-func-bcm: BCMFunc sendMessageFromVehicle_l prop: 0x21600006 ,areaId: 0x0  SPLITE_BIT_DATA_INTEGER : 80.000000,calc[0]:0.100000,calc[1]:0.000000
05-27 19:03:22.519   351   516 D automotive.vehicle@2.0-adayo-func-bcm: BCMFunc sendMessageFromVehicle_l id:559939590, area:0 not report! 
05-27 19:03:22.519   351   516 D automotive.vehicle@2.0-adayo-func-bcm: BCMFunc sendMessageFromVehicle_l dataType: 12,mByte=18,propid=0x21600007
05-27 19:03:22.519   351   516 D automotive.vehicle@2.0-adayo-func-bcm: BCMFunc sendMessageFromVehicle_l msgBuff[18]=0x64,start:0,len:10,temp:8,
05-27 19:03:22.520   351   516 D automotive.vehicle@2.0-adayo-func-bcm: BCMFunc sendMessageFromVehicle_l msgBuff[17]=0x0,start:0,len:2,temp:2,
05-27 19:03:22.520   351   516 D automotive.vehicle@2.0-adayo-func-bcm: BCMFunc sendMessageFromVehicle_l prop: 0x21600007 , SPLITE_BIT_DATA_INTEGER1 data:100
05-27 19:03:22.520   351   516 D automotive.vehicle@2.0-adayo-func-bcm: BCMFunc sendMessageFromVehicle_l prop: 0x21600007 , SPLITE_BIT_DATA_INTEGER4 procotol.calc[0]:0.100000,procotol.calc[1]:0.000000
05-27 19:03:22.520   351   516 D automotive.vehicle@2.0-adayo-func-bcm: BCMFunc sendMessageFromVehicle_l prop: 0x21600007 ,areaId: 0x0  SPLITE_BIT_DATA_INTEGER : 70.000000,calc[0]:0.100000,calc[1]:0.000000
05-27 19:03:22.520   299 30844 D EvsDriver: Delivered 0xb400007b7ca56900 as id 0
05-27 08:54:31.482   581   581 D spi_rst_gpio_get_output: GPIO 145 value: 1
05-27 08:54:31.482   581   581 D spidev_ioctl: gpio status=1)
05-27 08:54:31.487   581   581 D spi_rst_gpio_get_output: GPIO 145 value: 1
05-27 08:54:31.487   581   581 D spidev_ioctl: gpio status=1)
05-27 08:54:31.497   581   581 D spi_rst_gpio_get_output: GPIO 145 value: 1
05-27 08:54:31.497   581   581 D spidev_ioctl: gpio status=1)
05-27 08:54:31.502   581   581 D spi_rst_gpio_get_output: GPIO 145 value: 1
05-27 08:54:31.502   581   581 D spidev_ioctl: gpio status=1)
05-27 19:03:22.520  1167  1167 D evsmanagerd: /dev/video6 forwarded the buffer #0 to 0xb4000074bf5f5510 from 0xb4000074bf5f6d90
05-27 19:03:22.520   351   516 D automotive.vehicle@2.0-adayo-func-bcm: BCMFunc sendMessageFromVehicle_l id:559939591, area:0 not report! 
05-27 19:03:22.520  1167  1479 D evsmanagerd: /dev/video4 forwarded the buffer #0 to 0xb4000074bf5f6850 from 0xb4000074bf5f41d0
05-27 19:03:22.521   299 30841 D EvsDriver: Delivered 0xb400007b7ca56a60 as id 0
05-27 19:03:22.523   581   581 I SpiService: fgesysctrl_getGPIO_status success val=1
05-27 19:03:22.526 15863 16069 D AIN-HttpHealthPolicy: call() called start, host=www.bilibili.com
05-27 19:03:22.527   299  1163 D EvsDriver: doneWithFrame
05-27 19:03:22.528  1008 30857 D [OMXB]  : usingANWBuffer: handle:0xee743240, format:1, w:1920, h:1080
05-27 19:03:22.529   299  1163 D EvsDriver: doneWithFrame
05-27 19:03:22.532   581   581 I SpiService: fgesysctrl_getGPIO_status success val=1
05-27 19:03:22.534   351   516 D automotive.vehicle@2.0-adayo-func-bcm: BCMFunc sendMessageFromVehicle_l dataType: 12,mByte=19,propid=0x21400087
05-27 19:03:22.534   351   516 D automotive.vehicle@2.0-adayo-func-bcm: BCMFunc sendMessageFromVehicle_l msgBuff[19]=0x10,start:3,len:1,temp:1,
05-27 19:03:22.535   351   516 D automotive.vehicle@2.0-adayo-func-bcm: BCMFunc sendMessageFromVehicle_l prop: 0x21400087 ,areaId: 0x0  SPLITE_BIT_DATA_INTEGER : 0
05-27 19:03:22.535   351   516 D automotive.vehicle@2.0-adayo-func-bcm: BCMFunc sendMessageFromVehicle_l id:557842567, area:0 not report! 
05-27 19:03:22.535   351   516 D automotive.vehicle@2.0-adayo-func-bcm: BCMFunc sendMessageFromVehicle_l dataType: 12,mByte=19,propid=0x2140004e
05-27 19:03:22.535   536   536 D commservice260303: msg.id = 1028,0
05-27 19:03:22.535   351   516 D automotive.vehicle@2.0-adayo-func-bcm: BCMFunc sendMessageFromVehicle_l msgBuff[19]=0x10,start:5,len:1,temp:1,
05-27 19:03:22.535   536   536 D commservice260303: i = 170, msgid = 8A000404
05-27 19:03:22.535   351   516 D automotive.vehicle@2.0-adayo-func-bcm: BCMFunc sendMessageFromVehicle_l prop: 0x2140004e ,areaId: 0x0  SPLITE_BIT_DATA_INTEGER : 0
05-27 19:03:22.535   536   536 D commservice260303: msgid = -1979710460,did=138
05-27 19:03:22.535   351   516 D automotive.vehicle@2.0-adayo-func-bcm: BCMFunc sendMessageFromVehicle_l id:557842510, area:0 not report! 
05-27 19:03:22.535   536   536 D commservice260303: CommProtocolLibCmdBaseI2C::dataproc {"command":{"id":"imu_status","sub":""},"content":{"TimeStamp":11,"FrameCounter":274132,"GD_X":-0.011070843786001205,"GD_Y":0.005573912989348173,"GD_Z":0.0016030981205403805,"AD_X":-0.0055719465017318726,"AD_Y":5.472770426422358E-4,"AD_Z":-0.17197418212890625,"TempDsp":0,"Status":0,"CalibState":1,"SigAmpInvalid":0}},-1979710460
05-27 19:03:22.535   351   516 D automotive.vehicle@2.0-adayo-func-bcm: BCMFunc sendMessageFromVehicle_l dataType: 12,mByte=19,propid=0x2140004f
05-27 19:03:22.535   351   516 D automotive.vehicle@2.0-adayo-func-bcm: BCMFunc sendMessageFromVehicle_l msgBuff[19]=0x10,start:7,len:1,temp:1,
05-27 19:03:22.535   351   516 D automotive.vehicle@2.0-adayo-func-bcm: BCMFunc sendMessageFromVehicle_l prop: 0x2140004f ,areaId: 0x0  SPLITE_BIT_DATA_INTEGER : 0
05-27 19:03:22.535   351   516 D automotive.vehicle@2.0-adayo-func-bcm: BCMFunc sendMessageFromVehicle_l id:557842511, area:0 not report! 
05-27 19:03:22.535   536   536 D commservice260303: send2Cluster len:317, 7B22636F6D6D616E64223A7B226964223A22696D755F737461747573222C22737562223A22227D2C22636F6E74656E74223A7B2254696D655374616D70223A31312C224672616D65436F756E746572223A3237343133322C2247445F58223A2D302E3031313037303834333738363030313230352C2247445F59223A302E3030353537333931323938393334383137332C2247445F5A223A302E303031363033303938313230353430333830352C2241445F58223A2D302E303035353731393436353031373331383732362C2241445F59223A352E343732373730343236343232333538452D342C2241445F5A223A2D302E31373139373431383231323839303632352C2254656D70447370223A302C22537461747573223A302C2243616C69625374617465223A312C22536967416D70496E76616C6964223A307D7D, 138 
05-27 19:03:22.535   351   516 D automotive.vehicle@2.0-adayo-func-bcm: BCMFunc sendMessageFromVehicle_l dataType: 12,mByte=20,propid=0x21400031
05-27 19:03:22.535   536   536 D commservice260303: Push Message into SendPool fn=2054226944
05-27 19:03:22.536   351   516 D automotive.vehicle@2.0-adayo-func-bcm: BCMFunc sendMessageFromVehicle_l msgBuff[20]=0x10,start:0,len:3,temp:3,
05-27 19:03:22.536   536   536 D commservice260303: ComProtocolLibSend2Cluster::send2ClusterRaw fn=2054226944 , len=333
05-27 19:03:22.536   351   516 D automotive.vehicle@2.0-adayo-func-bcm: BCMFunc sendMessageFromVehicle_l prop: 0x21400031 ,areaId: 0x0  SPLITE_BIT_DATA_INTEGER : 0
05-27 19:03:22.536   536   536 D commservice260303: sendCmdToPort :333!!!
05-27 19:03:22.536   351   516 D automotive.vehicle@2.0-adayo-func-bcm: BCMFunc sendMessageFromVehicle_l id:557842481, area:0 not report! 
05-27 19:03:22.536   351   516 D automotive.vehicle@2.0-adayo-func-bcm: BCMFunc sendMessageFromVehicle_l dataType: 12,mByte=20,propid=0x2140003a
