05-27 19:03:23.368   536   536 D commservice260303: send Cmd To Port ++++5AA501498A010004718E6A16CF7B7B22636F6D6D616E64223A7B226964223A22696D755F737461747573222C22737562223A22227D2C22636F6E74656E74223A7B2254696D655374616D70223A31312C224672616D65436F756E746572223A3237343135322C2247445F58223A2D302E3031313134373832353937383639363334362C2247445F59223A302E30303534393639333132363233313433322C2247445F5A223A302E303032313337383130393233313539313232352C2241445F58223A2D302E303031343034343634323434383432353239332C2241445F59223A2D302E3030323034303730303938363938313339322C2241445F5A223A2D302E31363935323939313438353539353730332C2254656D70447370223A302C22537461747573223A302C2243616C69625374617465223A312C22536967416D70496E76616C6964223A307D7D8050
05-27 19:03:23.368   299  1153 D EvsDriver: doneWithFrame
05-27 08:54:32.319   581   581 D spi_rst_gpio_get_output: GPIO 145 value: 1
05-27 08:54:32.319   581   581 D spidev_ioctl: gpio status=1)
05-27 08:54:32.326   581   581 D spi_rst_gpio_get_output: GPIO 145 value: 1
05-27 08:54:32.326   581   581 D spidev_ioctl: gpio status=1)
05-27 08:54:32.334   581   581 D spi_rst_gpio_get_output: GPIO 145 value: 0
05-27 08:54:32.334   581   581 D spidev_ioctl: gpio status=0)
05-27 19:03:23.365 23640 23640 I auditd  : type=1400 audit(0.0:76205): avc: denied { append } for comm="logcat" path="/mnt/log_data/AndroidLog/logcat/logcat_2026_05_27_19_03_15_046-51.txt" dev="vda93" ino=180284 scontext=u:r:logpersist:s0 tcontext=u:object_r:log_data_file:s0 tclass=file permissive=1
05-27 19:03:23.365 23640 23640 I logcat  : type=1400 audit(0.0:76205): avc: denied { append } for path="/mnt/log_data/AndroidLog/logcat/logcat_2026_05_27_19_03_15_046-51.txt" dev="vda93" ino=180284 scontext=u:r:logpersist:s0 tcontext=u:object_r:log_data_file:s0 tclass=file permissive=1
05-27 19:03:23.368   536   536 D commservice260303: bufferevent_write retrun value = 0
05-27 19:03:23.368   536   560 D commservice260303: client datas send succeed,send finish
05-27 19:03:23.369   581   581 I SpiService: fgesysctrl_getGPIO_status success val=0
05-27 19:03:23.369 13911 14192 D Sentinelmode_1.2.5.17_sentry: <SentryImuClusterFgeSender>imu_status sent to Linux, frame=274152, tsNs=11670597, tsMs=11, intervalMs=33, ad=(-0.0014044642,-0.002040701,-0.16952991), gd=(-0.011147826,0.0054969313,0.002137811)
05-27 19:03:23.373   830   830 D SurfaceFlinger: unisoc-graphics, commit has frameMissed:2, vysncId:234619
05-27 19:03:23.375  1008 30856 D [OMXB]  : usingANWBuffer: handle:0xee742530, format:1, w:1920, h:1080
05-27 19:03:23.377   299 30841 D EvsDriver: forwardFrame
05-27 19:03:23.378  1167  1167 D evsmanagerd: /dev/video4 forwarded the buffer #0 to 0xb4000074bf5f6850 from 0xb4000074bf5f41d0
05-27 19:03:23.383   299 30841 D EvsDriver: Delivered 0xb400007b7ca56a60 as id 0
05-27 19:03:23.385   299  1153 D EvsDriver: doneWithFrame
05-27 19:03:23.386   581   581 I SpiService: fgesysctrl_getGPIO_status success val=1
05-27 19:03:23.387 13911 14183 I SentryImuMcuAngleSender: 179.99298rollDeg
05-27 19:03:23.387 13911 14183 I SentryImuMcuAngleSender: 1,0,0
05-27 08:54:32.351   581   581 D spi_rst_gpio_get_output: GPIO 145 value: 1
05-27 08:54:32.351   581   581 D spidev_ioctl: gpio status=1)
05-27 19:03:23.392   581   581 I SpiService: fgesysctrl_getGPIO_status success val=1
05-27 19:03:23.392   566 11459 I gps_hdbd: Received: '$GNGGA,011914.000,,,,,0,00,,,M,,M,,*6A
'
05-27 08:54:32.356   581   581 D spi_rst_gpio_get_output: GPIO 145 value: 1
05-27 08:54:32.356   581   581 D spidev_ioctl: gpio status=1)
05-27 19:03:23.393   299 30844 D EvsDriver: forwardFrame
05-27 19:03:23.394   299 30844 D EvsDriver: Delivered 0xb400007b7ca56900 as id 0
05-27 19:03:23.395  1167  1167 D evsmanagerd: /dev/video6 forwarded the buffer #0 to 0xb4000074bf5f5510 from 0xb4000074bf5f6d90
05-27 19:03:23.397   581   581 I SpiService: fgesysctrl_getGPIO_status success val=1
05-27 19:03:23.397   299  1153 D EvsDriver: doneWithFrame
05-27 19:03:23.399   566 11459 I gps_hdbd: Received: '$GNGSA,A,1,,,,,,,,,,,,,,,,1*1D
'
05-27 19:03:23.400   566 11459 I gps_hdbd: Received: '$GNGSA,A,1,,,,,,,,,,,,,,,,3*1F
'
05-27 08:54:32.362   581   581 D spi_rst_gpio_get_output: GPIO 145 value: 1
05-27 08:54:32.362   581   581 D spidev_ioctl: gpio status=1)
05-27 19:03:23.403   581   581 I SpiService: fgesysctrl_getGPIO_status success val=1
05-27 19:03:23.404   566 11459 I gps_hdbd: Received: '$GNGSA,A,1,,,,,,,,,,,,,,,,4*18
'
05-27 08:54:32.368   581   581 D spi_rst_gpio_get_output: GPIO 145 value: 1
05-27 08:54:32.368   581   581 D spidev_ioctl: gpio status=1)
05-27 19:03:23.405   566 11459 I gps_hdbd: Received: '$BDGSV,1,1,00,1*75
'
05-27 19:03:23.407   830   830 D SurfaceFlinger: unisoc-graphics, commit has frameMissed:2, vysncId:234621
05-27 19:03:23.407 13911 14183 I SentryImuMcuAngleSender: 179.993rollDeg
05-27 19:03:23.407 13911 14183 I SentryImuMcuAngleSender: 1,0,0
05-27 19:03:23.409   581   581 I SpiService: fgesysctrl_getGPIO_status success val=0
05-27 19:03:23.409   536   536 D commservice260303: msg.id = 1028,0
05-27 19:03:23.409   536   536 D commservice260303: i = 170, msgid = 8A000404
05-27 19:03:23.409   536   536 D commservice260303: msgid = -1979710460,did=138
05-27 19:03:23.409   536   536 D commservice260303: CommProtocolLibCmdBaseI2C::dataproc {"command":{"id":"imu_status","sub":""},"content":{"TimeStamp":11,"FrameCounter":274153,"GD_X":-0.011453153565526009,"GD_Y":0.0057257963344454765,"GD_Z":0.002519079949706793,"AD_X":3.8839876651763916E-4,"AD_Y":3.926397184841335E-4,"AD_Z":-0.16952991485595703,"TempDsp":0,"Status":0,"CalibState":1,"SigAmpInvalid":0}},-1979710460
05-27 19:03:23.410   536   536 D commservice260303: send2Cluster len:316, 7B22636F6D6D616E64223A7B226964223A22696D755F737461747573222C22737562223A22227D2C22636F6E74656E74223A7B2254696D655374616D70223A31312C224672616D65436F756E746572223A3237343135332C2247445F58223A2D302E3031313435333135333536353532363030392C2247445F59223A302E303035373235373936333334343435343736352C2247445F5A223A302E3030323531393037393934393730363739332C2241445F58223A332E38383339383736363531373633393136452D342C2241445F59223A332E393236333937313834383431333335452D342C2241445F5A223A2D302E31363935323939313438353539353730332C2254656D70447370223A302C22537461747573223A302C2243616C69625374617465223A312C22536967416D70496E76616C6964223A307D7D, 138 
05-27 19:03:23.410   536   536 D commservice260303: Push Message into SendPool fn=-1888418816
05-27 19:03:23.410   536   536 D commservice260303: ComProtocolLibSend2Cluster::send2ClusterRaw fn=-1888418816 , len=332
05-27 19:03:23.410   536   536 D commservice260303: sendCmdToPort :332!!!
05-27 19:03:23.410   536   536 D commservice260303: send Cmd To Port ++++5AA501488A010004718F6A16CF7B7B22636F6D6D616E64223A7B226964223A22696D755F737461747573222C22737562223A22227D2C22636F6E74656E74223A7B2254696D655374616D70223A31312C224672616D65436F756E746572223A3237343135332C2247445F58223A2D302E3031313435333135333536353532363030392C2247445F59223A302E303035373235373936333334343435343736352C2247445F5A223A302E3030323531393037393934393730363739332C2241445F58223A332E38383339383736363531373633393136452D342C2241445F59223A332E393236333937313834383431333335452D342C2241445F5A223A2D302E31363935323939313438353539353730332C2254656D70447370223A302C22537461747573223A302C2243616C69625374617465223A312C22536967416D70496E76616C6964223A307D7DCEC6
05-27 19:03:23.410   536   536 D commservice260303: bufferevent_write retrun value = 0
05-27 19:03:23.410   536   560 D commservice260303: client datas send succeed,send finish
05-27 08:54:32.374   581   581 D spi_rst_gpio_get_output: GPIO 145 value: 0
05-27 08:54:32.374   581   581 D spidev_ioctl: gpio status=0)
05-27 19:03:23.411 13911 14192 D Sentinelmode_1.2.5.17_sentry: <SentryImuClusterFgeSender>imu_status sent to Linux, frame=274153, tsNs=11670656, tsMs=11, intervalMs=42, ad=(3.8839877E-4,3.9263972E-4,-0.16952991), gd=(-0.011453154,0.0057257963,0.00251908)
05-27 19:03:23.414   283   307 I rvcservice: t.code = 4, t.value = 0
05-27 08:54:32.389   581   581 D spi_rst_gpio_get_output: GPIO 145 value: 1
05-27 08:54:32.389   581   581 D spidev_ioctl: gpio status=1)
05-27 19:03:23.417   299 30841 D EvsDriver: forwardFrame
05-27 19:03:23.420  1008 30856 D [OMXB]  : usingANWBuffer: handle:0xee7440b0, format:1, w:1920, h:1080
05-27 19:03:23.420   299 30841 D EvsDriver: Delivered 0xb400007b7ca56a60 as id 0
05-27 19:03:23.421  1167  1167 D evsmanagerd: /dev/video4 forwarded the buffer #0 to 0xb4000074bf5f6850 from 0xb4000074bf5f41d0
05-27 19:03:23.423   566 11459 I gps_hdbd: Received: '$BDGSV,1,1,00,5*71
'
05-27 19:03:23.424   830   830 D SurfaceFlinger: unisoc-graphics, commit has frameMissed:2, vysncId:234622
05-27 19:03:23.424   581   581 I SpiService: fgesysctrl_getGPIO_status success val=1
05-27 19:03:23.426   299 30844 D EvsDriver: forwardFrame
05-27 19:03:23.427   299  1153 D EvsDriver: doneWithFrame
05-27 19:03:23.428   299 30844 D EvsDriver: Delivered 0xb400007b7ca56900 as id 0
05-27 19:03:23.428 13911 14183 I SentryImuMcuAngleSender: 179.993rollDeg
05-27 19:03:23.428  1167  1167 D evsmanagerd: /dev/video6 forwarded the buffer #0 to 0xb4000074bf5f5510 from 0xb4000074bf5f6d90
05-27 08:54:32.395   581   581 D spi_rst_gpio_get_output: GPIO 145 value: 1
05-27 08:54:32.395   581   581 D spidev_ioctl: gpio status=1)
05-27 19:03:23.428 13911 14183 I SentryImuMcuAngleSender: 1,0,0
05-27 19:03:23.428 30773 30783 E dvr_service_: [myNum:1] Received S**** loss
05-27 19:03:23.429   299  1153 D EvsDriver: doneWithFrame
05-27 19:03:23.430   581   581 I SpiService: fgesysctrl_getGPIO_status success val=1
05-27 19:03:23.430   566 11459 I gps_hdbd: Received: '$GPGSV,1,1,01,199,42,165,,1*60
'
05-27 19:03:23.431   566 11459 I gps_hdbd: Received: '$GPGSV,1,1,00,8*6D
'
05-27 19:03:23.432   566 11459 I gps_hdbd: Received: '$GAGSV,1,1,00,7*73
'
05-27 19:03:23.432   566 11459 I gps_hdbd: Received: '$GAGSV,1,1,00,1*75
'
05-27 19:03:23.432   566 11459 I gps_hdbd: Received: '$GNRMC,011914.000,V,,,,,,,270526,120.0,E,N,V*49
'
05-27 19:03:23.432   566 11459 I gps_hdbd: RMC : CALL gnss_sv_status_cb, view_in_sat <1>
05-27 19:03:23.432   566 11459 I gps_hdbd: [reportSvStatus]--->PLATFORM_BSP::Enter
05-27 19:03:23.432   566 11459 I gps_hdbd: hy abnormal deal:hy_cnr30_satellite_cnt=0
05-27 19:03:23.432   566 11459 D gps_hdbd: hy abnormal deal:hy_fixStatus_fail_count=0
05-27 19:03:23.433   566 11459 I gps_hdbd: Received: '$GNZDA,011914.000,27,05,2026,00,00*42
'
05-27 19:03:23.433  1083  1083 W MyAppLog: [2026-05-27 19:03:23.432 W tboxap gpsSyncGpsInfoToDm:361] [Gps] [gpsSyncGpsInfoToDm] fix=0 mode=49 corner:0x01 alt=0.00 sat=0 hdop=0.00 pdop=0.00 vdop=0.00
05-27 19:03:23.435 13549 13801 I ADAYO_LOG_: call(KernelFunc.java:312)currentWatchKernelFilePath = /mnt/log_data/AndroidLog/kernel/default-1.txt
05-27 19:03:23.435 13549 13801 I ADAYO_LOG_: call(KernelFunc.java:335)kernel fileSize:15679152,singleFileMaxSize:52428800
05-27 19:03:23.429 13549 13549 I CACHEABLE: type=1400 audit(0.0:76206): avc: denied { search } for name="/" dev="vda93" ino=2 scontext=u:r:system_app:s0 tcontext=u:object_r:log_data_file:s0 tclass=dir permissive=1
05-27 19:03:23.429 13549 13549 I auditd  : type=1400 audit(0.0:76207): avc: denied { getattr } for comm="CACHEABLE" path="/mnt/log_data/AndroidLog/kernel/default-1.txt" dev="vda93" ino=180272 scontext=u:r:system_app:s0 tcontext=u:object_r:log_data_file:s0 tclass=file permissive=1
05-27 19:03:23.429 13549 13549 I CACHEABLE: type=1400 audit(0.0:76207): avc: denied { getattr } for path="/mnt/log_data/AndroidLog/kernel/default-1.txt" dev="vda93" ino=180272 scontext=u:r:system_app:s0 tcontext=u:object_r:log_data_file:s0 tclass=file permissive=1
05-27 08:54:32.400   581   581 D spi_rst_gpio_get_output: GPIO 145 value: 1
05-27 08:54:32.400   581   581 D spidev_ioctl: gpio status=1)
05-27 19:03:23.436  1008 30857 D [OMXB]  : usingANWBuffer: handle:0xee7437c0, format:1, w:1920, h:1080
05-27 19:03:23.441   581   581 I SpiService: fgesysctrl_getGPIO_status success val=1
05-27 08:54:32.406   581   581 D spi_rst_gpio_get_output: GPIO 145 value: 1
05-27 08:54:32.406   581   581 D spidev_ioctl: gpio status=1)
05-27 08:54:32.411   581   581 D spi_rst_gpio_get_output: GPIO 145 value: 1
05-27 08:54:32.411   581   581 D spidev_ioctl: gpio status=1)
05-27 19:03:23.446   581   581 I SpiService: fgesysctrl_getGPIO_status success val=1
05-27 19:03:23.447   299 30844 D EvsDriver: forwardFrame
05-27 19:03:23.448   299 30841 D EvsDriver: forwardFrame
05-27 19:03:23.448   299 30844 D EvsDriver: Delivered 0xb400007b7ca56900 as id 0
05-27 19:03:23.448  1167  1167 D evsmanagerd: /dev/video6 forwarded the buffer #0 to 0xb4000074bf5f5510 from 0xb4000074bf5f6d90
05-27 19:03:23.449   299 30841 D EvsDriver: Delivered 0xb400007b7ca56a60 as id 0
05-27 19:03:23.449 13911 14183 I SentryImuMcuAngleSender: -179.993rollDeg
05-27 19:03:23.449 13911 14183 I SentryImuMcuAngleSender: 1,0,0
05-27 19:03:23.450  1167  1167 D evsmanagerd: /dev/video4 forwarded the buffer #0 to 0xb4000074bf5f6850 from 0xb4000074bf5f41d0
05-27 19:03:23.451 30773 30773 E dvr_service_: [myNum:0] Received S**** loss
05-27 19:03:23.451   299  1153 D EvsDriver: doneWithFrame
05-27 19:03:23.452   581   581 I SpiService: fgesysctrl_getGPIO_status success val=0
05-27 19:03:23.452   536   536 D commservice260303: msg.id = 1028,0
05-27 19:03:23.452   536   536 D commservice260303: i = 170, msgid = 8A000404
05-27 19:03:23.452   536   536 D commservice260303: msgid = -1979710460,did=138
05-27 19:03:23.453   536   536 D commservice260303: CommProtocolLibCmdBaseI2C::dataproc {"command":{"id":"imu_status","sub":""},"content":{"TimeStamp":11,"FrameCounter":274154,"GD_X":-0.011834942735731602,"GD_Y":0.00549693126231432,"GD_Z":0.0023671966046094894,"AD_X":-8.399933576583862E-4,"AD_Y":-0.002041746862232685,"AD_Z":-0.17074966430664062,"TempDsp":0,"Status":0,"CalibState":1,"SigAmpInvalid":0}},-1979710460
05-27 19:03:23.453   566 11459 I gps_hdbd: Received: '$GNINS,1,1,TYPE,I,V,011914.000,20265000,FUS,-7,0,0,0,MOT,V,1,PATT,0.00,0.00,0.00,VEL,0.000,0.000,0.000,POS,40.0001330924,116.0001570688,84.176,IIA,1,0.00,0.00,0.00,BGA,0.31,-0.66,-0.13,0.000,0.000,0.000,IGA,0,-1,0,0,-2,98,VG,16c2ff1*18
'
05-27 08:54:32.417   581   581 D spi_rst_gpio_get_output: GPIO 145 value: 0
05-27 08:54:32.417   581   581 D spidev_ioctl: gpio status=0)
05-27 19:03:23.453   536   536 D commservice260303: send2Cluster len:316, 7B22636F6D6D616E64223A7B226964223A22696D755F737461747573222C22737562223A22227D2C22636F6E74656E74223A7B2254696D655374616D70223A31312C224672616D65436F756E746572223A3237343135342C2247445F58223A2D302E3031313833343934323733353733313630322C2247445F59223A302E30303534393639333132363233313433322C2247445F5A223A302E303032333637313936363034363039343839342C2241445F58223A2D382E333939393333353736353833383632452D342C2241445F59223A2D302E3030323034313734363836323233323638352C2241445F5A223A2D302E31373037343936363433303636343036322C2254656D70447370223A302C22537461747573223A302C2243616C69625374617465223A312C22536967416D70496E76616C6964223A307D7D, 138 
05-27 19:03:23.453   536   536 D commservice260303: Push Message into SendPool fn=-1871641600
05-27 19:03:23.453   536   536 D commservice260303: ComProtocolLibSend2Cluster::send2ClusterRaw fn=-1871641600 , len=332
05-27 19:03:23.453   536   536 D commservice260303: sendCmdToPort :332!!!
05-27 19:03:23.453   536   536 D commservice260303: send Cmd To Port ++++5AA501488A01000471906A16CF7B7B22636F6D6D616E64223A7B226964223A22696D755F737461747573222C22737562223A22227D2C22636F6E74656E74223A7B2254696D655374616D70223A31312C224672616D65436F756E746572223A3237343135342C2247445F58223A2D302E3031313833343934323733353733313630322C2247445F59223A302E30303534393639333132363233313433322C2247445F5A223A302E303032333637313936363034363039343839342C2241445F58223A2D382E333939393333353736353833383632452D342C2241445F59223A2D302E3030323034313734363836323233323638352C2241445F5A223A2D302E31373037343936363433303636343036322C2254656D70447370223A302C22537461747573223A302C2243616C69625374617465223A312C22536967416D70496E76616C6964223A307D7D45B7
05-27 19:03:23.453   536   536 D commservice260303: bufferevent_write retrun value = 0
05-27 19:03:23.454   536   560 D commservice260303: client datas send succeed,send finish
05-27 19:03:23.454 13911 14192 D Sentinelmode_1.2.5.17_sentry: <SentryImuClusterFgeSender>imu_status sent to Linux, frame=274154, tsNs=11670684, tsMs=11, intervalMs=43, ad=(-8.3999336E-4,-0.0020417469,-0.17074966), gd=(-0.011834943,0.0054969313,0.0023671966)
05-27 19:03:23.455   299  1153 D EvsDriver: doneWithFrame
05-27 19:03:23.457   566 11459 I gps_hdbd: Received: '$GNINS,CARSPEED,ADR_STATUS,0,Pulse_count,0,1,0,0,20265000,116500,0.000,0.000,0.000*06
'
05-27 19:03:23.463   566 11459 I gps_hdbd: Received: '$GNTXT,04,01,04,INS,V,1,,,,FLG,1,000000,1,0,1,0,0,Con,0*71
'
05-27 19:03:23.466 10188 12411 I ActivityManager: Death received in com.android.server.am.ActivityManagerService$AppDeathRecipient@674b68d for thread android.os.BinderProxy@d5ee042, proc:ProcessRecord{c618cf4 23682:com.anwsdk.service:remote/1000}
05-27 19:03:23.467 13435 13435 D BtManager: onServiceDisconnected
05-27 19:03:23.467   581   581 I SpiService: fgesysctrl_getGPIO_status success val=1
05-27 19:03:23.467 10188 12411 I ActivityManager: Process com.anwsdk.service:remote (pid 23682) has died: cch CACC
05-27 19:03:23.467 10188 12411 I am_proc_died: [0,23682,com.anwsdk.service:remote,900,17]
05-27 08:54:32.431   581   581 D spi_rst_gpio_get_output: GPIO 145 value: 1
05-27 08:54:32.431   581   581 D spidev_ioctl: gpio status=1)
05-27 19:03:23.468 10188 10678 I libprocessgroup: Successfully killed process cgroup uid 1000 pid 23682 in 0ms
05-27 19:03:23.468   566 11459 I gps_hdbd: Received: '$GNTXT,INSTALL,0.00,0.00,0.00,0.00,0.00,0.00,0*20
'
05-27 19:03:23.469   572   622 I Sensors : 230 GyroSensor: x:-0.011682,y:0.005497,z:0.002596
05-27 19:03:23.469 13911 14183 I SentryImuMcuAngleSender: -179.986rollDeg
05-27 19:03:23.469 13911 14183 I SentryImuMcuAngleSender: 1,0,0
05-27 19:03:23.470 10188 12411 I ActivityManager: app ProcessRecord{c618cf4 23682:com.anwsdk.service:remote/1000} mThread:android.app.IApplicationThread$Stub$Proxy@ec5c853 mDeathRecipient:com.android.server.am.ActivityManagerService$AppDeathRecipient@674b68d has been unlinked.
05-27 19:03:23.471 10041 10041 I Zygote  : Process 23682 exited cleanly (1)
05-27 19:03:23.471 10188 12411 W ActivityManager: Scheduling restart of crashed service com.anwsdk.service/.anwbtservice in 0ms for persistent
05-27 19:03:23.471 10188 12411 I am_schedule_service_restart: [0,com.anwsdk.service/.anwbtservice,0]
05-27 19:03:23.472 10188 12411 I ActivityManager: note: ProcessRecord{c618cf4 23682:com.anwsdk.service:remote/1000} died, saving the exit info
05-27 19:03:23.472 10188 10680 I ActivityManager: Update process exit info for com.anwsdk.service(23682/u1000)
05-27 19:03:23.472   581   581 I SpiService: fgesysctrl_getGPIO_status success val=1
05-27 19:03:23.473 10188 10678 I ActivityManager: Got SIGCHLD from zygote: pid=23682, uid=1000, status=100
05-27 19:03:23.473 10188 10680 I ActivityManager: zygote: proc died: pid=23682 uid=1000, status=256
05-27 19:03:23.473 10188 10680 E UnisocStabilityCollection: getKill:true,cur=0,killType=3 ,name=proc_died:1000, reason=proc_died
05-27 19:03:23.473 10188 10680 E UnisocStabilityCollection: getKill sum:26
05-27 19:03:23.474 10188 12411 D ActivityTaskManager: put all activities to cleanup list, wpc=ProcessRecord{c618cf4 0:com.anwsdk.service:remote/1000} mHasActivities=false activeActivitySize=0
05-27 19:03:23.475  1008 30857 D [OMXB]  : usingANWBuffer: handle:0xee7427f0, format:1, w:1920, h:1080
05-27 08:54:32.437   581   581 D spidev_ioctl: gpio status=1)
05-27 08:54:32.442   581   581 D spi_rst_gpio_get_output: GPIO 145 value: 1
05-27 08:54:32.442   581   581 D spidev_ioctl: gpio status=1)
05-27 19:03:23.478   581   581 I SpiService: fgesysctrl_getGPIO_status success val=1
05-27 19:03:23.479 10188 10660 I ActivityManager: com.anwsdk.service is exempt from freezer
05-27 19:03:23.479 10188 10660 D CompatibilityChangeReporter: Compat change id reported: 135634846; UID 1000; state: DISABLED
05-27 19:03:23.480 10188 10660 D CompatibilityChangeReporter: Compat change id reported: 177438394; UID 1000; state: DISABLED
05-27 19:03:23.480 10188 10660 D CompatibilityChangeReporter: Compat change id reported: 135772972; UID 1000; state: DISABLED
05-27 19:03:23.480 10188 10660 D CompatibilityChangeReporter: Compat change id reported: 135754954; UID 1000; state: ENABLED
05-27 19:03:23.480 10188 10660 D ActivityManager: ProcessRecord{71c590 0:com.anwsdk.service:remote/1000} setPendingStart=true callers=com.android.server.am.ProcessList.startProcessLocked:1922 com.android.server.am.UnisocProcessList.startProcessLocked:320 com.android.server.am.ProcessList.startProcessLocked:2391 com.android.server.am.ProcessList.startProcessLocked:2534 com.android.server.am.ActivityManagerService.startProcessLocked:2890 com.android.server.am.ActiveServices.bringUpServiceLocked:4326 com.android.server.am.ActiveServices.performServiceRestartLocked:4104 com.android.server.am.ActiveServices$ServiceRestarter.run:3320 android.os.Handler.handleCallback:942 android.os.Handler.dispatchMessage:99 
05-27 19:03:23.480 10188 10660 I ActivityManager: Posting procStart msg for 0:com.anwsdk.service:remote/1000
05-27 19:03:23.480 10188 10661 D ActivityManager: asking zygote to start proc:ProcessRecord{71c590 0:com.anwsdk.service:remote/1000}
05-27 19:03:23.481 10188 10661 D Prefork : startResult is empty and running normal execution.
05-27 19:03:23.481 10188 10188 D JobScheduler.Quota: Processing event 31 for <0>com.anwsdk.service
05-27 19:03:23.483   581   581 I SpiService: fgesysctrl_getGPIO_status success val=1
05-27 19:03:23.484   299 30844 D EvsDriver: forwardFrame
05-27 08:54:32.448   581   581 D spi_rst_gpio_get_output: GPIO 145 value: 1
05-27 08:54:32.448   581   581 D spidev_ioctl: gpio status=1)
05-27 19:03:23.486   299 30844 D EvsDriver: Delivered 0xb400007b7ca56900 as id 0
05-27 19:03:23.487  1167  1479 D evsmanagerd: /dev/video6 forwarded the buffer #0 to 0xb4000074bf5f5510 from 0xb4000074bf5f6d90
05-27 19:03:23.489   299 30841 D EvsDriver: forwardFrame
05-27 19:03:23.489   581   581 I SpiService: fgesysctrl_getGPIO_status success val=1
05-27 19:03:23.490 13911 14183 I SentryImuMcuAngleSender: -179.97899rollDeg
05-27 19:03:23.490 13911 14183 I SentryImuMcuAngleSender: 1,0,0
05-27 19:03:23.490   299 30841 D EvsDriver: Delivered 0xb400007b7ca56a60 as id 0
05-27 19:03:23.490 11344 11344 E SystemUI_NavBarFragment: SysUIConfig.icCarServiceConnected：false
05-27 19:03:23.490  1167  1479 D evsmanagerd: /dev/video4 forwarded the buffer #0 to 0xb4000074bf5f6850 from 0xb4000074bf5f41d0
05-27 19:03:23.492   299  1153 D EvsDriver: doneWithFrame
05-27 19:03:23.492   830   830 D SurfaceFlinger: unisoc-graphics, commit has frameMissed:2, vysncId:234625
05-27 19:03:23.492   536   536 D commservice260303: msg.id = 1028,0
05-27 19:03:23.492   536   536 D commservice260303: i = 170, msgid = 8A000404
05-27 19:03:23.492   536   536 D commservice260303: msgid = -1979710460,did=138
05-27 19:03:23.492   536   536 D commservice260303: CommProtocolLibCmdBaseI2C::dataproc {"command":{"id":"imu_status","sub":""},"content":{"TimeStamp":11,"FrameCounter":274155,"GD_X":-0.01221725158393383,"GD_Y":0.0057257963344454765,"GD_Z":0.0019079053308814764,"AD_X":-0.0038796812295913696,"AD_Y":-0.003215968841686845,"AD_Z":-0.1756296157836914,"TempDsp":0,"Status":0,"CalibState":1,"SigAmpInvalid":0}},-1979710460
05-27 19:03:23.493   536   536 D commservice260303: send2Cluster len:317, 7B22636F6D6D616E64223A7B226964223A22696D755F737461747573222C22737562223A22227D2C22636F6E74656E74223A7B2254696D655374616D70223A31312C224672616D65436F756E746572223A3237343135352C2247445F58223A2D302E30313232313732353135383339333338332C2247445F59223A302E303035373235373936333334343435343736352C2247445F5A223A302E303031393037393035333330383831343736342C2241445F58223A2D302E303033383739363831323239353931333639362C2241445F59223A2D302E3030333231353936383834313638363834352C2241445F5A223A2D302E313735363239363135373833363931342C2254656D70447370223A302C22537461747573223A302C2243616C69625374617465223A312C22536967416D70496E76616C6964223A307D7D, 138 
05-27 19:03:23.493   536   536 D commservice260303: Push Message into SendPool fn=-1854864384
05-27 19:03:23.493   536   536 D commservice260303: ComProtocolLibSend2Cluster::send2ClusterRaw fn=-1854864384 , len=333
05-27 19:03:23.493   536   536 D commservice260303: sendCmdToPort :333!!!
05-27 19:03:23.493   536   536 D commservice260303: send Cmd To Port ++++5AA501498A01000471916A16CF7B7B22636F6D6D616E64223A7B226964223A22696D755F737461747573222C22737562223A22227D2C22636F6E74656E74223A7B2254696D655374616D70223A31312C224672616D65436F756E746572223A3237343135352C2247445F58223A2D302E30313232313732353135383339333338332C2247445F59223A302E303035373235373936333334343435343736352C2247445F5A223A302E303031393037393035333330383831343736342C2241445F58223A2D302E303033383739363831323239353931333639362C2241445F59223A2D302E3030333231353936383834313638363834352C2241445F5A223A2D302E313735363239363135373833363931342C2254656D70447370223A302C22537461747573223A302C2243616C69625374617465223A312C22536967416D70496E76616C6964223A307D7DCC6A
05-27 19:03:23.493   536   536 D commservice260303: bufferevent_write retrun value = 0
05-27 19:03:23.493   536   560 D commservice260303: client datas send succeed,send finish
05-27 08:54:32.454   581   581 D spi_rst_gpio_get_output: GPIO 145 value: 1
05-27 19:03:23.495   299  1153 D EvsDriver: doneWithFrame
05-27 08:54:32.454   581   581 D spidev_ioctl: gpio status=1)
05-27 08:54:32.460   581   581 D spi_rst_gpio_get_output: GPIO 145 value: 0
05-27 08:54:32.460   581   581 D spidev_ioctl: gpio status=0)
05-27 19:03:23.495   581   581 I SpiService: fgesysctrl_getGPIO_status success val=0
05-27 19:03:23.496 13911 14192 D Sentinelmode_1.2.5.17_sentry: <SentryImuClusterFgeSender>imu_status sent to Linux, frame=274155, tsNs=11670739, tsMs=11, intervalMs=41, ad=(-0.0038796812,-0.0032159688,-0.17562962), gd=(-0.012217252,0.0057257963,0.0019079053)
05-27 19:03:23.500 10041 10041 D Zygote  : Forked child process 23755
05-27 19:03:23.501 10188 10661 I am_proc_start: [0,23755,1000,com.anwsdk.service:remote,service,{com.anwsdk.service/com.anwsdk.service.anwbtservice}]
05-27 19:03:23.501 10188 10661 I ActivityManager: Start proc 23755:com.anwsdk.service:remote/1000 for service {com.anwsdk.service/com.anwsdk.service.anwbtservice}
05-27 19:03:23.502 10188 10661 D ActivityManager: ProcessRecord{71c590 23755:com.anwsdk.service:remote/1000} setPendingStart=false callers=com.android.server.am.ProcessList.handleProcessStartedLocked:2646 com.android.server.am.UnisocProcessList.handleProcessStartedLocked:377 com.android.server.am.ProcessList.handleProcessStartedLocked:2585 com.android.server.am.ProcessList.lambda$handleProcessStart$1$com-android-server-am-ProcessList:1993 com.android.server.am.ProcessList$$ExternalSyntheticLambda1.run:22 com.android.server.am.ProcessList.handleProcessStart:2016 com.android.server.am.ProcessList.lambda$startProcessLocked$0$com-android-server-am-ProcessList:1950 com.android.server.am.ProcessList$$ExternalSyntheticLambda5.run:22 android.os.Handler.handleCallback:942 android.os.Handler.dispatchMessage:99 
05-27 19:03:23.509   830   830 D SurfaceFlinger: unisoc-graphics, commit has frameMissed:2, vysncId:234626
05-27 19:03:23.511 13911 14183 I SentryImuMcuAngleSender: 179.986rollDeg
05-27 19:03:23.512 13911 14183 I SentryImuMcuAngleSender: 1,0,0
05-27 19:03:23.512   581   581 I SpiService: fgesysctrl_getGPIO_status success val=1
05-27 19:03:23.515 23755 23755 I Zygote  : seccomp disabled by setenforce 0
05-27 19:03:23.515   283   307 I rvcservice: t.code = 3, t.value = 0
05-27 08:54:32.477   581   581 D spidev_ioctl: gpio status=1)
05-27 19:03:23.517   299 30844 D EvsDriver: forwardFrame
05-27 19:03:23.517   299 30841 D EvsDriver: forwardFrame
05-27 19:03:23.520   299 30841 D EvsDriver: Delivered 0xb400007b7ca56a60 as id 0
05-27 19:03:23.521  1167  1167 D evsmanagerd: /dev/video4 forwarded the buffer #0 to 0xb4000074bf5f6850 from 0xb4000074bf5f41d0
05-27 19:03:23.521  1167  1479 D evsmanagerd: /dev/video6 forwarded the buffer #0 to 0xb4000074bf5f5510 from 0xb4000074bf5f6d90
05-27 19:03:23.523   581   581 I SpiService: fgesysctrl_getGPIO_status success val=1
05-27 08:54:32.487   581   581 D spi_rst_gpio_get_output: GPIO 145 value: 1
05-27 08:54:32.487   581   581 D spidev_ioctl: gpio status=1)
05-27 19:03:23.525 30773 30785 I dvr_service_: [EncoderHandler::runMediaThread] runMediaThread started:1,state:1, cam2:started:1,state:1, lastSwitch:1, mIsMuxerStart:1,format:0,is_str_ing:0
05-27 19:03:23.526   299 30844 D EvsDriver: Delivered 0xb400007b7ca56900 as id 0
05-27 08:54:32.491 30837 30837 W audit   : audit_lost=45117 audit_rate_limit=5 audit_backlog_limit=64
05-27 08:54:32.491 30837 30837 E audit   : rate limit exceeded
05-27 08:54:32.493   581   581 D spi_rst_gpio_get_output: GPIO 145 value: 1
05-27 08:54:32.493   581   581 D spidev_ioctl: gpio status=1)
05-27 19:03:23.526   299  1153 D EvsDriver: doneWithFrame
05-27 19:03:23.529   581   581 I SpiService: fgesysctrl_getGPIO_status success val=1
05-27 19:03:23.529   299  1153 D EvsDriver: doneWithFrame
05-27 19:03:23.530 23755 23755 I .service:remote: Late-enabling -Xcheck:jni
05-27 19:03:23.534 13911 14183 I SentryImuMcuAngleSender: 179.95796rollDeg
05-27 19:03:23.534 13911 14183 I SentryImuMcuAngleSender: 1,0,0
05-27 19:03:23.535  1008 30856 D [OMXB]  : usingANWBuffer: handle:0xee742ed0, format:1, w:1920, h:1080
05-27 19:03:23.536   581   581 I SpiService: fgesysctrl_getGPIO_status success val=0
05-27 08:54:32.499   581   581 D spi_rst_gpio_get_output: GPIO 145 value: 0
05-27 08:54:32.499   581   581 D spidev_ioctl: gpio status=0)
05-27 19:03:23.537   536   536 D commservice260303: msg.id = 1028,0
05-27 19:03:23.537   536   536 D commservice260303: i = 170, msgid = 8A000404
05-27 19:03:23.537   536   536 D commservice260303: msgid = -1979710460,did=138
05-27 19:03:23.537   536   536 D commservice260303: CommProtocolLibCmdBaseI2C::dataproc {"command":{"id":"imu_status","sub":""},"content":{"TimeStamp":11,"FrameCounter":274156,"GD_X":-0.011759000830352306,"GD_Y":0.004123218357563019,"GD_Z":0.0023671966046094894,"AD_X":-0.003266572952270508,"AD_Y":0.006517098285257816,"AD_Z":-0.17014026641845703,"TempDsp":0,"Status":0,"CalibState":1,"SigAmpInvalid":0}},-1979710460
05-27 19:03:23.538   536   536 D commservice260303: send2Cluster len:316, 7B22636F6D6D616E64223A7B226964223A22696D755F737461747573222C22737562223A22227D2C22636F6E74656E74223A7B2254696D655374616D70223A31312C224672616D65436F756E746572223A3237343135362C2247445F58223A2D302E3031313735393030303833303335323330362C2247445F59223A302E3030343132333231383335373536333031392C2247445F5A223A302E303032333637313936363034363039343839342C2241445F58223A2D302E3030333236363537323935323237303530382C2241445F59223A302E3030363531373039383238353235373831362C2241445F5A223A2D302E31373031343032363634313834353730332C2254656D70447370223A302C22537461747573223A302C2243616C69625374617465223A312C22536967416D70496E76616C6964223A307D7D, 138 
05-27 19:03:23.538   536   536 D commservice260303: Push Message into SendPool fn=-1838087168
05-27 19:03:23.538   536   536 D commservice260303: ComProtocolLibSend2Cluster::send2ClusterRaw fn=-1838087168 , len=332
05-27 19:03:23.538   536   536 D commservice260303: sendCmdToPort :332!!!
05-27 19:03:23.538   536   536 D commservice260303: send Cmd To Port ++++5AA501488A01000471926A16CF7B7B22636F6D6D616E64223A7B226964223A22696D755F737461747573222C22737562223A22227D2C22636F6E74656E74223A7B2254696D655374616D70223A31312C224672616D65436F756E746572223A3237343135362C2247445F58223A2D302E3031313735393030303833303335323330362C2247445F59223A302E3030343132333231383335373536333031392C2247445F5A223A302E303032333637313936363034363039343839342C2241445F58223A2D302E3030333236363537323935323237303530382C2241445F59223A302E3030363531373039383238353235373831362C2241445F5A223A2D302E31373031343032363634313834353730332C2254656D70447370223A302C22537461747573223A302C2243616C69625374617465223A312C22536967416D70496E76616C6964223A307D7D8DB6
05-27 19:03:23.538   536   536 D commservice260303: bufferevent_write retrun value = 0
05-27 19:03:23.538   536   560 D commservice260303: client datas send succeed,send finish
05-27 19:03:23.539 13911 14192 D Sentinelmode_1.2.5.17_sentry: <SentryImuClusterFgeSender>imu_status sent to Linux, frame=274156, tsNs=11670775, tsMs=11, intervalMs=43, ad=(-0.003266573,0.0065170983,-0.17014027), gd=(-0.011759001,0.0041232184,0.0023671966)
05-27 19:03:23.541   299 30841 D EvsDriver: forwardFrame
05-27 19:03:23.543  1167  1479 D evsmanagerd: /dev/video4 forwarded the buffer #0 to 0xb4000074bf5f6850 from 0xb4000074bf5f41d0
05-27 19:03:23.543  1083  1083 I MyAppLog: [2026-05-27 19:03:23.543 I tboxap mcuSendYadiTransfer:196] [Mcu] [mcuYadiSend]: :00 08 9B 04 01 09 81 02 01 01
05-27 19:03:23.544   572   572 I Sensors : 230 AccelSensor: x:-0.172019,y:0.008540,z:-9.977160
05-27 19:03:23.546   299  1153 D EvsDriver: doneWithFrame
05-27 19:03:23.551   481   599 I mcuc    : start timer OK = 32955 
05-27 19:03:23.554   581   581 I SpiService: fgesysctrl_getGPIO_status success val=1
05-27 19:03:23.554 13911 14183 I SentryImuMcuAngleSender: 179.95096rollDeg
05-27 19:03:23.555 13911 14183 I SentryImuMcuAngleSender: 1,0,0
05-27 19:03:23.555   299 30841 D EvsDriver: Delivered 0xb400007b7ca56a60 as id 0
05-27 19:03:23.558   536  2579 D commservice260303: send heart beat package to Cluster
05-27 19:03:23.558   536  2579 D commservice260303: send2Cluster len:40, 7B22636F6D6D616E64223A7B226964223A22686561727462656174222C22737562223A22227D7D0A, 129 
05-27 19:03:23.558   536  2579 D commservice260303: Push Message into SendPool fn=-1821309952
05-27 19:03:23.558   536  2579 D commservice260303: ComProtocolLibSend2Cluster::send2ClusterRaw fn=-1821309952 , len=56
05-27 19:03:23.558   536  2579 D commservice260303: sendCmdToPort :56!!!
05-27 19:03:23.558   536  2579 D commservice260303: send Cmd To Port ++++5AA500348101000471936A16CF7B7B22636F6D6D616E64223A7B226964223A22686561727462656174222C22737562223A22227D7D0AC585
05-27 19:03:23.559   536  2579 D commservice260303: bufferevent_write retrun value = 0
05-27 19:03:23.559   299 30844 D EvsDriver: forwardFrame
05-27 19:03:23.559   536   560 D commservice260303: client datas send succeed,send finish
05-27 19:03:23.560   581   581 I SpiService: fgesysctrl_getGPIO_status success val=1
05-27 19:03:23.561   536   560 D commservice260303: recv len:91, 5AA5005701000000447D6A16CF7B7B22636F6D6D616E64223A7B226964223A22686561727462656174222C22737562223A22227D2C22726573706F6E65223A7B22636F6465223A302C226D657373616765223A226F6B227D7DCEB5 from server
05-27 19:03:23.561   536  2578 D commservice260303: mcuDataAnalyzeHandle templen:91,len:91,pos:0, 5AA5005701000000447D6A16CF7B7B22636F6D6D616E64223A7B226964223A22686561727462656174222C22737562223A22227D2C22726573706F6E65223A7B22636F6465223A302C226D657373616765223A226F6B227D7DCEB5 
05-27 19:03:23.561   536  2578 I commservice260303: checksumCal = 52917
05-27 19:03:23.561   536  2578 D commservice260303: Protocol_C2I_Commservice::dataproc {"command":{"id":"heartbeat","sub":""},"respone":{"code":0,"message":"ok"}},1
05-27 19:03:23.561   536  2578 D commservice260303: Protocol_C2I_Commservice::dataproc Receive a heartbeat command from Cluster, setTcpHeartbeat = EID_UID_HEARTBEAT
05-27 08:54:32.518   581   581 D spi_rst_gpio_get_output: GPIO 145 value: 1
05-27 19:03:23.562   299 30844 D EvsDriver: Delivered 0xb400007b7ca56900 as id 0
05-27 19:03:23.562  1167  1479 D evsmanagerd: /dev/video6 forwarded the buffer #0 to 0xb4000074bf5f5510 from 0xb4000074bf5f6d90
05-27 08:54:32.518   581   581 D spidev_ioctl: gpio status=1)
05-27 08:54:32.525   581   581 D spi_rst_gpio_get_output: GPIO 145 value: 1
05-27 08:54:32.525   581   581 D spidev_ioctl: gpio status=1)
05-27 19:03:23.565   299  1153 D EvsDriver: doneWithFrame
05-27 19:03:23.566   581   581 I SpiService: fgesysctrl_getGPIO_status success val=1
05-27 08:54:32.531   581   581 D spi_rst_gpio_get_output: GPIO 145 value: 1
05-27 08:54:32.531   581   581 D spidev_ioctl: gpio status=1)
05-27 19:03:23.572   581   581 I SpiService: fgesysctrl_getGPIO_status success val=1
05-27 08:54:32.537   581   581 D spi_rst_gpio_get_output: GPIO 145 value: 1
05-27 08:54:32.537   581   581 D spidev_ioctl: gpio status=1)
05-27 19:03:23.575 13911 14183 I SentryImuMcuAngleSender: 179.95796rollDeg
05-27 19:03:23.575 13911 14183 I SentryImuMcuAngleSender: 1,0,0
05-27 19:03:23.577   830   830 D SurfaceFlinger: unisoc-graphics, commit has frameMissed:2, vysncId:234629
05-27 19:03:23.578   581   581 I SpiService: fgesysctrl_getGPIO_status success val=1
05-27 08:54:32.543   581   581 D spi_rst_gpio_get_output: GPIO 145 value: 1
05-27 08:54:32.543   581   581 D spidev_ioctl: gpio status=1)
05-27 19:03:23.580   536   536 D commservice260303: msg.id = 1028,1
05-27 19:03:23.580   536   536 D commservice260303: i = 170, msgid = 8A000404
05-27 19:03:23.580   536   536 D commservice260303: msgid = -1979710460,did=138
05-27 19:03:23.581   536   536 D commservice260303: CommProtocolLibCmdBaseI2C::dataproc {"command":{"id":"imu_status","sub":""},"content":{"TimeStamp":11,"FrameCounter":274157,"GD_X":-0.011834942735731602,"GD_Y":0.004656890872865915,"GD_Z":0.002213752595707774,"AD_X":-0.0014417171478271484,"AD_Y":0.006471858359873295,"AD_Z":-0.17074966430664062,"TempDsp":0,"Status":0,"CalibState":1,"SigAmpInvalid":0}},-1979710460
05-27 19:03:23.581   536   536 D commservice260303: send2Cluster len:316, 7B22636F6D6D616E64223A7B226964223A22696D755F737461747573222C22737562223A22227D2C22636F6E74656E74223A7B2254696D655374616D70223A31312C224672616D65436F756E746572223A3237343135372C2247445F58223A2D302E3031313833343934323733353733313630322C2247445F59223A302E3030343635363839303837323836353931352C2247445F5A223A302E3030323231333735323539353730373737342C2241445F58223A2D302E303031343431373137313437383237313438342C2241445F59223A302E3030363437313835383335393837333239352C2241445F5A223A2D302E31373037343936363433303636343036322C2254656D70447370223A302C22537461747573223A302C2243616C69625374617465223A312C22536967416D70496E76616C6964223A307D7D, 138 
05-27 19:03:23.581   536   536 D commservice260303: Push Message into SendPool fn=-1804532736
05-27 19:03:23.581   536   536 D commservice260303: ComProtocolLibSend2Cluster::send2ClusterRaw fn=-1804532736 , len=332
05-27 19:03:23.581   536   536 D commservice260303: sendCmdToPort :332!!!
05-27 19:03:23.581   536   536 D commservice260303: send Cmd To Port ++++5AA501488A01000471946A16CF7B7B22636F6D6D616E64223A7B226964223A22696D755F737461747573222C22737562223A22227D2C22636F6E74656E74223A7B2254696D655374616D70223A31312C224672616D65436F756E746572223A3237343135372C2247445F58223A2D302E3031313833343934323733353733313630322C2247445F59223A302E3030343635363839303837323836353931352C2247445F5A223A302E3030323231333735323539353730373737342C2241445F58223A2D302E303031343431373137313437383237313438342C2241445F59223A302E3030363437313835383335393837333239352C2241445F5A223A2D302E31373037343936363433303636343036322C2254656D70447370223A302C22537461747573223A302C2243616C69625374617465223A312C22536967416D70496E76616C6964223A307D7D689F
05-27 19:03:23.581   536   536 D commservice260303: bufferevent_write retrun value = 0
05-27 19:03:23.581   536   560 D commservice260303: client datas send succeed,send finish
05-27 19:03:23.582 23755 23755 D .service:remote: Received session metadata: 5646991634811367975
05-27 19:03:23.584   581   581 I SpiService: fgesysctrl_getGPIO_status success val=0
05-27 19:03:23.584   481   597 I mcuc    : send SPI:6AA60180BB00F809019B040109810201010000000000000000000000000000000000000000000000000000000000000000000000000000000000000000000000000000000000000000000000000000000000000000000000000000000000000000000000000000000000000000000000000000000000000000000000000000000000000000000000000000000000000000000000000000000000000000000000000000000000000000000000000000000000000000000000000000000000000000000000000000000000000000000000000000000000000000000000000000000000000000000000000000000000000000000000000000000000000000000094
05-27 19:03:23.584 13911 14192 D Sentinelmode_1.2.5.17_sentry: <SentryImuClusterFgeSender>imu_status sent to Linux, frame=274157, tsNs=11670811, tsMs=11, intervalMs=43, ad=(-0.0014417171,0.0064718584,-0.17074966), gd=(-0.011834943,0.004656891,0.0022137526)
05-27 08:54:32.548   581   581 D spi_rst_gpio_get_output: GPIO 145 value: 0
05-27 08:54:32.548   581   581 D spidev_ioctl: gpio status=0)
05-27 19:03:23.586   299 30844 D EvsDriver: forwardFrame
05-27 19:03:23.587   299 30841 D EvsDriver: forwardFrame
05-27 19:03:23.588   299 30844 D EvsDriver: Delivered 0xb400007b7ca56900 as id 0
05-27 19:03:23.588  1167  1479 D evsmanagerd: /dev/video6 forwarded the buffer #0 to 0xb4000074bf5f5510 from 0xb4000074bf5f6d90
05-27 19:03:23.588 30773 30783 E dvr_service_: [myNum:1] Received S**** loss
05-27 19:03:23.589   299  1153 D EvsDriver: doneWithFrame
05-27 19:03:23.589   299 30841 D EvsDriver: Delivered 0xb400007b7ca56a60 as id 0
05-27 19:03:23.589  1167  1479 D evsmanagerd: /dev/video4 forwarded the buffer #0 to 0xb4000074bf5f6850 from 0xb4000074bf5f41d0
05-27 19:03:23.591   299  1153 D EvsDriver: doneWithFrame
05-27 19:03:23.596 13911 14183 I SentryImuMcuAngleSender: 179.99298rollDeg
05-27 19:03:23.596 13911 14183 I SentryImuMcuAngleSender: 1,0,0
05-27 19:03:23.598   581   581 I SpiService: fgesysctrl_getGPIO_status success val=1
05-27 08:54:32.562   581   581 D spi_rst_gpio_get_output: GPIO 145 value: 1
05-27 08:54:32.562   581   581 D spidev_ioctl: gpio status=1)
05-27 19:03:23.603   581   581 I SpiService: fgesysctrl_getGPIO_status success val=1
05-27 08:54:32.568   581   581 D spi_rst_gpio_get_output: GPIO 145 value: 1
05-27 08:54:32.568   581   581 D spidev_ioctl: gpio status=1)
05-27 19:03:23.606 30773 30786 I dvr_service_: CameraX 0  audioOK: 132694043,audios:1990
05-27 19:03:23.608   581   581 I SpiService: fgesysctrl_getGPIO_status success val=1
05-27 08:54:32.570     0     0 E         : c1 [    C1] |__c2e     mmc1:  598    0    0    0    0    0    0    0    0    0    0    0    0    0
05-27 08:54:32.570     0     0 E         : c1 [    C1] |__d2e     mmc1:  209    0    0    0    0    0    0    0    0    0    0    0    0    0
05-27 08:54:32.570     0     0 E         : c1 [    C1] |__blocks  mmc1:    0  155   45    7    2    0    0    0    0    0    0    0    0    0
05-27 08:54:32.570     0     0 E         : c1 [    C1] |__speed   mmc1: r= 0.0 M/s, w= 0.0 M/s, r_blk= 0, w_blk= 0
05-27 08:54:32.573   581   581 D spi_rst_gpio_get_output: GPIO 145 value: 1
05-27 08:54:32.573   581   581 D spidev_ioctl: gpio status=1)
05-27 19:03:23.613   299 30841 D EvsDriver: forwardFrame
05-27 19:03:23.613   299 30844 D EvsDriver: forwardFrame
05-27 19:03:23.615   581   581 I SpiService: fgesysctrl_getGPIO_status success val=1
05-27 19:03:23.616   283   307 I rvcservice: t.code = 1, t.value = -173850
05-27 19:03:23.616   299 30844 D EvsDriver: Delivered 0xb400007b7ca56900 as id 0
05-27 19:03:23.616  1167  1479 D evsmanagerd: /dev/video6 forwarded the buffer #0 to 0xb4000074bf5f5510 from 0xb4000074bf5f6d90
05-27 19:03:23.617   299 30841 D EvsDriver: Delivered 0xb400007b7ca56a60 as id 0
05-27 19:03:23.617  1167  1167 D evsmanagerd: /dev/video4 forwarded the buffer #0 to 0xb4000074bf5f6850 from 0xb4000074bf5f41d0
05-27 19:03:23.617 30773 30773 E dvr_service_: [myNum:0] Received S**** loss
05-27 19:03:23.618   299  1153 D EvsDriver: doneWithFrame
05-27 19:03:23.618   536   536 D commservice260303: msg.id = 1028,2
05-27 19:03:23.618   536   536 D commservice260303: i = 170, msgid = 8A000404
05-27 19:03:23.619   536   536 D commservice260303: msgid = -1979710460,did=138
05-27 19:03:23.619   536   536 D commservice260303: CommProtocolLibCmdBaseI2C::dataproc {"command":{"id":"imu_status","sub":""},"content":{"TimeStamp":11,"FrameCounter":274158,"GD_X":-0.011759000830352306,"GD_Y":0.006032164208590984,"GD_Z":0.002213752595707774,"AD_X":9.68441367149353E-4,"AD_Y":-0.0026590516790747643,"AD_Z":-0.17074966430664062,"TempDsp":0,"Status":0,"CalibState":1,"SigAmpInvalid":0}},-1979710460
05-27 19:03:23.619   536   536 D commservice260303: send2Cluster len:315, 7B22636F6D6D616E64223A7B226964223A22696D755F737461747573222C22737562223A22227D2C22636F6E74656E74223A7B2254696D655374616D70223A31312C224672616D65436F756E746572223A3237343135382C2247445F58223A2D302E3031313735393030303833303335323330362C2247445F59223A302E3030363033323136343230383539303938342C2247445F5A223A302E3030323231333735323539353730373737342C2241445F58223A392E3638343431333637313439333533452D342C2241445F59223A2D302E303032363539303531363739303734373634332C2241445F5A223A2D302E31373037343936363433303636343036322C2254656D70447370223A302C22537461747573223A302C2243616C69625374617465223A312C22536967416D70496E76616C6964223A307D7D, 138 
05-27 19:03:23.619 13911 14183 I SentryImuMcuAngleSender: -179.98949rollDeg
05-27 19:03:23.619   536   536 D commservice260303: Push Message into SendPool fn=-1787755520
05-27 19:03:23.619 13911 14183 I SentryImuMcuAngleSender: 1,0,0
05-27 19:03:23.619   536   536 D commservice260303: ComProtocolLibSend2Cluster::send2ClusterRaw fn=-1787755520 , len=331
05-27 19:03:23.619   536   536 D commservice260303: sendCmdToPort :331!!!
05-27 08:54:32.580   581   581 D spi_rst_gpio_get_output: GPIO 145 value: 1
05-27 08:54:32.580   581   581 D spidev_ioctl: gpio status=1)
05-27 19:03:23.619   536   536 D commservice260303: send Cmd To Port ++++5AA501478A01000471956A16CF7B7B22636F6D6D616E64223A7B226964223A22696D755F737461747573222C22737562223A22227D2C22636F6E74656E74223A7B2254696D655374616D70223A31312C224672616D65436F756E746572223A3237343135382C2247445F58223A2D302E3031313735393030303833303335323330362C2247445F59223A302E3030363033323136343230383539303938342C2247445F5A223A302E3030323231333735323539353730373737342C2241445F58223A392E3638343431333637313439333533452D342C2241445F59223A2D302E303032363539303531363739303734373634332C2241445F5A223A2D302E31373037343936363433303636343036322C2254656D70447370223A302C22537461747573223A302C2243616C69625374617465223A312C22536967416D70496E76616C6964223A307D7DEA73
05-27 19:03:23.619   536   536 D commservice260303: bufferevent_write retrun value = 0
05-27 19:03:23.619   299  1153 D EvsDriver: doneWithFrame
05-27 19:03:23.619   536   560 D commservice260303: client datas send succeed,send finish
05-27 19:03:23.620 13911 14192 D Sentinelmode_1.2.5.17_sentry: <SentryImuClusterFgeSender>imu_status sent to Linux, frame=274158, tsNs=11670864, tsMs=11, intervalMs=38, ad=(9.6844137E-4,-0.0026590517,-0.17074966), gd=(-0.011759001,0.006032164,0.0022137526)
05-27 19:03:23.621   581   581 I SpiService: fgesysctrl_getGPIO_status success val=0
05-27 19:03:23.622  1116  1135 I adbd    : jdwp connection from 23755
05-27 08:54:32.585   581   581 D spi_rst_gpio_get_output: GPIO 145 value: 0
05-27 08:54:32.585   581   581 D spidev_ioctl: gpio status=0)
05-27 19:03:23.631   572   572 I Sensors : 230 GyroSensor: x:-0.011988,y:0.006414,z:0.002290
05-27 19:03:23.632   481   598 I mcuc    : rev,n=1,6AA68280BB0002090137
05-27 19:03:23.635  1008 30857 D [OMXB]  : usingANWBuffer: handle:0xee742320, format:1, w:1920, h:1080
05-27 19:03:23.635   581   581 I SpiService: fgesysctrl_getGPIO_status success val=1
05-27 08:54:32.600   581   581 D spi_rst_gpio_get_output: GPIO 145 value: 1
05-27 08:54:32.600   581   581 D spidev_ioctl: gpio status=1)
05-27 19:03:23.640 13911 14183 I SentryImuMcuAngleSender: -179.98949rollDeg
05-27 19:03:23.640 13911 14183 I SentryImuMcuAngleSender: 1,0,0
05-27 19:03:23.641   581   581 I SpiService: fgesysctrl_getGPIO_status success val=1
05-27 19:03:23.642   536   560 D commservice260303: recv len:77, 5AA5004906000000447E6A16CF7B7B22636F6D6D616E64223A7B226964223A226473695F6C7578222C22737562223A22227D2C22636F6E74656E74223A7B2276616C7565223A3230307D7D5685 from server
05-27 19:03:23.643   299 30841 D EvsDriver: forwardFrame
05-27 19:03:23.643   536  2578 D commservice260303: mcuDataAnalyzeHandle templen:77,len:77,pos:0, 5AA5004906000000447E6A16CF7B7B22636F6D6D616E64223A7B226964223A226473695F6C7578222C22737562223A22227D2C22636F6E74656E74223A7B2276616C7565223A3230307D7D5685 
05-27 19:03:23.643   536  2578 I commservice260303: checksumCal = 22149
05-27 19:03:23.643   536  2578 D commservice260303: CommProtocolLibCmdBaseC2I::dataproc {"command":{"id":"dsi_lux","sub":""},"content":{"value":200}},6
05-27 19:03:23.643 23755 23755 W ziparchive: Unable to open '/system_ext/framework/unisoc-framework.dm': No such file or directory
05-27 19:03:23.643 23755 23755 W ziparchive: Unable to open '/system_ext/framework/unisoc-framework.dm': No such file or directory
05-27 19:03:23.643   536  2578 D commservice260303: mcuCommMessageManager::notifyMsgToClient hwbinder OK
05-27 19:03:23.643   536  2578 D commservice260303: McuProtocolLibSend2Service::send2Service ret=1
05-27 19:03:23.644 12246 12440 D ivicomm_CommManager: fgeComServiceCallback: {"command":{"id":"dsi_lux","sub":""},"content":{"value":200}}
05-27 19:03:23.644   299 30844 D EvsDriver: forwardFrame
05-27 19:03:23.644   830   830 D SurfaceFlinger: unisoc-graphics, commit has frameMissed:2, vysncId:234632
05-27 19:03:23.645 12246 12440 D ivicomm_CallbackManager: registerCallback DSI_LUX: {"value":200} mCommStateCallbackMap size:4
05-27 19:03:23.647   581   581 I SpiService: fgesysctrl_getGPIO_status success val=1
05-27 19:03:23.647  1167  1167 D evsmanagerd: /dev/video6 forwarded the buffer #0 to 0xb4000074bf5f5510 from 0xb4000074bf5f6d90
05-27 19:03:23.647 11579 11719 D NSLogUtils_VehicleService: L2A comm state: id=dsi_lux, value=200
05-27 08:54:32.606   581   581 D spi_rst_gpio_get_output: GPIO 145 value: 1
05-27 08:54:32.606   581   581 D spidev_ioctl: gpio status=1)
