05-27 19:03:17.734   536   536 D commservice260303: send2Cluster len:317, 7B22636F6D6D616E64223A7B226964223A22696D755F737461747573222C22737562223A22227D2C22636F6E74656E74223A7B2254696D655374616D70223A31312C224672616D65436F756E746572223A3237343031352C2247445F58223A2D302E3031313833343934323733353733313630322C2247445F59223A302E303033383136383530393439303738373938332C2247445F5A223A302E303032303630383238393633323934363235332C2241445F58223A2D302E3030323338333630343634353732393036352C2241445F59223A302E3030353531373634363637303334313439322C2241445F5A223A2D302E31373331393438383532353339303632352C2254656D70447370223A302C22537461747573223A302C2243616C69625374617465223A312C22536967416D70496E76616C6964223A307D7D, 138 
05-27 19:03:17.734   536   536 D commservice260303: Push Message into SendPool fn=40961024
05-27 19:03:17.735   536   536 D commservice260303: ComProtocolLibSend2Cluster::send2ClusterRaw fn=40961024 , len=333
05-27 19:03:17.735   536   536 D commservice260303: sendCmdToPort :333!!!
05-27 19:03:17.735   536   536 D commservice260303: send Cmd To Port ++++5AA501498A01000471026A16CF757B22636F6D6D616E64223A7B226964223A22696D755F737461747573222C22737562223A22227D2C22636F6E74656E74223A7B2254696D655374616D70223A31312C224672616D65436F756E746572223A3237343031352C2247445F58223A2D302E3031313833343934323733353733313630322C2247445F59223A302E303033383136383530393439303738373938332C2247445F5A223A302E303032303630383238393633323934363235332C2241445F58223A2D302E3030323338333630343634353732393036352C2241445F59223A302E3030353531373634363637303334313439322C2241445F5A223A2D302E31373331393438383532353339303632352C2254656D70447370223A302C22537461747573223A302C2243616C69625374617465223A312C22536967416D70496E76616C6964223A307D7D72E3
05-27 19:03:17.735   536   536 D commservice260303: bufferevent_write retrun value = 0
05-27 19:03:17.735   536   560 D commservice260303: client datas send succeed,send finish
05-27 19:03:17.735 13911 14192 D Sentinelmode_1.2.5.17_sentry: <SentryImuClusterFgeSender>imu_status sent to Linux, frame=274015, tsNs=11664964, tsMs=11, intervalMs=41, ad=(-0.0023836046,0.0055176467,-0.17319489), gd=(-0.011834943,0.003816851,0.002060829)
05-27 19:03:17.738   581   581 I SpiService: fgesysctrl_getGPIO_status success val=0
05-27 19:03:17.738   481   597 I mcuc    : send SPI:6AA602EAEE000289009B6AA60080AB00050412010000B9
05-27 08:54:26.702   581   581 D spi_rst_gpio_get_output: GPIO 145 value: 0
05-27 08:54:26.702   581   581 D spidev_ioctl: gpio status=0)
05-27 19:03:17.747   572   572 I Sensors : 230 GyroSensor: x:-0.011377,y:0.005115,z:0.002367
05-27 19:03:17.748  1008 30856 D [OMXB]  : usingANWBuffer: handle:0xee745760, format:1, w:1920, h:1080
05-27 19:03:17.749 30773 30789 I dvr_service_: Camera 0: MediaOK:126836087, frames:1710, isKeyFrame:0,pts:11664248763
05-27 19:03:17.750 13911 14183 I SentryImuMcuAngleSender: 179.9895rollDeg
05-27 19:03:17.750   299 30841 D EvsDriver: forwardFrame
05-27 19:03:17.750 13911 14183 I SentryImuMcuAngleSender: 1,0,0
05-27 19:03:17.752  1167  1479 D evsmanagerd: /dev/video4 forwarded the buffer #0 to 0xb4000074bf5f6850 from 0xb4000074bf5f41d0
05-27 19:03:17.752   299 30844 D EvsDriver: forwardFrame
05-27 19:03:17.752   299 30841 D EvsDriver: Delivered 0xb400007b7ca56a60 as id 0
05-27 19:03:17.755   299 30844 D EvsDriver: Delivered 0xb400007b7ca56900 as id 0
05-27 19:03:17.755  1167  1479 D evsmanagerd: /dev/video6 forwarded the buffer #0 to 0xb4000074bf5f5510 from 0xb4000074bf5f6d90
05-27 19:03:17.755 30773 30783 E dvr_service_: [myNum:1] Received S**** loss
05-27 08:54:26.720   581   581 D spi_rst_gpio_get_output: GPIO 145 value: 1
05-27 19:03:17.756   581   581 I SpiService: fgesysctrl_getGPIO_status success val=1
05-27 08:54:26.721   581   581 D spidev_ioctl: gpio status=1)
05-27 19:03:17.756   299  1153 D EvsDriver: doneWithFrame
05-27 19:03:17.756   566  1171 I gps_hdbd: [gps_upgrade_thread 3506]Enter
05-27 19:03:17.757   566  1171 I gps_hdbd: [gps_upgrade_thread 3535] sys.gps.update:0 ,file:not ,upgrate_ing:0
05-27 19:03:17.757   299  1153 D EvsDriver: doneWithFrame
05-27 19:03:17.762   581   581 I SpiService: fgesysctrl_getGPIO_status success val=1
05-27 08:54:26.726   581   581 D spi_rst_gpio_get_output: GPIO 145 value: 1
05-27 08:54:26.726   581   581 D spidev_ioctl: gpio status=1)
05-27 08:54:26.732   581   581 D spi_rst_gpio_get_output: GPIO 145 value: 1
05-27 08:54:26.732   581   581 D spidev_ioctl: gpio status=1)
05-27 08:54:26.738   581   581 D spi_rst_gpio_get_output: GPIO 145 value: 1
05-27 08:54:26.738   581   581 D spidev_ioctl: gpio status=1)
05-27 19:03:17.768   581   581 I SpiService: fgesysctrl_getGPIO_status success val=1
05-27 19:03:17.774   581   581 I SpiService: fgesysctrl_getGPIO_status success val=1
05-27 19:03:17.775   269   269 D libvintf: HalManifest::getHidlTransport(framework): Cannot find android.hardware.usb@1.0::IUsb/default
05-27 19:03:17.776   269   269 D libvintf: HalManifest::getHidlTransport(device): Cannot find android.hardware.usb@1.0::IUsb/default
05-27 19:03:17.776   269   269 I hwservicemanager: getTransport: Cannot find entry android.hardware.usb@1.0::IUsb/default in either framework or device VINTF manifest.
05-27 19:03:17.777 13911 14183 I SentryImuMcuAngleSender: 179.993rollDeg
05-27 19:03:17.777 13911 14183 I SentryImuMcuAngleSender: 1,0,0
05-27 19:03:17.777   536   560 D commservice260303: recv len:129, 5AA5007D0600000044746A16CF757B22636F6D6D616E64223A7B226964223A22417564696F5F466F6375735F52657175657374222C22737562223A22227D2C22636F6E74656E74223A7B22617564696F54797065223A362C22666F63757354797065223A312C2273657373696F6E6964223A39343438393238303531327D7DD9D4 from server
05-27 19:03:17.777   536   536 D commservice260303: msg.id = 1028,0
05-27 19:03:17.777   536   536 D commservice260303: i = 170, msgid = 8A000404
05-27 19:03:17.777   536   536 D commservice260303: msgid = -1979710460,did=138
05-27 19:03:17.778   536   536 D commservice260303: CommProtocolLibCmdBaseI2C::dataproc {"command":{"id":"imu_status","sub":""},"content":{"TimeStamp":11,"FrameCounter":274016,"GD_X":-0.011377211660146713,"GD_Y":0.0051151420921087265,"GD_Z":0.0023671966046094894,"AD_X":-0.0023875534534454346,"AD_Y":0.0012335145147517323,"AD_Z":-0.17319488525390625,"TempDsp":0,"Status":0,"CalibState":1,"SigAmpInvalid":0}},-1979710460
05-27 19:03:17.778   536  2578 D commservice260303: mcuDataAnalyzeHandle templen:129,len:129,pos:0, 5AA5007D0600000044746A16CF757B22636F6D6D616E64223A7B226964223A22417564696F5F466F6375735F52657175657374222C22737562223A22227D2C22636F6E74656E74223A7B22617564696F54797065223A362C22666F63757354797065223A312C2273657373696F6E6964223A39343438393238303531327D7DD9D4 
05-27 19:03:17.778   536  2578 I commservice260303: checksumCal = 55764
05-27 08:54:26.744   581   581 D spi_rst_gpio_get_output: GPIO 145 value: 1
05-27 08:54:26.744   581   581 D spidev_ioctl: gpio status=1)
05-27 08:54:26.750   581   581 D spi_rst_gpio_get_output: GPIO 145 value: 0
05-27 08:54:26.750   581   581 D spidev_ioctl: gpio status=0)
05-27 19:03:17.778   536  2578 D commservice260303: CommProtocolLibCmdBaseC2I::dataproc {"command":{"id":"Audio_Focus_Request","sub":""},"content":{"audioType":6,"focusType":1,"sessionid":94489280512}},6
05-27 19:03:17.778   536   536 D commservice260303: send2Cluster len:319, 7B22636F6D6D616E64223A7B226964223A22696D755F737461747573222C22737562223A22227D2C22636F6E74656E74223A7B2254696D655374616D70223A31312C224672616D65436F756E746572223A3237343031362C2247445F58223A2D302E3031313337373231313636303134363731332C2247445F59223A302E303035313135313432303932313038373236352C2247445F5A223A302E303032333637313936363034363039343839342C2241445F58223A2D302E303032333837353533343533343435343334362C2241445F59223A302E303031323333353134353134373531373332332C2241445F5A223A2D302E31373331393438383532353339303632352C2254656D70447370223A302C22537461747573223A302C2243616C69625374617465223A312C22536967416D70496E76616C6964223A307D7D, 138 
05-27 19:03:17.778   536   536 D commservice260303: Push Message into SendPool fn=57738240
05-27 19:03:17.778   536   536 D commservice260303: ComProtocolLibSend2Cluster::send2ClusterRaw fn=57738240 , len=335
05-27 19:03:17.778   536   536 D commservice260303: sendCmdToPort :335!!!
05-27 19:03:17.778   536  2578 D commservice260303: mcuCommMessageManager::notifyMsgToClient hwbinder OK
05-27 19:03:17.778   536  2578 D commservice260303: McuProtocolLibSend2Service::send2Service ret=1
05-27 19:03:17.778   536   536 D commservice260303: send Cmd To Port ++++5AA5014B8A01000471036A16CF757B22636F6D6D616E64223A7B226964223A22696D755F737461747573222C22737562223A22227D2C22636F6E74656E74223A7B2254696D655374616D70223A31312C224672616D65436F756E746572223A3237343031362C2247445F58223A2D302E3031313337373231313636303134363731332C2247445F59223A302E303035313135313432303932313038373236352C2247445F5A223A302E303032333637313936363034363039343839342C2241445F58223A2D302E303032333837353533343533343435343334362C2241445F59223A302E303031323333353134353134373531373332332C2241445F5A223A2D302E31373331393438383532353339303632352C2254656D70447370223A302C22537461747573223A302C2243616C69625374617465223A312C22536967416D70496E76616C6964223A307D7D698F
05-27 19:03:17.778   536   536 D commservice260303: bufferevent_write retrun value = 0
05-27 19:03:17.778 12246 12440 D ivicomm_CommManager: fgeComServiceCallback: {"command":{"id":"Audio_Focus_Request","sub":""},"content":{"audioType":6,"focusType":1,"sessionid":94489280512}}
05-27 19:03:17.779   536   560 D commservice260303: client datas send succeed,send finish
05-27 19:03:17.779   299 30841 D EvsDriver: forwardFrame
05-27 19:03:17.779 13911 14192 D Sentinelmode_1.2.5.17_sentry: <SentryImuClusterFgeSender>imu_status sent to Linux, frame=274016, tsNs=11664998, tsMs=11, intervalMs=43, ad=(-0.0023875535,0.0012335145,-0.17319489), gd=(-0.011377212,0.005115142,0.0023671966)
05-27 19:03:17.779 12246 12440 D ivicomm_CallbackManager: registerCallback AUDIO_FOCUS_REQUEST: {"audioType":6,"focusType":1,"sessionid":94489280512} mMediaCallbackMap size:1
05-27 19:03:17.780 12226 15974 D CommAudioInteraction: onAudioFocusStatus ID: Audio_Focus_Request,mediaInfo: com.yadea.apf.commonaidl.bean.MediaInfo@2cfe8e1
05-27 19:03:17.780   581   581 I SpiService: fgesysctrl_getGPIO_status success val=1
05-27 19:03:17.780 12226 15974 D NsrAudioManager: requestAudioFocus audioType: 6,focusType: 1
05-27 19:03:17.780 12348 12448 E ExtUsbManager: UsbHalController: android.hardware.usb.V1_0.IUsb getService failed!
05-27 19:03:17.780 12348 12448 E ExtUsbManager: java.util.NoSuchElementException
05-27 19:03:17.780 12348 12448 E ExtUsbManager: 	at android.os.HwBinder.getService(Native Method)
05-27 19:03:17.780 12348 12448 E ExtUsbManager: 	at android.os.HwBinder.getService(HwBinder.java:81)
05-27 19:03:17.780 12348 12448 E ExtUsbManager: 	at android.hardware.usb.V1_0.IUsb.getService(IUsb.java:74)
05-27 19:03:17.780 12348 12448 E ExtUsbManager: 	at android.hardware.usb.V1_0.IUsb.getService(IUsb.java:84)
05-27 19:03:17.780 12348 12448 E ExtUsbManager: 	at ts.car.usb.UsbHalController.createService(UsbHalController.java:37)
05-27 19:03:17.780 12348 12448 E ExtUsbManager: 	at ts.car.usb.UsbHalController.createService(UsbHalController.java:18)
05-27 19:03:17.780 12348 12448 E ExtUsbManager: 	at ts.car.usb.utils.AutoServiceConnector4Hidl.autoConnect(AutoServiceConnector4Hidl.java:47)
05-27 19:03:17.780 12348 12448 E ExtUsbManager: 	at ts.car.usb.utils.AutoServiceConnector4Hidl$$ExternalSyntheticLambda0.run(Unknown Source:2)
05-27 19:03:17.780 12348 12448 E ExtUsbManager: 	at android.os.Handler.handleCallback(Handler.java:942)
05-27 19:03:17.780 12348 12448 E ExtUsbManager: 	at android.os.Handler.dispatchMessage(Handler.java:99)
05-27 19:03:17.780 12348 12448 E ExtUsbManager: 	at android.os.Looper.loopOnce(Looper.java:201)
05-27 19:03:17.780 12348 12448 E ExtUsbManager: 	at android.os.Looper.loop(Looper.java:288)
05-27 19:03:17.780 12348 12448 E ExtUsbManager: 	at android.os.HandlerThread.run(HandlerThread.java:67)
05-27 19:03:17.780  1167  1479 D evsmanagerd: /dev/video4 forwarded the buffer #0 to 0xb4000074bf5f6850 from 0xb4000074bf5f41d0
05-27 19:03:17.781 30773 30773 E dvr_service_: [myNum:0] Received S**** loss
05-27 19:03:17.781   299 30844 D EvsDriver: forwardFrame
05-27 19:03:17.782   299  1153 D EvsDriver: doneWithFrame
05-27 19:03:17.782   299 30841 D EvsDriver: Delivered 0xb400007b7ca56a60 as id 0
05-27 19:03:17.782  1167  1184 D evsmanagerd: /dev/video6 forwarded the buffer #0 to 0xb4000074bf5f5510 from 0xb4000074bf5f6d90
05-27 19:03:17.783   299 30844 D EvsDriver: Delivered 0xb400007b7ca56900 as id 0
05-27 19:03:17.784 10188 10454 I MediaFocusControl: requestAudioFocus() from uid/pid 10072/12226 AA=USAGE_ASSISTANCE_SONIFICATION/CONTENT_TYPE_UNKNOWN clientId=android.media.AudioManager@5801f2ecom.yadea.apf.vehicleservice.manager.NsrAudioManager$$ExternalSyntheticLambda0@ca17acf callingPack=com.yadea.apf.vehicleservice req=2 flags=0x0 sdk=33
05-27 19:03:17.785   581   581 I SpiService: fgesysctrl_getGPIO_status success val=0
05-27 19:03:17.786   269   269 D libvintf: HalManifest::getHidlTransport(framework): Cannot find vendor.ts.usbext@1.0::IUsbext/default
05-27 19:03:17.786   269   269 D libvintf: HalManifest::getHidlTransport(device): Cannot find vendor.ts.usbext@1.0::IUsbext/default
05-27 19:03:17.786   283   307 I rvcservice: t.code = 3, t.value = 0
05-27 19:03:17.786   269   269 I hwservicemanager: getTransport: Cannot find entry vendor.ts.usbext@1.0::IUsbext/default in either framework or device VINTF manifest.
05-27 19:03:17.787 12348 12448 E ExtUsbManager: UsbHalExtController: vendor.ts.usbext.V1_0.IUsbext getService failed!
05-27 19:03:17.787 12348 12448 E ExtUsbManager: java.util.NoSuchElementException
05-27 19:03:17.787 12348 12448 E ExtUsbManager: 	at android.os.HwBinder.getService(Native Method)
05-27 19:03:17.787 12348 12448 E ExtUsbManager: 	at android.os.HwBinder.getService(HwBinder.java:81)
05-27 19:03:17.787 12348 12448 E ExtUsbManager: 	at vendor.ts.usbext.V1_0.IUsbext.getService(IUsbext.java:74)
05-27 19:03:17.787 12348 12448 E ExtUsbManager: 	at vendor.ts.usbext.V1_0.IUsbext.getService(IUsbext.java:84)
05-27 19:03:17.787 12348 12448 E ExtUsbManager: 	at ts.car.usb.UsbHalExtController.createService(UsbHalExtController.java:37)
05-27 19:03:17.787 12348 12448 E ExtUsbManager: 	at ts.car.usb.UsbHalExtController.createService(UsbHalExtController.java:18)
05-27 19:03:17.787 12348 12448 E ExtUsbManager: 	at ts.car.usb.utils.AutoServiceConnector4Hidl.autoConnect(AutoServiceConnector4Hidl.java:47)
05-27 19:03:17.787 12348 12448 E ExtUsbManager: 	at ts.car.usb.utils.AutoServiceConnector4Hidl$$ExternalSyntheticLambda0.run(Unknown Source:2)
05-27 19:03:17.787 12348 12448 E ExtUsbManager: 	at android.os.Handler.handleCallback(Handler.java:942)
05-27 19:03:17.787 12348 12448 E ExtUsbManager: 	at android.os.Handler.dispatchMessage(Handler.java:99)
05-27 19:03:17.787 12348 12448 E ExtUsbManager: 	at android.os.Looper.loopOnce(Looper.java:201)
05-27 19:03:17.787 12348 12448 E ExtUsbManager: 	at android.os.Looper.loop(Looper.java:288)
05-27 19:03:17.787 12348 12448 E ExtUsbManager: 	at android.os.HandlerThread.run(HandlerThread.java:67)
05-27 19:03:17.787 11346 11346 I CarAudioFocus: [AudioFocus - req] gain - client - usage: 
05-27 19:03:17.787 11346 11346 I CarAudioFocus:      - GAIN_TRANSIENT
05-27 19:03:17.787 11346 11346 I CarAudioFocus:      - android.media.AudioManager@5801f2ecom.yadea.apf.vehicleservice.manager.NsrAudioManager$$ExternalSyntheticLambda0@ca17acf
05-27 19:03:17.787 11346 11346 I CarAudioFocus:      - 13
05-27 19:03:17.787 11346 11346 I CarAudioFocus: [AudioFocus - req] requestedContext - allowDucking - allowDelayedFocus: 
05-27 19:03:17.787 11346 11346 I CarAudioFocus:      - SYSTEM_SOUND
05-27 19:03:17.787 11346 11346 I CarAudioFocus:      - false
05-27 19:03:17.787 11346 11346 I CarAudioFocus:      - false
05-27 19:03:17.787 11346 11346 I CarAudioFocus: Scanning focus holders...
05-27 19:03:17.787   269   269 D libvintf: HalManifest::getHidlTransport(framework): Cannot find android.hardware.usb.gadget@1.0::IUsbGadget/default
05-27 19:03:17.787   269   269 D libvintf: HalManifest::getHidlTransport(device): Cannot find android.hardware.usb.gadget@1.0::IUsbGadget/default
05-27 19:03:17.787 11346 11346 I CarAudioFocus: Scanning those who've already lost focus...
05-27 19:03:17.787   269   269 I hwservicemanager: getTransport: Cannot find entry android.hardware.usb.gadget@1.0::IUsbGadget/default in either framework or device VINTF manifest.
05-27 19:03:17.787 11346 11346 I CarAudioFocus: AUDIOFOCUS_REQUEST_GRANTED
05-27 19:03:17.788 12348 12448 E ExtUsbManager: UsbGadgetController: android.hardware.usb.gadget.V1_0.IUsbGadget getService failed!
05-27 19:03:17.788 12348 12448 E ExtUsbManager: java.util.NoSuchElementException
05-27 19:03:17.788 12348 12448 E ExtUsbManager: 	at android.os.HwBinder.getService(Native Method)
05-27 19:03:17.788 12348 12448 E ExtUsbManager: 	at android.os.HwBinder.getService(HwBinder.java:81)
05-27 19:03:17.788 12348 12448 E ExtUsbManager: 	at android.hardware.usb.gadget.V1_0.IUsbGadget.getService(IUsbGadget.java:74)
05-27 19:03:17.788 12348 12448 E ExtUsbManager: 	at android.hardware.usb.gadget.V1_0.IUsbGadget.getService(IUsbGadget.java:84)
05-27 19:03:17.788 12348 12448 E ExtUsbManager: 	at ts.car.usb.UsbGadgetController.createService(UsbGadgetController.java:36)
05-27 19:03:17.788 12348 12448 E ExtUsbManager: 	at ts.car.usb.UsbGadgetController.createService(UsbGadgetController.java:17)
05-27 19:03:17.788 12348 12448 E ExtUsbManager: 	at ts.car.usb.utils.AutoServiceConnector4Hidl.autoConnect(AutoServiceConnector4Hidl.java:47)
05-27 19:03:17.788 12348 12448 E ExtUsbManager: 	at ts.car.usb.utils.AutoServiceConnector4Hidl$$ExternalSyntheticLambda0.run(Unknown Source:2)
05-27 19:03:17.788 12348 12448 E ExtUsbManager: 	at android.os.Handler.handleCallback(Handler.java:942)
05-27 19:03:17.788 12348 12448 E ExtUsbManager: 	at android.os.Handler.dispatchMessage(Handler.java:99)
05-27 19:03:17.788 12348 12448 E ExtUsbManager: 	at android.os.Looper.loopOnce(Looper.java:201)
05-27 19:03:17.788 12348 12448 E ExtUsbManager: 	at android.os.Looper.loop(Looper.java:288)
05-27 19:03:17.788 12348 12448 E ExtUsbManager: 	at android.os.HandlerThread.run(HandlerThread.java:67)
05-27 19:03:17.788 11346 11346 I CarAudioFocus: onAudioFocusRequest for client android.media.AudioManager@5801f2ecom.yadea.apf.vehicleservice.manager.NsrAudioManager$$ExternalSyntheticLambda0@ca17acf with gain type GAIN_TRANSIENT resulted in REQUEST_GRANTED
05-27 19:03:17.788 11346 11346 I CarDucking: to duck list []
05-27 19:03:17.788 11346 11346 I CarDucking: to unduck list []
05-27 19:03:17.789   299  1153 D EvsDriver: doneWithFrame
05-27 19:03:17.790 12226 15974 D NsrAudioManager: requestAudioFocus1 focus: 1
05-27 19:03:17.790 12226 15974 D CommAudioInteraction: sendAudioInfo focusResult: 0
05-27 19:03:17.790 12226 15974 D ivicomm_SDK_IviCommManager: sendCommValue id:Audio_Focus_Change sub:
05-27 19:03:17.791 12246 12440 D ivicomm_MyService: sendCommValue packageName:com.yadea.apf.vehicleservice id:Audio_Focus_Change sub:
05-27 19:03:17.791 12246 12440 E ivicomm_MyService: runOrQueue mIsReady:true
05-27 19:03:17.791 12246 12440 D ivicomm_SendManager: sendCommBundle id:Audio_Focus_Change sub:
05-27 19:03:17.792 12246 12440 D ivicomm_CommManager: sendCommValue: messageId=1016, param={"command":{"id":"Audio_Focus_Change","sub":""},"content":{"sessionid":94489280512,"value":0}}
05-27 19:03:17.792   536   536 D commservice260303: msg.id = 1016,1
05-27 19:03:17.792   536   536 D commservice260303: i = 158, msgid = 860003F8
05-27 19:03:17.792   536   536 D commservice260303: msgid = -2046819336,did=134
05-27 19:03:17.793   536   536 D commservice260303: CommProtocolLibCmdBaseI2C::dataproc {"command":{"id":"Audio_Focus_Change","sub":""},"content":{"sessionid":94489280512,"value":0}},-2046819336
05-27 19:03:17.793   536   536 D commservice260303: send2Cluster len:94, 7B22636F6D6D616E64223A7B226964223A22417564696F5F466F6375735F4368616E6765222C22737562223A22227D2C22636F6E74656E74223A7B2273657373696F6E6964223A39343438393238303531322C2276616C7565223A307D7D, 134 
05-27 19:03:17.793   536   536 D commservice260303: Push Message into SendPool fn=74515456
05-27 19:03:17.793   536   536 D commservice260303: ComProtocolLibSend2Cluster::send2ClusterRaw fn=74515456 , len=110
05-27 19:03:17.793   536   536 D commservice260303: sendCmdToPort :110!!!
05-27 19:03:17.793   536   536 D commservice260303: send Cmd To Port ++++5AA5006A8601000471046A16CF757B22636F6D6D616E64223A7B226964223A22417564696F5F466F6375735F4368616E6765222C22737562223A22227D2C22636F6E74656E74223A7B2273657373696F6E6964223A39343438393238303531322C2276616C7565223A307D7D81F8
05-27 19:03:17.793   536   536 D commservice260303: bufferevent_write retrun value = 0
05-27 19:03:17.793   536   560 D commservice260303: client datas send succeed,send finish
05-27 19:03:17.796 12226 15974 D CommAudioInteraction: sendAudioInfo sendCommBundle result: true
05-27 19:03:17.798 13911 14183 I SentryImuMcuAngleSender: 180.0rollDeg
05-27 19:03:17.798 13911 14183 I SentryImuMcuAngleSender: 1,0,0
05-27 19:03:17.799  1008 30857 D [OMXB]  : usingANWBuffer: handle:0xee746cb0, format:1, w:1920, h:1080
05-27 19:03:17.799 23668 23668 I ADAYO_LOG_TRACE_KERNEL: execute interrupt
05-27 08:54:26.765   581   581 D spi_rst_gpio_get_output: GPIO 145 value: 1
05-27 08:54:26.765   581   581 D spidev_ioctl: gpio status=1)
05-27 19:03:17.801   581   581 I SpiService: fgesysctrl_getGPIO_status success val=1
05-27 19:03:17.801   481   598 I mcuc    : rev,n=1,6AA681EAEF000B8300E0000000000000000038
05-27 19:03:17.801   351   373 D automotive.vehicle@2.0-adayo-datacomm-mcu: MCUDatacomm sendMessageFromVehicle prop: 0x83, areaId: 0x0, status: 0x0, timestamp: 0x0
05-27 19:03:17.801   351   373 D automotive.vehicle@2.0-adayo-datacomm-mcu: MCUDatacomm 1sendMessageFromVehicle ---> type = 7 
05-27 19:03:17.801   351   373 I automotive.vehicle@2.0-adayo-func-mcu: MCUFunc :sendMessageFromVehicle  msgBuff[0] = 131 
05-27 19:03:17.801   351   373 I automotive.vehicle@2.0-adayo-func-mcu: MCUFunc :sendMessageFromVehicle  msgBuff[1] = 0 
05-27 19:03:17.802   351   373 I automotive.vehicle@2.0-adayo-func-mcu: MCUFunc :sendMessageFromVehicle  msgBuff[2] = 0 
05-27 19:03:17.802   351   373 I automotive.vehicle@2.0-adayo-func-mcu: MCUFunc :sendMessageFromVehicle  msgBuff[3] = 0 
05-27 19:03:17.802   351   373 I automotive.vehicle@2.0-adayo-func-mcu: MCUFunc :sendMessageFromVehicle  msgBuff[4] = 3 
05-27 19:03:17.802   351   373 I automotive.vehicle@2.0-adayo-func-mcu: MCUFunc :sendMessageFromVehicle  msgBuff[5] = 1 
05-27 19:03:17.802   351   373 I automotive.vehicle@2.0-adayo-func-mcu: MCUFunc :sendMessageFromVehicle  msgBuff[6] = 0 
05-27 19:03:17.802   351   373 I automotive.vehicle@2.0-adayo-func-mcu: MCUFunc :sendMessageFromVehicle  msgBuff[7] = 0 
05-27 19:03:17.803   351   373 I automotive.vehicle@2.0-adayo-func-mcu: MCUFunc :sendMessageFromVehicle  msgBuff[8] = 0 
05-27 19:03:17.803   351   373 I automotive.vehicle@2.0-adayo-func-mcu: MCUFunc :sendMessageFromVehicle  msgBuff[9] = 0 
05-27 19:03:17.803   351   373 I automotive.vehicle@2.0-adayo-func-mcu: MCUFunc :sendMessageFromVehicle  msgBuff[10] = 0 
05-27 19:03:17.803   351   373 I automotive.vehicle@2.0-adayo-func-mcu: MCUFunc :sendMessageFromVehicle  msgBuff[11] = 0 
05-27 19:03:17.803   351   373 I automotive.vehicle@2.0-adayo-func-mcu: MCUFunc :sendMessageFromVehicle  msgBuff[12] = 0 
05-27 19:03:17.803   351   373 I automotive.vehicle@2.0-adayo-func-mcu: MCUFunc :sendMessageFromVehicle  msgBuff[13] = 0 
05-27 19:03:17.803   351   373 I automotive.vehicle@2.0-adayo-func-mcu: MCUFunc :sendMessageFromVehicle  msgBuff[14] = 0 
05-27 19:03:17.803   351   373 I automotive.vehicle@2.0-adayo-func-mcu: MCUFunc :sendMessageFromVehicle  msgBuff[15] = 0 
05-27 19:03:17.803   351   373 I automotive.vehicle@2.0-adayo-func-mcu: MCUFunc :sendMessageFromVehicle  msgBuff[16] = 0 
05-27 19:03:17.803   481   598 I mcuc    : rev,n=2,6AA681EAF0000384150009
05-27 19:03:17.805   481   598 I mcuc    : rev,n=3,6AA681EAF1008C8305000055000000B0000000000001000100008D056EB1D1D0956ED36ED10CB16ED2DDA56ED3B22A229E16544800000000040000B3000000000000000000000000000000B44300000000000300000000000000AA000000E40701010000000000000000BB06050507EA051B000008009403CB00CC000000000000000000000000000000B5000000000000000005
05-27 08:54:26.771   581   581 D spi_rst_gpio_get_output: GPIO 145 value: 1
05-27 08:54:26.771   581   581 D spidev_ioctl: gpio status=1)
05-27 19:03:17.806   299 30841 D EvsDriver: forwardFrame
05-27 19:03:17.806   581   581 I SpiService: fgesysctrl_getGPIO_status success val=1
05-27 19:03:17.808   481   598 I mcuc    : rev,n=4,6AA681EAF2009E8B30027A01020403A0030000030100000100000000002901A100000000003B000202000002020002A208FA29018000028000038000048000A3058000068000070000080000000000A4000000000000000000000101000700A5020000000F0102000200FF0100A67BDD01010101010000000101010000000A0A0A0000010101040402020000000000000000000000000000000000000000000000000000EEEF
05-27 19:03:17.809  1167  1184 D evsmanagerd: /dev/video4 forwarded the buffer #0 to 0xb4000074bf5f6850 from 0xb4000074bf5f41d0
05-27 19:03:17.809   299 30841 D EvsDriver: Delivered 0xb400007b7ca56a60 as id 0
05-27 19:03:17.810   351   373 D automotive.vehicle@2.0-adayo-datacomm-mcu: MCUDatacomm sendMessageFromVehicle prop: 0x83, areaId: 0x5, status: 0x0, timestamp: 0x0
05-27 19:03:17.810   351   373 D automotive.vehicle@2.0-adayo-datacomm-mcu: MCUDatacomm 1sendMessageFromVehicle ---> type = 7 
05-27 19:03:17.811   351   373 I automotive.vehicle@2.0-adayo-func-mcu: MCUFunc :sendMessageFromVehicle  msgBuff[0] = 131 
05-27 19:03:17.811   351   373 I automotive.vehicle@2.0-adayo-func-mcu: MCUFunc :sendMessageFromVehicle  msgBuff[1] = 5 
05-27 19:03:17.811   351   373 I automotive.vehicle@2.0-adayo-func-mcu: MCUFunc :sendMessageFromVehicle  msgBuff[2] = 0 
05-27 19:03:17.811   351   373 I automotive.vehicle@2.0-adayo-func-mcu: MCUFunc :sendMessageFromVehicle  msgBuff[3] = 0 
05-27 19:03:17.811   351   373 I automotive.vehicle@2.0-adayo-func-mcu: MCUFunc :sendMessageFromVehicle  msgBuff[4] = 85 
05-27 19:03:17.811   351   373 I automotive.vehicle@2.0-adayo-func-mcu: MCUFunc :sendMessageFromVehicle  msgBuff[5] = 0 
05-27 19:03:17.815   830   830 D SurfaceFlinger: unisoc-graphics, commit has frameMissed:2, vysncId:234361
05-27 19:03:17.816   581   581 I SpiService: fgesysctrl_getGPIO_status success val=1
05-27 08:54:26.780   581   581 D spi_rst_gpio_get_output: GPIO 145 value: 1
05-27 08:54:26.780   581   581 D spidev_ioctl: gpio status=1)
05-27 19:03:17.820   299 30844 D EvsDriver: forwardFrame
05-27 19:03:17.820   299  1153 D EvsDriver: doneWithFrame
05-27 19:03:17.822   581   581 I SpiService: fgesysctrl_getGPIO_status success val=1
05-27 19:03:17.823  1008 30856 D [OMXB]  : usingANWBuffer: handle:0xee742b60, format:1, w:1920, h:1080
05-27 19:03:17.823  1167  1184 D evsmanagerd: /dev/video6 forwarded the buffer #0 to 0xb4000074bf5f5510 from 0xb4000074bf5f6d90
05-27 19:03:17.823   299 30844 D EvsDriver: Delivered 0xb400007b7ca56900 as id 0
05-27 19:03:17.824 13911 14183 I SentryImuMcuAngleSender: -179.993rollDeg
05-27 19:03:17.824 13911 14183 I SentryImuMcuAngleSender: 1,0,0
05-27 19:03:17.825   536   536 D commservice260303: msg.id = 1028,1
05-27 19:03:17.825   536   536 D commservice260303: i = 170, msgid = 8A000404
05-27 19:03:17.825   536   536 D commservice260303: msgid = -1979710460,did=138
05-27 19:03:17.825   536   536 D commservice260303: CommProtocolLibCmdBaseI2C::dataproc {"command":{"id":"imu_status","sub":""},"content":{"TimeStamp":11,"FrameCounter":274017,"GD_X":-0.011377211660146713,"GD_Y":0.00549693126231432,"GD_Z":0.002443138277158141,"AD_X":-0.004815414547920227,"AD_Y":-0.0018107190262526274,"AD_Z":-0.17197418212890625,"TempDsp":0,"Status":0,"CalibState":1,"SigAmpInvalid":0}},-1979710460
05-27 19:03:17.826   536   536 D commservice260303: send2Cluster len:316, 7B22636F6D6D616E64223A7B226964223A22696D755F737461747573222C22737562223A22227D2C22636F6E74656E74223A7B2254696D655374616D70223A31312C224672616D65436F756E746572223A3237343031372C2247445F58223A2D302E3031313337373231313636303134363731332C2247445F59223A302E30303534393639333132363233313433322C2247445F5A223A302E3030323434333133383237373135383134312C2241445F58223A2D302E3030343831353431343534373932303232372C2241445F59223A2D302E303031383130373139303236323532363237342C2241445F5A223A2D302E31373139373431383231323839303632352C2254656D70447370223A302C22537461747573223A302C2243616C69625374617465223A312C22536967416D70496E76616C6964223A307D7D, 138 
05-27 19:03:17.826   536   536 D commservice260303: Push Message into SendPool fn=91292672
05-27 19:03:17.826   536   536 D commservice260303: ComProtocolLibSend2Cluster::send2ClusterRaw fn=91292672 , len=332
05-27 19:03:17.826   536   536 D commservice260303: sendCmdToPort :332!!!
05-27 19:03:17.826   536   536 D commservice260303: send Cmd To Port ++++5AA501488A01000471056A16CF757B22636F6D6D616E64223A7B226964223A22696D755F737461747573222C22737562223A22227D2C22636F6E74656E74223A7B2254696D655374616D70223A31312C224672616D65436F756E746572223A3237343031372C2247445F58223A2D302E3031313337373231313636303134363731332C2247445F59223A302E30303534393639333132363233313433322C2247445F5A223A302E3030323434333133383237373135383134312C2241445F58223A2D302E3030343831353431343534373932303232372C2241445F59223A2D302E303031383130373139303236323532363237342C2241445F5A223A2D302E31373139373431383231323839303632352C2254656D70447370223A302C22537461747573223A302C2243616C69625374617465223A312C22536967416D70496E76616C6964223A307D7DB28B
05-27 19:03:17.827   536   536 D commservice260303: bufferevent_write retrun value = 0
05-27 19:03:17.827   536   560 D commservice260303: client datas send succeed,send finish
05-27 19:03:17.827 23669 23669 I ADAYO_LOG_TRACE_KERNEL: execute end
05-27 19:03:17.828   581   581 I SpiService: fgesysctrl_getGPIO_status success val=0
05-27 19:03:17.828   481   597 I mcuc    : send SPI:6AA602EAEF00028300A06AA602EAF000028415896AA602EAF100028305996AA602EAF200028B3065
05-27 19:03:17.828   299  1153 D EvsDriver: doneWithFrame
05-27 19:03:17.831 13911 14192 D Sentinelmode_1.2.5.17_sentry: <SentryImuClusterFgeSender>imu_status sent to Linux, frame=274017, tsNs=11665052, tsMs=11, intervalMs=49, ad=(-0.0048154145,-0.001810719,-0.17197418), gd=(-0.011377212,0.0054969313,0.0024431383)
05-27 19:03:17.831   830   830 D SurfaceFlinger: unisoc-graphics, commit has frameMissed:2, vysncId:234362
05-27 19:03:17.832   830   893 W TransactionTracing: Could not find layer id -1
05-27 08:54:26.787   581   581 D spi_rst_gpio_get_output: GPIO 145 value: 1
05-27 08:54:26.787   581   581 D spidev_ioctl: gpio status=1)
05-27 08:54:26.792   581   581 D spi_rst_gpio_get_output: GPIO 145 value: 0
05-27 08:54:26.792   581   581 D spidev_ioctl: gpio status=0)
05-27 08:54:26.795     1     1 I init    : Service 'trace_kernel' (pid 23642) exited with status 0
05-27 08:54:26.795     1     1 I init    : Sending signal 9 to service 'trace_kernel' (pid 23642) process group...
05-27 08:54:26.795     1     1 I libprocessgroup: Successfully killed process cgroup uid 0 pid 23642 in 0ms
05-27 19:03:17.832   830   893 W TransactionTracing: Could not find layer id -1
05-27 19:03:17.841   481   598 I mcuc    : rev,n=1,6AA681EAF3006B8900FD0600030A4000003419400000000040000005354000000000400059231C400000400000000000000000000000000000000000010000000000000000000000000000000000000000000000000000000000000000000000000000000000000000000000000000000000BE
05-27 19:03:17.841   351   373 D automotive.vehicle@2.0-adayo-datacomm-mcu: MCUDatacomm sendMessageFromVehicle prop: 0x89, areaId: 0x0, status: 0xfd, timestamp: 0x6
05-27 19:03:17.841   351   373 D automotive.vehicle@2.0-adayo-datacomm-mcu: MCUDatacomm 1sendMessageFromVehicle ---> type = 3 
05-27 19:03:17.841   351   373 D automotive.vehicle@2.0-adayo-func-bcm: sendMessageFromVehicle sendMessageFromVehicle
05-27 19:03:17.841   351   516 D automotive.vehicle@2.0-adayo-func-bcm: jjfan1 ______procotolSize :38
05-27 19:03:17.841   351   516 D automotive.vehicle@2.0-adayo-func-bcm: BCMFunc sendMessageFromVehicle_l dataType: 12,mByte=7,propid=0x2140006b
05-27 19:03:17.841   351   516 D automotive.vehicle@2.0-adayo-func-bcm: BCMFunc sendMessageFromVehicle_l msgBuff[7]=0x40,start:0,len:6,temp:6,
05-27 19:03:17.841   351   516 D automotive.vehicle@2.0-adayo-func-bcm: BCMFunc sendMessageFromVehicle_l prop: 0x2140006b ,areaId: 0x0  SPLITE_BIT_DATA_INTEGER : 0
05-27 19:03:17.841   351   516 D automotive.vehicle@2.0-adayo-func-bcm: BCMFunc sendMessageFromVehicle_l id:557842539, area:0 not report! 
05-27 19:03:17.841   351   516 D automotive.vehicle@2.0-adayo-func-bcm: BCMFunc sendMessageFromVehicle_l dataType: 12,mByte=7,propid=0x2140006c
05-27 19:03:17.841   351   516 D automotive.vehicle@2.0-adayo-func-bcm: BCMFunc sendMessageFromVehicle_l msgBuff[7]=0x40,start:6,len:2,temp:2,
05-27 19:03:17.842   351   516 D automotive.vehicle@2.0-adayo-func-bcm: BCMFunc sendMessageFromVehicle_l prop: 0x2140006c ,areaId: 0x0  SPLITE_BIT_DATA_INTEGER : 1
05-27 19:03:17.842   351   516 D automotive.vehicle@2.0-adayo-func-bcm: BCMFunc sendMessageFromVehicle_l id:557842540, area:0 not report! 
05-27 19:03:17.842   351   516 D automotive.vehicle@2.0-adayo-func-bcm: BCMFunc sendMessageFromVehicle_l dataType: 12,mByte=11,propid=0x2140004a
05-27 19:03:17.842   351   516 D automotive.vehicle@2.0-adayo-func-bcm: BCMFunc sendMessageFromVehicle_l msgBuff[11]=0x19,start:0,len:32,temp:8,
05-27 19:03:17.842   351   516 D automotive.vehicle@2.0-adayo-func-bcm: BCMFunc sendMessageFromVehicle_l msgBuff[10]=0x34,start:0,len:24,temp:8,
05-27 19:03:17.842   351   516 D automotive.vehicle@2.0-adayo-func-bcm: BCMFunc sendMessageFromVehicle_l msgBuff[9]=0x0,start:0,len:16,temp:8,
05-27 19:03:17.842   351   516 D automotive.vehicle@2.0-adayo-func-bcm: BCMFunc sendMessageFromVehicle_l msgBuff[8]=0x0,start:0,len:8,temp:8,
05-27 19:03:17.842   351   516 D automotive.vehicle@2.0-adayo-func-bcm: BCMFunc sendMessageFromVehicle_l prop: 0x2140004a ,areaId: 0x0  SPLITE_BIT_DATA_INTEGER : 13337
05-27 19:03:17.842   351   516 D automotive.vehicle@2.0-adayo-func-bcm: BCMFunc sendMessageFromVehicle_l id:557842506, area:0 not report! 
05-27 19:03:17.842   351   516 D automotive.vehicle@2.0-adayo-func-bcm: BCMFunc sendMessageFromVehicle_l dataType: 12,mByte=12,propid=0x2140006d
05-27 19:03:17.842   351   516 D automotive.vehicle@2.0-adayo-func-bcm: BCMFunc sendMessageFromVehicle_l msgBuff[12]=0x40,start:0,len:6,temp:6,
05-27 19:03:17.842   351   516 D automotive.vehicle@2.0-adayo-func-bcm: BCMFunc sendMessageFromVehicle_l prop: 0x2140006d ,areaId: 0x0  SPLITE_BIT_DATA_INTEGER : 0
05-27 19:03:17.842   351   516 D automotive.vehicle@2.0-adayo-func-bcm: BCMFunc sendMessageFromVehicle_l id:557842541, area:0 not report! 
05-27 19:03:17.842   351   516 D automotive.vehicle@2.0-adayo-func-bcm: BCMFunc sendMessageFromVehicle_l dataType: 12,mByte=12,propid=0x2140006e
05-27 19:03:17.842   581   581 I SpiService: fgesysctrl_getGPIO_status success val=1
05-27 19:03:17.842   351   516 D automotive.vehicle@2.0-adayo-func-bcm: BCMFunc sendMessageFromVehicle_l msgBuff[12]=0x40,start:6,len:2,temp:2,
05-27 19:03:17.842   351   516 D automotive.vehicle@2.0-adayo-func-bcm: BCMFunc sendMessageFromVehicle_l prop: 0x2140006e ,areaId: 0x0  SPLITE_BIT_DATA_INTEGER : 1
05-27 19:03:17.842   351   516 D automotive.vehicle@2.0-adayo-func-bcm: BCMFunc sendMessageFromVehicle_l id:557842542, area:0 not report! 
05-27 19:03:17.842   351   516 D automotive.vehicle@2.0-adayo-func-bcm: BCMFunc sendMessageFromVehicle_l dataType: 12,mByte=16,propid=0x21600040
05-27 19:03:17.842   351   516 D automotive.vehicle@2.0-adayo-func-bcm: BCMFunc sendMessageFromVehicle_l msgBuff[16]=0x0,start:0,len:32,temp:8,
05-27 19:03:17.842   351   516 D automotive.vehicle@2.0-adayo-func-bcm: BCMFunc sendMessageFromVehicle_l msgBuff[15]=0x0,start:0,len:24,temp:8,
05-27 19:03:17.842   351   516 D automotive.vehicle@2.0-adayo-func-bcm: BCMFunc sendMessageFromVehicle_l msgBuff[14]=0x0,start:0,len:16,temp:8,
05-27 19:03:17.842   351   516 D automotive.vehicle@2.0-adayo-func-bcm: BCMFunc sendMessageFromVehicle_l msgBuff[13]=0x0,start:0,len:8,temp:8,
05-27 19:03:17.842   351   516 D automotive.vehicle@2.0-adayo-func-bcm: BCMFunc sendMessageFromVehicle_l prop: 0x21600040 , SPLITE_BIT_DATA_INTEGER1 data:0
05-27 19:03:17.842   351   516 D automotive.vehicle@2.0-adayo-func-bcm: BCMFunc sendMessageFromVehicle_l prop: 0x21600040 , SPLITE_BIT_DATA_INTEGER4 procotol.calc[0]:0.100000,procotol.calc[1]:0.000000
05-27 19:03:17.842   351   516 D automotive.vehicle@2.0-adayo-func-bcm: BCMFunc sendMessageFromVehicle_l prop: 0x21600040 ,areaId: 0x0  SPLITE_BIT_DATA_INTEGER : 0.000000,calc[0]:0.100000,calc[1]:0.000000
05-27 19:03:17.842   351   516 D automotive.vehicle@2.0-adayo-func-bcm: BCMFunc sendMessageFromVehicle_l id:559939648, area:0 not report! 
05-27 19:03:17.842   351   516 D automotive.vehicle@2.0-adayo-func-bcm: BCMFunc sendMessageFromVehicle_l dataType: 12,mByte=17,propid=0x2140006f
05-27 19:03:17.842   351   516 D automotive.vehicle@2.0-adayo-func-bcm: BCMFunc sendMessageFromVehicle_l msgBuff[17]=0x40,start:0,len:6,temp:6,
05-27 19:03:17.842   351   516 D automotive.vehicle@2.0-adayo-func-bcm: BCMFunc sendMessageFromVehicle_l prop: 0x2140006f ,areaId: 0x0  SPLITE_BIT_DATA_INTEGER : 0
05-27 19:03:17.842   351   516 D automotive.vehicle@2.0-adayo-func-bcm: BCMFunc sendMessageFromVehicle_l id:557842543, area:0 not report! 
05-27 19:03:17.842   351   516 D automotive.vehicle@2.0-adayo-func-bcm: BCMFunc sendMessageFromVehicle_l dataType: 12,mByte=17,propid=0x21400070
05-27 19:03:17.842   351   516 D automotive.vehicle@2.0-adayo-func-bcm: BCMFunc sendMessageFromVehicle_l msgBuff[17]=0x40,start:6,len:2,temp:2,
05-27 19:03:17.842   351   516 D automotive.vehicle@2.0-adayo-func-bcm: BCMFunc sendMessageFromVehicle_l prop: 0x21400070 ,areaId: 0x0  SPLITE_BIT_DATA_INTEGER : 1
05-27 19:03:17.842   351   516 D automotive.vehicle@2.0-adayo-func-bcm: BCMFunc sendMessageFromVehicle_l id:557842544, area:0 not report! 
05-27 19:03:17.842   351   516 D automotive.vehicle@2.0-adayo-func-bcm: BCMFunc sendMessageFromVehicle_l dataType: 12,mByte=21,propid=0x2160004c
05-27 19:03:17.842   351   516 D automotive.vehicle@2.0-adayo-func-bcm: BCMFunc sendMessageFromVehicle_l msgBuff[21]=0x35,start:0,len:32,temp:8,
05-27 19:03:17.842   351   516 D automotive.vehicle@2.0-adayo-func-bcm: BCMFunc sendMessageFromVehicle_l msgBuff[20]=0x5,start:0,len:24,temp:8,
05-27 19:03:17.842   351   516 D automotive.vehicle@2.0-adayo-func-bcm: BCMFunc sendMessageFromVehicle_l msgBuff[19]=0x0,start:0,len:16,temp:8,
05-27 19:03:17.843   351   516 D automotive.vehicle@2.0-adayo-func-bcm: BCMFunc sendMessageFromVehicle_l msgBuff[18]=0x0,start:0,len:8,temp:8,
05-27 19:03:17.843   351   516 D automotive.vehicle@2.0-adayo-func-bcm: BCMFunc sendMessageFromVehicle_l prop: 0x2160004c , SPLITE_BIT_DATA_INTEGER1 data:1333
05-27 19:03:17.843   351   516 D automotive.vehicle@2.0-adayo-func-bcm: BCMFunc sendMessageFromVehicle_l prop: 0x2160004c , SPLITE_BIT_DATA_INTEGER4 procotol.calc[0]:0.100000,procotol.calc[1]:0.000000
05-27 19:03:17.843   351   516 D automotive.vehicle@2.0-adayo-func-bcm: BCMFunc sendMessageFromVehicle_l prop: 0x2160004c ,areaId: 0x0  SPLITE_BIT_DATA_INTEGER : 133.300003,calc[0]:0.100000,calc[1]:0.000000
05-27 19:03:17.843   351   516 D automotive.vehicle@2.0-adayo-func-bcm: BCMFunc sendMessageFromVehicle_l id:559939660, area:0 not report! 
05-27 19:03:17.843   351   516 D automotive.vehicle@2.0-adayo-func-bcm: BCMFunc sendMessageFromVehicle_l dataType: 12,mByte=22,propid=0x21400071
05-27 19:03:17.843   351   516 D automotive.vehicle@2.0-adayo-func-bcm: BCMFunc sendMessageFromVehicle_l msgBuff[22]=0x40,start:0,len:6,temp:6,
05-27 19:03:17.843   351   516 D automotive.vehicle@2.0-adayo-func-bcm: BCMFunc sendMessageFromVehicle_l prop: 0x21400071 ,areaId: 0x0  SPLITE_BIT_DATA_INTEGER : 0
05-27 19:03:17.843   351   516 D automotive.vehicle@2.0-adayo-func-bcm: BCMFunc sendMessageFromVehicle_l id:557842545, area:0 not report! 
05-27 19:03:17.843   351   516 D automotive.vehicle@2.0-adayo-func-bcm: BCMFunc sendMessageFromVehicle_l dataType: 12,mByte=22,propid=0x21400072
05-27 19:03:17.843   351   516 D automotive.vehicle@2.0-adayo-func-bcm: BCMFunc sendMessageFromVehicle_l msgBuff[22]=0x40,start:6,len:2,temp:2,
05-27 19:03:17.843   351   516 D automotive.vehicle@2.0-adayo-func-bcm: BCMFunc sendMessageFromVehicle_l prop: 0x21400072 ,areaId: 0x0  SPLITE_BIT_DATA_INTEGER : 1
05-27 19:03:17.843   351   516 D automotive.vehicle@2.0-adayo-func-bcm: BCMFunc sendMessageFromVehicle_l id:557842546, area:0 not report! 
05-27 19:03:17.843   351   516 D automotive.vehicle@2.0-adayo-func-bcm: BCMFunc sendMessageFromVehicle_l dataType: 12,mByte=24,propid=0x21400050
05-27 19:03:17.843   351   516 D automotive.vehicle@2.0-adayo-func-bcm: BCMFunc sendMessageFromVehicle_l msgBuff[24]=0x0,start:0,len:16,temp:8,
05-27 19:03:17.843   351   516 D automotive.vehicle@2.0-adayo-func-bcm: BCMFunc sendMessageFromVehicle_l msgBuff[23]=0x0,start:0,len:8,temp:8,
05-27 19:03:17.843   351   516 D automotive.vehicle@2.0-adayo-func-bcm: BCMFunc sendMessageFromVehicle_l prop: 0x21400050 ,areaId: 0x0  SPLITE_BIT_DATA_INTEGER : 0
05-27 19:03:17.843   351   516 D automotive.vehicle@2.0-adayo-func-bcm: BCMFunc sendMessageFromVehicle_l id:557842512, area:0 not report! 
05-27 08:54:26.806   581   581 D spi_rst_gpio_get_output: GPIO 145 value: 1
05-27 08:54:26.806   581   581 D spidev_ioctl: gpio status=1)
05-27 19:03:17.843   351   516 D automotive.vehicle@2.0-adayo-func-bcm: BCMFunc sendMessageFromVehicle_l dataType: 12,mByte=25,propid=0x21400051
05-27 19:03:17.843   351   516 D automotive.vehicle@2.0-adayo-func-bcm: BCMFunc sendMessageFromVehicle_l msgBuff[25]=0x0,start:0,len:8,temp:8,
05-27 19:03:17.843   351   516 D automotive.vehicle@2.0-adayo-func-bcm: BCMFunc sendMessageFromVehicle_l prop: 0x21400051 ,areaId: 0x0  SPLITE_BIT_DATA_INTEGER : 0
05-27 19:03:17.843   351   516 D automotive.vehicle@2.0-adayo-func-bcm: BCMFunc sendMessageFromVehicle_l id:557842513, area:0 not report! 
05-27 19:03:17.843   351   516 D automotive.vehicle@2.0-adayo-func-bcm: BCMFunc sendMessageFromVehicle_l dataType: 12,mByte=26,propid=0x21400052
05-27 19:03:17.843   351   516 D automotive.vehicle@2.0-adayo-func-bcm: BCMFunc sendMessageFromVehicle_l msgBuff[26]=0x0,start:0,len:8,temp:8,
05-27 19:03:17.843   351   516 D automotive.vehicle@2.0-adayo-func-bcm: BCMFunc sendMessageFromVehicle_l prop: 0x21400052 ,areaId: 0x0  SPLITE_BIT_DATA_INTEGER : 0
05-27 19:03:17.843   351   516 D automotive.vehicle@2.0-adayo-func-bcm: BCMFunc sendMessageFromVehicle_l id:557842514, area:0 not report! 
05-27 19:03:17.843   351   516 D automotive.vehicle@2.0-adayo-func-bcm: BCMFunc sendMessageFromVehicle_l dataType: 12,mByte=27,propid=0x21400073
05-27 19:03:17.843   351   516 D automotive.vehicle@2.0-adayo-func-bcm: BCMFunc sendMessageFromVehicle_l msgBuff[27]=0x40,start:0,len:6,temp:6,
05-27 19:03:17.843   351   516 D automotive.vehicle@2.0-adayo-func-bcm: BCMFunc sendMessageFromVehicle_l prop: 0x21400073 ,areaId: 0x0  SPLITE_BIT_DATA_INTEGER : 0
05-27 19:03:17.843   351   516 D automotive.vehicle@2.0-adayo-func-bcm: BCMFunc sendMessageFromVehicle_l id:557842547, area:0 not report! 
05-27 19:03:17.843   351   516 D automotive.vehicle@2.0-adayo-func-bcm: BCMFunc sendMessageFromVehicle_l dataType: 12,mByte=27,propid=0x21400074
05-27 19:03:17.843   351   516 D automotive.vehicle@2.0-adayo-func-bcm: BCMFunc sendMessageFromVehicle_l msgBuff[27]=0x40,start:6,len:2,temp:2,
05-27 19:03:17.843   351   516 D automotive.vehicle@2.0-adayo-func-bcm: BCMFunc sendMessageFromVehicle_l prop: 0x21400074 ,areaId: 0x0  SPLITE_BIT_DATA_INTEGER : 1
05-27 19:03:17.843   351   516 D automotive.vehicle@2.0-adayo-func-bcm: BCMFunc sendMessageFromVehicle_l id:557842548, area:0 not report! 
05-27 19:03:17.843   351   516 D automotive.vehicle@2.0-adayo-func-bcm: BCMFunc sendMessageFromVehicle_l dataType: 12,mByte=29,propid=0x21400053
05-27 19:03:17.843   351   516 D automotive.vehicle@2.0-adayo-func-bcm: BCMFunc sendMessageFromVehicle_l msgBuff[29]=0x59,start:0,len:16,temp:8,
05-27 19:03:17.843   351   516 D automotive.vehicle@2.0-adayo-func-bcm: BCMFunc sendMessageFromVehicle_l msgBuff[28]=0x0,start:0,len:8,temp:8,
05-27 19:03:17.843   351   516 D automotive.vehicle@2.0-adayo-func-bcm: BCMFunc sendMessageFromVehicle_l prop: 0x21400053 ,areaId: 0x0  SPLITE_BIT_DATA_INTEGER : 89
05-27 19:03:17.843   351   516 D automotive.vehicle@2.0-adayo-func-bcm: BCMFunc sendMessageFromVehicle_l id:557842515, area:0 not report! 
05-27 19:03:17.843   351   516 D automotive.vehicle@2.0-adayo-func-bcm: BCMFunc sendMessageFromVehicle_l dataType: 12,mByte=30,propid=0x21400054
05-27 19:03:17.843   351   516 D automotive.vehicle@2.0-adayo-func-bcm: BCMFunc sendMessageFromVehicle_l msgBuff[30]=0x23,start:0,len:8,temp:8,
05-27 19:03:17.843   351   516 D automotive.vehicle@2.0-adayo-func-bcm: BCMFunc sendMessageFromVehicle_l prop: 0x21400054 ,areaId: 0x0  SPLITE_BIT_DATA_INTEGER : 35
05-27 19:03:17.844   351   516 D automotive.vehicle@2.0-adayo-func-bcm: BCMFunc sendMessageFromVehicle_l id:557842516, area:0 not report! 
05-27 19:03:17.844   351   516 D automotive.vehicle@2.0-adayo-func-bcm: BCMFunc sendMessageFromVehicle_l dataType: 12,mByte=31,propid=0x21400055
05-27 19:03:17.844   351   516 D automotive.vehicle@2.0-adayo-func-bcm: BCMFunc sendMessageFromVehicle_l msgBuff[31]=0x1c,start:0,len:8,temp:8,
05-27 19:03:17.844   351   516 D automotive.vehicle@2.0-adayo-func-bcm: BCMFunc sendMessageFromVehicle_l prop: 0x21400055 ,areaId: 0x0  SPLITE_BIT_DATA_INTEGER : 28
05-27 19:03:17.844   351   516 D automotive.vehicle@2.0-adayo-func-bcm: BCMFunc sendMessageFromVehicle_l id:557842517, area:0 not report! 
05-27 19:03:17.844   351   516 D automotive.vehicle@2.0-adayo-func-bcm: BCMFunc sendMessageFromVehicle_l dataType: 12,mByte=32,propid=0x21400075
05-27 19:03:17.844   351   516 D automotive.vehicle@2.0-adayo-func-bcm: BCMFunc sendMessageFromVehicle_l msgBuff[32]=0x40,start:0,len:6,temp:6,
05-27 19:03:17.844   351   516 D automotive.vehicle@2.0-adayo-func-bcm: BCMFunc sendMessageFromVehicle_l prop: 0x21400075 ,areaId: 0x0  SPLITE_BIT_DATA_INTEGER : 0
05-27 19:03:17.844   351   516 D automotive.vehicle@2.0-adayo-func-bcm: BCMFunc sendMessageFromVehicle_l id:557842549, area:0 not report! 
05-27 19:03:17.844   351   516 D automotive.vehicle@2.0-adayo-func-bcm: BCMFunc sendMessageFromVehicle_l dataType: 12,mByte=32,propid=0x21400076
05-27 19:03:17.844   351   516 D automotive.vehicle@2.0-adayo-func-bcm: BCMFunc sendMessageFromVehicle_l msgBuff[32]=0x40,start:6,len:2,temp:2,
05-27 19:03:17.844   351   516 D automotive.vehicle@2.0-adayo-func-bcm: BCMFunc sendMessageFromVehicle_l prop: 0x21400076 ,areaId: 0x0  SPLITE_BIT_DATA_INTEGER : 1
05-27 19:03:17.844   351   516 D automotive.vehicle@2.0-adayo-func-bcm: BCMFunc sendMessageFromVehicle_l id:557842550, area:0 not report! 
05-27 19:03:17.844   351   516 D automotive.vehicle@2.0-adayo-func-bcm: BCMFunc sendMessageFromVehicle_l dataType: 12,mByte=34,propid=0x2140004b
05-27 19:03:17.844   351   516 D automotive.vehicle@2.0-adayo-func-bcm: BCMFunc sendMessageFromVehicle_l msgBuff[34]=0x0,start:0,len:16,temp:8,
05-27 19:03:17.844   351   516 D automotive.vehicle@2.0-adayo-func-bcm: BCMFunc sendMessageFromVehicle_l msgBuff[33]=0x0,start:0,len:8,temp:8,
05-27 19:03:17.844   351   516 D automotive.vehicle@2.0-adayo-func-bcm: BCMFunc sendMessageFromVehicle_l prop: 0x2140004b ,areaId: 0x0  SPLITE_BIT_DATA_INTEGER : 0
05-27 19:03:17.844   351   516 D automotive.vehicle@2.0-adayo-func-bcm: BCMFunc sendMessageFromVehicle_l id:557842507, area:0 not report! 
05-27 19:03:17.844   351   516 D automotive.vehicle@2.0-adayo-func-bcm: BCMFunc sendMessageFromVehicle_l dataType: 12,mByte=35,propid=0x21400077
05-27 19:03:17.844   351   516 D automotive.vehicle@2.0-adayo-func-bcm: BCMFunc sendMessageFromVehicle_l msgBuff[35]=0x40,start:0,len:6,temp:6,
05-27 19:03:17.844   351   516 D automotive.vehicle@2.0-adayo-func-bcm: BCMFunc sendMessageFromVehicle_l prop: 0x21400077 ,areaId: 0x0  SPLITE_BIT_DATA_INTEGER : 0
05-27 19:03:17.844   351   516 D automotive.vehicle@2.0-adayo-func-bcm: BCMFunc sendMessageFromVehicle_l id:557842551, area:0 not report! 
05-27 19:03:17.844   351   516 D automotive.vehicle@2.0-adayo-func-bcm: BCMFunc sendMessageFromVehicle_l dataType: 12,mByte=35,propid=0x21400078
05-27 19:03:17.844   351   516 D automotive.vehicle@2.0-adayo-func-bcm: BCMFunc sendMessageFromVehicle_l msgBuff[35]=0x40,start:6,len:2,temp:2,
05-27 19:03:17.844   351   516 D automotive.vehicle@2.0-adayo-func-bcm: BCMFunc sendMessageFromVehicle_l prop: 0x21400078 ,areaId: 0x0  SPLITE_BIT_DATA_INTEGER : 1
05-27 19:03:17.844   351   516 D automotive.vehicle@2.0-adayo-func-bcm: BCMFunc sendMessageFromVehicle_l id:557842552, area:0 not report! 
05-27 19:03:17.844   351   516 D automotive.vehicle@2.0-adayo-func-bcm: BCMFunc sendMessageFromVehicle_l dataType: 12,mByte=37,propid=0x2140004c
05-27 19:03:17.844   351   516 D automotive.vehicle@2.0-adayo-func-bcm: BCMFunc sendMessageFromVehicle_l msgBuff[37]=0x0,start:0,len:16,temp:8,
05-27 19:03:17.844   351   516 D automotive.vehicle@2.0-adayo-func-bcm: BCMFunc sendMessageFromVehicle_l msgBuff[36]=0x0,start:0,len:8,temp:8,
05-27 19:03:17.844   351   516 D automotive.vehicle@2.0-adayo-func-bcm: BCMFunc sendMessageFromVehicle_l prop: 0x2140004c ,areaId: 0x0  SPLITE_BIT_DATA_INTEGER : 0
05-27 19:03:17.844   351   516 D automotive.vehicle@2.0-adayo-func-bcm: BCMFunc sendMessageFromVehicle_l id:557842508, area:0 not report! 
05-27 19:03:17.844   351   516 D automotive.vehicle@2.0-adayo-func-bcm: BCMFunc sendMessageFromVehicle_l dataType: 12,mByte=38,propid=0x2140009b
