05-27 19:03:15.895 23580 23580 D ANWJNI_SECOND: 
05-27 19:03:15.895 23580 23580 D ANWJNI_SECOND: (23580|0x5467E4F8)[BTAPP] XML : find maxHFPAGConnNum setting
05-27 19:03:15.895 23580 23580 D ANWJNI_SECOND: 
05-27 19:03:15.895 23580 23580 D ANWJNI_SECOND: (23580|0x5467E4F8)[BTAPP] XML : find maxHFPAGConnNum(2)(2)
05-27 19:03:15.895 23580 23580 D ANWJNI_SECOND: 
05-27 19:03:15.895 23580 23580 D ANWJNI_SECOND: (23580|0x5467E4F8)[BTAPP] XML : find maxHFPHFConnNum setting
05-27 19:03:15.895 23580 23580 D ANWJNI_SECOND: 
05-27 19:03:15.895 23580 23580 D ANWJNI_SECOND: (23580|0x5467E4F8)[BTAPP] XML : find maxHFPHFConnNum(0)(0)
05-27 19:03:15.895 23580 23580 D ANWJNI_SECOND: 
05-27 19:03:15.895 23580 23580 D ANWJNI_SECOND: (23580|0x5467E4F8)[BTAPP] XML : find maxPBAPConnNum setting
05-27 19:03:15.895 23580 23580 D ANWJNI_SECOND: 
05-27 19:03:15.895 23580 23580 D ANWJNI_SECOND: (23580|0x5467E4F8)[BTAPP] XML : find maxPBAPConnNum(0)(0)
05-27 19:03:15.895 23580 23580 D ANWJNI_SECOND: 
05-27 19:03:15.895 23580 23580 D ANWJNI_SECOND: (23580|0x5467E4F8)[BTAPP] XML : find maxMAPConnNum setting
05-27 19:03:15.895 23580 23580 D ANWJNI_SECOND: 
05-27 19:03:15.895 23580 23580 D ANWJNI_SECOND: (23580|0x5467E4F8)[BTAPP] XML : find maxMAPConnNum(0)(0)
05-27 19:03:15.895 23580 23580 D ANWJNI_SECOND: 
05-27 19:03:15.895 23580 23580 D ANWJNI_SECOND: (23580|0x5467E4F8)[BTAPP] XML : find maxA2DPSinkConnNum setting
05-27 19:03:15.895 23580 23580 D ANWJNI_SECOND: 
05-27 19:03:15.895 23580 23580 D ANWJNI_SECOND: (23580|0x5467E4F8)[BTAPP] XML : find maxA2DPSinkConnNum(0)(0)
05-27 19:03:15.895 23580 23580 D ANWJNI_SECOND: 
05-27 19:03:15.895   299  1163 D EvsDriver: doneWithFrame
05-27 19:03:15.895 23580 23580 D ANWJNI_SECOND: (23580|0x5467E4F8)[BTAPP] XML : find maxA2DPSourceConnNum setting
05-27 19:03:15.895 23580 23580 D ANWJNI_SECOND: 
05-27 19:03:15.895 23580 23580 D ANWJNI_SECOND: (23580|0x5467E4F8)[BTAPP] XML : find maxA2DPSourceConnNum(2)(2)
05-27 19:03:15.895 23580 23580 D ANWJNI_SECOND: 
05-27 19:03:15.895 23580 23580 D ANWJNI_SECOND: (23580|0x5467E4F8)[BTAPP] XML : find maxAVRCPCTConnNum setting
05-27 19:03:15.895 23580 23580 D ANWJNI_SECOND: 
05-27 19:03:15.895 23580 23580 D ANWJNI_SECOND: (23580|0x5467E4F8)[BTAPP] XML : find (0)(0)
05-27 19:03:15.895 23580 23580 D ANWJNI_SECOND: 
05-27 19:03:15.895 23580 23580 D ANWJNI_SECOND: (23580|0x5467E4F8)[BTAPP] XML : find maxAVRCPTGConnNum setting
05-27 19:03:15.895 23580 23580 D ANWJNI_SECOND: 
05-27 19:03:15.895 23580 23580 D ANWJNI_SECOND: (23580|0x5467E4F8)[BTAPP] XML : find maxAVRCPTGConnNum(2)(2)
05-27 19:03:15.895 23580 23580 D ANWJNI_SECOND: 
05-27 19:03:15.895 23580 23580 D ANWJNI_SECOND: (23580|0x5467E4F8)[BTAPP] XML : find maxDeviceConnNum setting
05-27 19:03:15.895 23580 23580 D ANWJNI_SECOND: 
05-27 19:03:15.896 23580 23580 D ANWJNI_SECOND: (23580|0x5467E4F8)[BTAPP] XML : find maxDeviceConnNum(2)(2)
05-27 19:03:15.896 23580 23580 D ANWJNI_SECOND: 
05-27 19:03:15.896 23580 23580 D ANWJNI_SECOND: (23580|0x5467E4F8)[BTAPP] XML : find maxSCOConnNum setting
05-27 19:03:15.896 23580 23580 D ANWJNI_SECOND: 
05-27 19:03:15.896 23580 23580 D ANWJNI_SECOND: (23580|0x5467E4F8)[BTAPP] XML : find maxSCOConnNum(2)(2)
05-27 19:03:15.896 23580 23580 D ANWJNI_SECOND: 
05-27 19:03:15.896 23580 23580 D ANWJNI_SECOND: (23580|0x5467E4F8)[BTAPP] XML : find maxHFSCOConnNum setting
05-27 19:03:15.896 23580 23580 D ANWJNI_SECOND: 
05-27 19:03:15.896 23580 23580 D ANWJNI_SECOND: (23580|0x5467E4F8)[BTAPP] XML : find maxHFSCOConnNum(0)(0)
05-27 19:03:15.896 23580 23580 D ANWJNI_SECOND: 
05-27 19:03:15.896 23580 23580 D ANWJNI_SECOND: (23580|0x5467E4F8)[BTAPP] XML : find maxAGSCOConnNum setting
05-27 19:03:15.896 23580 23580 D ANWJNI_SECOND: 
05-27 19:03:15.896 23580 23580 D ANWJNI_SECOND: (23580|0x5467E4F8)[BTAPP] XML : find maxAGSCOConnNum(2)(2)
05-27 19:03:15.896 23580 23580 D ANWJNI_SECOND: 
05-27 19:03:15.896 23580 23580 D ANWJNI_SECOND: (23580|0x5467E4F8)[BTAPP] XML : find maxOppConnNum_data setting
05-27 19:03:15.896 23580 23580 D ANWJNI_SECOND: 
05-27 19:03:15.896 23580 23580 D ANWJNI_SECOND: (23580|0x5467E4F8)[BTAPP] XML : find maxOPPConnNum(0)(0)
05-27 19:03:15.896 23580 23580 D ANWJNI_SECOND: 
05-27 19:03:15.896 23580 23580 D ANWJNI_SECOND: (23580|0x5467E4F8)[BTAPP] XML : find maxHidHostConnNum_data setting
05-27 19:03:15.896 23580 23580 D ANWJNI_SECOND: 
05-27 19:03:15.896 23580 23580 D ANWJNI_SECOND: (23580|0x5467E4F8)[BTAPP] XML : find maxHidHostConnNum(0)(0)
05-27 19:03:15.896 23580 23580 D ANWJNI_SECOND: 
05-27 19:03:15.896 23580 23580 D ANWJNI_SECOND: (23580|0x5467E4F8)[BTAPP] XML : music_mode_auto_select
05-27 19:03:15.896 23580 23580 D ANWJNI_SECOND: 
05-27 19:03:15.896 23580 23580 D ANWJNI_SECOND: (23580|0x5467E4F8)[BTAPP] XML : music_mode_auto_select open
05-27 19:03:15.896 23580 23580 D ANWJNI_SECOND: 
05-27 19:03:15.896 23580 23580 D ANWJNI_SECOND: (23580|0x5467E4F8)[BTAPP] XML : BQB_test_setting
05-27 19:03:15.896 23580 23580 D ANWJNI_SECOND: 
05-27 19:03:15.896 23580 23580 D ANWJNI_SECOND: (23580|0x5467E4F8)[BTAPP] XML : BQB_test_setting close
05-27 19:03:15.896 23580 23580 D ANWJNI_SECOND: 
05-27 19:03:15.896 23580 23580 D ANWJNI_SECOND: (23580|0x5467E4F8)[BTAPP] XML : find aaudio_device_id setting
05-27 19:03:15.896 23580 23580 D ANWJNI_SECOND: 
05-27 19:03:15.897 23580 23580 D ANWJNI_SECOND: (23580|0x5467E4F8)[BTAPP] XML : find aaudio_device_id(16)(16)
05-27 19:03:15.897 23580 23580 D ANWJNI_SECOND: 
05-27 19:03:15.897 23580 23580 D ANWJNI_SECOND: (23580|0x5467E4F8)[BTAPP] XML : local_device_name_data 
05-27 19:03:15.897 23580 23580 D ANWJNI_SECOND: 
05-27 19:03:15.897 23580 23580 D ANWAPI_SECOND: (23580|0x5467E4F8)[BTAPI] AnWBT_Set_Local_Device_Before_Init LJ_FUJIA
05-27 19:03:15.897 23580 23580 D ANWJNI_SECOND: (23580|0x5467E4F8)[BTAPP] get a2dp_sink_pcm data fail
05-27 19:03:15.897 23580 23580 D ANWJNI_SECOND: 
05-27 19:03:15.897 23580 23580 D ANWJNI_SECOND: (23580|0x5467E4F8)[BTAPP] XML : master_device_file_path 
05-27 19:03:15.897 23580 23580 D ANWJNI_SECOND: 
05-27 19:03:15.897 23580 23580 D ANWJNI_SECOND: (23580|0x5467E4F8)[BTAPP] XML : master_device_file_path /anw/target_device_info is not exist
05-27 19:03:15.897 23580 23580 D ANWJNI_SECOND: 
05-27 19:03:15.897 23580 23580 D ANWJNI_SECOND: (23580|0x5467E4F8)[BTAPP] XML : read_rssi_switch
05-27 19:03:15.897 23580 23580 D ANWJNI_SECOND: 
05-27 19:03:15.897 23580 23580 D ANWJNI_SECOND: (23580|0x5467E4F8)[BTAPP] XML : read_rssi_switch close
05-27 19:03:15.897 23580 23580 D ANWJNI_SECOND: 
05-27 19:03:15.897 23580 23580 D ANWJNI_SECOND: (23580|0x5467E4F8)[BTAPP] XML : pbapClient_autoConnectAndDownload
05-27 19:03:15.897 23580 23580 D ANWJNI_SECOND: 
05-27 19:03:15.897 23580 23580 D ANWJNI_SECOND: (23580|0x5467E4F8)[BTAPP] XML : PBAP Client auto connect an download close
05-27 19:03:15.897 23580 23580 D ANWJNI_SECOND: 
05-27 19:03:15.897 23580 23580 D ANWJNI_SECOND: (23580|0x5467E4F8)[BTAPP] get callDisconnect_AutoDownloadCalllog data fail
05-27 19:03:15.897 23580 23580 D ANWJNI_SECOND: 
05-27 19:03:15.897 23580 23580 D ANWJNI_SECOND: (23580|0x5467E4F8)[BTAPP] XML : UART_path 
05-27 19:03:15.897 23580 23580 D ANWJNI_SECOND: 
05-27 19:03:15.897 23580 23580 D ANWJNI_SECOND: (23580|0x5467E4F8)[BTAPP] XML : UART_path:[/dev/ttyS3]
05-27 19:03:15.897 23580 23580 D ANWJNI_SECOND: 
05-27 19:03:15.897 23580 23580 D ANWJNI_SECOND: (23580|0x5467E4F8)[BTAPP] get BTADDR_path data fail
05-27 19:03:15.897 23580 23580 D ANWJNI_SECOND: 
05-27 19:03:15.897 23580 23580 D ANWJNI_SECOND: (23580|0x5467E4F8)[BTAPP] XML : BTADDR path not find
05-27 19:03:15.897 23580 23580 D ANWJNI_SECOND: 
05-27 19:03:15.897 23580 23580 D ANWJNI_SECOND: (23580|0x5467E4F8)[BTAPP] XML : find UART_baudRate_init(115200)
05-27 19:03:15.897 23580 23580 D ANWJNI_SECOND: 
05-27 19:03:15.897 23580 23580 D ANWJNI_SECOND: (23580|0x5467E4F8)[BTAPP] XML : find UART_baudRate_normal(3000000)
05-27 19:03:15.897 23580 23580 D ANWJNI_SECOND: 
05-27 19:03:15.898 23580 23580 D ANWJNI_SECOND: (23580|0x5467E4F8)[BTAPP] XML : AVRCP_ABSOLUTE_VOLUME
05-27 19:03:15.898 23580 23580 D ANWJNI_SECOND: 
05-27 19:03:15.898 23580 23580 D ANWJNI_SECOND: (23580|0x5467E4F8)[BTAPP] XML : avrcp absolute volume change open
05-27 19:03:15.898 23580 23580 D ANWJNI_SECOND: 
05-27 19:03:15.898 23580 23580 D ANWAPI_SECOND: (23580|0x5467E4F8)[BTAPI] AnWBT_Set_Avrcp_Absoulte_Volume_Change[1]
05-27 19:03:15.898 23580 23580 D ANWJNI_SECOND: (23580|0x5467E4F8)[BTAPP] get generate_random_address data fail
05-27 19:03:15.898 23580 23580 D ANWJNI_SECOND: 
05-27 19:03:15.898 23580 23580 D ANWJNI_SECOND: (23580|0x5467E4F8)[BTAPP] get reject_a2dp_avrcp data fail
05-27 19:03:15.898 23580 23580 D ANWJNI_SECOND: 
05-27 19:03:15.898 23580 23580 D ANWJNI_SECOND: (23580|0x5467E4F8)[BTAPP] XML : find connect_by_sdp_limit setting
05-27 19:03:15.898 23580 23580 D ANWJNI_SECOND: 
05-27 19:03:15.898 23580 23580 D ANWJNI_SECOND: (23580|0x5467E4F8)[BTAPP] connect_by_sdp_limit set(close)
05-27 19:03:15.898 23580 23580 D ANWJNI_SECOND: 
05-27 19:03:15.898 23580 23580 D ANWJNI_SECOND: (23580|0x5467E4F8)[BTAPP] XML : find hfpag_auto_select_main_device setting
05-27 19:03:15.898 23580 23580 D ANWJNI_SECOND: 
05-27 19:03:15.898 23580 23580 D ANWJNI_SECOND: (23580|0x5467E4F8)[BTAPP] hfpag_auto_select_main_device set(open)
05-27 19:03:15.898 23580 23580 D ANWJNI_SECOND: 
05-27 19:03:15.898 23580 23580 D ANWJNI_SECOND: (23580|0x5467E4F8)[BTAPP] XML : find waveout_file_size_MB setting
05-27 19:03:15.898 23580 23580 D ANWJNI_SECOND: 
05-27 19:03:15.898 23580 23580 D ANWJNI_SECOND: (23580|0x5467E4F8)[BTAPP] XML : find waveout_file_size_MB_data(50)
05-27 19:03:15.898 23580 23580 D ANWJNI_SECOND: 
05-27 19:03:15.898 23580 23580 D ANWJNI_SECOND: (23580|0x5467E4F8)[BTAPP] free source_data
05-27 19:03:15.898 23580 23580 D ANWJNI_SECOND: 
05-27 19:03:15.898 23580 23580 D ANWJNI_SECOND: (23580|0x5467E4F8)[BTAPP] Read XMLfile End
05-27 19:03:15.898 23580 23580 D ANWJNI_SECOND: 
05-27 19:03:15.898 23580 23580 D ANWJNI_SECOND: (23580|0x5467E4F8)[BTAPP] run Read (/system/etc/bluetooth/anw_AA_CP_setting.cfg) Start
05-27 19:03:15.898 23580 23580 D ANWJNI_SECOND: 
05-27 19:03:15.898 23580 23580 D ANWJNI_SECOND: (23580|0x5467E4F8)[BTAPP] open BT config file (/system/etc/bluetooth/anw_AA_CP_setting.cfg) failed.
05-27 19:03:15.898 23580 23580 D ANWJNI_SECOND: 
05-27 19:03:15.898 23580 23580 D ANWJNI_SECOND: (23580|0x5467E4F8)[BTAPP] run Read (/data/misc/anw//btmonitor_lastrecord) Start
05-27 19:03:15.898 23580 23580 D ANWJNI_SECOND: 
05-27 19:03:15.898 23580 23580 D ANWJNI_SECOND: (23580|0x5467E4F8)[BTAPP] open BT last record file (/data/misc/anw//btmonitor_lastrecord) success.
05-27 19:03:15.898 23580 23580 D ANWJNI_SECOND: 
05-27 19:03:15.898   299 30841 D EvsDriver: forwardFrame
05-27 19:03:15.899 23580 23580 D ANWJNI_SECOND: (23580|0x5467E4F8)[BTAPP] read last_connected_device last_scan_mode::3
05-27 19:03:15.899 23580 23580 D ANWJNI_SECOND: 
05-27 19:03:15.899 23580 23580 D ANWJNI_SECOND: 
05-27 19:03:15.900 23580 23580 D ANWJNI_SECOND: (23580|0x5467E4F8)[BTAPP] read last_scan_mode
05-27 19:03:15.900 23580 23580 D ANWJNI_SECOND: 
05-27 19:03:15.900 23580 23580 D ANWJNI_SECOND: (23580|0x5467E4F8)[BTAPP] last_scan_mode find,value is 3
05-27 19:03:15.900 23580 23580 D ANWJNI_SECOND: 
05-27 19:03:15.901 23580 23580 D ANWJNI_SECOND: (23580|0x5467E4F8)[BTAPP] read last_poweron_state
05-27 19:03:15.901 23580 23580 D ANWJNI_SECOND: 
05-27 19:03:15.901 23580 23580 I ANWJNI_SECOND: --- JNI_OnLoad
05-27 19:03:15.901  1167  1184 D evsmanagerd: /dev/video4 forwarded the buffer #0 to 0xb4000074bf5f6850 from 0xb4000074bf5f41d0
05-27 19:03:15.901   299 30841 D EvsDriver: Delivered 0xb400007b7ca56a60 as id 0
05-27 19:03:15.907 13911 14183 I SentryImuMcuAngleSender: 180.0rollDeg
05-27 19:03:15.907 13911 14183 I SentryImuMcuAngleSender: 1,0,0
05-27 19:03:15.910 23580 23580 D AnwSdkService: onCreate
05-27 19:03:15.910 23580 23580 D AnwSdkService: run createMessageHandleThread
05-27 19:03:15.910   299  1163 D EvsDriver: doneWithFrame
05-27 19:03:15.911  1008 30856 D [OMXB]  : usingANWBuffer: handle:0xee741400, format:1, w:1920, h:1080
05-27 19:03:15.911   299 30844 D EvsDriver: forwardFrame
05-27 19:03:15.913   581   581 I SpiService: fgesysctrl_getGPIO_status success val=1
05-27 19:03:15.914   299 30841 D EvsDriver: forwardFrame
05-27 19:03:15.915   536   536 D commservice260303: msg.id = 1028,0
05-27 19:03:15.915   299 30841 D EvsDriver: Delivered 0xb400007b7ca56a60 as id 0
05-27 19:03:15.916   536   536 D commservice260303: i = 170, msgid = 8A000404
05-27 19:03:15.916  1167  1184 D evsmanagerd: /dev/video4 forwarded the buffer #0 to 0xb4000074bf5f6850 from 0xb4000074bf5f41d0
05-27 19:03:15.916   536   536 D commservice260303: msgid = -1979710460,did=138
05-27 19:03:15.916   536   536 D commservice260303: CommProtocolLibCmdBaseI2C::dataproc {"command":{"id":"imu_status","sub":""},"content":{"TimeStamp":11,"FrameCounter":273972,"GD_X":-0.011910883709788322,"GD_Y":0.005039200186729431,"GD_Z":0.0018319635419175029,"AD_X":0.0031803250312805176,"AD_Y":-2.988063497468829E-4,"AD_Z":-0.16953563690185547,"TempDsp":0,"Status":0,"CalibState":1,"SigAmpInvalid":0}},-1979710460
05-27 08:54:24.878   581   581 D spi_rst_gpio_get_output: GPIO 145 value: 1
05-27 08:54:24.878   581   581 D spidev_ioctl: gpio status=1)
05-27 08:54:24.884   581   581 D spi_rst_gpio_get_output: GPIO 145 value: 1
05-27 08:54:24.884   581   581 D spidev_ioctl: gpio status=1)
05-27 19:03:15.919   581   581 I SpiService: fgesysctrl_getGPIO_status success val=1
05-27 19:03:15.919   299 30844 D EvsDriver: Delivered 0xb400007b7ca56900 as id 0
05-27 19:03:15.919  1167  1184 D evsmanagerd: /dev/video6 forwarded the buffer #0 to 0xb4000074bf5f5510 from 0xb4000074bf5f6d90
05-27 19:03:15.920 30773 30773 E dvr_service_: [myNum:1] Received S**** loss
05-27 19:03:15.921   299  1163 D EvsDriver: doneWithFrame
05-27 19:03:15.921   536   536 D commservice260303: send2Cluster len:317, 7B22636F6D6D616E64223A7B226964223A22696D755F737461747573222C22737562223A22227D2C22636F6E74656E74223A7B2254696D655374616D70223A31312C224672616D65436F756E746572223A3237333937322C2247445F58223A2D302E3031313931303838333730393738383332322C2247445F59223A302E3030353033393230303138363732393433312C2247445F5A223A302E303031383331393633353431393137353032392C2241445F58223A302E303033313830333235303331323830353137362C2241445F59223A2D322E393838303633343937343638383239452D342C2241445F5A223A2D302E31363935333536333639303138353534372C2254656D70447370223A302C22537461747573223A302C2243616C69625374617465223A312C22536967416D70496E76616C6964223A307D7D, 138 
05-27 19:03:15.921   536   536 D commservice260303: Push Message into SendPool fn=-730856448
05-27 19:03:15.921   536   536 D commservice260303: ComProtocolLibSend2Cluster::send2ClusterRaw fn=-730856448 , len=333
05-27 19:03:15.921   536   536 D commservice260303: sendCmdToPort :333!!!
05-27 19:03:15.922   536   536 D commservice260303: send Cmd To Port ++++5AA501498A01000470D46A16CF737B22636F6D6D616E64223A7B226964223A22696D755F737461747573222C22737562223A22227D2C22636F6E74656E74223A7B2254696D655374616D70223A31312C224672616D65436F756E746572223A3237333937322C2247445F58223A2D302E3031313931303838333730393738383332322C2247445F59223A302E3030353033393230303138363732393433312C2247445F5A223A302E303031383331393633353431393137353032392C2241445F58223A302E303033313830333235303331323830353137362C2241445F59223A2D322E393838303633343937343638383239452D342C2241445F5A223A2D302E31363935333536333639303138353534372C2254656D70447370223A302C22537461747573223A302C2243616C69625374617465223A312C22536967416D70496E76616C6964223A307D7D4EB2
05-27 19:03:15.922   536   536 D commservice260303: bufferevent_write retrun value = 0
05-27 19:03:15.922   536   560 D commservice260303: client datas send succeed,send finish
05-27 19:03:15.923   299  1153 D EvsDriver: doneWithFrame
05-27 19:03:15.924 13911 14192 D Sentinelmode_1.2.5.17_sentry: <SentryImuClusterFgeSender>imu_status sent to Linux, frame=273972, tsNs=11663145, tsMs=11, intervalMs=40, ad=(0.003180325,-2.9880635E-4,-0.16953564), gd=(-0.011910884,0.0050392,0.0018319635)
05-27 19:03:15.925 23580 23580 D AnwSdkService: run createAudioFocusListenerMessageHandleThread
05-27 19:03:15.925   581   581 I SpiService: fgesysctrl_getGPIO_status success val=1
05-27 19:03:15.925 30773 30786 I dvr_service_: CameraX 0  audioOK: 125014043,audios:1870
05-27 19:03:15.927  1008 30857 D [OMXB]  : usingANWBuffer: handle:0xee745760, format:1, w:1920, h:1080
05-27 19:03:15.928 13911 14183 I SentryImuMcuAngleSender: -179.993rollDeg
05-27 19:03:15.928 13911 14183 I SentryImuMcuAngleSender: 1,0,0
05-27 08:54:24.890   581   581 D spi_rst_gpio_get_output: GPIO 145 value: 1
05-27 08:54:24.890   581   581 D spidev_ioctl: gpio status=1)
05-27 08:54:24.896   581   581 D spi_rst_gpio_get_output: GPIO 145 value: 1
05-27 08:54:24.896   581   581 D spidev_ioctl: gpio status=1)
05-27 19:03:15.931   581   581 I SpiService: fgesysctrl_getGPIO_status success val=1
05-27 19:03:15.931 23601 23601 I ADAYO_LOG_TRACE_LOGCAT: execute start
05-27 08:54:24.901   581   581 D spi_rst_gpio_get_output: GPIO 145 value: 0
05-27 08:54:24.901   581   581 D spidev_ioctl: gpio status=0)
05-27 08:54:24.916   581   581 D spi_rst_gpio_get_output: GPIO 145 value: 1
05-27 08:54:24.916   581   581 D spidev_ioctl: gpio status=1)
05-27 08:54:24.924   581   581 D spi_rst_gpio_get_output: GPIO 145 value: 1
05-27 08:54:24.924   581   581 D spidev_ioctl: gpio status=1)
05-27 19:03:15.937   581   581 I SpiService: fgesysctrl_getGPIO_status success val=0
05-27 19:03:15.942 23580 23580 I AnwSdkService: mhcilog1:
05-27 19:03:15.943 23580 23580 I AnwSdkService: mhcilog4:
05-27 19:03:15.952   581   581 I SpiService: fgesysctrl_getGPIO_status success val=1
05-27 19:03:15.955 13911 14183 I SentryImuMcuAngleSender: 179.986rollDeg
05-27 19:03:15.956 13911 14183 I SentryImuMcuAngleSender: 1,0,0
05-27 19:03:15.957   299 30841 D EvsDriver: forwardFrame
05-27 19:03:15.959 23580 23580 I ANWJNI_SECOND: +++ InitialCallback=====
05-27 19:03:15.959   581   581 I SpiService: fgesysctrl_getGPIO_status success val=1
05-27 19:03:15.960  1167  1479 D evsmanagerd: /dev/video4 forwarded the buffer #0 to 0xb4000074bf5f6850 from 0xb4000074bf5f41d0
05-27 19:03:15.960 30773 30783 I dvr_service_: [myNum:0][onFrameReceived] Received Surface:1 0
05-27 19:03:15.960   299 30841 D EvsDriver: Delivered 0xb400007b7ca56a60 as id 0
05-27 19:03:15.960 30773 30783 E dvr_service_: [myNum:0] Received S**** loss
05-27 19:03:15.961   536   536 D commservice260303: msg.id = 1028,0
05-27 19:03:15.961   536   536 D commservice260303: i = 170, msgid = 8A000404
05-27 19:03:15.961   536   536 D commservice260303: msgid = -1979710460,did=138
05-27 19:03:15.961   536   536 D commservice260303: CommProtocolLibCmdBaseI2C::dataproc {"command":{"id":"imu_status","sub":""},"content":{"TimeStamp":11,"FrameCounter":273973,"GD_X":-0.011682018637657166,"GD_Y":0.005802778527140617,"GD_Z":0.0019079053308814764,"AD_X":0.003726094961166382,"AD_Y":0.0021438116673380136,"AD_Z":-0.17197513580322266,"TempDsp":0,"Status":0,"CalibState":1,"SigAmpInvalid":0}},-1979710460
05-27 19:03:15.961   299  1153 D EvsDriver: doneWithFrame
05-27 19:03:15.961   536   536 D commservice260303: send2Cluster len:316, 7B22636F6D6D616E64223A7B226964223A22696D755F737461747573222C22737562223A22227D2C22636F6E74656E74223A7B2254696D655374616D70223A31312C224672616D65436F756E746572223A3237333937332C2247445F58223A2D302E3031313638323031383633373635373136362C2247445F59223A302E3030353830323737383532373134303631372C2247445F5A223A302E303031393037393035333330383831343736342C2241445F58223A302E3030333732363039343936313136363338322C2241445F59223A302E303032313433383131363637333338303133362C2241445F5A223A2D302E31373139373531333538303332323236362C2254656D70447370223A302C22537461747573223A302C2243616C69625374617465223A312C22536967416D70496E76616C6964223A307D7D, 138 
05-27 19:03:15.961   536   536 D commservice260303: Push Message into SendPool fn=-714079232
05-27 19:03:15.961   536   536 D commservice260303: ComProtocolLibSend2Cluster::send2ClusterRaw fn=-714079232 , len=332
05-27 19:03:15.961   536   536 D commservice260303: sendCmdToPort :332!!!
05-27 19:03:15.961   536   536 D commservice260303: send Cmd To Port ++++5AA501488A01000470D56A16CF737B22636F6D6D616E64223A7B226964223A22696D755F737461747573222C22737562223A22227D2C22636F6E74656E74223A7B2254696D655374616D70223A31312C224672616D65436F756E746572223A3237333937332C2247445F58223A2D302E3031313638323031383633373635373136362C2247445F59223A302E3030353830323737383532373134303631372C2247445F5A223A302E303031393037393035333330383831343736342C2241445F58223A302E3030333732363039343936313136363338322C2241445F59223A302E303032313433383131363637333338303133362C2241445F5A223A2D302E31373139373531333538303332323236362C2254656D70447370223A302C22537461747573223A302C2243616C69625374617465223A312C22536967416D70496E76616C6964223A307D7D0AA1
05-27 19:03:15.961   536   536 D commservice260303: bufferevent_write retrun value = 0
05-27 19:03:15.961   536   560 D commservice260303: client datas send succeed,send finish
05-27 19:03:15.962 13911 14192 D Sentinelmode_1.2.5.17_sentry: <SentryImuClusterFgeSender>imu_status sent to Linux, frame=273973, tsNs=11663198, tsMs=11, intervalMs=37, ad=(0.003726095,0.0021438117,-0.17197514), gd=(-0.011682019,0.0058027785,0.0019079053)
05-27 19:03:15.962 23580 23580 I ANWJNI_SECOND: --- InitialCallback(77)(78)
05-27 19:03:15.962 23580 23580 I ANWJNI_SECOND: --- InitialCallback(79)(80)
05-27 19:03:15.962 23580 23580 I ANWJNI_SECOND: --- InitialCallback:0
05-27 19:03:15.962 23580 23580 D AnwSdkService: onCreate:0,78,80
05-27 19:03:15.962 23580 23580 D AnwSdkService: pbap_socket_fd1 = 78
05-27 19:03:15.962 23580 23580 D AnwSdkService: run createPbapContactMessageHandleThread
05-27 19:03:15.965   830   830 D SurfaceFlinger: unisoc-graphics, commit has frameMissed:2, vysncId:234269
05-27 19:03:15.965   581   581 I SpiService: fgesysctrl_getGPIO_status success val=1
05-27 19:03:15.965 23605 23605 I ADAYO_LOG_TRACE_LOGCAT: executing
05-27 19:03:15.966 23580 23580 D AnwSdkService: run createPbapParsedDataUpdateMessageHandleThread
05-27 08:54:24.930   581   581 D spi_rst_gpio_get_output: GPIO 145 value: 1
05-27 08:54:24.930   581   581 D spidev_ioctl: gpio status=1)
05-27 19:03:15.969  1008 30856 D [OMXB]  : usingANWBuffer: handle:0xee7442c0, format:1, w:1920, h:1080
05-27 19:03:15.971   283   307 I rvcservice: t.code = 3, t.value = 0
05-27 19:03:15.971   581   581 I SpiService: fgesysctrl_getGPIO_status success val=0
05-27 08:54:24.935   581   581 D spi_rst_gpio_get_output: GPIO 145 value: 0
05-27 08:54:24.936   581   581 D spidev_ioctl: gpio status=0)
05-27 19:03:15.973   299 30844 D EvsDriver: forwardFrame
05-27 19:03:15.975  1167  1479 D evsmanagerd: /dev/video6 forwarded the buffer #0 to 0xb4000074bf5f5510 from 0xb4000074bf5f6d90
05-27 19:03:15.975   299 30844 D EvsDriver: Delivered 0xb400007b7ca56900 as id 0
05-27 19:03:15.976 23580 23580 W ContextImpl: Calling a method in the system process without a qualified user: android.app.ContextImpl.startService:1863 android.content.ContextWrapper.startService:817 com.anwsdk.service.anwbtservice.onCreate:7516 android.app.ActivityThread.handleCreateService:4616 android.app.ActivityThread.-$$Nest$mhandleCreateService:0 
05-27 19:03:15.976 13911 14183 I SentryImuMcuAngleSender: 179.97548rollDeg
05-27 19:03:15.976 13911 14183 I SentryImuMcuAngleSender: 1,0,0
05-27 19:03:15.978 10188 12411 W ActivityManager: Unable to start service Intent { cmp=com.anwsdk.service/.HfpClientConnectionService } U=0: not found with resolvedType = null, flags = 268436480, userId = 0, callingUid = 1000
05-27 19:03:15.979 23580 23580 D AnwSdkService: 20210721 checking self APK rom size
05-27 08:54:24.950   581   581 D spi_rst_gpio_get_output: GPIO 145 value: 1
05-27 08:54:24.950   581   581 D spidev_ioctl: gpio status=1)
05-27 08:54:24.956   581   581 D spi_rst_gpio_get_output: GPIO 145 value: 1
05-27 08:54:24.956   581   581 D spidev_ioctl: gpio status=1)
05-27 08:54:24.962   581   581 D spi_rst_gpio_get_output: GPIO 145 value: 1
05-27 08:54:24.962   581   581 D spidev_ioctl: gpio status=1)
05-27 19:03:15.982   830   830 D SurfaceFlinger: unisoc-graphics, commit has frameMissed:2, vysncId:234270
05-27 08:54:24.967   581   581 D spi_rst_gpio_get_output: GPIO 145 value: 1
05-27 08:54:24.967   581   581 D spidev_ioctl: gpio status=1)
05-27 19:03:15.982   572   622 I Sensors : 230 GyroSensor: x:-0.010766,y:0.005039,z:0.001832
05-27 19:03:15.984   299  1153 D EvsDriver: doneWithFrame
05-27 19:03:15.985 30773 30786 I dvr_service_: CameraX 1  audioOK: 125014043,audios:1870
05-27 08:54:24.973   581   581 D spi_rst_gpio_get_output: GPIO 145 value: 0
05-27 19:03:15.986   581   581 I SpiService: fgesysctrl_getGPIO_status success val=1
05-27 08:54:24.973   581   581 D spidev_ioctl: gpio status=0)
05-27 19:03:15.988   299 30841 D EvsDriver: forwardFrame
05-27 19:03:15.988   299 30844 D EvsDriver: forwardFrame
05-27 19:03:15.991   581   581 I SpiService: fgesysctrl_getGPIO_status success val=1
05-27 19:03:15.992   299 30841 D EvsDriver: Delivered 0xb400007b7ca56a60 as id 0
05-27 19:03:15.992  1167  1479 D evsmanagerd: /dev/video4 forwarded the buffer #0 to 0xb4000074bf5f6850 from 0xb4000074bf5f41d0
05-27 19:03:15.996 30773 30789 I dvr_service_: Camera 0: MediaOK:125057263, frames:1690, isKeyFrame:0,pts:11662469939
05-27 19:03:15.996   299  1153 D EvsDriver: doneWithFrame
05-27 19:03:15.997  1167  1479 D evsmanagerd: /dev/video6 forwarded the buffer #0 to 0xb4000074bf5f5510 from 0xb4000074bf5f6d90
05-27 19:03:15.997   299 30844 D EvsDriver: Delivered 0xb400007b7ca56900 as id 0
05-27 19:03:15.997   581   581 I SpiService: fgesysctrl_getGPIO_status success val=1
05-27 19:03:15.999   299  1153 D EvsDriver: doneWithFrame
05-27 19:03:15.999 13911 14183 I SentryImuMcuAngleSender: 179.98248rollDeg
05-27 19:03:15.999 13911 14183 I SentryImuMcuAngleSender: 1,0,0
05-27 19:03:16.000  1008 30857 D [OMXB]  : usingANWBuffer: handle:0xee742b60, format:1, w:1920, h:1080
05-27 19:03:16.003   581   581 I SpiService: fgesysctrl_getGPIO_status success val=1
05-27 19:03:16.007 15863 16069 D AIN-HttpHealthPolicy: call() called start, host=weixin.qq.com
05-27 19:03:16.008   581   581 I SpiService: fgesysctrl_getGPIO_status success val=0
05-27 19:03:16.009   536   536 D commservice260303: msg.id = 1028,0
05-27 19:03:16.009   536   536 D commservice260303: i = 170, msgid = 8A000404
05-27 19:03:16.009   536   536 D commservice260303: msgid = -1979710460,did=138
05-27 19:03:16.009   536   536 D commservice260303: CommProtocolLibCmdBaseI2C::dataproc {"command":{"id":"imu_status","sub":""},"content":{"TimeStamp":11,"FrameCounter":273974,"GD_X":-0.010766036808490753,"GD_Y":0.005039200186729431,"GD_Z":0.0018319635419175029,"AD_X":0.0018609166145324707,"AD_Y":0.0027326184790581465,"AD_Z":-0.17075538635253906,"TempDsp":0,"Status":0,"CalibState":1,"SigAmpInvalid":0}},-1979710460
05-27 19:03:16.009   536   536 D commservice260303: send2Cluster len:317, 7B22636F6D6D616E64223A7B226964223A22696D755F737461747573222C22737562223A22227D2C22636F6E74656E74223A7B2254696D655374616D70223A31312C224672616D65436F756E746572223A3237333937342C2247445F58223A2D302E3031303736363033363830383439303735332C2247445F59223A302E3030353033393230303138363732393433312C2247445F5A223A302E303031383331393633353431393137353032392C2241445F58223A302E303031383630393136363134353332343730372C2241445F59223A302E303032373332363138343739303538313436352C2241445F5A223A2D302E31373037353533383633353235333930362C2254656D70447370223A302C22537461747573223A302C2243616C69625374617465223A312C22536967416D70496E76616C6964223A307D7D, 138 
05-27 19:03:16.009   536   536 D commservice260303: Push Message into SendPool fn=-697302016
05-27 19:03:16.009   536   536 D commservice260303: ComProtocolLibSend2Cluster::send2ClusterRaw fn=-697302016 , len=333
05-27 19:03:16.009   536   536 D commservice260303: sendCmdToPort :333!!!
05-27 19:03:16.010   536   536 D commservice260303: send Cmd To Port ++++5AA501498A01000470D66A16CF747B22636F6D6D616E64223A7B226964223A22696D755F737461747573222C22737562223A22227D2C22636F6E74656E74223A7B2254696D655374616D70223A31312C224672616D65436F756E746572223A3237333937342C2247445F58223A2D302E3031303736363033363830383439303735332C2247445F59223A302E3030353033393230303138363732393433312C2247445F5A223A302E303031383331393633353431393137353032392C2241445F58223A302E303031383630393136363134353332343730372C2241445F59223A302E303032373332363138343739303538313436352C2241445F5A223A2D302E31373037353533383633353235333930362C2254656D70447370223A302C22537461747573223A302C2243616C69625374617465223A312C22536967416D70496E76616C6964223A307D7D94D7
05-27 19:03:16.010   536   536 D commservice260303: bufferevent_write retrun value = 0
05-27 19:03:16.010 13911 14192 D Sentinelmode_1.2.5.17_sentry: <SentryImuClusterFgeSender>imu_status sent to Linux, frame=273974, tsNs=11663233, tsMs=11, intervalMs=49, ad=(0.0018609166,0.0027326185,-0.17075539), gd=(-0.010766037,0.0050392,0.0018319635)
05-27 19:03:16.010   536   560 D commservice260303: client datas send succeed,send finish
05-27 19:03:16.014 10046 23611 D resolv  : GetAddrInfoHandler::run: {103 786535 103 983143 1000 0}
05-27 19:03:16.014 10046 23611 D resolv  : resolv_getaddrinfo: explore_fqdn(): ai_family=0 ai_socktype=1 ai_protocol=6
05-27 19:03:16.015 23610 23610 I ADAYO_LOG_TRACE_LOGCAT: collect_dest_path:/mnt/log_data/AndroidLog/logcat
05-27 19:03:16.016   299 30841 D EvsDriver: forwardFrame
05-27 19:03:16.017   299 30841 D EvsDriver: Delivered 0xb400007b7ca56a60 as id 0
05-27 19:03:16.017  1167  1479 D evsmanagerd: /dev/video4 forwarded the buffer #0 to 0xb4000074bf5f6850 from 0xb4000074bf5f41d0
05-27 19:03:16.018 10046 23612 D resolv  : doQuery: (1, 1)
05-27 19:03:16.018 10046 23612 D resolv  : res_nmkquery: (QUERY, IN, A)
05-27 19:03:16.018 10046 23612 D resolv  : res_nsend
05-27 19:03:16.018 10046 23612 I resolv  : resolv_cache_lookup: lookup
05-27 19:03:16.018 10046 23612 I resolv  : resolv_cache_lookup: FOUND IN CACHE entry=0xb400007295471100
05-27 19:03:16.018 10046 23612 D resolv  : doQuery: rcode=0, ancount=3
05-27 19:03:16.020   299  1153 D EvsDriver: doneWithFrame
05-27 19:03:16.021 13911 14183 I SentryImuMcuAngleSender: 179.99649rollDeg
05-27 19:03:16.021 13911 14183 I SentryImuMcuAngleSender: 1,0,0
05-27 19:03:16.021 15863 15914 W AIN-DaemonApplication: dds kernel success.
05-27 19:03:16.023   581   581 I SpiService: fgesysctrl_getGPIO_status success val=1
05-27 08:54:24.987   581   581 D spi_rst_gpio_get_output: GPIO 145 value: 1
05-27 08:54:24.987   581   581 D spidev_ioctl: gpio status=1)
05-27 19:03:16.025   299 30844 D EvsDriver: forwardFrame
05-27 19:03:16.027  1167  1479 D evsmanagerd: /dev/video6 forwarded the buffer #0 to 0xb4000074bf5f5510 from 0xb4000074bf5f6d90
05-27 19:03:16.030   481   599 I mcuc    : start timer OK = 32935 
05-27 19:03:16.031 15863 16069 D TrafficStats: tagSocket(244) with statsTag=0xffffffff, statsUid=-1
05-27 19:03:16.032   581   581 I SpiService: fgesysctrl_getGPIO_status success val=1
05-27 19:03:16.032  1083  1083 I MyAppLog: [2026-05-27 19:03:16.026 I tboxap mcuSendYadiTransfer:196] [Mcu] [mcuYadiSend]: :00 08 92 04 01 09 81 02 01 01
05-27 19:03:16.033   299  1153 D EvsDriver: doneWithFrame
05-27 19:03:16.033   299 30844 D EvsDriver: Delivered 0xb400007b7ca56900 as id 0
05-27 19:03:16.036   536   536 D commservice260303: msg.id = 1028,0
05-27 19:03:16.036   536   536 D commservice260303: i = 170, msgid = 8A000404
05-27 19:03:16.036   536   536 D commservice260303: msgid = -1979710460,did=138
05-27 19:03:16.036   536   536 D commservice260303: CommProtocolLibCmdBaseI2C::dataproc {"command":{"id":"imu_status","sub":""},"content":{"TimeStamp":11,"FrameCounter":273975,"GD_X":-0.01160607673227787,"GD_Y":0.00549693126231432,"GD_Z":0.0019848872907459736,"AD_X":-0.0012094676494598389,"AD_Y":2.8905118233524263E-4,"AD_Z":-0.17441558837890625,"TempDsp":0,"Status":0,"CalibState":1,"SigAmpInvalid":0}},-1979710460
05-27 19:03:16.037   536   536 D commservice260303: send2Cluster len:316, 7B22636F6D6D616E64223A7B226964223A22696D755F737461747573222C22737562223A22227D2C22636F6E74656E74223A7B2254696D655374616D70223A31312C224672616D65436F756E746572223A3237333937352C2247445F58223A2D302E30313136303630373637333232373738372C2247445F59223A302E30303534393639333132363233313433322C2247445F5A223A302E303031393834383837323930373435393733362C2241445F58223A2D302E303031323039343637363439343539383338392C2241445F59223A322E38393035313138323333353234323633452D342C2241445F5A223A2D302E31373434313535383833373839303632352C2254656D70447370223A302C22537461747573223A302C2243616C69625374617465223A312C22536967416D70496E76616C6964223A307D7D, 138 
05-27 19:03:16.037   536   536 D commservice260303: Push Message into SendPool fn=-680524800
05-27 19:03:16.037   536   536 D commservice260303: ComProtocolLibSend2Cluster::send2ClusterRaw fn=-680524800 , len=332
05-27 19:03:16.037   536   536 D commservice260303: sendCmdToPort :332!!!
05-27 19:03:16.037   536   536 D commservice260303: send Cmd To Port ++++5AA501488A01000470D76A16CF747B22636F6D6D616E64223A7B226964223A22696D755F737461747573222C22737562223A22227D2C22636F6E74656E74223A7B2254696D655374616D70223A31312C224672616D65436F756E746572223A3237333937352C2247445F58223A2D302E30313136303630373637333232373738372C2247445F59223A302E30303534393639333132363233313433322C2247445F5A223A302E303031393834383837323930373435393733362C2241445F58223A2D302E303031323039343637363439343539383338392C2241445F59223A322E38393035313138323333353234323633452D342C2241445F5A223A2D302E31373434313535383833373839303632352C2254656D70447370223A302C22537461747573223A302C2243616C69625374617465223A312C22536967416D70496E76616C6964223A307D7D92B0
05-27 19:03:16.037   536   536 D commservice260303: bufferevent_write retrun value = 0
05-27 19:03:16.037   536   560 D commservice260303: client datas send succeed,send finish
05-27 19:03:16.037   581   581 I SpiService: fgesysctrl_getGPIO_status success val=1
05-27 19:03:16.037 13911 14192 D Sentinelmode_1.2.5.17_sentry: <SentryImuClusterFgeSender>imu_status sent to Linux, frame=273975, tsNs=11663269, tsMs=11, intervalMs=27, ad=(-0.0012094676,2.8905118E-4,-0.17441559), gd=(-0.011606077,0.0054969313,0.0019848873)
05-27 08:54:24.996   581   581 D spi_rst_gpio_get_output: GPIO 145 value: 1
05-27 08:54:24.996   581   581 D spidev_ioctl: gpio status=1)
05-27 08:54:25.002   581   581 D spi_rst_gpio_get_output: GPIO 145 value: 1
05-27 08:54:25.002   581   581 D spidev_ioctl: gpio status=1)
05-27 08:54:25.007   581   581 D spi_rst_gpio_get_output: GPIO 145 value: 1
05-27 08:54:25.007   581   581 D spidev_ioctl: gpio status=1)
05-27 19:03:16.043   581   581 I SpiService: fgesysctrl_getGPIO_status success val=1
05-27 19:03:16.043 13911 14183 I SentryImuMcuAngleSender: 179.993rollDeg
05-27 19:03:16.043 13911 14183 I SentryImuMcuAngleSender: 1,0,0
05-27 19:03:16.049   830   830 D SurfaceFlinger: unisoc-graphics, commit has frameMissed:2, vysncId:234273
05-27 19:03:16.049   581   581 I SpiService: fgesysctrl_getGPIO_status success val=0
05-27 19:03:16.049   481   597 I mcuc    : send SPI:6AA60180A700F80901920401098102010100000000000000000000000000000000000000000000000000000000000000000000000000000000000000000000000000000000000000000000000000000000000000000000000000000000000000000000000000000000000000000000000000000000000000000000000000000000000000000000000000000000000000000000000000000000000000000000000000000000000000000000000000000000000000000000000000000000000000000000000000000000000000000000000000000000000000000000000000000000000000000000000000000000000000000000000000000000000000000000B1
05-27 19:03:16.050  1008 30856 D [OMXB]  : usingANWBuffer: handle:0xee743240, format:1, w:1920, h:1080
05-27 08:54:25.013   581   581 D spi_rst_gpio_get_output: GPIO 145 value: 0
05-27 08:54:25.013   581   581 D spidev_ioctl: gpio status=0)
05-27 19:03:16.052   299 30841 D EvsDriver: forwardFrame
05-27 19:03:16.053   299 30844 D EvsDriver: forwardFrame
05-27 19:03:16.057  1167  1479 D evsmanagerd: /dev/video6 forwarded the buffer #0 to 0xb4000074bf5f5510 from 0xb4000074bf5f6d90
05-27 19:03:16.057  1167  1167 D evsmanagerd: /dev/video4 forwarded the buffer #0 to 0xb4000074bf5f6850 from 0xb4000074bf5f41d0
05-27 19:03:16.057   299 30841 D EvsDriver: Delivered 0xb400007b7ca56a60 as id 0
05-27 19:03:16.058   299 30844 D EvsDriver: Delivered 0xb400007b7ca56900 as id 0
05-27 19:03:16.064   299  1153 D EvsDriver: doneWithFrame
05-27 19:03:16.066   830   830 D SurfaceFlinger: unisoc-graphics, commit has frameMissed:2, vysncId:234274
05-27 19:03:16.068   299  1153 D EvsDriver: doneWithFrame
05-27 19:03:16.071   283   307 I rvcservice: t.code = 3, t.value = 0
05-27 19:03:16.071   581   581 I SpiService: fgesysctrl_getGPIO_status success val=1
05-27 19:03:16.065 23615 23615 I auditd  : type=1400 audit(0.0:76096): avc: denied { setattr } for comm="chmod" name="logcat" dev="vda93" ino=180226 scontext=u:r:toolbox:s0 tcontext=u:object_r:log_data_file:s0 tclass=dir permissive=1
05-27 19:03:16.065 23615 23615 I chmod   : type=1400 audit(0.0:76096): avc: denied { setattr } for name="logcat" dev="vda93" ino=180226 scontext=u:r:toolbox:s0 tcontext=u:object_r:log_data_file:s0 tclass=dir permissive=1
05-27 19:03:16.065 23615 23615 I auditd  : type=1400 audit(0.0:76097): avc: denied { fsetid } for comm="chmod" capability=4 scontext=u:r:toolbox:s0 tcontext=u:r:toolbox:s0 tclass=capability permissive=1
05-27 19:03:16.065 23615 23615 I chmod   : type=1400 audit(0.0:76097): avc: denied { fsetid } for capability=4 scontext=u:r:toolbox:s0 tcontext=u:r:toolbox:s0 tclass=capability permissive=1
05-27 19:03:16.065 23615 23615 I auditd  : type=1400 audit(0.0:76098): avc: denied { read } for comm="chmod" name="logcat" dev="vda93" ino=180226 scontext=u:r:toolbox:s0 tcontext=u:object_r:log_data_file:s0 tclass=dir permissive=1
05-27 19:03:16.065 23615 23615 I chmod   : type=1400 audit(0.0:76098): avc: denied { read } for name="logcat" dev="vda93" ino=180226 scontext=u:r:toolbox:s0 tcontext=u:object_r:log_data_file:s0 tclass=dir permissive=1
05-27 19:03:16.065 23615 23615 I auditd  : type=1400 audit(0.0:76099): avc: denied { open } for comm="chmod" path="/mnt/log_data/AndroidLog/logcat" dev="vda93" ino=180226 scontext=u:r:toolbox:s0 tcontext=u:object_r:log_data_file:s0 tclass=dir permissive=1
05-27 19:03:16.065 23615 23615 I chmod   : type=1400 audit(0.0:76099): avc: denied { open } for path="/mnt/log_data/AndroidLog/logcat" dev="vda93" ino=180226 scontext=u:r:toolbox:s0 tcontext=u:object_r:log_data_file:s0 tclass=dir permissive=1
05-27 19:03:16.065 23615 23615 I auditd  : type=1400 audit(0.0:76100): avc: denied { getattr } for comm="chmod" path="/mnt/log_data/AndroidLog/logcat/logcat_2026_05_27_16_57_29_952-26.zip" dev="vda93" ino=180257 scontext=u:r:toolbox:s0 tcontext=u:object_r:log_data_file:s0 tclass=file permissive=1
05-27 19:03:16.065 23615 23615 I chmod   : type=1400 audit(0.0:76100): avc: denied { getattr } for path="/mnt/log_data/AndroidLog/logcat/logcat_2026_05_27_16_57_29_952-26.zip" dev="vda93" ino=180257 scontext=u:r:toolbox:s0 tcontext=u:object_r:log_data_file:s0 tclass=file permissive=1
05-27 08:54:25.036   581   581 D spi_rst_gpio_get_output: GPIO 145 value: 1
05-27 08:54:25.036   581   581 D spidev_ioctl: gpio status=1)
05-27 19:03:16.077   581   581 I SpiService: fgesysctrl_getGPIO_status success val=1
05-27 08:54:25.041   581   581 D spi_rst_gpio_get_output: GPIO 145 value: 1
05-27 08:54:25.041   581   581 D spidev_ioctl: gpio status=1)
05-27 19:03:16.078   536   536 D commservice260303: msg.id = 1028,0
05-27 19:03:16.078   536   536 D commservice260303: i = 170, msgid = 8A000404
05-27 19:03:16.078   536   536 D commservice260303: msgid = -1979710460,did=138
05-27 19:03:16.078   536   536 D commservice260303: CommProtocolLibCmdBaseI2C::dataproc {"command":{"id":"imu_status","sub":""},"content":{"TimeStamp":11,"FrameCounter":273976,"GD_X":-0.01091896090656519,"GD_Y":0.005420989356935024,"GD_Z":0.0019079053308814764,"AD_X":-0.00484776496887207,"AD_Y":-0.0021476384717971087,"AD_Z":-0.17685604095458984,"TempDsp":0,"Status":0,"CalibState":1,"SigAmpInvalid":0}},-1979710460
05-27 19:03:16.079   536   536 D commservice260303: send2Cluster len:316, 7B22636F6D6D616E64223A7B226964223A22696D755F737461747573222C22737562223A22227D2C22636F6E74656E74223A7B2254696D655374616D70223A31312C224672616D65436F756E746572223A3237333937362C2247445F58223A2D302E30313039313839363039303635363531392C2247445F59223A302E3030353432303938393335363933353032342C2247445F5A223A302E303031393037393035333330383831343736342C2241445F58223A2D302E30303438343737363439363838373230372C2241445F59223A2D302E303032313437363338343731373937313038372C2241445F5A223A2D302E31373638353630343039353435383938342C2254656D70447370223A302C22537461747573223A302C2243616C69625374617465223A312C22536967416D70496E76616C6964223A307D7D, 138 
05-27 19:03:16.079   536   536 D commservice260303: Push Message into SendPool fn=-663747584
05-27 19:03:16.079   536   536 D commservice260303: ComProtocolLibSend2Cluster::send2ClusterRaw fn=-663747584 , len=332
05-27 19:03:16.079   536   536 D commservice260303: sendCmdToPort :332!!!
05-27 19:03:16.079   536   536 D commservice260303: send Cmd To Port ++++5AA501488A01000470D86A16CF747B22636F6D6D616E64223A7B226964223A22696D755F737461747573222C22737562223A22227D2C22636F6E74656E74223A7B2254696D655374616D70223A31312C224672616D65436F756E746572223A3237333937362C2247445F58223A2D302E30313039313839363039303635363531392C2247445F59223A302E3030353432303938393335363933353032342C2247445F5A223A302E303031393037393035333330383831343736342C2241445F58223A2D302E30303438343737363439363838373230372C2241445F59223A2D302E303032313437363338343731373937313038372C2241445F5A223A2D302E31373638353630343039353435383938342C2254656D70447370223A302C22537461747573223A302C2243616C69625374617465223A312C22536967416D70496E76616C6964223A307D7D71A7
05-27 19:03:16.079 23580 23580 D AnwSdkService: apk rom size:40.90M
05-27 19:03:16.079   536   536 D commservice260303: bufferevent_write retrun value = 0
05-27 19:03:16.079   536   560 D commservice260303: client datas send succeed,send finish
05-27 19:03:16.079 13911 14183 I SentryImuMcuAngleSender: -179.9895rollDeg
05-27 19:03:16.079 13911 14183 I SentryImuMcuAngleSender: 1,0,0
05-27 19:03:16.080 13911 14192 D Sentinelmode_1.2.5.17_sentry: <SentryImuClusterFgeSender>imu_status sent to Linux, frame=273976, tsNs=11663323, tsMs=11, intervalMs=42, ad=(-0.004847765,-0.0021476385,-0.17685604), gd=(-0.010918961,0.0054209894,0.0019079053)
05-27 19:03:16.081 23580 23580 D AnwSdkService: [android.permission.READ_EXTERNAL_STORAGE] permision is GRANTED
05-27 19:03:16.082   581   581 I SpiService: fgesysctrl_getGPIO_status success val=1
05-27 19:03:16.082 23580 23580 D AnwSdkService: [android.permission.WRITE_EXTERNAL_STORAGE] permision is GRANTED
05-27 08:54:25.047   581   581 D spi_rst_gpio_get_output: GPIO 145 value: 1
05-27 08:54:25.047   581   581 D spidev_ioctl: gpio status=1)
05-27 19:03:16.088   581   581 I SpiService: fgesysctrl_getGPIO_status success val=0
05-27 08:54:25.052   581   581 D spi_rst_gpio_get_output: GPIO 145 value: 0
05-27 08:54:25.052   581   581 D spidev_ioctl: gpio status=0)
05-27 19:03:16.089   572   622 I Sensors : 230 AccelSensor: x:-0.174459,y:-0.002440,z:-9.978380
05-27 19:03:16.091 23580 23580 D AnwSdkService: onCreate end
05-27 19:03:16.091 23580 23580 D AnwSdkService: onBind
05-27 19:03:16.092  1008 30857 D [OMXB]  : usingANWBuffer: handle:0xee7440b0, format:1, w:1920, h:1080
05-27 19:03:16.094   299 30844 D EvsDriver: forwardFrame
05-27 19:03:16.094   299 30841 D EvsDriver: forwardFrame
05-27 19:03:16.096  1167  1167 D evsmanagerd: /dev/video6 forwarded the buffer #0 to 0xb4000074bf5f5510 from 0xb4000074bf5f6d90
05-27 19:03:16.096   299 30844 D EvsDriver: Delivered 0xb400007b7ca56900 as id 0
05-27 19:03:16.096  1167  1479 D evsmanagerd: /dev/video4 forwarded the buffer #0 to 0xb4000074bf5f6850 from 0xb4000074bf5f41d0
05-27 19:03:16.096   299 30841 D EvsDriver: Delivered 0xb400007b7ca56a60 as id 0
05-27 19:03:16.096 30773 30783 E dvr_service_: [myNum:1] Received S**** loss
05-27 19:03:16.097   299  1153 D EvsDriver: doneWithFrame
05-27 19:03:16.099   299  1153 D EvsDriver: doneWithFrame
05-27 19:03:16.099   481   598 I mcuc    : rev,n=1,6AA68280A7000209014B
05-27 19:03:16.100 13911 14183 I SentryImuMcuAngleSender: -179.986rollDeg
05-27 19:03:16.100 13911 14183 I SentryImuMcuAngleSender: 1,0,0
05-27 19:03:16.100 13435 13435 D BtManager: onServiceConnected
05-27 19:03:16.101 23580 23598 D AnwSdkService: GetPowerStatus = POWER_OFF
05-27 19:03:16.101 23580 23598 D AnwSdkService: ANWBT_GetBTPowerStatus() POWER_OFF
05-27 19:03:16.101 23580 23598 D AnwSdkService: GetPowerStatus = POWER_OFF
05-27 08:54:25.069   581   581 D spi_rst_gpio_get_output: GPIO 145 value: 1
05-27 08:54:25.069   581   581 D spidev_ioctl: gpio status=1)
05-27 19:03:16.103 13435 13435 D BtManager: ANWBT_BTPowerOn
05-27 19:03:16.103 13435 13435 D BtManager: ANWBT_GetBTPowerStatus
05-27 19:03:16.104   581   581 I SpiService: fgesysctrl_getGPIO_status success val=1
05-27 19:03:16.105 15863 15863 D AIN-NaviLocationPresenter: ACC is OFF, skip upload location
05-27 19:03:16.108 23580 23598 D AnwSdkService: GetPowerStatus = POWER_OFF
05-27 19:03:16.108 23580 23598 D AnwSdkService: ANWBT_GetBTPowerStatus() POWER_OFF
05-27 19:03:16.108 23580 23598 D AnwSdkService: GetPowerStatus = POWER_OFF
05-27 19:03:16.109   581   581 I SpiService: fgesysctrl_getGPIO_status success val=1
05-27 08:54:25.074   581   581 D spi_rst_gpio_get_output: GPIO 145 value: 1
05-27 08:54:25.074   581   581 D spidev_ioctl: gpio status=1)
05-27 19:03:16.113 23580 23598 D AnwSdkService: anw-update,bt_java_data:20260516
05-27 19:03:16.113 23580 23598 D AnwSdkService: ANWBT_BTPowerOn()
05-27 19:03:16.113 23617 23617 I ADAYO_LOG_TRACE_LOGCAT: file_path:/mnt/log_data/AndroidLog/logcat/logcat_2026_05_27_19_03_15_046-51.txt
05-27 19:03:16.114 23580 23598 D AnwSdkService: GetPowerStatus = POWER_OFF
05-27 19:03:16.114 23580 23598 D AnwSdkService: SetPowerStatus = POWER_ONING
05-27 19:03:16.115   581   581 I SpiService: fgesysctrl_getGPIO_status success val=1
05-27 08:54:25.079   581   581 D spi_rst_gpio_get_output: GPIO 145 value: 1
05-27 08:54:25.079   581   581 D spidev_ioctl: gpio status=1)
05-27 19:03:16.117 23580 23618 I ANWJNI_SECOND: anw-update,bt_jni_data: 20260516
05-27 19:03:16.117 23580 23618 D ANWAPI_SECOND: (23580|0x28F86CB0)[BTAPI] SDK >>>>AnWBT_Snoop_Open
05-27 19:03:16.117 23580 23618 D ANWJNI_SECOND: (23580|0x28F86CB0)[BTAPP] PowOn_Thread
05-27 19:03:16.117 23580 23618 D ANWJNI_SECOND: 
05-27 19:03:16.118 23580 23620 D ANWJNI_SECOND: (23580|0x22F4DCB0)[BTAPP] BTPowerOn!!
05-27 08:54:25.085   581   581 D spi_rst_gpio_get_output: GPIO 145 value: 1
05-27 08:54:25.085   581   581 D spidev_ioctl: gpio status=1)
05-27 08:54:25.091   581   581 D spi_rst_gpio_get_output: GPIO 145 value: 0
05-27 08:54:25.091   581   581 D spidev_ioctl: gpio status=0)
05-27 19:03:16.118 23580 23620 D ANWJNI_SECOND: (23580|0x22F4DCB0)[BTAPP] in thread_power_on_func,getpid()=23580, priority = 10
05-27 19:03:16.118 23580 23620 D ANWJNI_SECOND: 
05-27 19:03:16.119 13435 13435 I BtManager: ANWBT_BTPowerOn result = 0
05-27 19:03:16.119 23580 23620 D ANWJNI_SECOND: (23580|0x22F4DCB0)[BTAPP] doPowerOn_Timeout_Thread_Create
05-27 19:03:16.119 23580 23620 D ANWJNI_SECOND: 
05-27 19:03:16.119 13435 13435 D BtManager: ret = 2
05-27 19:03:16.120 23580 23620 D ANWJNI_SECOND: (23580|0x22F4DCB0)[BTAPP] AnWBT_SetInitialValue(hfphf:0)(hfpag:2)(pbap:0)(map:0)(a2dpsink:0)(a2dpsource:2)(avrcpct:0)(avrcttg:2)
05-27 19:03:16.120 23580 23620 D ANWJNI_SECOND: 
05-27 19:03:16.120 23580 23620 D ANWAPI_SECOND: (23580|0x22F4DCB0)[BTAPI] SDK >>>>AnWBT_SetInitialValue devclass: 0x3c020c
05-27 19:03:16.121   581   581 I SpiService: fgesysctrl_getGPIO_status success val=1
05-27 19:03:16.121 13911 14183 I SentryImuMcuAngleSender: -179.993rollDeg
05-27 19:03:16.121 13911 14183 I SentryImuMcuAngleSender: 1,0,0
05-27 19:03:16.121 23580 23620 D ANWAPI_SECOND: (23580|0x22F4DCB0)[BTAPI] AnWBT_SetInitialValue avrcp_tg_attribute=6
05-27 19:03:16.121 23580 23620 D ANWAPI_SECOND: (23580|0x22F4DCB0)[BTAPI] SDK <<<<AnWBT_SetInitialValue 0x0
05-27 19:03:16.122 23580 23620 D ANWAPI_SECOND: (23580|0x22F4DCB0)[BTAPI] SDK >>>>AnWBT_HFP_Enable_WBS 1
05-27 19:03:16.122 23580 23620 D ANWAPI_SECOND: (23580|0x22F4DCB0)[BTAPI] SDK <<<<AnWBT_HFP_Enable_WBS 0
05-27 19:03:16.122 23580 23620 D ANW_WAVEOUT_SECOND: (23580|0x22F4DCB0)[WAVEOUT] init Audio PCM Thread Mute(800)(101)
05-27 19:03:16.122 23580 23620 D ANW_WAVEOUT_SECOND: 
05-27 19:03:16.122 23580 23620 D ANWAPI_SECOND: (23580|0x22F4DCB0)[BTAPI] anw-update,bt_sdk_data:20260516-not_supportLea
05-27 19:03:16.122 23580 23620 D ANWAPI_SECOND: (23580|0x22F4DCB0)[BTAPI] SDK >>>>AnWBT_Init
05-27 19:03:16.122 23580 23620 D ANWAPI_SECOND: (23580|0x22F4DCB0)[BTAPI] AnWBTSDK_Version=0x0300002a
05-27 19:03:16.122 23580 23620 D ANWAPI_SECOND: (23580|0x22F4DCB0)[BTAPI] >>>>AnWBT_EEPROM_Read 
05-27 19:03:16.122 23580 23620 D ANWAPI_SECOND: (23580|0x22F4DCB0)[BTAPI] B:Rpaired_storage[0]name[]addr[00:00:00:00:00:00]linkkey[00:00:00:00:00:00:00:00:00:00:00:00:00:00:00:00]
05-27 19:03:16.122 23580 23620 D ANWAPI_SECOND: (23580|0x22F4DCB0)[BTAPI] B:Rpaired_storage[1]name[]addr[00:00:00:00:00:00]linkkey[00:00:00:00:00:00:00:00:00:00:00:00:00:00:00:00]
05-27 19:03:16.122 23580 23620 D ANWAPI_SECOND: (23580|0x22F4DCB0)[BTAPI] B:Rpaired_storage[2]name[]addr[00:00:00:00:00:00]linkkey[00:00:00:00:00:00:00:00:00:00:00:00:00:00:00:00]
05-27 19:03:16.122 23580 23620 D ANWAPI_SECOND: (23580|0x22F4DCB0)[BTAPI] B:Rpaired_storage[3]name[]addr[00:00:00:00:00:00]linkkey[00:00:00:00:00:00:00:00:00:00:00:00:00:00:00:00]
05-27 19:03:16.122 23580 23620 D ANWAPI_SECOND: (23580|0x22F4DCB0)[BTAPI] B:Rpaired_storage[4]name[]addr[00:00:00:00:00:00]linkkey[00:00:00:00:00:00:00:00:00:00:00:00:00:00:00:00]
