05-27 19:03:21.680   536   536 D commservice260303: send Cmd To Port ++++5AA501478A01000471656A16CF797B22636F6D6D616E64223A7B226964223A22696D755F737461747573222C22737562223A22227D2C22636F6E74656E74223A7B2254696D655374616D70223A31312C224672616D65436F756E746572223A3237343131312C2247445F58223A2D302E3031313037303834333738363030313230352C2247445F59223A302E3030343936333235383734373031313432332C2247445F5A223A302E3030323434333133383237373135383134312C2241445F58223A2D302E3030383133383833353433303134353236342C2241445F59223A392E353430393239343539303335333937452D342C2241445F5A223A2D302E31373037343936363433303636343036322C2254656D70447370223A302C22537461747573223A302C2243616C69625374617465223A312C22536967416D70496E76616C6964223A307D7D616A
05-27 19:03:21.680   536   536 D commservice260303: bufferevent_write retrun value = 0
05-27 19:03:21.680   536   560 D commservice260303: client datas send succeed,send finish
05-27 08:54:30.642   581   581 D spi_rst_gpio_get_output: GPIO 145 value: 1
05-27 08:54:30.642   581   581 D spidev_ioctl: gpio status=1)
05-27 19:03:21.681 13911 14192 D Sentinelmode_1.2.5.17_sentry: <SentryImuClusterFgeSender>imu_status sent to Linux, frame=274111, tsNs=11668920, tsMs=11, intervalMs=42, ad=(-0.008138835,9.5409295E-4,-0.17074966), gd=(-0.011070844,0.0049632587,0.0024431383)
05-27 19:03:21.683   581   581 I SpiService: fgesysctrl_getGPIO_status success val=1
05-27 08:54:30.648   581   581 D spi_rst_gpio_get_output: GPIO 145 value: 1
05-27 08:54:30.648   581   581 D spidev_ioctl: gpio status=1)
05-27 19:03:21.686 30773 30786 I dvr_service_: CameraX 0  audioOK: 130774043,audios:1960
05-27 19:03:21.688   581   581 I SpiService: fgesysctrl_getGPIO_status success val=1
05-27 08:54:30.653   581   581 D spi_rst_gpio_get_output: GPIO 145 value: 1
05-27 08:54:30.653   581   581 D spidev_ioctl: gpio status=1)
05-27 19:03:21.690   830   830 D SurfaceFlinger: unisoc-graphics, commit has frameMissed:2, vysncId:234543
05-27 19:03:21.694   581   581 I SpiService: fgesysctrl_getGPIO_status success val=0
05-27 19:03:21.695   299 30841 D EvsDriver: forwardFrame
05-27 19:03:21.695   299 30844 D EvsDriver: forwardFrame
05-27 19:03:21.697   299 30844 D EvsDriver: Delivered 0xb400007b7ca56900 as id 0
05-27 19:03:21.697  1167  1167 D evsmanagerd: /dev/video4 forwarded the buffer #0 to 0xb4000074bf5f6850 from 0xb4000074bf5f41d0
05-27 19:03:21.697  1167  1479 D evsmanagerd: /dev/video6 forwarded the buffer #0 to 0xb4000074bf5f5510 from 0xb4000074bf5f6d90
05-27 19:03:21.697 13911 14183 I SentryImuMcuAngleSender: -179.993rollDeg
05-27 19:03:21.697 13911 14183 I SentryImuMcuAngleSender: 1,0,0
05-27 08:54:30.659   581   581 D spi_rst_gpio_get_output: GPIO 145 value: 0
05-27 08:54:30.659   581   581 D spidev_ioctl: gpio status=0)
05-27 19:03:21.699   299 30841 D EvsDriver: Delivered 0xb400007b7ca56a60 as id 0
05-27 19:03:21.700   299  1163 D EvsDriver: doneWithFrame
05-27 19:03:21.704   299  1163 D EvsDriver: doneWithFrame
05-27 19:03:21.705   283   307 I rvcservice: t.code = 7, t.value = 11668814
05-27 19:03:21.707   830   830 D SurfaceFlinger: unisoc-graphics, commit has frameMissed:2, vysncId:234544
05-27 08:54:30.673   581   581 D spi_rst_gpio_get_output: GPIO 145 value: 1
05-27 08:54:30.673   581   581 D spidev_ioctl: gpio status=1)
05-27 19:03:21.709   581   581 I SpiService: fgesysctrl_getGPIO_status success val=1
05-27 19:03:21.712 30773 30785 I dvr_service_: [EncoderHandler::runMediaThread] runMediaThread started:1,state:1, cam2:started:1,state:1, lastSwitch:1, mIsMuxerStart:1,format:0,is_str_ing:0
05-27 19:03:21.712  1008 30857 D [OMXB]  : usingANWBuffer: handle:0xee740d20, format:1, w:1920, h:1080
05-27 19:03:21.714   581   581 I SpiService: fgesysctrl_getGPIO_status success val=1
05-27 08:54:30.679   581   581 D spi_rst_gpio_get_output: GPIO 145 value: 1
05-27 08:54:30.679   581   581 D spidev_ioctl: gpio status=1)
05-27 19:03:21.718 13911 14183 I SentryImuMcuAngleSender: -179.986rollDeg
05-27 19:03:21.718 13911 14183 I SentryImuMcuAngleSender: 1,0,0
05-27 19:03:21.720   581   581 I SpiService: fgesysctrl_getGPIO_status success val=1
05-27 08:54:30.685   581   581 D spi_rst_gpio_get_output: GPIO 145 value: 1
05-27 08:54:30.685   581   581 D spidev_ioctl: gpio status=1)
05-27 19:03:21.721   536   536 D commservice260303: msg.id = 1028,1
05-27 19:03:21.721   536   536 D commservice260303: i = 170, msgid = 8A000404
05-27 19:03:21.721   536   536 D commservice260303: msgid = -1979710460,did=138
05-27 19:03:21.721   536   536 D commservice260303: CommProtocolLibCmdBaseI2C::dataproc {"command":{"id":"imu_status","sub":""},"content":{"TimeStamp":11,"FrameCounter":274112,"GD_X":-0.011682018637657166,"GD_Y":0.0057257963344454765,"GD_Z":0.0019079053308814764,"AD_X":-0.0020347684621810913,"AD_Y":-0.003297895658761263,"AD_Z":-0.17074966430664062,"TempDsp":0,"Status":0,"CalibState":1,"SigAmpInvalid":0}},-1979710460
05-27 19:03:21.721   536   536 D commservice260303: send2Cluster len:319, 7B22636F6D6D616E64223A7B226964223A22696D755F737461747573222C22737562223A22227D2C22636F6E74656E74223A7B2254696D655374616D70223A31312C224672616D65436F756E746572223A3237343131322C2247445F58223A2D302E3031313638323031383633373635373136362C2247445F59223A302E303035373235373936333334343435343736352C2247445F5A223A302E303031393037393035333330383831343736342C2241445F58223A2D302E303032303334373638343632313831303931332C2241445F59223A2D302E3030333239373839353635383736313236332C2241445F5A223A2D302E31373037343936363433303636343036322C2254656D70447370223A302C22537461747573223A302C2243616C69625374617465223A312C22536967416D70496E76616C6964223A307D7D, 138 
05-27 19:03:21.721   536   536 D commservice260303: Push Message into SendPool fn=1718682624
05-27 19:03:21.721   536   536 D commservice260303: ComProtocolLibSend2Cluster::send2ClusterRaw fn=1718682624 , len=335
05-27 19:03:21.721   536   536 D commservice260303: sendCmdToPort :335!!!
05-27 19:03:21.721   536   536 D commservice260303: send Cmd To Port ++++5AA5014B8A01000471666A16CF797B22636F6D6D616E64223A7B226964223A22696D755F737461747573222C22737562223A22227D2C22636F6E74656E74223A7B2254696D655374616D70223A31312C224672616D65436F756E746572223A3237343131322C2247445F58223A2D302E3031313638323031383633373635373136362C2247445F59223A302E303035373235373936333334343435343736352C2247445F5A223A302E303031393037393035333330383831343736342C2241445F58223A2D302E303032303334373638343632313831303931332C2241445F59223A2D302E3030333239373839353635383736313236332C2241445F5A223A2D302E31373037343936363433303636343036322C2254656D70447370223A302C22537461747573223A302C2243616C69625374617465223A312C22536967416D70496E76616C6964223A307D7DA31D
05-27 19:03:21.721   299 30844 D EvsDriver: forwardFrame
05-27 19:03:21.722   299 30841 D EvsDriver: forwardFrame
05-27 19:03:21.722   536   536 D commservice260303: bufferevent_write retrun value = 0
05-27 19:03:21.722   536   560 D commservice260303: client datas send succeed,send finish
05-27 19:03:21.722 13911 14192 D Sentinelmode_1.2.5.17_sentry: <SentryImuClusterFgeSender>imu_status sent to Linux, frame=274112, tsNs=11668956, tsMs=11, intervalMs=41, ad=(-0.0020347685,-0.0032978957,-0.17074966), gd=(-0.011682019,0.0057257963,0.0019079053)
05-27 19:03:21.724  1167  1479 D evsmanagerd: /dev/video4 forwarded the buffer #0 to 0xb4000074bf5f6850 from 0xb4000074bf5f41d0
05-27 19:03:21.725  1008 30856 D [OMXB]  : usingANWBuffer: handle:0xee742950, format:1, w:1920, h:1080
05-27 19:03:21.725   299 30841 D EvsDriver: Delivered 0xb400007b7ca56a60 as id 0
05-27 19:03:21.725   299 30844 D EvsDriver: Delivered 0xb400007b7ca56900 as id 0
05-27 19:03:21.726  1167  1479 D evsmanagerd: /dev/video6 forwarded the buffer #0 to 0xb4000074bf5f5510 from 0xb4000074bf5f6d90
05-27 19:03:21.726   581   581 I SpiService: fgesysctrl_getGPIO_status success val=0
05-27 08:54:30.690   581   581 D spi_rst_gpio_get_output: GPIO 145 value: 0
05-27 08:54:30.690   581   581 D spidev_ioctl: gpio status=0)
05-27 19:03:21.730   299  1153 D EvsDriver: doneWithFrame
05-27 19:03:21.736   299  1163 D EvsDriver: doneWithFrame
05-27 19:03:21.739 13911 14183 I SentryImuMcuAngleSender: 180.0rollDeg
05-27 19:03:21.740 13911 14183 I SentryImuMcuAngleSender: 1,0,0
05-27 19:03:21.741   581   581 I SpiService: fgesysctrl_getGPIO_status success val=1
05-27 19:03:21.742 13911 14183 I SentryImuMcuAngleSender: [4, 18, 1, 0, 0],5
05-27 19:03:21.742 13911 14183 I McuCommManager: mcuCommSendcmd [4, 18, 1, 0, 0]
05-27 19:03:21.743 13911 14183 I SentryImuMcuAngleSender: true
05-27 19:03:21.743 13911 14183 W Sentinelmode_1.2.5.17_sentry: <SentryImuMcuAngleSender>MCU IMU send interval abnormal: 1002ms
05-27 08:54:30.705   581   581 D spi_rst_gpio_get_output: GPIO 145 value: 1
05-27 08:54:30.706   581   581 D spidev_ioctl: gpio status=1)
05-27 19:03:21.745  1044 30796 D BufferPoolAccessor2.0: bufferpool2 0xb400006f82870318 : 1(6144 size) total buffers - 1(6144 size) used buffers - 153470/153474 (recycle/alloc) - 4/153473 (fetch/transfer)
05-27 19:03:21.745 30773 30786 I dvr_service_: CameraX 1  audioOK: 130774043,audios:1960
05-27 19:03:21.747   581   581 I SpiService: fgesysctrl_getGPIO_status success val=1
05-27 08:54:30.711   581   581 D spi_rst_gpio_get_output: GPIO 145 value: 1
05-27 08:54:30.711   581   581 D spidev_ioctl: gpio status=1)
05-27 19:03:21.749   299 30841 D EvsDriver: forwardFrame
05-27 19:03:21.750   299 30844 D EvsDriver: forwardFrame
05-27 19:03:21.751   299 30841 D EvsDriver: Delivered 0xb400007b7ca56a60 as id 0
05-27 19:03:21.751  1167  1479 D evsmanagerd: /dev/video4 forwarded the buffer #0 to 0xb4000074bf5f6850 from 0xb4000074bf5f41d0
05-27 19:03:21.752   299 30844 D EvsDriver: Delivered 0xb400007b7ca56900 as id 0
05-27 19:03:21.752 30773 30773 E dvr_service_: [myNum:1] Received S**** loss
05-27 19:03:21.752  1167  1167 D evsmanagerd: /dev/video6 forwarded the buffer #0 to 0xb4000074bf5f5510 from 0xb4000074bf5f6d90
05-27 19:03:21.752   581   581 I SpiService: fgesysctrl_getGPIO_status success val=1
05-27 08:54:30.717   581   581 D spi_rst_gpio_get_output: GPIO 145 value: 1
05-27 08:54:30.717   581   581 D spidev_ioctl: gpio status=1)
05-27 19:03:21.755   299  1163 D EvsDriver: doneWithFrame
05-27 19:03:21.756   299  1163 D EvsDriver: doneWithFrame
05-27 19:03:21.758   581   581 I SpiService: fgesysctrl_getGPIO_status success val=1
05-27 19:03:21.759 13911 14183 I SentryImuMcuAngleSender: 179.986rollDeg
05-27 19:03:21.759 13911 14183 I SentryImuMcuAngleSender: 1,0,0
05-27 19:03:21.760   536   536 D commservice260303: msg.id = 1028,0
05-27 19:03:21.761   536   536 D commservice260303: i = 170, msgid = 8A000404
05-27 19:03:21.761   536   536 D commservice260303: msgid = -1979710460,did=138
05-27 08:54:30.723   581   581 D spi_rst_gpio_get_output: GPIO 145 value: 1
05-27 08:54:30.723   581   581 D spidev_ioctl: gpio status=1)
05-27 19:03:21.761   536   536 D commservice260303: CommProtocolLibCmdBaseI2C::dataproc {"command":{"id":"imu_status","sub":""},"content":{"TimeStamp":11,"FrameCounter":274113,"GD_X":-0.012139749713242054,"GD_Y":0.005802778527140617,"GD_Z":0.0014501744881272316,"AD_X":-2.2946298122406006E-4,"AD_Y":3.5903474781662226E-4,"AD_Z":-0.17074966430664062,"TempDsp":0,"Status":0,"CalibState":1,"SigAmpInvalid":0}},-1979710460
05-27 19:03:21.761   536   536 D commservice260303: send2Cluster len:318, 7B22636F6D6D616E64223A7B226964223A22696D755F737461747573222C22737562223A22227D2C22636F6E74656E74223A7B2254696D655374616D70223A31312C224672616D65436F756E746572223A3237343131332C2247445F58223A2D302E3031323133393734393731333234323035342C2247445F59223A302E3030353830323737383532373134303631372C2247445F5A223A302E303031343530313734343838313237323331362C2241445F58223A2D322E32393436323938313232343036303036452D342C2241445F59223A332E35393033343734373831363632323236452D342C2241445F5A223A2D302E31373037343936363433303636343036322C2254656D70447370223A302C22537461747573223A302C2243616C69625374617465223A312C22536967416D70496E76616C6964223A307D7D, 138 
05-27 19:03:21.761   536   536 D commservice260303: Push Message into SendPool fn=1735459840
05-27 19:03:21.761   536   536 D commservice260303: ComProtocolLibSend2Cluster::send2ClusterRaw fn=1735459840 , len=334
05-27 19:03:21.761   536   536 D commservice260303: sendCmdToPort :334!!!
05-27 19:03:21.761   536   536 D commservice260303: send Cmd To Port ++++5AA5014A8A01000471676A16CF797B22636F6D6D616E64223A7B226964223A22696D755F737461747573222C22737562223A22227D2C22636F6E74656E74223A7B2254696D655374616D70223A31312C224672616D65436F756E746572223A3237343131332C2247445F58223A2D302E3031323133393734393731333234323035342C2247445F59223A302E3030353830323737383532373134303631372C2247445F5A223A302E303031343530313734343838313237323331362C2241445F58223A2D322E32393436323938313232343036303036452D342C2241445F59223A332E35393033343734373831363632323236452D342C2241445F5A223A2D302E31373037343936363433303636343036322C2254656D70447370223A302C22537461747573223A302C2243616C69625374617465223A312C22536967416D70496E76616C6964223A307D7D0B4D
05-27 19:03:21.762   536   536 D commservice260303: bufferevent_write retrun value = 0
05-27 19:03:21.762   536   560 D commservice260303: client datas send succeed,send finish
05-27 19:03:21.762 13911 14192 D Sentinelmode_1.2.5.17_sentry: <SentryImuClusterFgeSender>imu_status sent to Linux, frame=274113, tsNs=11669010, tsMs=11, intervalMs=40, ad=(-2.2946298E-4,3.5903475E-4,-0.17074966), gd=(-0.01213975,0.0058027785,0.0014501745)
05-27 19:03:21.764   581   581 I SpiService: fgesysctrl_getGPIO_status success val=1
05-27 08:54:30.728   581   581 D spi_rst_gpio_get_output: GPIO 145 value: 1
05-27 08:54:30.728   581   581 D spidev_ioctl: gpio status=1)
05-27 19:03:21.770   581   581 I SpiService: fgesysctrl_getGPIO_status success val=0
05-27 19:03:21.770   481   597 I mcuc    : send SPI:6AA60080B700050412010000AD
05-27 08:54:30.734   581   581 D spi_rst_gpio_get_output: GPIO 145 value: 0
05-27 08:54:30.734   581   581 D spidev_ioctl: gpio status=0)
05-27 19:03:21.774   830   830 D SurfaceFlinger: unisoc-graphics, commit has frameMissed:2, vysncId:234547
05-27 19:03:21.777   572   572 I Sensors : 230 AccelSensor: x:-0.170800,y:-0.002440,z:-9.975940
05-27 19:03:21.779   299 30841 D EvsDriver: forwardFrame
05-27 19:03:21.780   299 30844 D EvsDriver: forwardFrame
05-27 19:03:21.780 13911 14183 I SentryImuMcuAngleSender: -179.986rollDeg
05-27 19:03:21.780 13911 14183 I SentryImuMcuAngleSender: 1,0,0
05-27 19:03:21.782   299 30841 D EvsDriver: Delivered 0xb400007b7ca56a60 as id 0
05-27 19:03:21.782   299 30844 D EvsDriver: Delivered 0xb400007b7ca56900 as id 0
05-27 19:03:21.782  1167  1479 D evsmanagerd: /dev/video4 forwarded the buffer #0 to 0xb4000074bf5f6850 from 0xb4000074bf5f41d0
05-27 19:03:21.782  1167  1167 D evsmanagerd: /dev/video6 forwarded the buffer #0 to 0xb4000074bf5f5510 from 0xb4000074bf5f6d90
05-27 19:03:21.783 30773 30773 E dvr_service_: [myNum:0] Received S**** loss
05-27 19:03:21.787   299  1153 D EvsDriver: doneWithFrame
05-27 19:03:21.787   581   581 I SpiService: fgesysctrl_getGPIO_status success val=1
05-27 19:03:21.787   299  1163 D EvsDriver: doneWithFrame
05-27 19:03:21.789  1008 30856 D [OMXB]  : usingANWBuffer: handle:0xee745600, format:1, w:1920, h:1080
05-27 08:54:30.751   581   581 D spi_rst_gpio_get_output: GPIO 145 value: 1
05-27 08:54:30.751   581   581 D spidev_ioctl: gpio status=1)
05-27 19:03:21.791   830   830 D SurfaceFlinger: unisoc-graphics, commit has frameMissed:2, vysncId:234548
05-27 19:03:21.792   581   581 I SpiService: fgesysctrl_getGPIO_status success val=1
05-27 19:03:21.793   269   269 D libvintf: HalManifest::getHidlTransport(framework): Cannot find android.hardware.usb@1.0::IUsb/default
05-27 19:03:21.793   269   269 D libvintf: HalManifest::getHidlTransport(device): Cannot find android.hardware.usb@1.0::IUsb/default
05-27 08:54:30.757   581   581 D spi_rst_gpio_get_output: GPIO 145 value: 1
05-27 08:54:30.757   581   581 D spidev_ioctl: gpio status=1)
05-27 19:03:21.794   269   269 I hwservicemanager: getTransport: Cannot find entry android.hardware.usb@1.0::IUsb/default in either framework or device VINTF manifest.
05-27 19:03:21.795 12348 12448 E ExtUsbManager: UsbHalController: android.hardware.usb.V1_0.IUsb getService failed!
05-27 19:03:21.795 12348 12448 E ExtUsbManager: java.util.NoSuchElementException
05-27 19:03:21.795 12348 12448 E ExtUsbManager: 	at android.os.HwBinder.getService(Native Method)
05-27 19:03:21.795 12348 12448 E ExtUsbManager: 	at android.os.HwBinder.getService(HwBinder.java:81)
05-27 19:03:21.795 12348 12448 E ExtUsbManager: 	at android.hardware.usb.V1_0.IUsb.getService(IUsb.java:74)
05-27 19:03:21.795 12348 12448 E ExtUsbManager: 	at android.hardware.usb.V1_0.IUsb.getService(IUsb.java:84)
05-27 19:03:21.795 12348 12448 E ExtUsbManager: 	at ts.car.usb.UsbHalController.createService(UsbHalController.java:37)
05-27 19:03:21.795 12348 12448 E ExtUsbManager: 	at ts.car.usb.UsbHalController.createService(UsbHalController.java:18)
05-27 19:03:21.795 12348 12448 E ExtUsbManager: 	at ts.car.usb.utils.AutoServiceConnector4Hidl.autoConnect(AutoServiceConnector4Hidl.java:47)
05-27 19:03:21.795 12348 12448 E ExtUsbManager: 	at ts.car.usb.utils.AutoServiceConnector4Hidl$$ExternalSyntheticLambda0.run(Unknown Source:2)
05-27 19:03:21.795 12348 12448 E ExtUsbManager: 	at android.os.Handler.handleCallback(Handler.java:942)
05-27 19:03:21.795 12348 12448 E ExtUsbManager: 	at android.os.Handler.dispatchMessage(Handler.java:99)
05-27 19:03:21.795 12348 12448 E ExtUsbManager: 	at android.os.Looper.loopOnce(Looper.java:201)
05-27 19:03:21.795 12348 12448 E ExtUsbManager: 	at android.os.Looper.loop(Looper.java:288)
05-27 19:03:21.795 12348 12448 E ExtUsbManager: 	at android.os.HandlerThread.run(HandlerThread.java:67)
05-27 19:03:21.798   581   581 I SpiService: fgesysctrl_getGPIO_status success val=1
05-27 19:03:21.800   269   269 D libvintf: HalManifest::getHidlTransport(framework): Cannot find vendor.ts.usbext@1.0::IUsbext/default
05-27 19:03:21.800   269   269 D libvintf: HalManifest::getHidlTransport(device): Cannot find vendor.ts.usbext@1.0::IUsbext/default
05-27 19:03:21.800   269   269 I hwservicemanager: getTransport: Cannot find entry vendor.ts.usbext@1.0::IUsbext/default in either framework or device VINTF manifest.
05-27 19:03:21.800 13911 14183 I SentryImuMcuAngleSender: -179.97897rollDeg
05-27 19:03:21.800 13911 14183 I SentryImuMcuAngleSender: 1,0,0
05-27 08:54:30.763   581   581 D spi_rst_gpio_get_output: GPIO 145 value: 1
05-27 08:54:30.763   581   581 D spidev_ioctl: gpio status=1)
05-27 19:03:21.801 12348 12448 E ExtUsbManager: UsbHalExtController: vendor.ts.usbext.V1_0.IUsbext getService failed!
05-27 19:03:21.801 12348 12448 E ExtUsbManager: java.util.NoSuchElementException
05-27 19:03:21.801 12348 12448 E ExtUsbManager: 	at android.os.HwBinder.getService(Native Method)
05-27 19:03:21.801 12348 12448 E ExtUsbManager: 	at android.os.HwBinder.getService(HwBinder.java:81)
05-27 19:03:21.801 12348 12448 E ExtUsbManager: 	at vendor.ts.usbext.V1_0.IUsbext.getService(IUsbext.java:74)
05-27 19:03:21.801 12348 12448 E ExtUsbManager: 	at vendor.ts.usbext.V1_0.IUsbext.getService(IUsbext.java:84)
05-27 19:03:21.801 12348 12448 E ExtUsbManager: 	at ts.car.usb.UsbHalExtController.createService(UsbHalExtController.java:37)
05-27 19:03:21.801 12348 12448 E ExtUsbManager: 	at ts.car.usb.UsbHalExtController.createService(UsbHalExtController.java:18)
05-27 19:03:21.801 12348 12448 E ExtUsbManager: 	at ts.car.usb.utils.AutoServiceConnector4Hidl.autoConnect(AutoServiceConnector4Hidl.java:47)
05-27 19:03:21.801 12348 12448 E ExtUsbManager: 	at ts.car.usb.utils.AutoServiceConnector4Hidl$$ExternalSyntheticLambda0.run(Unknown Source:2)
05-27 19:03:21.801 12348 12448 E ExtUsbManager: 	at android.os.Handler.handleCallback(Handler.java:942)
05-27 19:03:21.801 12348 12448 E ExtUsbManager: 	at android.os.Handler.dispatchMessage(Handler.java:99)
05-27 19:03:21.801 12348 12448 E ExtUsbManager: 	at android.os.Looper.loopOnce(Looper.java:201)
05-27 19:03:21.801 12348 12448 E ExtUsbManager: 	at android.os.Looper.loop(Looper.java:288)
05-27 19:03:21.801 12348 12448 E ExtUsbManager: 	at android.os.HandlerThread.run(HandlerThread.java:67)
05-27 19:03:21.802   269   269 D libvintf: HalManifest::getHidlTransport(framework): Cannot find android.hardware.usb.gadget@1.0::IUsbGadget/default
05-27 19:03:21.802   269   269 D libvintf: HalManifest::getHidlTransport(device): Cannot find android.hardware.usb.gadget@1.0::IUsbGadget/default
05-27 19:03:21.802   269   269 I hwservicemanager: getTransport: Cannot find entry android.hardware.usb.gadget@1.0::IUsbGadget/default in either framework or device VINTF manifest.
05-27 19:03:21.802   536   536 D commservice260303: msg.id = 1028,1
05-27 19:03:21.802   536   536 D commservice260303: i = 170, msgid = 8A000404
05-27 19:03:21.802   536   536 D commservice260303: msgid = -1979710460,did=138
05-27 19:03:21.802   536   536 D commservice260303: CommProtocolLibCmdBaseI2C::dataproc {"command":{"id":"imu_status","sub":""},"content":{"TimeStamp":11,"FrameCounter":274114,"GD_X":-0.011987865902483463,"GD_Y":0.005802778527140617,"GD_Z":0.0021378109231591225,"AD_X":-0.0026736557483673096,"AD_Y":-0.004495472181588411,"AD_Z":-0.16891956329345703,"TempDsp":0,"Status":0,"CalibState":1,"SigAmpInvalid":0}},-1979710460
05-27 19:03:21.802   536   536 D commservice260303: send2Cluster len:318, 7B22636F6D6D616E64223A7B226964223A22696D755F737461747573222C22737562223A22227D2C22636F6E74656E74223A7B2254696D655374616D70223A31312C224672616D65436F756E746572223A3237343131342C2247445F58223A2D302E3031313938373836353930323438333436332C2247445F59223A302E3030353830323737383532373134303631372C2247445F5A223A302E303032313337383130393233313539313232352C2241445F58223A2D302E303032363733363535373438333637333039362C2241445F59223A2D302E3030343439353437323138313538383431312C2241445F5A223A2D302E31363839313935363332393334353730332C2254656D70447370223A302C22537461747573223A302C2243616C69625374617465223A312C22536967416D70496E76616C6964223A307D7D, 138 
05-27 19:03:21.802   536   536 D commservice260303: Push Message into SendPool fn=1752237056
05-27 19:03:21.802   536   536 D commservice260303: ComProtocolLibSend2Cluster::send2ClusterRaw fn=1752237056 , len=334
05-27 19:03:21.803   536   536 D commservice260303: sendCmdToPort :334!!!
05-27 19:03:21.803   536   536 D commservice260303: send Cmd To Port ++++5AA5014A8A01000471686A16CF797B22636F6D6D616E64223A7B226964223A22696D755F737461747573222C22737562223A22227D2C22636F6E74656E74223A7B2254696D655374616D70223A31312C224672616D65436F756E746572223A3237343131342C2247445F58223A2D302E3031313938373836353930323438333436332C2247445F59223A302E3030353830323737383532373134303631372C2247445F5A223A302E303032313337383130393233313539313232352C2241445F58223A2D302E303032363733363535373438333637333039362C2241445F59223A2D302E3030343439353437323138313538383431312C2241445F5A223A2D302E31363839313935363332393334353730332C2254656D70447370223A302C22537461747573223A302C2243616C69625374617465223A312C22536967416D70496E76616C6964223A307D7DF9EA
05-27 19:03:21.803   536   536 D commservice260303: bufferevent_write retrun value = 0
05-27 19:03:21.803 12348 12448 E ExtUsbManager: UsbGadgetController: android.hardware.usb.gadget.V1_0.IUsbGadget getService failed!
05-27 19:03:21.803 12348 12448 E ExtUsbManager: java.util.NoSuchElementException
05-27 19:03:21.803 12348 12448 E ExtUsbManager: 	at android.os.HwBinder.getService(Native Method)
05-27 19:03:21.803 12348 12448 E ExtUsbManager: 	at android.os.HwBinder.getService(HwBinder.java:81)
05-27 19:03:21.803 12348 12448 E ExtUsbManager: 	at android.hardware.usb.gadget.V1_0.IUsbGadget.getService(IUsbGadget.java:74)
05-27 19:03:21.803 12348 12448 E ExtUsbManager: 	at android.hardware.usb.gadget.V1_0.IUsbGadget.getService(IUsbGadget.java:84)
05-27 19:03:21.803 12348 12448 E ExtUsbManager: 	at ts.car.usb.UsbGadgetController.createService(UsbGadgetController.java:36)
05-27 19:03:21.803 12348 12448 E ExtUsbManager: 	at ts.car.usb.UsbGadgetController.createService(UsbGadgetController.java:17)
05-27 19:03:21.803 12348 12448 E ExtUsbManager: 	at ts.car.usb.utils.AutoServiceConnector4Hidl.autoConnect(AutoServiceConnector4Hidl.java:47)
05-27 19:03:21.803 12348 12448 E ExtUsbManager: 	at ts.car.usb.utils.AutoServiceConnector4Hidl$$ExternalSyntheticLambda0.run(Unknown Source:2)
05-27 19:03:21.803 12348 12448 E ExtUsbManager: 	at android.os.Handler.handleCallback(Handler.java:942)
05-27 19:03:21.803 12348 12448 E ExtUsbManager: 	at android.os.Handler.dispatchMessage(Handler.java:99)
05-27 19:03:21.803 12348 12448 E ExtUsbManager: 	at android.os.Looper.loopOnce(Looper.java:201)
05-27 19:03:21.803 12348 12448 E ExtUsbManager: 	at android.os.Looper.loop(Looper.java:288)
05-27 19:03:21.803 12348 12448 E ExtUsbManager: 	at android.os.HandlerThread.run(HandlerThread.java:67)
05-27 19:03:21.803   536   560 D commservice260303: client datas send succeed,send finish
05-27 19:03:21.803 13911 14192 D Sentinelmode_1.2.5.17_sentry: <SentryImuClusterFgeSender>imu_status sent to Linux, frame=274114, tsNs=11669046, tsMs=11, intervalMs=41, ad=(-0.0026736557,-0.004495472,-0.16891956), gd=(-0.011987866,0.0058027785,0.002137811)
05-27 08:54:30.769   581   581 D spi_rst_gpio_get_output: GPIO 145 value: 1
05-27 08:54:30.769   581   581 D spidev_ioctl: gpio status=1)
05-27 19:03:21.804   581   581 I SpiService: fgesysctrl_getGPIO_status success val=1
05-27 19:03:21.805   283   307 I rvcservice: t.code = 3, t.value = 0
05-27 19:03:21.807  1008 30857 D [OMXB]  : usingANWBuffer: handle:0xee743c90, format:1, w:1920, h:1080
05-27 19:03:21.810   581   581 I SpiService: fgesysctrl_getGPIO_status success val=0
05-27 08:54:30.774   581   581 D spi_rst_gpio_get_output: GPIO 145 value: 0
05-27 08:54:30.774   581   581 D spidev_ioctl: gpio status=0)
05-27 19:03:21.817   299 30844 D EvsDriver: forwardFrame
05-27 19:03:21.820   299 30841 D EvsDriver: forwardFrame
05-27 19:03:21.821 13911 14183 I SentryImuMcuAngleSender: -179.97897rollDeg
05-27 19:03:21.821 13911 14183 I SentryImuMcuAngleSender: 1,0,0
05-27 19:03:21.825  1167  1167 D evsmanagerd: /dev/video6 forwarded the buffer #0 to 0xb4000074bf5f5510 from 0xb4000074bf5f6d90
05-27 19:03:21.825   581   581 I SpiService: fgesysctrl_getGPIO_status success val=1
05-27 19:03:21.825   299 30844 D EvsDriver: Delivered 0xb400007b7ca56900 as id 0
05-27 19:03:21.826  1167  1167 D evsmanagerd: /dev/video4 forwarded the buffer #0 to 0xb4000074bf5f6850 from 0xb4000074bf5f41d0
05-27 19:03:21.826   299 30841 D EvsDriver: Delivered 0xb400007b7ca56a60 as id 0
05-27 19:03:21.828   299  1163 D EvsDriver: doneWithFrame
05-27 08:54:30.790   581   581 D spi_rst_gpio_get_output: GPIO 145 value: 1
05-27 08:54:30.790   581   581 D spidev_ioctl: gpio status=1)
05-27 19:03:21.830   299  1163 D EvsDriver: doneWithFrame
05-27 19:03:21.831   581   581 I SpiService: fgesysctrl_getGPIO_status success val=1
05-27 19:03:21.831   566 11459 I gps_hdbd: nmea_cs <0> != calc_cs <cb>, return -1
05-27 08:54:30.796   581   581 D spi_rst_gpio_get_output: GPIO 145 value: 1
05-27 08:54:30.796   581   581 D spidev_ioctl: gpio status=1)
05-27 08:54:30.801   581   581 D spi_rst_gpio_get_output: GPIO 145 value: 1
05-27 08:54:30.801   581   581 D spidev_ioctl: gpio status=1)
05-27 19:03:21.837   581   581 I SpiService: fgesysctrl_getGPIO_status success val=1
05-27 19:03:21.841 13911 14183 I SentryImuMcuAngleSender: -179.98598rollDeg
05-27 19:03:21.842 13911 14183 I SentryImuMcuAngleSender: 1,0,0
05-27 19:03:21.842   581   581 I SpiService: fgesysctrl_getGPIO_status success val=1
05-27 08:54:30.807   581   581 D spi_rst_gpio_get_output: GPIO 145 value: 1
05-27 08:54:30.807   581   581 D spidev_ioctl: gpio status=1)
05-27 19:03:21.845   536   536 D commservice260303: msg.id = 1028,0
05-27 19:03:21.845   536   536 D commservice260303: i = 170, msgid = 8A000404
05-27 19:03:21.845   536   536 D commservice260303: msgid = -1979710460,did=138
05-27 19:03:21.845   536   536 D commservice260303: CommProtocolLibCmdBaseI2C::dataproc {"command":{"id":"imu_status","sub":""},"content":{"TimeStamp":11,"FrameCounter":274115,"GD_X":-0.012063807807862759,"GD_Y":0.0056498548947274685,"GD_Z":0.0018319635419175029,"AD_X":-0.0075300633907318115,"AD_Y":-0.003251035697758198,"AD_Z":-0.16586971282958984,"TempDsp":0,"Status":0,"CalibState":1,"SigAmpInvalid":0}},-1979710460
05-27 19:03:21.845   536   536 D commservice260303: send2Cluster len:319, 7B22636F6D6D616E64223A7B226964223A22696D755F737461747573222C22737562223A22227D2C22636F6E74656E74223A7B2254696D655374616D70223A31312C224672616D65436F756E746572223A3237343131352C2247445F58223A2D302E3031323036333830373830373836323735392C2247445F59223A302E303035363439383534383934373237343638352C2247445F5A223A302E303031383331393633353431393137353032392C2241445F58223A2D302E303037353330303633333930373331383131352C2241445F59223A2D302E3030333235313033353639373735383139382C2241445F5A223A2D302E31363538363937313238323935383938342C2254656D70447370223A302C22537461747573223A302C2243616C69625374617465223A312C22536967416D70496E76616C6964223A307D7D, 138 
05-27 19:03:21.845   536   536 D commservice260303: Push Message into SendPool fn=1769014272
05-27 19:03:21.845   536   536 D commservice260303: ComProtocolLibSend2Cluster::send2ClusterRaw fn=1769014272 , len=335
05-27 19:03:21.845   536   536 D commservice260303: sendCmdToPort :335!!!
05-27 19:03:21.845   536   536 D commservice260303: send Cmd To Port ++++5AA5014B8A01000471696A16CF797B22636F6D6D616E64223A7B226964223A22696D755F737461747573222C22737562223A22227D2C22636F6E74656E74223A7B2254696D655374616D70223A31312C224672616D65436F756E746572223A3237343131352C2247445F58223A2D302E3031323036333830373830373836323735392C2247445F59223A302E303035363439383534383934373237343638352C2247445F5A223A302E303031383331393633353431393137353032392C2241445F58223A2D302E303037353330303633333930373331383131352C2241445F59223A2D302E3030333235313033353639373735383139382C2241445F5A223A2D302E31363538363937313238323935383938342C2254656D70447370223A302C22537461747573223A302C2243616C69625374617465223A312C22536967416D70496E76616C6964223A307D7DAF5C
05-27 19:03:21.845   536   536 D commservice260303: bufferevent_write retrun value = 0
05-27 19:03:21.845   536   560 D commservice260303: client datas send succeed,send finish
05-27 19:03:21.846   299 30841 D EvsDriver: forwardFrame
05-27 19:03:21.846 13911 14192 D Sentinelmode_1.2.5.17_sentry: <SentryImuClusterFgeSender>imu_status sent to Linux, frame=274115, tsNs=11669082, tsMs=11, intervalMs=42, ad=(-0.0075300634,-0.0032510357,-0.16586971), gd=(-0.012063808,0.005649855,0.0018319635)
05-27 19:03:21.847  1167  1167 D evsmanagerd: /dev/video4 forwarded the buffer #0 to 0xb4000074bf5f6850 from 0xb4000074bf5f41d0
05-27 19:03:21.852   581   581 I SpiService: fgesysctrl_getGPIO_status success val=0
05-27 08:54:30.812     1     1 I init    : starting service 'trace_kernel'...
05-27 08:54:30.817   581   581 D spi_rst_gpio_get_output: GPIO 145 value: 0
05-27 08:54:30.817   581   581 D spidev_ioctl: gpio status=0)
05-27 19:03:21.853   299  1163 D EvsDriver: doneWithFrame
05-27 19:03:21.853   299 30844 D EvsDriver: forwardFrame
05-27 19:03:21.855   299 30841 D EvsDriver: Delivered 0xb400007b7ca56a60 as id 0
05-27 19:03:21.856  1167  1167 D evsmanagerd: /dev/video6 forwarded the buffer #0 to 0xb4000074bf5f5510 from 0xb4000074bf5f6d90
05-27 19:03:21.856   299 30844 D EvsDriver: Delivered 0xb400007b7ca56900 as id 0
05-27 19:03:21.859   830   830 D SurfaceFlinger: unisoc-graphics, commit has frameMissed:2, vysncId:234551
05-27 19:03:21.860   299  1163 D EvsDriver: doneWithFrame
05-27 19:03:21.864 13911 14183 I SentryImuMcuAngleSender: 180.0rollDeg
05-27 19:03:21.864 13911 14183 I SentryImuMcuAngleSender: 1,0,0
05-27 19:03:21.866   572   622 I Sensors : 230 GyroSensor: x:-0.011530,y:0.006032,z:0.001832
05-27 19:03:21.867   581   581 I SpiService: fgesysctrl_getGPIO_status success val=1
05-27 19:03:21.861 23723 23723 I auditd  : type=1400 audit(0.0:76173): avc: denied { execute_no_trans } for comm="init" path="/system/bin/sh" dev="dm-12" ino=8780651 scontext=u:r:init:s0 tcontext=u:object_r:shell_exec:s0 tclass=file permissive=1
05-27 19:03:21.861 23723 23723 I init    : type=1400 audit(0.0:76173): avc: denied { execute_no_trans } for path="/system/bin/sh" dev="dm-12" ino=8780651 scontext=u:r:init:s0 tcontext=u:object_r:shell_exec:s0 tclass=file permissive=1
05-27 08:54:30.832   581   581 D spi_rst_gpio_get_output: GPIO 145 value: 1
05-27 08:54:30.832   581   581 D spidev_ioctl: gpio status=1)
05-27 19:03:21.873   581   581 I SpiService: fgesysctrl_getGPIO_status success val=1
05-27 08:54:30.837   581   581 D spi_rst_gpio_get_output: GPIO 145 value: 1
05-27 08:54:30.837   581   581 D spidev_ioctl: gpio status=1)
05-27 19:03:21.876  1008 30856 D [OMXB]  : usingANWBuffer: handle:0xee7439d0, format:1, w:1920, h:1080
05-27 19:03:21.876   830   830 D SurfaceFlinger: unisoc-graphics, commit has frameMissed:2, vysncId:234552
05-27 19:03:21.878   581   581 I SpiService: fgesysctrl_getGPIO_status success val=1
05-27 08:54:30.843   581   581 D spi_rst_gpio_get_output: GPIO 145 value: 1
05-27 08:54:30.843   581   581 D spidev_ioctl: gpio status=1)
05-27 19:03:21.882   299 30841 D EvsDriver: forwardFrame
05-27 19:03:21.883   299 30841 D EvsDriver: Delivered 0xb400007b7ca56a60 as id 0
05-27 19:03:21.877  1167  1167 I auditd  : type=1400 audit(0.0:76174): avc: denied { call } for comm="binder:1167_3" scontext=u:r:evsmanagerd:s0 tcontext=u:r:adayo_dvr_service:s0 tclass=binder permissive=1
05-27 19:03:21.877  1167  1167 I binder:1167_3: type=1400 audit(0.0:76174): avc: denied { call } for scontext=u:r:evsmanagerd:s0 tcontext=u:r:adayo_dvr_service:s0 tclass=binder permissive=1
05-27 19:03:21.883  1167  1167 D evsmanagerd: /dev/video4 forwarded the buffer #0 to 0xb4000074bf5f6850 from 0xb4000074bf5f41d0
05-27 19:03:21.884   581   581 I SpiService: fgesysctrl_getGPIO_status success val=1
05-27 08:54:30.848   581   581 D spi_rst_gpio_get_output: GPIO 145 value: 1
05-27 08:54:30.848   581   581 D spidev_ioctl: gpio status=1)
05-27 19:03:21.877   581   581 I auditd  : type=1400 audit(0.0:76175): avc: denied { read write } for comm="spi@1.0-service" name="spidev2.0" dev="tmpfs" ino=23621 scontext=u:r:hal_spi_default:s0 tcontext=u:object_r:spi_consumerir_device:s0 tclass=chr_file permissive=1
05-27 19:03:21.877   581   581 I spi@1.0-service: type=1400 audit(0.0:76175): avc: denied { read write } for name="spidev2.0" dev="tmpfs" ino=23621 scontext=u:r:hal_spi_default:s0 tcontext=u:object_r:spi_consumerir_device:s0 tclass=chr_file permissive=1
05-27 19:03:21.877   581   581 I auditd  : type=1400 audit(0.0:76176): avc: denied { open } for comm="spi@1.0-service" path="/dev/spidev2.0" dev="tmpfs" ino=23621 scontext=u:r:hal_spi_default:s0 tcontext=u:object_r:spi_consumerir_device:s0 tclass=chr_file permissive=1
05-27 19:03:21.877   581   581 I spi@1.0-service: type=1400 audit(0.0:76176): avc: denied { open } for path="/dev/spidev2.0" dev="tmpfs" ino=23621 scontext=u:r:hal_spi_default:s0 tcontext=u:object_r:spi_consumerir_device:s0 tclass=chr_file permissive=1
05-27 19:03:21.877   581   581 I auditd  : type=1400 audit(0.0:76177): avc: denied { ioctl } for comm="spi@1.0-service" path="/dev/spidev2.0" dev="tmpfs" ino=23621 ioctlcmd=0x6b06 scontext=u:r:hal_spi_default:s0 tcontext=u:object_r:spi_consumerir_device:s0 tclass=chr_file permissive=1
05-27 19:03:21.877   581   581 I spi@1.0-service: type=1400 audit(0.0:76177): avc: denied { ioctl } for path="/dev/spidev2.0" dev="tmpfs" ino=23621 ioctlcmd=0x6b06 scontext=u:r:hal_spi_default:s0 tcontext=u:object_r:spi_consumerir_device:s0 tclass=chr_file permissive=1
05-27 19:03:21.885 13911 14183 I SentryImuMcuAngleSender: 179.993rollDeg
05-27 19:03:21.885 13911 14183 I SentryImuMcuAngleSender: 1,0,0
05-27 19:03:21.885   299 30844 D EvsDriver: forwardFrame
05-27 19:03:21.887   299 30844 D EvsDriver: Delivered 0xb400007b7ca56900 as id 0
05-27 19:03:21.887  1167  1167 D evsmanagerd: /dev/video6 forwarded the buffer #0 to 0xb4000074bf5f5510 from 0xb4000074bf5f6d90
05-27 19:03:21.888   299  1163 D EvsDriver: doneWithFrame
05-27 19:03:21.890   581   581 I SpiService: fgesysctrl_getGPIO_status success val=0
05-27 08:54:30.854   581   581 D spi_rst_gpio_get_output: GPIO 145 value: 0
05-27 08:54:30.854   581   581 D spidev_ioctl: gpio status=0)
05-27 19:03:21.893   299  1163 D EvsDriver: doneWithFrame
05-27 19:03:21.902   536   536 D commservice260303: msg.id = 1028,1
05-27 19:03:21.902   536   536 D commservice260303: i = 170, msgid = 8A000404
05-27 19:03:21.902   536   536 D commservice260303: msgid = -1979710460,did=138
05-27 19:03:21.902   536   536 D commservice260303: CommProtocolLibCmdBaseI2C::dataproc {"command":{"id":"imu_status","sub":""},"content":{"TimeStamp":11,"FrameCounter":274116,"GD_X":-0.01153013575822115,"GD_Y":0.006032164208590984,"GD_Z":0.0018319635419175029,"AD_X":-0.009926825761795044,"AD_Y":4.106037667952478E-4,"AD_Z":-0.16952991485595703,"TempDsp":0,"Status":0,"CalibState":1,"SigAmpInvalid":0}},-1979710460
05-27 19:03:21.903   536   536 D commservice260303: send2Cluster len:315, 7B22636F6D6D616E64223A7B226964223A22696D755F737461747573222C22737562223A22227D2C22636F6E74656E74223A7B2254696D655374616D70223A31312C224672616D65436F756E746572223A3237343131362C2247445F58223A2D302E30313135333031333537353832323131352C2247445F59223A302E3030363033323136343230383539303938342C2247445F5A223A302E303031383331393633353431393137353032392C2241445F58223A2D302E3030393932363832353736313739353034342C2241445F59223A342E313036303337363637393532343738452D342C2241445F5A223A2D302E31363935323939313438353539353730332C2254656D70447370223A302C22537461747573223A302C2243616C69625374617465223A312C22536967416D70496E76616C6964223A307D7D, 138 
05-27 19:03:21.903   536   536 D commservice260303: Push Message into SendPool fn=1785791488
05-27 19:03:21.903   536   536 D commservice260303: ComProtocolLibSend2Cluster::send2ClusterRaw fn=1785791488 , len=331
05-27 19:03:21.903   536   536 D commservice260303: sendCmdToPort :331!!!
05-27 19:03:21.903   536   536 D commservice260303: send Cmd To Port ++++5AA501478A010004716A6A16CF797B22636F6D6D616E64223A7B226964223A22696D755F737461747573222C22737562223A22227D2C22636F6E74656E74223A7B2254696D655374616D70223A31312C224672616D65436F756E746572223A3237343131362C2247445F58223A2D302E30313135333031333537353832323131352C2247445F59223A302E3030363033323136343230383539303938342C2247445F5A223A302E303031383331393633353431393137353032392C2241445F58223A2D302E3030393932363832353736313739353034342C2241445F59223A342E313036303337363637393532343738452D342C2241445F5A223A2D302E31363935323939313438353539353730332C2254656D70447370223A302C22537461747573223A302C2243616C69625374617465223A312C22536967416D70496E76616C6964223A307D7D4D78
05-27 19:03:21.903 23724 23724 I ADAYO_LOG_TRACE_KERNEL: execute start
05-27 19:03:21.904   536   536 D commservice260303: bufferevent_write retrun value = 0
05-27 19:03:21.904   536   560 D commservice260303: client datas send succeed,send finish
05-27 19:03:21.905 13911 14192 D Sentinelmode_1.2.5.17_sentry: <SentryImuClusterFgeSender>imu_status sent to Linux, frame=274116, tsNs=11669117, tsMs=11, intervalMs=60, ad=(-0.009926826,4.1060377E-4,-0.16952991), gd=(-0.011530136,0.006032164,0.0018319635)
05-27 19:03:21.906   283   307 I rvcservice: t.code = 2, t.value = 9975939
05-27 19:03:21.906 13911 14183 I SentryImuMcuAngleSender: -179.98949rollDeg
05-27 19:03:21.906   581   581 I SpiService: fgesysctrl_getGPIO_status success val=1
05-27 19:03:21.906 13911 14183 I SentryImuMcuAngleSender: 1,0,0
05-27 08:54:30.870   581   581 D spi_rst_gpio_get_output: GPIO 145 value: 1
05-27 08:54:30.870   581   581 D spidev_ioctl: gpio status=1)
05-27 19:03:21.911   581   581 I SpiService: fgesysctrl_getGPIO_status success val=1
05-27 08:54:30.873 23725 23725 W audit   : audit_lost=45092 audit_rate_limit=5 audit_backlog_limit=64
05-27 08:54:30.873 23725 23725 E audit   : rate limit exceeded
05-27 08:54:30.876   581   581 D spi_rst_gpio_get_output: GPIO 145 value: 1
05-27 08:54:30.876   581   581 D spidev_ioctl: gpio status=1)
05-27 19:03:21.915   299 30844 D EvsDriver: forwardFrame
05-27 19:03:21.917   581   581 I SpiService: fgesysctrl_getGPIO_status success val=1
05-27 19:03:21.917   299 30844 D EvsDriver: Delivered 0xb400007b7ca56900 as id 0
05-27 19:03:21.918  1167  1167 D evsmanagerd: /dev/video6 forwarded the buffer #0 to 0xb4000074bf5f5510 from 0xb4000074bf5f6d90
05-27 19:03:21.918 30773 30783 E dvr_service_: [myNum:1] Received S**** loss
05-27 19:03:21.918   299  1163 D EvsDriver: doneWithFrame
05-27 08:54:30.881   581   581 D spi_rst_gpio_get_output: GPIO 145 value: 1
05-27 08:54:30.881   581   581 D spidev_ioctl: gpio status=1)
05-27 19:03:21.922   581   581 I SpiService: fgesysctrl_getGPIO_status success val=1
05-27 08:54:30.887   581   581 D spi_rst_gpio_get_output: GPIO 145 value: 1
05-27 08:54:30.887   581   581 D spidev_ioctl: gpio status=1)
05-27 19:03:21.926   536   536 D commservice260303: msg.id = 1028,0
05-27 19:03:21.926   536   536 D commservice260303: i = 170, msgid = 8A000404
05-27 19:03:21.926   536   536 D commservice260303: msgid = -1979710460,did=138
05-27 19:03:21.926   536   536 D commservice260303: CommProtocolLibCmdBaseI2C::dataproc {"command":{"id":"imu_status","sub":""},"content":{"TimeStamp":11,"FrameCounter":274117,"GD_X":-0.011453153565526009,"GD_Y":0.00549693126231432,"GD_Z":0.0019079053308814764,"AD_X":-0.002581164240837097,"AD_Y":-0.002623537555336952,"AD_Z":-0.16465473175048828,"TempDsp":0,"Status":0,"CalibState":1,"SigAmpInvalid":0}},-1979710460
05-27 19:03:21.926   536   536 D commservice260303: send2Cluster len:316, 7B22636F6D6D616E64223A7B226964223A22696D755F737461747573222C22737562223A22227D2C22636F6E74656E74223A7B2254696D655374616D70223A31312C224672616D65436F756E746572223A3237343131372C2247445F58223A2D302E3031313435333135333536353532363030392C2247445F59223A302E30303534393639333132363233313433322C2247445F5A223A302E303031393037393035333330383831343736342C2241445F58223A2D302E3030323538313136343234303833373039372C2241445F59223A2D302E3030323632333533373535353333363935322C2241445F5A223A2D302E31363436353437333137353034383832382C2254656D70447370223A302C22537461747573223A302C2243616C69625374617465223A312C22536967416D70496E76616C6964223A307D7D, 138 
05-27 19:03:21.926   536   536 D commservice260303: Push Message into SendPool fn=1802568704
05-27 19:03:21.926   536   536 D commservice260303: ComProtocolLibSend2Cluster::send2ClusterRaw fn=1802568704 , len=332
05-27 19:03:21.926   536   536 D commservice260303: sendCmdToPort :332!!!
05-27 19:03:21.926   536   536 D commservice260303: send Cmd To Port ++++5AA501488A010004716B6A16CF797B22636F6D6D616E64223A7B226964223A22696D755F737461747573222C22737562223A22227D2C22636F6E74656E74223A7B2254696D655374616D70223A31312C224672616D65436F756E746572223A3237343131372C2247445F58223A2D302E3031313435333135333536353532363030392C2247445F59223A302E30303534393639333132363233313433322C2247445F5A223A302E303031393037393035333330383831343736342C2241445F58223A2D302E3030323538313136343234303833373039372C2241445F59223A2D302E3030323632333533373535353333363935322C2241445F5A223A2D302E31363436353437333137353034383832382C2254656D70447370223A302C22537461747573223A302C2243616C69625374617465223A312C22536967416D70496E76616C6964223A307D7D824C
05-27 19:03:21.927   536   536 D commservice260303: bufferevent_write retrun value = 0
05-27 19:03:21.927   536   560 D commservice260303: client datas send succeed,send finish
05-27 19:03:21.927 13911 14183 I SentryImuMcuAngleSender: -179.98949rollDeg
05-27 19:03:21.927 13911 14192 D Sentinelmode_1.2.5.17_sentry: <SentryImuClusterFgeSender>imu_status sent to Linux, frame=274117, tsNs=11669170, tsMs=11, intervalMs=22, ad=(-0.0025811642,-0.0026235376,-0.16465473), gd=(-0.011453154,0.0054969313,0.0019079053)
05-27 19:03:21.927 13911 14183 I SentryImuMcuAngleSender: 1,0,0
05-27 19:03:21.928   581   581 I SpiService: fgesysctrl_getGPIO_status success val=1
05-27 08:54:30.892   581   581 D spi_rst_gpio_get_output: GPIO 145 value: 1
05-27 08:54:30.892   581   581 D spidev_ioctl: gpio status=1)
05-27 19:03:21.930   299 30841 D EvsDriver: forwardFrame
05-27 19:03:21.931 23726 23726 I ADAYO_LOG_TRACE_KERNEL: executing
05-27 19:03:21.931   299 30841 D EvsDriver: Delivered 0xb400007b7ca56a60 as id 0
05-27 19:03:21.931  1167  1167 D evsmanagerd: /dev/video4 forwarded the buffer #0 to 0xb4000074bf5f6850 from 0xb4000074bf5f41d0
05-27 19:03:21.933   581   581 I SpiService: fgesysctrl_getGPIO_status success val=0
05-27 19:03:21.934  1008 30857 D [OMXB]  : usingANWBuffer: handle:0xee742ed0, format:1, w:1920, h:1080
05-27 08:54:30.898   581   581 D spi_rst_gpio_get_output: GPIO 145 value: 0
05-27 08:54:30.898   581   581 D spidev_ioctl: gpio status=0)
05-27 19:03:21.940   299  1163 D EvsDriver: doneWithFrame
05-27 19:03:21.943   830   830 D SurfaceFlinger: unisoc-graphics, commit has frameMissed:2, vysncId:234555
05-27 19:03:21.943   299 30841 D EvsDriver: forwardFrame
05-27 19:03:21.945   299 30841 D EvsDriver: Delivered 0xb400007b7ca56a60 as id 0
05-27 19:03:21.946  1167  1167 D evsmanagerd: /dev/video4 forwarded the buffer #0 to 0xb4000074bf5f6850 from 0xb4000074bf5f41d0
05-27 19:03:21.946 30773 30783 I dvr_service_: [myNum:0][onFrameReceived] Received Surface:1 0
05-27 19:03:21.946 30773 30783 E dvr_service_: [myNum:0] Received S**** loss
05-27 19:03:21.947 13911 14183 I SentryImuMcuAngleSender: -179.98248rollDeg
05-27 19:03:21.947 13911 14183 I SentryImuMcuAngleSender: 1,0,0
05-27 19:03:21.947   299  1163 D EvsDriver: doneWithFrame
05-27 19:03:21.950   299 30844 D EvsDriver: forwardFrame
05-27 19:03:21.951   581   581 I SpiService: fgesysctrl_getGPIO_status success val=1
05-27 19:03:21.953   299 30844 D EvsDriver: Delivered 0xb400007b7ca56900 as id 0
05-27 19:03:21.953  1167  1167 D evsmanagerd: /dev/video6 forwarded the buffer #0 to 0xb4000074bf5f5510 from 0xb4000074bf5f6d90
05-27 19:03:21.957   581   581 I SpiService: fgesysctrl_getGPIO_status success val=1
05-27 19:03:21.960   830   830 D SurfaceFlinger: unisoc-graphics, commit has frameMissed:2, vysncId:234556
05-27 08:54:30.916   581   581 D spi_rst_gpio_get_output: GPIO 145 value: 1
05-27 08:54:30.916   581   581 D spidev_ioctl: gpio status=1)
05-27 08:54:30.922   581   581 D spi_rst_gpio_get_output: GPIO 145 value: 1
05-27 08:54:30.922   581   581 D spidev_ioctl: gpio status=1)
05-27 19:03:21.961   299  1163 D EvsDriver: doneWithFrame
05-27 19:03:21.963   581   581 I SpiService: fgesysctrl_getGPIO_status success val=1
05-27 19:03:21.964  1008 30856 D [OMXB]  : usingANWBuffer: handle:0xee7437c0, format:1, w:1920, h:1080
05-27 08:54:30.927   581   581 D spi_rst_gpio_get_output: GPIO 145 value: 1
05-27 08:54:30.927   581   581 D spidev_ioctl: gpio status=1)
05-27 19:03:21.966   536   536 D commservice260303: msg.id = 1028,1
05-27 19:03:21.966   536   536 D commservice260303: i = 170, msgid = 8A000404
05-27 19:03:21.966   536   536 D commservice260303: msgid = -1979710460,did=138
05-27 19:03:21.966   536   536 D commservice260303: CommProtocolLibCmdBaseI2C::dataproc {"command":{"id":"imu_status","sub":""},"content":{"TimeStamp":11,"FrameCounter":274118,"GD_X":-0.011453153565526009,"GD_Y":0.0051151420921087265,"GD_Z":0.0015271564479917288,"AD_X":-0.0019780993461608887,"AD_Y":-0.0032110163010656834,"AD_Z":-0.16953468322753906,"TempDsp":0,"Status":0,"CalibState":1,"SigAmpInvalid":0}},-1979710460
05-27 19:03:21.967   536   536 D commservice260303: send2Cluster len:320, 7B22636F6D6D616E64223A7B226964223A22696D755F737461747573222C22737562223A22227D2C22636F6E74656E74223A7B2254696D655374616D70223A31312C224672616D65436F756E746572223A3237343131382C2247445F58223A2D302E3031313435333135333536353532363030392C2247445F59223A302E303035313135313432303932313038373236352C2247445F5A223A302E303031353237313536343437393931373238382C2241445F58223A2D302E303031393738303939333436313630383838372C2241445F59223A2D302E303033323131303136333031303635363833342C2241445F5A223A2D302E31363935333436383332323735333930362C2254656D70447370223A302C22537461747573223A302C2243616C69625374617465223A312C22536967416D70496E76616C6964223A307D7D, 138 
05-27 19:03:21.967   536   536 D commservice260303: Push Message into SendPool fn=1819345920
05-27 19:03:21.967   536   536 D commservice260303: ComProtocolLibSend2Cluster::send2ClusterRaw fn=1819345920 , len=336
05-27 19:03:21.967   536   536 D commservice260303: sendCmdToPort :336!!!
05-27 19:03:21.967   536   536 D commservice260303: send Cmd To Port ++++5AA5014C8A010004716C6A16CF797B22636F6D6D616E64223A7B226964223A22696D755F737461747573222C22737562223A22227D2C22636F6E74656E74223A7B2254696D655374616D70223A31312C224672616D65436F756E746572223A3237343131382C2247445F58223A2D302E3031313435333135333536353532363030392C2247445F59223A302E303035313135313432303932313038373236352C2247445F5A223A302E303031353237313536343437393931373238382C2241445F58223A2D302E303031393738303939333436313630383838372C2241445F59223A2D302E303033323131303136333031303635363833342C2241445F5A223A2D302E31363935333436383332323735333930362C2254656D70447370223A302C22537461747573223A302C2243616C69625374617465223A312C22536967416D70496E76616C6964223A307D7D681F
05-27 19:03:21.967   536   536 D commservice260303: bufferevent_write retrun value = 0
05-27 19:03:21.967   536   560 D commservice260303: client datas send succeed,send finish
05-27 19:03:21.967 13911 14192 D Sentinelmode_1.2.5.17_sentry: <SentryImuClusterFgeSender>imu_status sent to Linux, frame=274118, tsNs=11669206, tsMs=11, intervalMs=40, ad=(-0.0019780993,-0.0032110163,-0.16953468), gd=(-0.011453154,0.005115142,0.0015271564)
05-27 19:03:21.968 13911 14183 I SentryImuMcuAngleSender: -179.986rollDeg
05-27 19:03:21.968 13911 14183 I SentryImuMcuAngleSender: 1,0,0
05-27 08:54:30.933   581   581 D spi_rst_gpio_get_output: GPIO 145 value: 1
05-27 08:54:30.933   581   581 D spidev_ioctl: gpio status=1)
05-27 19:03:21.969   581   581 I SpiService: fgesysctrl_getGPIO_status success val=1
