05-27 19:03:24.237   536   560 D commservice260303: client datas send succeed,send finish
05-27 19:03:24.237 13911 14192 D Sentinelmode_1.2.5.17_sentry: <SentryImuClusterFgeSender>imu_status sent to Linux, frame=274173, tsNs=11671471, tsMs=11, intervalMs=42, ad=(-0.0014572889,0.002845109,-0.16952991), gd=(-0.01130075,0.005115142,0.0019848873)
05-27 19:03:24.238   581   581 I SpiService: fgesysctrl_getGPIO_status success val=0
05-27 08:54:33.203   581   581 D spi_rst_gpio_get_output: GPIO 145 value: 0
05-27 08:54:33.203   581   581 D spidev_ioctl: gpio status=0)
05-27 19:03:24.243 13911 14183 I SentryImuMcuAngleSender: 179.986rollDeg
05-27 19:03:24.243 13911 14183 I SentryImuMcuAngleSender: 1,0,0
05-27 19:03:24.244 30773 30786 I dvr_service_: CameraX 0  audioOK: 133334043,audios:2000
05-27 19:03:24.252  1008 30857 D [OMXB]  : usingANWBuffer: handle:0xee743190, format:1, w:1920, h:1080
05-27 19:03:24.253   581   581 I SpiService: fgesysctrl_getGPIO_status success val=1
05-27 08:54:33.217   581   581 D spi_rst_gpio_get_output: GPIO 145 value: 1
05-27 08:54:33.217   581   581 D spidev_ioctl: gpio status=1)
05-27 19:03:24.258   581   581 I SpiService: fgesysctrl_getGPIO_status success val=1
05-27 08:54:33.223   581   581 D spi_rst_gpio_get_output: GPIO 145 value: 1
05-27 08:54:33.223   581   581 D spidev_ioctl: gpio status=1)
05-27 19:03:24.262   299 30844 D EvsDriver: forwardFrame
05-27 19:03:24.263   299 30841 D EvsDriver: forwardFrame
05-27 19:03:24.263 13911 14183 I SentryImuMcuAngleSender: 179.993rollDeg
05-27 19:03:24.264 13911 14183 I SentryImuMcuAngleSender: 1,0,0
05-27 19:03:24.264   299 30844 D EvsDriver: Delivered 0xb400007b7ca56900 as id 0
05-27 19:03:24.264  1167  1167 D evsmanagerd: /dev/video6 forwarded the buffer #0 to 0xb4000074bf5f5510 from 0xb4000074bf5f6d90
05-27 19:03:24.264   581   581 I SpiService: fgesysctrl_getGPIO_status success val=1
05-27 19:03:24.264 30773 30783 I dvr_service_: [myNum:1][onFrameReceived] Received Surface:1 0
05-27 19:03:24.264 30773 30783 E dvr_service_: [myNum:1] Received S**** loss
05-27 08:54:33.229   581   581 D spi_rst_gpio_get_output: GPIO 145 value: 1
05-27 08:54:33.229   581   581 D spidev_ioctl: gpio status=1)
05-27 19:03:24.265   299 30841 D EvsDriver: Delivered 0xb400007b7ca56a60 as id 0
05-27 19:03:24.265  1167  1167 D evsmanagerd: /dev/video4 forwarded the buffer #0 to 0xb4000074bf5f6850 from 0xb4000074bf5f41d0
05-27 19:03:24.265   299  1163 D EvsDriver: doneWithFrame
05-27 19:03:24.267  1008 30856 D [OMXB]  : usingANWBuffer: handle:0xee742270, format:1, w:1920, h:1080
05-27 19:03:24.268   299  1163 D EvsDriver: doneWithFrame
05-27 19:03:24.270   581   581 I SpiService: fgesysctrl_getGPIO_status success val=1
05-27 19:03:24.270   830   830 D SurfaceFlinger: unisoc-graphics, commit has frameMissed:2, vysncId:234661
05-27 08:54:33.234   581   581 D spi_rst_gpio_get_output: GPIO 145 value: 1
05-27 08:54:33.234   581   581 D spidev_ioctl: gpio status=1)
05-27 08:54:33.240   581   581 D spi_rst_gpio_get_output: GPIO 145 value: 1
05-27 08:54:33.240   581   581 D spidev_ioctl: gpio status=1)
05-27 19:03:24.275   299 30844 D EvsDriver: forwardFrame
05-27 19:03:24.276   581   581 I SpiService: fgesysctrl_getGPIO_status success val=1
05-27 19:03:24.276   299 30844 D EvsDriver: Delivered 0xb400007b7ca56900 as id 0
05-27 19:03:24.276  1167  1167 D evsmanagerd: /dev/video6 forwarded the buffer #0 to 0xb4000074bf5f5510 from 0xb4000074bf5f6d90
05-27 19:03:24.277   536   536 D commservice260303: msg.id = 1028,0
05-27 19:03:24.278   536   536 D commservice260303: i = 170, msgid = 8A000404
05-27 19:03:24.278   536   536 D commservice260303: msgid = -1979710460,did=138
05-27 19:03:24.278   536   536 D commservice260303: CommProtocolLibCmdBaseI2C::dataproc {"command":{"id":"imu_status","sub":""},"content":{"TimeStamp":11,"FrameCounter":274174,"GD_X":-0.011759000830352306,"GD_Y":0.005802778527140617,"GD_Z":0.00259606190957129,"AD_X":9.613484144210815E-4,"AD_Y":4.001061315648258E-4,"AD_Z":-0.16952991485595703,"TempDsp":0,"Status":0,"CalibState":1,"SigAmpInvalid":0}},-1979710460
05-27 19:03:24.278   536   536 D commservice260303: send2Cluster len:313, 7B22636F6D6D616E64223A7B226964223A22696D755F737461747573222C22737562223A22227D2C22636F6E74656E74223A7B2254696D655374616D70223A31312C224672616D65436F756E746572223A3237343137342C2247445F58223A2D302E3031313735393030303833303335323330362C2247445F59223A302E3030353830323737383532373134303631372C2247445F5A223A302E30303235393630363139303935373132392C2241445F58223A392E363133343834313434323130383135452D342C2241445F59223A342E303031303631333135363438323538452D342C2241445F5A223A2D302E31363935323939313438353539353730332C2254656D70447370223A302C22537461747573223A302C2243616C69625374617465223A312C22536967416D70496E76616C6964223A307D7D, 138 
05-27 19:03:24.278   536   536 D commservice260303: Push Message into SendPool fn=-1519320064
05-27 19:03:24.278   536   536 D commservice260303: ComProtocolLibSend2Cluster::send2ClusterRaw fn=-1519320064 , len=329
05-27 19:03:24.278   536   536 D commservice260303: sendCmdToPort :329!!!
05-27 19:03:24.279   536   536 D commservice260303: send Cmd To Port ++++5AA501458A01000471A56A16CF7C7B22636F6D6D616E64223A7B226964223A22696D755F737461747573222C22737562223A22227D2C22636F6E74656E74223A7B2254696D655374616D70223A31312C224672616D65436F756E746572223A3237343137342C2247445F58223A2D302E3031313735393030303833303335323330362C2247445F59223A302E3030353830323737383532373134303631372C2247445F5A223A302E30303235393630363139303935373132392C2241445F58223A392E363133343834313434323130383135452D342C2241445F59223A342E303031303631333135363438323538452D342C2241445F5A223A2D302E31363935323939313438353539353730332C2254656D70447370223A302C22537461747573223A302C2243616C69625374617465223A312C22536967416D70496E76616C6964223A307D7DC53D
05-27 19:03:24.279   536   536 D commservice260303: bufferevent_write retrun value = 0
05-27 19:03:24.279   536   560 D commservice260303: client datas send succeed,send finish
05-27 19:03:24.279   299  1163 D EvsDriver: doneWithFrame
05-27 19:03:24.280   299 30841 D EvsDriver: forwardFrame
05-27 19:03:24.280 13911 14192 D Sentinelmode_1.2.5.17_sentry: <SentryImuClusterFgeSender>imu_status sent to Linux, frame=274174, tsNs=11671506, tsMs=11, intervalMs=43, ad=(9.613484E-4,4.0010613E-4,-0.16952991), gd=(-0.011759001,0.0058027785,0.002596062)
05-27 19:03:24.281   299 30841 D EvsDriver: Delivered 0xb400007b7ca56a60 as id 0
05-27 19:03:24.281   581   581 I SpiService: fgesysctrl_getGPIO_status success val=0
05-27 19:03:24.281  1167  1167 D evsmanagerd: /dev/video4 forwarded the buffer #0 to 0xb4000074bf5f6850 from 0xb4000074bf5f41d0
05-27 19:03:24.281 30773 30783 E dvr_service_: [myNum:0] Received S**** loss
05-27 19:03:24.282   299  1163 D EvsDriver: doneWithFrame
05-27 19:03:24.284 13911 14183 I SentryImuMcuAngleSender: 179.98949rollDeg
05-27 19:03:24.284 13911 14183 I SentryImuMcuAngleSender: 1,0,0
05-27 08:54:33.246   581   581 D spi_rst_gpio_get_output: GPIO 145 value: 0
05-27 08:54:33.246   581   581 D spidev_ioctl: gpio status=0)
05-27 19:03:24.295   581   581 I SpiService: fgesysctrl_getGPIO_status success val=1
05-27 08:54:33.260   581   581 D spi_rst_gpio_get_output: GPIO 145 value: 1
05-27 08:54:33.260   581   581 D spidev_ioctl: gpio status=1)
05-27 19:03:24.297   481   598 I mcuc    : rev,n=1,6AA681EB11000A89003C01040911123456F9
05-27 19:03:24.297  1121  1144 I tboxmids_ap: [2026-05-27 19:03:24.297] [MCU RX] src=MCU dst=ZMQ len=10 type=BINARY data=00 08 3C 01 04 09 11 12 34 56 
05-27 19:03:24.297   351   373 D automotive.vehicle@2.0-adayo-datacomm-mcu: MCUDatacomm sendMessageFromVehicle prop: 0x89, areaId: 0x0, status: 0x3c, timestamp: 0x1
05-27 19:03:24.298   351   373 D automotive.vehicle@2.0-adayo-datacomm-mcu: MCUDatacomm 1sendMessageFromVehicle ---> type = 12 
05-27 19:03:24.300  1083  1083 I MyAppLog: [2026-05-27 19:03:24.298 I tboxap mcuCommTboxmidsRecvCb:97] [Mcu] [mcuCommTboxmidsRecvCb] recv from tboxmids, size:10
05-27 19:03:24.300  1083  1083 I MyAppLog: [2026-05-27 19:03:24.298 I tboxap mcuCommTboxmidsRecvCb:98] [Mcu] [tboxmids -> tboxap]: :00 08 3C 01 04 09 11 12 34 56
05-27 19:03:24.300  1083  1083 W MyAppLog: [2026-05-27 19:03:24.298 W tboxap mcuYadiFrameParse:852] [Mcu] [mcuYadiFrameParse] cmd:0911(MCU_VHL_DYNAMIC_DATA_IND) payload too short:5 < 54
05-27 19:03:24.300  1083  1083 W MyAppLog: [2026-05-27 19:03:24.298 W tboxap mcuPtlParseData:982] [Mcu] [mcuPtlParseData] invalid yadi frame, len:10
05-27 19:03:24.301   581   581 I SpiService: fgesysctrl_getGPIO_status success val=1
05-27 19:03:24.305 13911 14183 I SentryImuMcuAngleSender: 179.98598rollDeg
05-27 19:03:24.305 30773 30786 I dvr_service_: CameraX 1  audioOK: 133334043,audios:2000
05-27 19:03:24.307   581   581 I SpiService: fgesysctrl_getGPIO_status success val=1
05-27 08:54:33.266   581   581 D spi_rst_gpio_get_output: GPIO 145 value: 1
05-27 08:54:33.266   581   581 D spidev_ioctl: gpio status=1)
05-27 08:54:33.272   581   581 D spi_rst_gpio_get_output: GPIO 145 value: 1
05-27 08:54:33.272   581   581 D spidev_ioctl: gpio status=1)
05-27 19:03:24.308 13911 14183 I SentryImuMcuAngleSender: 1,0,0
05-27 19:03:24.313   581   581 I SpiService: fgesysctrl_getGPIO_status success val=1
05-27 08:54:33.277   581   581 D spi_rst_gpio_get_output: GPIO 145 value: 1
05-27 19:03:24.313 15863 16024 D AIN-ExternalMapLocation: MSG_LOCATE
05-27 08:54:33.277   581   581 D spidev_ioctl: gpio status=1)
05-27 19:03:24.313 15863 16024 D AIN-CustomMapProxy: sendMsgToCustomMap hascallback : true
05-27 19:03:24.313 15863 16024 D AIN-ServiceHub: getService with: name = service_multi_dhu_control
05-27 19:03:24.313 15863 16024 D AIN-NaviThirdPartyAccessor: hasCallback : true
05-27 19:03:24.313 15863 16024 D AIN-NaviThirdPartyAccessor: sendMsgToCustomMap msg : {"needResponse":true,"protocolFrom":"com.aispeech.lyra.daemon","protocolId":14012,"protocolVersion":"v1","requestCode":"7dc2d63e-b0b8-4bb8-ad7c-ae5e8f7bfaf0"}
05-27 19:03:24.313 17284 17302 D AIN-AiNaviManager: speech send msg to navi : {"needResponse":true,"protocolFrom":"com.aispeech.lyra.daemon","protocolId":14012,"protocolVersion":"v1","requestCode":"7dc2d63e-b0b8-4bb8-ad7c-ae5e8f7bfaf0"}
05-27 19:03:24.313 17284 17302 I AIN-MapAccessLayer: onMessage_with: protocolMsg = [{"needResponse":true,"protocolFrom":"com.aispeech.lyra.daemon","protocolId":14012,"protocolVersion":"v1","requestCode":"7dc2d63e-b0b8-4bb8-ad7c-ae5e8f7bfaf0"}]
05-27 19:03:24.314 17284 17344 D AIN-MapAccessLayer: 请求定位 14012
05-27 19:03:24.314 15863 16024 D AIN-NaviThirdPartyAccessor: callback[navi_com.aispeech.lyra.assistant] is invoked
05-27 19:03:24.314 15863 16024 I AIN-CustomMapProxy: requestCurLocation，requestLocationCount=2219 callTag=toLocate
05-27 19:03:24.314   299 30844 D EvsDriver: forwardFrame
05-27 19:03:24.315   299 30841 D EvsDriver: forwardFrame
05-27 19:03:24.315   299 30844 D EvsDriver: Delivered 0xb400007b7ca56900 as id 0
05-27 19:03:24.316  1167  1167 D evsmanagerd: /dev/video6 forwarded the buffer #0 to 0xb4000074bf5f5510 from 0xb4000074bf5f6d90
05-27 19:03:24.316   299 30841 D EvsDriver: Delivered 0xb400007b7ca56a60 as id 0
05-27 19:03:24.316  1167  1167 D evsmanagerd: /dev/video4 forwarded the buffer #0 to 0xb4000074bf5f6850 from 0xb4000074bf5f41d0
05-27 08:54:33.283   581   581 D spi_rst_gpio_get_output: GPIO 145 value: 0
05-27 08:54:33.283   581   581 D spidev_ioctl: gpio status=0)
05-27 19:03:24.318   536   536 D commservice260303: msg.id = 1028,1
05-27 19:03:24.318   536   536 D commservice260303: i = 170, msgid = 8A000404
05-27 19:03:24.318   536   536 D commservice260303: msgid = -1979710460,did=138
05-27 19:03:24.319   536   536 D commservice260303: CommProtocolLibCmdBaseI2C::dataproc {"command":{"id":"imu_status","sub":""},"content":{"TimeStamp":11,"FrameCounter":274175,"GD_X":-0.01153013575822115,"GD_Y":0.0051151420921087265,"GD_Z":0.002747945487499237,"AD_X":-3.001093864440918E-4,"AD_Y":9.976639412343502E-4,"AD_Z":-0.16952991485595703,"TempDsp":0,"Status":0,"CalibState":1,"SigAmpInvalid":0}},-1979710460
05-27 19:03:24.319   581   581 I SpiService: fgesysctrl_getGPIO_status success val=0
05-27 19:03:24.319   536   536 D commservice260303: send2Cluster len:315, 7B22636F6D6D616E64223A7B226964223A22696D755F737461747573222C22737562223A22227D2C22636F6E74656E74223A7B2254696D655374616D70223A31312C224672616D65436F756E746572223A3237343137352C2247445F58223A2D302E30313135333031333537353832323131352C2247445F59223A302E303035313135313432303932313038373236352C2247445F5A223A302E3030323734373934353438373439393233372C2241445F58223A2D332E303031303933383634343430393138452D342C2241445F59223A392E393736363339343132333433353032452D342C2241445F5A223A2D302E31363935323939313438353539353730332C2254656D70447370223A302C22537461747573223A302C2243616C69625374617465223A312C22536967416D70496E76616C6964223A307D7D, 138 
05-27 19:03:24.319   536   536 D commservice260303: Push Message into SendPool fn=-1502542848
05-27 19:03:24.319   536   536 D commservice260303: ComProtocolLibSend2Cluster::send2ClusterRaw fn=-1502542848 , len=331
05-27 19:03:24.319   536   536 D commservice260303: sendCmdToPort :331!!!
05-27 19:03:24.319   536   536 D commservice260303: send Cmd To Port ++++5AA501478A01000471A66A16CF7C7B22636F6D6D616E64223A7B226964223A22696D755F737461747573222C22737562223A22227D2C22636F6E74656E74223A7B2254696D655374616D70223A31312C224672616D65436F756E746572223A3237343137352C2247445F58223A2D302E30313135333031333537353832323131352C2247445F59223A302E303035313135313432303932313038373236352C2247445F5A223A302E3030323734373934353438373439393233372C2241445F58223A2D332E303031303933383634343430393138452D342C2241445F59223A392E393736363339343132333433353032452D342C2241445F5A223A2D302E31363935323939313438353539353730332C2254656D70447370223A302C22537461747573223A302C2243616C69625374617465223A312C22536967416D70496E76616C6964223A307D7D5B22
05-27 19:03:24.319   481   597 I mcuc    : send SPI:6AA602EB110002890077
05-27 19:03:24.319   536   536 D commservice260303: bufferevent_write retrun value = 0
05-27 19:03:24.319   536   560 D commservice260303: client datas send succeed,send finish
05-27 19:03:24.321   299  1163 D EvsDriver: doneWithFrame
05-27 19:03:24.323   830   830 D SurfaceFlinger: unisoc-graphics, commit has frameMissed:2, vysncId:234664
05-27 19:03:24.325   283   307 I rvcservice: t.code = 3, t.value = 0
05-27 19:03:24.325   299  1163 D EvsDriver: doneWithFrame
05-27 19:03:24.327  1008 30857 D [OMXB]  : usingANWBuffer: handle:0xee7406f0, format:1, w:1920, h:1080
05-27 19:03:24.329   572   622 I Sensors : 230 AccelSensor: x:-0.171410,y:0.000610,z:-9.977160
05-27 19:03:24.329 13911 14183 I SentryImuMcuAngleSender: 179.98949rollDeg
05-27 19:03:24.329 13911 14183 I SentryImuMcuAngleSender: 1,0,0
05-27 19:03:24.333 13911 14192 D Sentinelmode_1.2.5.17_sentry: <SentryImuClusterFgeSender>imu_status sent to Linux, frame=274175, tsNs=11671559, tsMs=11, intervalMs=53, ad=(-3.001094E-4,9.976639E-4,-0.16952991), gd=(-0.011530136,0.005115142,0.0027479455)
05-27 19:03:24.336   481   598 I mcuc    : rev,n=1,6AA681EB12001B8900050600030E3031323334353637383941424344454647000000D9
05-27 19:03:24.336   351   373 D automotive.vehicle@2.0-adayo-datacomm-mcu: MCUDatacomm sendMessageFromVehicle prop: 0x89, areaId: 0x0, status: 0x5, timestamp: 0x6
05-27 19:03:24.336   351   373 D automotive.vehicle@2.0-adayo-datacomm-mcu: MCUDatacomm 1sendMessageFromVehicle ---> type = 3 
05-27 19:03:24.336   351   373 D automotive.vehicle@2.0-adayo-func-bcm: sendMessageFromVehicle sendMessageFromVehicle
05-27 19:03:24.337   351   516 D automotive.vehicle@2.0-adayo-func-bcm: jjfan1 ______procotolSize :1
05-27 19:03:24.337   351   516 D automotive.vehicle@2.0-adayo-func-bcm: BCMFunc sendMessageFromVehicle_l dataType: 13,mByte=7,propid=0x2110001a
05-27 19:03:24.337   351   516 D automotive.vehicle@2.0-adayo-func-bcm: BCMFunc VEHICLE_VIN_CODE111 0x2110001a 
05-27 19:03:24.337   351   516 E automotive.vehicle@2.0-adayo-func-bcm: byteArrayToASCIIString, index 7 hex: 30, ascii: 0
05-27 19:03:24.337   351   516 E automotive.vehicle@2.0-adayo-func-bcm: byteArrayToASCIIString, index 8 hex: 31, ascii: 01
05-27 19:03:24.337   351   516 E automotive.vehicle@2.0-adayo-func-bcm: byteArrayToASCIIString, index 9 hex: 32, ascii: 012
05-27 19:03:24.337   351   516 E automotive.vehicle@2.0-adayo-func-bcm: byteArrayToASCIIString, index 10 hex: 33, ascii: 0123
05-27 19:03:24.337   351   516 E automotive.vehicle@2.0-adayo-func-bcm: byteArrayToASCIIString, index 11 hex: 34, ascii: 01234
05-27 19:03:24.337   351   516 E automotive.vehicle@2.0-adayo-func-bcm: byteArrayToASCIIString, index 12 hex: 35, ascii: 012345
05-27 19:03:24.337   351   516 E automotive.vehicle@2.0-adayo-func-bcm: byteArrayToASCIIString, index 13 hex: 36, ascii: 0123456
05-27 19:03:24.337   351   516 E automotive.vehicle@2.0-adayo-func-bcm: byteArrayToASCIIString, index 14 hex: 37, ascii: 01234567
05-27 19:03:24.337   351   516 E automotive.vehicle@2.0-adayo-func-bcm: byteArrayToASCIIString, index 15 hex: 38, ascii: 012345678
05-27 19:03:24.337   351   516 E automotive.vehicle@2.0-adayo-func-bcm: byteArrayToASCIIString, index 16 hex: 39, ascii: 0123456789
05-27 19:03:24.337   351   516 E automotive.vehicle@2.0-adayo-func-bcm: byteArrayToASCIIString, index 17 hex: 41, ascii: 0123456789A
05-27 19:03:24.337   351   516 E automotive.vehicle@2.0-adayo-func-bcm: byteArrayToASCIIString, index 18 hex: 42, ascii: 0123456789AB
05-27 19:03:24.337   351   516 E automotive.vehicle@2.0-adayo-func-bcm: byteArrayToASCIIString, index 19 hex: 43, ascii: 0123456789ABC
05-27 19:03:24.337   351   516 E automotive.vehicle@2.0-adayo-func-bcm: byteArrayToASCIIString, index 20 hex: 44, ascii: 0123456789ABCD
05-27 19:03:24.337   351   516 E automotive.vehicle@2.0-adayo-func-bcm: byteArrayToASCIIString, index 21 hex: 45, ascii: 0123456789ABCDE
05-27 19:03:24.337   351   516 E automotive.vehicle@2.0-adayo-func-bcm: byteArrayToASCIIString, index 22 hex: 46, ascii: 0123456789ABCDEF
05-27 19:03:24.337   351   516 E automotive.vehicle@2.0-adayo-func-bcm: byteArrayToASCIIString, index 23 hex: 47, ascii: 0123456789ABCDEFG
05-27 19:03:24.337   351   516 D automotive.vehicle@2.0-adayo-func-bcm: BCMFunc VEHICLE_VIN_CODE222 0x2110001a ,value:0123456789ABCDEFG
05-27 19:03:24.337   351   516 D automotive.vehicle@2.0-adayo-func-bcm: BCMFunc sendMessageFromVehicle_l id:554696730, area:0 not report! 
05-27 19:03:24.337   581   581 I SpiService: fgesysctrl_getGPIO_status success val=1
05-27 19:03:24.339   830   830 D SurfaceFlinger: unisoc-graphics, commit has frameMissed:2, vysncId:234665
05-27 19:03:24.339   830   893 W TransactionTracing: Could not find layer id -1
05-27 19:03:24.339   830   893 W TransactionTracing: Could not find layer id -1
05-27 08:54:33.302   581   581 D spi_rst_gpio_get_output: GPIO 145 value: 1
05-27 08:54:33.302   581   581 D spidev_ioctl: gpio status=1)
05-27 19:03:24.343   581   581 I SpiService: fgesysctrl_getGPIO_status success val=1
05-27 08:54:33.308   581   581 D spi_rst_gpio_get_output: GPIO 145 value: 1
05-27 08:54:33.308   581   581 D spidev_ioctl: gpio status=1)
05-27 19:03:24.348  1008 30856 D [OMXB]  : usingANWBuffer: handle:0xee742f80, format:1, w:1920, h:1080
05-27 19:03:24.349   581   581 I SpiService: fgesysctrl_getGPIO_status success val=1
05-27 19:03:24.349   299 30844 D EvsDriver: forwardFrame
05-27 19:03:24.349 13911 14183 I SentryImuMcuAngleSender: -179.993rollDeg
05-27 19:03:24.349 13911 14183 I SentryImuMcuAngleSender: 1,0,0
05-27 19:03:24.351   299 30844 D EvsDriver: Delivered 0xb400007b7ca56900 as id 0
05-27 19:03:24.351  1167  1167 D evsmanagerd: /dev/video6 forwarded the buffer #0 to 0xb4000074bf5f5510 from 0xb4000074bf5f6d90
05-27 08:54:33.313   581   581 D spi_rst_gpio_get_output: GPIO 145 value: 1
05-27 08:54:33.313   581   581 D spidev_ioctl: gpio status=1)
05-27 19:03:24.355   299  1163 D EvsDriver: doneWithFrame
05-27 08:54:33.320   581   581 D spi_rst_gpio_get_output: GPIO 145 value: 1
05-27 08:54:33.320   581   581 D spidev_ioctl: gpio status=1)
05-27 19:03:24.355   581   581 I SpiService: fgesysctrl_getGPIO_status success val=1
05-27 19:03:24.357   299 30841 D EvsDriver: forwardFrame
05-27 19:03:24.359   299 30841 D EvsDriver: Delivered 0xb400007b7ca56a60 as id 0
05-27 19:03:24.359  1167  1167 D evsmanagerd: /dev/video4 forwarded the buffer #0 to 0xb4000074bf5f6850 from 0xb4000074bf5f41d0
05-27 19:03:24.362   581   581 I SpiService: fgesysctrl_getGPIO_status success val=0
05-27 19:03:24.362   481   597 I mcuc    : send SPI:6AA602EB120002890076
05-27 08:54:33.326   581   581 D spi_rst_gpio_get_output: GPIO 145 value: 0
05-27 08:54:33.326   581   581 D spidev_ioctl: gpio status=0)
05-27 19:03:24.366   536   536 D commservice260303: msg.id = 1028,1
05-27 19:03:24.366   536   536 D commservice260303: i = 170, msgid = 8A000404
05-27 19:03:24.366   536   536 D commservice260303: msgid = -1979710460,did=138
05-27 19:03:24.366   536   536 D commservice260303: CommProtocolLibCmdBaseI2C::dataproc {"command":{"id":"imu_status","sub":""},"content":{"TimeStamp":11,"FrameCounter":274176,"GD_X":-0.012063807807862759,"GD_Y":0.0059551820158958435,"GD_Z":0.0020608289632946253,"AD_X":-0.0015267431735992432,"AD_Y":-0.002045069355517626,"AD_Z":-0.17319011688232422,"TempDsp":0,"Status":0,"CalibState":1,"SigAmpInvalid":0}},-1979710460
05-27 19:03:24.366   536   536 D commservice260303: send2Cluster len:319, 7B22636F6D6D616E64223A7B226964223A22696D755F737461747573222C22737562223A22227D2C22636F6E74656E74223A7B2254696D655374616D70223A31312C224672616D65436F756E746572223A3237343137362C2247445F58223A2D302E3031323036333830373830373836323735392C2247445F59223A302E303035393535313832303135383935383433352C2247445F5A223A302E303032303630383238393633323934363235332C2241445F58223A2D302E303031353236373433313733353939323433322C2241445F59223A2D302E3030323034353036393335353531373632362C2241445F5A223A2D302E31373331393031313638383233323432322C2254656D70447370223A302C22537461747573223A302C2243616C69625374617465223A312C22536967416D70496E76616C6964223A307D7D, 138 
05-27 19:03:24.366   536   536 D commservice260303: Push Message into SendPool fn=-1485765632
05-27 19:03:24.366   536   536 D commservice260303: ComProtocolLibSend2Cluster::send2ClusterRaw fn=-1485765632 , len=335
05-27 19:03:24.366   536   536 D commservice260303: sendCmdToPort :335!!!
05-27 19:03:24.366   299  1163 D EvsDriver: doneWithFrame
05-27 19:03:24.366   536   536 D commservice260303: send Cmd To Port ++++5AA5014B8A01000471A76A16CF7C7B22636F6D6D616E64223A7B226964223A22696D755F737461747573222C22737562223A22227D2C22636F6E74656E74223A7B2254696D655374616D70223A31312C224672616D65436F756E746572223A3237343137362C2247445F58223A2D302E3031323036333830373830373836323735392C2247445F59223A302E303035393535313832303135383935383433352C2247445F5A223A302E303032303630383238393633323934363235332C2241445F58223A2D302E303031353236373433313733353939323433322C2241445F59223A2D302E3030323034353036393335353531373632362C2241445F5A223A2D302E31373331393031313638383233323432322C2254656D70447370223A302C22537461747573223A302C2243616C69625374617465223A312C22536967416D70496E76616C6964223A307D7D7D3C
05-27 19:03:24.366   536   536 D commservice260303: bufferevent_write retrun value = 0
05-27 19:03:24.366 13911 14192 D Sentinelmode_1.2.5.17_sentry: <SentryImuClusterFgeSender>imu_status sent to Linux, frame=274176, tsNs=11671595, tsMs=11, intervalMs=34, ad=(-0.0015267432,-0.0020450694,-0.17319012), gd=(-0.012063808,0.005955182,0.002060829)
05-27 19:03:24.368   536   560 D commservice260303: client datas send succeed,send finish
05-27 19:03:24.369 13911 14183 I SentryImuMcuAngleSender: 179.99649rollDeg
05-27 19:03:24.369 13911 14183 I SentryImuMcuAngleSender: 1,0,0
05-27 19:03:24.374  1008 30857 D [OMXB]  : usingANWBuffer: handle:0xee743df0, format:1, w:1920, h:1080
05-27 19:03:24.377   581   581 I SpiService: fgesysctrl_getGPIO_status success val=1
05-27 19:03:24.383   581   581 I SpiService: fgesysctrl_getGPIO_status success val=1
05-27 19:03:24.385   299 30841 D EvsDriver: forwardFrame
05-27 19:03:24.385   299 30844 D EvsDriver: forwardFrame
05-27 19:03:24.386   299 30841 D EvsDriver: Delivered 0xb400007b7ca56a60 as id 0
05-27 19:03:24.387  1167  1167 D evsmanagerd: /dev/video4 forwarded the buffer #0 to 0xb4000074bf5f6850 from 0xb4000074bf5f41d0
05-27 08:54:33.341   581   581 D spi_rst_gpio_get_output: GPIO 145 value: 1
05-27 19:03:24.388  1167  1167 D evsmanagerd: /dev/video6 forwarded the buffer #0 to 0xb4000074bf5f5510 from 0xb4000074bf5f6d90
05-27 08:54:33.341   581   581 D spidev_ioctl: gpio status=1)
05-27 08:54:33.347   581   581 D spi_rst_gpio_get_output: GPIO 145 value: 1
05-27 19:03:24.388   581   581 I SpiService: fgesysctrl_getGPIO_status success val=1
05-27 08:54:33.347   581   581 D spidev_ioctl: gpio status=1)
05-27 08:54:33.353   581   581 D spi_rst_gpio_get_output: GPIO 145 value: 1
05-27 19:03:24.390   299 30844 D EvsDriver: Delivered 0xb400007b7ca56900 as id 0
05-27 08:54:33.353   581   581 D spidev_ioctl: gpio status=1)
05-27 19:03:24.390 10188 11122 E WifiVendorHal: getWifiLinkLayerStats_1_6_Internal(l.1202) failed {.code = ERROR_UNKNOWN, .description = unknown error}
05-27 19:03:24.391   299  1163 D EvsDriver: doneWithFrame
05-27 19:03:24.391   566 11459 I gps_hdbd: Received: '$GNGGA,011915.000,,,,,0,00,,,M,,M,,*6B
'
05-27 19:03:24.391   299  1163 D EvsDriver: doneWithFrame
05-27 19:03:24.392 13911 14183 I SentryImuMcuAngleSender: 179.986rollDeg
05-27 19:03:24.392 13911 14183 I SentryImuMcuAngleSender: 1,0,0
05-27 19:03:24.394   581   581 I SpiService: fgesysctrl_getGPIO_status success val=1
05-27 19:03:24.395   566 11459 I gps_hdbd: Received: '$GNGSA,A,1,,,,,,,,,,,,,,,,1*1D
'
05-27 19:03:24.396   566 11459 I gps_hdbd: Received: '$GNGSA,A,1,,,,,,,,,,,,,,,,3*1F
'
05-27 08:54:33.358   581   581 D spi_rst_gpio_get_output: GPIO 145 value: 1
05-27 08:54:33.358   581   581 D spidev_ioctl: gpio status=1)
05-27 08:54:33.359 10047 10047 W         : AICWFDBG(LOGTRACE)	rwnx_send_msg (118)MM_GET_STA_INFO_CFM reqcfm:1 in_irq:0 in_softirq:0 in_atomic:0
05-27 08:54:33.359 10047 10047 W         : AICWFDBG(LOGTRACE)	rwnx_cmd_malloc get cmd_array[0]:000000004c96fbbb
05-27 08:54:33.360   354   354 W         : AICWFDBG(LOGDEBUG)	rwnx_rx_handle_msg msg->id:0x76
05-27 08:54:33.360 10047 10047 W         : AICWFDBG(LOGTRACE)	rwnx_cmd_free cmd_array[0]:000000004c96fbbb
05-27 08:54:33.360 10047 10047 W         : AICWFDBG(LOGDEBUG)	rwnx_fill_station_info ModTx(2):5 TxIndex:7 ModRx(0):0 RxHTIndex:0 RxVHTIndex:0 RxHEIndex:0 RSSI:-39
05-27 08:54:33.364   581   581 D spi_rst_gpio_get_output: GPIO 145 value: 1
05-27 19:03:24.399   581   581 I SpiService: fgesysctrl_getGPIO_status success val=1
05-27 08:54:33.364   581   581 D spidev_ioctl: gpio status=1)
05-27 19:03:24.399   536   536 D commservice260303: msg.id = 1028,1
05-27 19:03:24.399   536   536 D commservice260303: i = 170, msgid = 8A000404
05-27 19:03:24.399   536   536 D commservice260303: msgid = -1979710460,did=138
05-27 19:03:24.399   536   536 D commservice260303: CommProtocolLibCmdBaseI2C::dataproc {"command":{"id":"imu_status","sub":""},"content":{"TimeStamp":11,"FrameCounter":274177,"GD_X":-0.012139749713242054,"GD_Y":0.0057257963344454765,"GD_Z":0.0023671966046094894,"AD_X":-0.00761258602142334,"AD_Y":0.0016108218114823103,"AD_Z":-0.17074966430664062,"TempDsp":0,"Status":0,"CalibState":1,"SigAmpInvalid":0}},-1979710460
05-27 19:03:24.400   536   536 D commservice260303: send2Cluster len:317, 7B22636F6D6D616E64223A7B226964223A22696D755F737461747573222C22737562223A22227D2C22636F6E74656E74223A7B2254696D655374616D70223A31312C224672616D65436F756E746572223A3237343137372C2247445F58223A2D302E3031323133393734393731333234323035342C2247445F59223A302E303035373235373936333334343435343736352C2247445F5A223A302E303032333637313936363034363039343839342C2241445F58223A2D302E30303736313235383630323134323333342C2241445F59223A302E303031363130383231383131343832333130332C2241445F5A223A2D302E31373037343936363433303636343036322C2254656D70447370223A302C22537461747573223A302C2243616C69625374617465223A312C22536967416D70496E76616C6964223A307D7D, 138 
05-27 19:03:24.400   536   536 D commservice260303: Push Message into SendPool fn=-1468988416
05-27 19:03:24.400   536   536 D commservice260303: ComProtocolLibSend2Cluster::send2ClusterRaw fn=-1468988416 , len=333
05-27 19:03:24.400   536   536 D commservice260303: sendCmdToPort :333!!!
05-27 19:03:24.400   536   536 D commservice260303: send Cmd To Port ++++5AA501498A01000471A86A16CF7C7B22636F6D6D616E64223A7B226964223A22696D755F737461747573222C22737562223A22227D2C22636F6E74656E74223A7B2254696D655374616D70223A31312C224672616D65436F756E746572223A3237343137372C2247445F58223A2D302E3031323133393734393731333234323035342C2247445F59223A302E303035373235373936333334343435343736352C2247445F5A223A302E303032333637313936363034363039343839342C2241445F58223A2D302E30303736313235383630323134323333342C2241445F59223A302E303031363130383231383131343832333130332C2241445F5A223A2D302E31373037343936363433303636343036322C2254656D70447370223A302C22537461747573223A302C2243616C69625374617465223A312C22536967416D70496E76616C6964223A307D7D7E3C
05-27 19:03:24.400   536   536 D commservice260303: bufferevent_write retrun value = 0
05-27 19:03:24.400   536   560 D commservice260303: client datas send succeed,send finish
05-27 19:03:24.401 13911 14192 D Sentinelmode_1.2.5.17_sentry: <SentryImuClusterFgeSender>imu_status sent to Linux, frame=274177, tsNs=11671631, tsMs=11, intervalMs=34, ad=(-0.007612586,0.0016108218,-0.17074966), gd=(-0.01213975,0.0057257963,0.0023671966)
05-27 19:03:24.401   566 11459 I gps_hdbd: Received: '$GNGSA,A,1,,,,,,,,,,,,,,,,4*18
'
05-27 19:03:24.402   566 11459 I gps_hdbd: Received: '$BDGSV,1,1,00,1*75
'
05-27 19:03:24.405   581   581 I SpiService: fgesysctrl_getGPIO_status success val=0
05-27 08:54:33.369   581   581 D spi_rst_gpio_get_output: GPIO 145 value: 0
05-27 08:54:33.369   581   581 D spidev_ioctl: gpio status=0)
05-27 19:03:24.406   299 30841 D EvsDriver: forwardFrame
05-27 19:03:24.407   830   830 D SurfaceFlinger: unisoc-graphics, commit has frameMissed:2, vysncId:234668
05-27 19:03:24.408   566 11459 I gps_hdbd: Received: '$BDGSV,1,1,00,5*71
'
05-27 19:03:24.409   299 30841 D EvsDriver: Delivered 0xb400007b7ca56a60 as id 0
05-27 19:03:24.410  1167  1479 D evsmanagerd: /dev/video4 forwarded the buffer #0 to 0xb4000074bf5f6850 from 0xb4000074bf5f41d0
05-27 19:03:24.410   566 11459 I gps_hdbd: Received: '$GPGSV,1,1,01,199,42,165,,1*60
'
05-27 19:03:24.412 13911 14183 I SentryImuMcuAngleSender: 179.99649rollDeg
05-27 19:03:24.412   566 11459 I gps_hdbd: Received: '$GPGSV,1,1,00,8*6D
'
05-27 19:03:24.412 13911 14183 I SentryImuMcuAngleSender: 1,0,0
05-27 19:03:24.413   566 11459 I gps_hdbd: Received: '$GAGSV,1,1,00,7*73
'
05-27 19:03:24.414   566 11459 I gps_hdbd: Received: '$GAGSV,1,1,00,1*75
'
05-27 19:03:24.418   299  1163 D EvsDriver: doneWithFrame
05-27 19:03:24.419   572   622 I Sensors : 230 GyroSensor: x:-0.012217,y:0.005803,z:0.002367
05-27 19:03:24.419   581   581 I SpiService: fgesysctrl_getGPIO_status success val=1
05-27 08:54:33.384   581   581 D spi_rst_gpio_get_output: GPIO 145 value: 1
05-27 08:54:33.384   581   581 D spidev_ioctl: gpio status=1)
05-27 19:03:24.424  1008 30857 D [OMXB]  : usingANWBuffer: handle:0xee744bb0, format:1, w:1920, h:1080
05-27 19:03:24.424   830   830 D SurfaceFlinger: unisoc-graphics, commit has frameMissed:2, vysncId:234669
05-27 19:03:24.425   566 11459 I gps_hdbd: Received: '$GNRMC,011915.000,V,,,,,,,270526,120.0,E,N,V*48
'
05-27 19:03:24.425   581   581 I SpiService: fgesysctrl_getGPIO_status success val=1
05-27 19:03:24.425   283   307 I rvcservice: t.code = 3, t.value = 0
05-27 19:03:24.425   566 11459 I gps_hdbd: RMC : CALL gnss_sv_status_cb, view_in_sat <1>
05-27 19:03:24.425   566 11459 I gps_hdbd: [reportSvStatus]--->PLATFORM_BSP::Enter
05-27 19:03:24.426   566 11459 I gps_hdbd: hy abnormal deal:hy_cnr30_satellite_cnt=0
05-27 19:03:24.426   566 11459 D gps_hdbd: hy abnormal deal:hy_fixStatus_fail_count=0
05-27 19:03:24.426  1083  1083 W MyAppLog: [2026-05-27 19:03:24.426 W tboxap gpsSyncGpsInfoToDm:361] [Gps] [gpsSyncGpsInfoToDm] fix=0 mode=49 corner:0x01 alt=0.00 sat=0 hdop=0.00 pdop=0.00 vdop=0.00
05-27 19:03:24.427   566 11459 I gps_hdbd: Received: '$GNZDA,011915.000,27,05,2026,00,00*43
'
05-27 19:03:24.427   299 30844 D EvsDriver: forwardFrame
05-27 08:54:33.390   581   581 D spi_rst_gpio_get_output: GPIO 145 value: 1
05-27 08:54:33.390   581   581 D spidev_ioctl: gpio status=1)
05-27 19:03:24.429   299 30844 D EvsDriver: Delivered 0xb400007b7ca56900 as id 0
05-27 19:03:24.429  1167  1479 D evsmanagerd: /dev/video6 forwarded the buffer #0 to 0xb4000074bf5f5510 from 0xb4000074bf5f6d90
05-27 19:03:24.430 30773 30773 E dvr_service_: [myNum:1] Received S**** loss
05-27 19:03:24.430   299  1163 D EvsDriver: doneWithFrame
05-27 19:03:24.430   581   581 I SpiService: fgesysctrl_getGPIO_status success val=1
05-27 19:03:24.432 30773 30785 I dvr_service_: [EncoderHandler::runMediaThread] runMediaThread started:1,state:1, cam2:started:1,state:1, lastSwitch:1, mIsMuxerStart:1,format:0,is_str_ing:0
05-27 08:54:33.395   581   581 D spi_rst_gpio_get_output: GPIO 145 value: 1
05-27 08:54:33.395   581   581 D spidev_ioctl: gpio status=1)
05-27 19:03:24.433 13911 14183 I SentryImuMcuAngleSender: -179.986rollDeg
05-27 19:03:24.433 13911 14183 I SentryImuMcuAngleSender: 1,0,0
05-27 19:03:24.436   581   581 I SpiService: fgesysctrl_getGPIO_status success val=1
05-27 08:54:33.400   581   581 D spi_rst_gpio_get_output: GPIO 145 value: 1
05-27 08:54:33.400   581   581 D spidev_ioctl: gpio status=1)
05-27 19:03:24.439   299 30841 D EvsDriver: forwardFrame
05-27 19:03:24.439   536   536 D commservice260303: msg.id = 1028,0
05-27 19:03:24.439   536   536 D commservice260303: i = 170, msgid = 8A000404
05-27 19:03:24.440   536   536 D commservice260303: msgid = -1979710460,did=138
05-27 19:03:24.440   536   536 D commservice260303: CommProtocolLibCmdBaseI2C::dataproc {"command":{"id":"imu_status","sub":""},"content":{"TimeStamp":11,"FrameCounter":274178,"GD_X":-0.01221725158393383,"GD_Y":0.005802778527140617,"GD_Z":0.0023671966046094894,"AD_X":-0.0063641369342803955,"AD_Y":-0.003257648553699255,"AD_Z":-0.1744098663330078,"TempDsp":0,"Status":0,"CalibState":1,"SigAmpInvalid":0}},-1979710460
05-27 19:03:24.440   536   536 D commservice260303: send2Cluster len:316, 7B22636F6D6D616E64223A7B226964223A22696D755F737461747573222C22737562223A22227D2C22636F6E74656E74223A7B2254696D655374616D70223A31312C224672616D65436F756E746572223A3237343137382C2247445F58223A2D302E30313232313732353135383339333338332C2247445F59223A302E3030353830323737383532373134303631372C2247445F5A223A302E303032333637313936363034363039343839342C2241445F58223A2D302E303036333634313336393334323830333935352C2241445F59223A2D302E3030333235373634383535333639393235352C2241445F5A223A2D302E313734343039383636333333303037382C2254656D70447370223A302C22537461747573223A302C2243616C69625374617465223A312C22536967416D70496E76616C6964223A307D7D, 138 
05-27 19:03:24.440   536   536 D commservice260303: Push Message into SendPool fn=-1452211200
05-27 19:03:24.440   536   536 D commservice260303: ComProtocolLibSend2Cluster::send2ClusterRaw fn=-1452211200 , len=332
05-27 19:03:24.440   536   536 D commservice260303: sendCmdToPort :332!!!
05-27 19:03:24.440   536   536 D commservice260303: send Cmd To Port ++++5AA501488A01000471A96A16CF7C7B22636F6D6D616E64223A7B226964223A22696D755F737461747573222C22737562223A22227D2C22636F6E74656E74223A7B2254696D655374616D70223A31312C224672616D65436F756E746572223A3237343137382C2247445F58223A2D302E30313232313732353135383339333338332C2247445F59223A302E3030353830323737383532373134303631372C2247445F5A223A302E303032333637313936363034363039343839342C2241445F58223A2D302E303036333634313336393334323830333935352C2241445F59223A2D302E3030333235373634383535333639393235352C2241445F5A223A2D302E313734343039383636333333303037382C2254656D70447370223A302C22537461747573223A302C2243616C69625374617465223A312C22536967416D70496E76616C6964223A307D7DBC47
05-27 19:03:24.440   536   536 D commservice260303: bufferevent_write retrun value = 0
05-27 19:03:24.440   536   560 D commservice260303: client datas send succeed,send finish
05-27 19:03:24.441   830   830 D SurfaceFlinger: unisoc-graphics, commit has frameMissed:2, vysncId:234670
05-27 19:03:24.441   299 30841 D EvsDriver: Delivered 0xb400007b7ca56a60 as id 0
05-27 19:03:24.441  1167  1479 D evsmanagerd: /dev/video4 forwarded the buffer #0 to 0xb4000074bf5f6850 from 0xb4000074bf5f41d0
05-27 19:03:24.441 30773 30773 E dvr_service_: [myNum:0] Received S**** loss
05-27 19:03:24.441   581   581 I SpiService: fgesysctrl_getGPIO_status success val=0
05-27 19:03:24.441 13911 14192 D Sentinelmode_1.2.5.17_sentry: <SentryImuClusterFgeSender>imu_status sent to Linux, frame=274178, tsNs=11671670, tsMs=11, intervalMs=40, ad=(-0.006364137,-0.0032576486,-0.17440987), gd=(-0.012217252,0.0058027785,0.0023671966)
05-27 19:03:24.442   299  1163 D EvsDriver: doneWithFrame
05-27 19:03:24.443   299 30844 D EvsDriver: forwardFrame
05-27 08:54:33.406   581   581 D spi_rst_gpio_get_output: GPIO 145 value: 0
05-27 08:54:33.406   581   581 D spidev_ioctl: gpio status=0)
05-27 19:03:24.445  1167  1479 D evsmanagerd: /dev/video6 forwarded the buffer #0 to 0xb4000074bf5f5510 from 0xb4000074bf5f6d90
05-27 19:03:24.445   299 30844 D EvsDriver: Delivered 0xb400007b7ca56900 as id 0
05-27 19:03:24.447   566 11459 I gps_hdbd: Received: '$GNINS,1,1,TYPE,I,V,011915.000,20266000,FUS,-8,0,0,0,MOT,V,1,PATT,0.00,0.00,0.00,VEL,0.000,0.000,0.000,POS,40.0001330924,116.0001570688,84.176,IIA,1,0.00,0.00,0.00,BGA,0.31,-0.66,-0.13,0.000,0.000,0.000,IGA,0,-1,0,0,-2,98,VG,16c2ff1*15
'
05-27 19:03:24.448  1008 30856 D [OMXB]  : usingANWBuffer: handle:0xee747180, format:1, w:1920, h:1080
05-27 19:03:24.449   299  1163 D EvsDriver: doneWithFrame
05-27 19:03:24.453   566 11459 I gps_hdbd: Received: '$GNINS,CARSPEED,ADR_STATUS,0,Pulse_count,0,1,0,0,20266000,116510,0.000,0.000,0.000*04
'
05-27 19:03:24.453 13911 14183 I SentryImuMcuAngleSender: -179.986rollDeg
05-27 19:03:24.454 13911 14183 I SentryImuMcuAngleSender: 1,0,0
05-27 19:03:24.455   581   581 I SpiService: fgesysctrl_getGPIO_status success val=1
05-27 08:54:33.420   581   581 D spi_rst_gpio_get_output: GPIO 145 value: 1
05-27 08:54:33.420   581   581 D spidev_ioctl: gpio status=1)
05-27 19:03:24.457   830   830 D SurfaceFlinger: unisoc-graphics, commit has frameMissed:2, vysncId:234671
05-27 19:03:24.458   566 11459 I gps_hdbd: Received: '$GNTXT,04,01,04,INS,V,1,,,,FLG,1,000000,1,0,1,0,0,Con,0*71
'
05-27 19:03:24.461   581   581 I SpiService: fgesysctrl_getGPIO_status success val=1
05-27 08:54:33.425   581   581 D spi_rst_gpio_get_output: GPIO 145 value: 1
05-27 08:54:33.425   581   581 D spidev_ioctl: gpio status=1)
05-27 08:54:33.431   581   581 D spi_rst_gpio_get_output: GPIO 145 value: 1
05-27 08:54:33.431   581   581 D spidev_ioctl: gpio status=1)
05-27 19:03:24.465   566 11459 I gps_hdbd: Received: '$GNTXT,INSTALL,0.00,0.00,0.00,0.00,0.00,0.00,0*20
'
05-27 19:03:24.466   581   581 I SpiService: fgesysctrl_getGPIO_status success val=1
05-27 19:03:24.469 13549 13549 I ADAYO_LOG_: handleMessage(UsbFunc.java:352)copyQnx = 0
05-27 19:03:24.469 13549 13549 I ADAYO_LOG_: handleMessage(UsbFunc.java:404)copyState = 2
05-27 19:03:24.472   581   581 I SpiService: fgesysctrl_getGPIO_status success val=1
05-27 08:54:33.437   581   581 D spi_rst_gpio_get_output: GPIO 145 value: 1
05-27 08:54:33.437   581   581 D spidev_ioctl: gpio status=1)
05-27 19:03:24.474 13911 14183 I SentryImuMcuAngleSender: 180.0rollDeg
05-27 19:03:24.474 13911 14183 I SentryImuMcuAngleSender: 1,0,0
05-27 19:03:24.477   299 30844 D EvsDriver: forwardFrame
05-27 19:03:24.478   581   581 I SpiService: fgesysctrl_getGPIO_status success val=1
05-27 19:03:24.480   299 30844 D EvsDriver: Delivered 0xb400007b7ca56900 as id 0
05-27 19:03:24.480  1167  1479 D evsmanagerd: /dev/video6 forwarded the buffer #0 to 0xb4000074bf5f5510 from 0xb4000074bf5f6d90
05-27 19:03:24.480   536   536 D commservice260303: msg.id = 1028,1
05-27 19:03:24.480   536   536 D commservice260303: i = 170, msgid = 8A000404
05-27 19:03:24.480   536   536 D commservice260303: msgid = -1979710460,did=138
05-27 19:03:24.480   536   536 D commservice260303: CommProtocolLibCmdBaseI2C::dataproc {"command":{"id":"imu_status","sub":""},"content":{"TimeStamp":11,"FrameCounter":274179,"GD_X":-0.011377211660146713,"GD_Y":0.0051151420921087265,"GD_Z":0.0020608289632946253,"AD_X":-0.0014797449111938477,"AD_Y":0.001629767706617713,"AD_Z":-0.16769886016845703,"TempDsp":0,"Status":0,"CalibState":1,"SigAmpInvalid":0}},-1979710460
05-27 19:03:24.481   536   536 D commservice260303: send2Cluster len:318, 7B22636F6D6D616E64223A7B226964223A22696D755F737461747573222C22737562223A22227D2C22636F6E74656E74223A7B2254696D655374616D70223A31312C224672616D65436F756E746572223A3237343137392C2247445F58223A2D302E3031313337373231313636303134363731332C2247445F59223A302E303035313135313432303932313038373236352C2247445F5A223A302E303032303630383238393633323934363235332C2241445F58223A2D302E303031343739373434393131313933383437372C2241445F59223A302E3030313632393736373730363631373731332C2241445F5A223A2D302E31363736393838363031363834353730332C2254656D70447370223A302C22537461747573223A302C2243616C69625374617465223A312C22536967416D70496E76616C6964223A307D7D, 138 
05-27 19:03:24.481   536   536 D commservice260303: Push Message into SendPool fn=-1435433984
05-27 19:03:24.481   536   536 D commservice260303: ComProtocolLibSend2Cluster::send2ClusterRaw fn=-1435433984 , len=334
05-27 19:03:24.481   536   536 D commservice260303: sendCmdToPort :334!!!
05-27 19:03:24.481   536   536 D commservice260303: send Cmd To Port ++++5AA5014A8A01000471AA6A16CF7C7B22636F6D6D616E64223A7B226964223A22696D755F737461747573222C22737562223A22227D2C22636F6E74656E74223A7B2254696D655374616D70223A31312C224672616D65436F756E746572223A3237343137392C2247445F58223A2D302E3031313337373231313636303134363731332C2247445F59223A302E303035313135313432303932313038373236352C2247445F5A223A302E303032303630383238393633323934363235332C2241445F58223A2D302E303031343739373434393131313933383437372C2241445F59223A302E3030313632393736373730363631373731332C2241445F5A223A2D302E31363736393838363031363834353730332C2254656D70447370223A302C22537461747573223A302C2243616C69625374617465223A312C22536967416D70496E76616C6964223A307D7D61E0
05-27 19:03:24.481   536   536 D commservice260303: bufferevent_write retrun value = 0
05-27 19:03:24.481   536   560 D commservice260303: client datas send succeed,send finish
05-27 08:54:33.442   581   581 D spi_rst_gpio_get_output: GPIO 145 value: 1
05-27 08:54:33.442   581   581 D spidev_ioctl: gpio status=1)
05-27 08:54:33.449   581   581 D spi_rst_gpio_get_output: GPIO 145 value: 0
05-27 08:54:33.449   581   581 D spidev_ioctl: gpio status=0)
05-27 19:03:24.484   581   581 I SpiService: fgesysctrl_getGPIO_status success val=0
05-27 19:03:24.484 13911 14192 D Sentinelmode_1.2.5.17_sentry: <SentryImuClusterFgeSender>imu_status sent to Linux, frame=274179, tsNs=11671727, tsMs=11, intervalMs=44, ad=(-0.0014797449,0.0016297677,-0.16769886), gd=(-0.011377212,0.005115142,0.002060829)
05-27 19:03:24.486   299 30841 D EvsDriver: forwardFrame
05-27 19:03:24.486   299  1163 D EvsDriver: doneWithFrame
05-27 19:03:24.488   299 30841 D EvsDriver: Delivered 0xb400007b7ca56a60 as id 0
05-27 19:03:24.488  1167  1479 D evsmanagerd: /dev/video4 forwarded the buffer #0 to 0xb4000074bf5f6850 from 0xb4000074bf5f41d0
05-27 19:03:24.492 11344 11344 E SystemUI_NavBarFragment: SysUIConfig.icCarServiceConnected：false
05-27 19:03:24.493   299  1163 D EvsDriver: doneWithFrame
05-27 19:03:24.494  1008 30857 D [OMXB]  : usingANWBuffer: handle:0xee741b90, format:1, w:1920, h:1080
05-27 19:03:24.495 13911 14183 I SentryImuMcuAngleSender: 179.98248rollDeg
05-27 19:03:24.495 13911 14183 I SentryImuMcuAngleSender: 1,0,0
05-27 19:03:24.501   581   581 I SpiService: fgesysctrl_getGPIO_status success val=1
05-27 08:54:33.466   581   581 D spi_rst_gpio_get_output: GPIO 145 value: 1
05-27 08:54:33.466   581   581 D spidev_ioctl: gpio status=1)
05-27 19:03:24.507   581   581 I SpiService: fgesysctrl_getGPIO_status success val=1
05-27 19:03:24.509   830   830 D SurfaceFlinger: unisoc-graphics, commit has frameMissed:2, vysncId:234674
05-27 08:54:33.472   581   581 D spi_rst_gpio_get_output: GPIO 145 value: 1
05-27 08:54:33.472   581   581 D spidev_ioctl: gpio status=1)
05-27 19:03:24.510  1008 30856 D [OMXB]  : usingANWBuffer: handle:0xee742690, format:1, w:1920, h:1080
05-27 19:03:24.511   536   536 W commservice260303: [FgeComService::getAQConnectStatus:378]
05-27 19:03:24.511   536   536 W commservice260303: [mcuCommFunctionTcp::getAQConnectStatus:406] 1
05-27 19:03:24.511   536   536 W commservice260303: [FgeComService::getAQConnectStatus:380] status:1
05-27 19:03:24.511 12246 12246 E ivicomm_CommManager: getA2lConnectStatus aqConnectStatus:1
05-27 19:03:24.511   299 30841 D EvsDriver: forwardFrame
05-27 19:03:24.511 12246 12246 D ivicomm_ConnectStateManager: notifyState newState=1curState=1
05-27 19:03:24.512   299 30841 D EvsDriver: Delivered 0xb400007b7ca56a60 as id 0
05-27 19:03:24.513  1167  1479 D evsmanagerd: /dev/video4 forwarded the buffer #0 to 0xb4000074bf5f6850 from 0xb4000074bf5f41d0
05-27 19:03:24.513   581   581 I SpiService: fgesysctrl_getGPIO_status success val=1
05-27 19:03:24.505  1122  1122 I auditd  : type=1400 audit(0.0:76224): avc: denied { dac_read_search } for comm="tbox_ap" capability=2 scontext=u:r:tboxd:s0 tcontext=u:r:tboxd:s0 tclass=capability permissive=1
05-27 19:03:24.505  1122  1122 I tbox_ap : type=1400 audit(0.0:76224): avc: denied { dac_read_search } for capability=2 scontext=u:r:tboxd:s0 tcontext=u:r:tboxd:s0 tclass=capability permissive=1
05-27 19:03:24.515 13911 14183 I SentryImuMcuAngleSender: 179.98598rollDeg
05-27 19:03:24.515 13911 14183 I SentryImuMcuAngleSender: 1,0,0
05-27 19:03:24.516   299 30844 D EvsDriver: forwardFrame
05-27 19:03:24.517   299  1163 D EvsDriver: doneWithFrame
05-27 19:03:24.518   299 30844 D EvsDriver: Delivered 0xb400007b7ca56900 as id 0
05-27 19:03:24.518  1167  1479 D evsmanagerd: /dev/video6 forwarded the buffer #0 to 0xb4000074bf5f5510 from 0xb4000074bf5f6d90
05-27 19:03:24.520   536   536 D commservice260303: msg.id = 1028,0
05-27 19:03:24.520   536   536 D commservice260303: i = 170, msgid = 8A000404
05-27 19:03:24.520   536   536 D commservice260303: msgid = -1979710460,did=138
05-27 19:03:24.520   536   536 D commservice260303: CommProtocolLibCmdBaseI2C::dataproc {"command":{"id":"imu_status","sub":""},"content":{"TimeStamp":11,"FrameCounter":274180,"GD_X":-0.011759000830352306,"GD_Y":0.0056498548947274685,"GD_Z":0.0020608289632946253,"AD_X":-8.875876665115356E-4,"AD_Y":0.0016174456104636192,"AD_Z":-0.16891956329345703,"TempDsp":0,"Status":0,"CalibState":1,"SigAmpInvalid":0}},-1979710460
05-27 19:03:24.521   536   536 D commservice260303: send2Cluster len:318, 7B22636F6D6D616E64223A7B226964223A22696D755F737461747573222C22737562223A22227D2C22636F6E74656E74223A7B2254696D655374616D70223A31312C224672616D65436F756E746572223A3237343138302C2247445F58223A2D302E3031313735393030303833303335323330362C2247445F59223A302E303035363439383534383934373237343638352C2247445F5A223A302E303032303630383238393633323934363235332C2241445F58223A2D382E383735383736363635313135333536452D342C2241445F59223A302E303031363137343435363130343633363139322C2241445F5A223A2D302E31363839313935363332393334353730332C2254656D70447370223A302C22537461747573223A302C2243616C69625374617465223A312C22536967416D70496E76616C6964223A307D7D, 138 
05-27 19:03:24.521   536   536 D commservice260303: Push Message into SendPool fn=-1418656768
05-27 19:03:24.521   536   536 D commservice260303: ComProtocolLibSend2Cluster::send2ClusterRaw fn=-1418656768 , len=334
05-27 19:03:24.521   536   536 D commservice260303: sendCmdToPort :334!!!
05-27 08:54:33.477   581   581 D spidev_ioctl: gpio status=1)
05-27 19:03:24.522   536   536 D commservice260303: send Cmd To Port ++++5AA5014A8A01000471AB6A16CF7C7B22636F6D6D616E64223A7B226964223A22696D755F737461747573222C22737562223A22227D2C22636F6E74656E74223A7B2254696D655374616D70223A31312C224672616D65436F756E746572223A3237343138302C2247445F58223A2D302E3031313735393030303833303335323330362C2247445F59223A302E303035363439383534383934373237343638352C2247445F5A223A302E303032303630383238393633323934363235332C2241445F58223A2D382E383735383736363635313135333536452D342C2241445F59223A302E303031363137343435363130343633363139322C2241445F5A223A2D302E31363839313935363332393334353730332C2254656D70447370223A302C22537461747573223A302C2243616C69625374617465223A312C22536967416D70496E76616C6964223A307D7D0F57
05-27 08:54:33.489   581   581 D spi_rst_gpio_get_output: GPIO 145 value: 0
05-27 08:54:33.489   581   581 D spidev_ioctl: gpio status=0)
05-27 19:03:24.522   536   536 D commservice260303: bufferevent_write retrun value = 0
05-27 19:03:24.523 13911 14192 D Sentinelmode_1.2.5.17_sentry: <SentryImuClusterFgeSender>imu_status sent to Linux, frame=274180, tsNs=11671755, tsMs=11, intervalMs=38, ad=(-8.8758767E-4,0.0016174456,-0.16891956), gd=(-0.011759001,0.005649855,0.002060829)
05-27 19:03:24.523   299  1163 D EvsDriver: doneWithFrame
05-27 19:03:24.523   536   560 D commservice260303: client datas send succeed,send finish
05-27 19:03:24.524   572   572 I Sensors : 230 AccelSensor: x:-0.172019,y:0.001829,z:-9.979600
05-27 19:03:24.524   581   581 I SpiService: fgesysctrl_getGPIO_status success val=0
05-27 19:03:24.525   283   307 I rvcservice: t.code = 2, t.value = 9979600
05-27 19:03:24.526   830   830 D SurfaceFlinger: unisoc-graphics, commit has frameMissed:2, vysncId:234675
05-27 19:03:24.535 13911 14183 I SentryImuMcuAngleSender: 179.9895rollDeg
05-27 19:03:24.535 13911 14183 I SentryImuMcuAngleSender: 1,0,0
