05-27 19:03:19.836   536   536 D commservice260303: send2Cluster len:315, 7B22636F6D6D616E64223A7B226964223A22696D755F737461747573222C22737562223A22227D2C22636F6E74656E74223A7B2254696D655374616D70223A31312C224672616D65436F756E746572223A3237343036362C2247445F58223A2D302E3031313337373231313636303134363731332C2247445F59223A302E30303531393231323338313931343235382C2247445F5A223A302E303032303630383238393633323934363235332C2241445F58223A2D302E3030343937343433393734303138303936392C2241445F59223A392E383633353937383036353433313132452D342C2241445F5A223A2D302E31363833313538383734353131373138382C2254656D70447370223A302C22537461747573223A302C2243616C69625374617465223A312C22536967416D70496E76616C6964223A307D7D, 138 
05-27 19:03:19.836   536   536 D commservice260303: Push Message into SendPool fn=930153472
05-27 19:03:19.836   536   536 D commservice260303: ComProtocolLibSend2Cluster::send2ClusterRaw fn=930153472 , len=331
05-27 19:03:19.836   536   536 D commservice260303: sendCmdToPort :331!!!
05-27 19:03:19.836   481   597 I mcuc    : send SPI:6AA602EAFA000289008F
05-27 19:03:19.836   536   536 D commservice260303: send Cmd To Port ++++5AA501478A01000471376A16CF777B22636F6D6D616E64223A7B226964223A22696D755F737461747573222C22737562223A22227D2C22636F6E74656E74223A7B2254696D655374616D70223A31312C224672616D65436F756E746572223A3237343036362C2247445F58223A2D302E3031313337373231313636303134363731332C2247445F59223A302E30303531393231323338313931343235382C2247445F5A223A302E303032303630383238393633323934363235332C2241445F58223A2D302E3030343937343433393734303138303936392C2241445F59223A392E383633353937383036353433313132452D342C2241445F5A223A2D302E31363833313538383734353131373138382C2254656D70447370223A302C22537461747573223A302C2243616C69625374617465223A312C22536967416D70496E76616C6964223A307D7D7F9B
05-27 19:03:19.836   536   536 D commservice260303: bufferevent_write retrun value = 0
05-27 19:03:19.836  1008 30857 D [OMXB]  : usingANWBuffer: handle:0xee7404e0, format:1, w:1920, h:1080
05-27 19:03:19.836 13911 14192 D Sentinelmode_1.2.5.17_sentry: <SentryImuClusterFgeSender>imu_status sent to Linux, frame=274066, tsNs=11667067, tsMs=11, intervalMs=42, ad=(-0.0049744397,9.863598E-4,-0.16831589), gd=(-0.011377212,0.005192124,0.002060829)
05-27 19:03:19.840   299 30841 D EvsDriver: forwardFrame
05-27 19:03:19.841   536   560 D commservice260303: client datas send succeed,send finish
05-27 19:03:19.841   299 30841 D EvsDriver: Delivered 0xb400007b7ca56a60 as id 0
05-27 19:03:19.842  1167  1479 D evsmanagerd: /dev/video4 forwarded the buffer #0 to 0xb4000074bf5f6850 from 0xb4000074bf5f41d0
05-27 08:54:28.816   581   581 D spi_rst_gpio_get_output: GPIO 145 value: 1
05-27 08:54:28.816   581   581 D spidev_ioctl: gpio status=1)
05-27 19:03:19.844   299 30844 D EvsDriver: forwardFrame
05-27 19:03:19.846  1167  1479 D evsmanagerd: /dev/video6 forwarded the buffer #0 to 0xb4000074bf5f5510 from 0xb4000074bf5f6d90
05-27 19:03:19.846   299  1163 D EvsDriver: doneWithFrame
05-27 19:03:19.847   299 30844 D EvsDriver: Delivered 0xb400007b7ca56900 as id 0
05-27 19:03:19.848 13911 14183 I SentryImuMcuAngleSender: 180.0rollDeg
05-27 19:03:19.848 13911 14183 I SentryImuMcuAngleSender: 1,0,0
05-27 19:03:19.848 13911 16534 D VersionPrinter: com.adayo.app.dvrlocalservice- VersionName:[1.2.5.17_sentry] - append:[] - active:[]
05-27 19:03:19.851 10188 10454 I DexManager: com.anwsdk.service loads from null-0 : 0 : /system/framework/javax.obex.jar
05-27 19:03:19.851 10188 10454 I DexManager: Could not find owning package for dex file: /system/framework/javax.obex.jar
05-27 08:54:28.822   581   581 D spi_rst_gpio_get_output: GPIO 145 value: 1
05-27 08:54:28.822   581   581 D spidev_ioctl: gpio status=1)
05-27 19:03:19.852   581   581 I SpiService: fgesysctrl_getGPIO_status success val=1
05-27 19:03:19.852   299  1163 D EvsDriver: doneWithFrame
05-27 19:03:19.858   581   581 I SpiService: fgesysctrl_getGPIO_status success val=1
05-27 19:03:19.862 23682 23682 W .service:remote: ClassLoaderContext shared library size mismatch. Expected=0, found=1 (PCL[] | PCL[]{PCL[/system/framework/javax.obex.jar*2267184930]})
05-27 19:03:19.864   581   581 I SpiService: fgesysctrl_getGPIO_status success val=1
05-27 08:54:28.828   581   581 D spi_rst_gpio_get_output: GPIO 145 value: 1
05-27 08:54:28.828   581   581 D spidev_ioctl: gpio status=1)
05-27 19:03:19.866   830   830 D SurfaceFlinger: unisoc-graphics, commit has frameMissed:2, vysncId:234452
05-27 19:03:19.868 10188 10454 I DexManager: com.anwsdk.service loads from com.anwsdk.service-1 : 0 : /system/app/BluetoothExt/BluetoothExt.apk
05-27 19:03:19.869 13911 14183 I SentryImuMcuAngleSender: 180.0rollDeg
05-27 19:03:19.869 13911 14183 I SentryImuMcuAngleSender: 1,0,0
05-27 19:03:19.869   581   581 I SpiService: fgesysctrl_getGPIO_status success val=1
05-27 08:54:28.834   581   581 D spi_rst_gpio_get_output: GPIO 145 value: 1
05-27 08:54:28.834   581   581 D spidev_ioctl: gpio status=1)
05-27 19:03:19.874   536   536 D commservice260303: msg.id = 1028,0
05-27 19:03:19.875   536   536 D commservice260303: i = 170, msgid = 8A000404
05-27 19:03:19.875   536   536 D commservice260303: msgid = -1979710460,did=138
05-27 19:03:19.875   536   536 D commservice260303: CommProtocolLibCmdBaseI2C::dataproc {"command":{"id":"imu_status","sub":""},"content":{"TimeStamp":11,"FrameCounter":274067,"GD_X":-0.011453153565526009,"GD_Y":0.004352083895355463,"GD_Z":0.0018319635419175029,"AD_X":-0.0025359243154525757,"AD_Y":9.886925108730793E-4,"AD_Z":-0.1634349822998047,"TempDsp":0,"Status":0,"CalibState":1,"SigAmpInvalid":0}},-1979710460
05-27 19:03:19.875   536   536 D commservice260303: send2Cluster len:316, 7B22636F6D6D616E64223A7B226964223A22696D755F737461747573222C22737562223A22227D2C22636F6E74656E74223A7B2254696D655374616D70223A31312C224672616D65436F756E746572223A3237343036372C2247445F58223A2D302E3031313435333135333536353532363030392C2247445F59223A302E3030343335323038333839353335353436332C2247445F5A223A302E303031383331393633353431393137353032392C2241445F58223A2D302E303032353335393234333135343532353735372C2241445F59223A392E383836393235313038373330373933452D342C2241445F5A223A2D302E313633343334393832323939383034372C2254656D70447370223A302C22537461747573223A302C2243616C69625374617465223A312C22536967416D70496E76616C6964223A307D7D, 138 
05-27 19:03:19.875   536   536 D commservice260303: Push Message into SendPool fn=946930688
05-27 08:54:28.840   581   581 D spi_rst_gpio_get_output: GPIO 145 value: 0
05-27 19:03:19.875   536   536 D commservice260303: ComProtocolLibSend2Cluster::send2ClusterRaw fn=946930688 , len=332
05-27 19:03:19.875   536   536 D commservice260303: sendCmdToPort :332!!!
05-27 19:03:19.875   536   536 D commservice260303: send Cmd To Port ++++5AA501488A01000471386A16CF777B22636F6D6D616E64223A7B226964223A22696D755F737461747573222C22737562223A22227D2C22636F6E74656E74223A7B2254696D655374616D70223A31312C224672616D65436F756E746572223A3237343036372C2247445F58223A2D302E3031313435333135333536353532363030392C2247445F59223A302E3030343335323038333839353335353436332C2247445F5A223A302E303031383331393633353431393137353032392C2241445F58223A2D302E303032353335393234333135343532353735372C2241445F59223A392E383836393235313038373330373933452D342C2241445F5A223A2D302E313633343334393832323939383034372C2254656D70447370223A302C22537461747573223A302C2243616C69625374617465223A312C22536967416D70496E76616C6964223A307D7D9062
05-27 19:03:19.875   581   581 I SpiService: fgesysctrl_getGPIO_status success val=0
05-27 19:03:19.875   536   536 D commservice260303: bufferevent_write retrun value = 0
05-27 19:03:19.876   536   560 D commservice260303: client datas send succeed,send finish
05-27 19:03:19.876 13911 14192 D Sentinelmode_1.2.5.17_sentry: <SentryImuClusterFgeSender>imu_status sent to Linux, frame=274067, tsNs=11667120, tsMs=11, intervalMs=39, ad=(-0.0025359243,9.886925E-4,-0.16343498), gd=(-0.011453154,0.004352084,0.0018319635)
05-27 19:03:19.880 23682 23682 D CompatibilityInfo: applyToConfigurationCompat inoutConfig.densityDpi= 160
05-27 19:03:19.882   299 30841 D EvsDriver: forwardFrame
05-27 19:03:19.882   299 30844 D EvsDriver: forwardFrame
05-27 19:03:19.883   830   830 D SurfaceFlinger: unisoc-graphics, commit has frameMissed:2, vysncId:234453
05-27 19:03:19.885   299 30844 D EvsDriver: Delivered 0xb400007b7ca56900 as id 0
05-27 19:03:19.885   299 30841 D EvsDriver: Delivered 0xb400007b7ca56a60 as id 0
05-27 19:03:19.885  1167  1184 D evsmanagerd: /dev/video6 forwarded the buffer #0 to 0xb4000074bf5f5510 from 0xb4000074bf5f6d90
05-27 19:03:19.885  1167  1479 D evsmanagerd: /dev/video4 forwarded the buffer #0 to 0xb4000074bf5f6850 from 0xb4000074bf5f41d0
05-27 19:03:19.891   299  1163 D EvsDriver: doneWithFrame
05-27 19:03:19.891   299  1153 D EvsDriver: doneWithFrame
05-27 19:03:19.892 13911 14183 I SentryImuMcuAngleSender: 179.98949rollDeg
05-27 19:03:19.892 13911 14183 I SentryImuMcuAngleSender: 1,0,0
05-27 08:54:28.840   581   581 D spidev_ioctl: gpio status=0)
05-27 08:54:28.861   581   581 D spi_rst_gpio_get_output: GPIO 145 value: 1
05-27 08:54:28.861   581   581 D spidev_ioctl: gpio status=1)
05-27 19:03:19.892  1008 30856 D [OMXB]  : usingANWBuffer: handle:0xee742950, format:1, w:1920, h:1080
05-27 19:03:19.893 30773 30788 I dvr_service_: [runShortMediaThread:298] cameraId:1 medias:300,audios:220,stateAudio:0,mShortState:0,warnEvent:0,state:1
05-27 19:03:19.895   283   307 I rvcservice: t.code = 3, t.value = 0
05-27 19:03:19.896   581   581 I SpiService: fgesysctrl_getGPIO_status success val=1
05-27 19:03:19.896 30773 30785 I dvr_service_: [EncoderHandler::runMediaThread] runMediaThread started:1,state:1, cam2:started:1,state:1, lastSwitch:1, mIsMuxerStart:1,format:0,is_str_ing:0
05-27 19:03:19.900   830   893 W TransactionTracing: Could not find layer id -1
05-27 19:03:19.902   581   581 I SpiService: fgesysctrl_getGPIO_status success val=1
05-27 19:03:19.902   830   893 W TransactionTracing: Could not find layer id -1
05-27 19:03:19.903  1008 30857 D [OMXB]  : usingANWBuffer: handle:0xee740d20, format:1, w:1920, h:1080
05-27 19:03:19.904 23682 23682 D libEGL  : <.service:remote>[setCacheFilename]: file=/data/user_de/0/com.anwsdk.service/code_cache/com.android.opengl.shaders_cache
05-27 08:54:28.866   581   581 D spi_rst_gpio_get_output: GPIO 145 value: 1
05-27 08:54:28.866   581   581 D spidev_ioctl: gpio status=1)
05-27 19:03:19.905   572   572 I Sensors : 230 GyroSensor: x:-0.011606,y:0.004963,z:0.002214
05-27 19:03:19.907   581   581 I SpiService: fgesysctrl_getGPIO_status success val=1
05-27 08:54:28.872   581   581 D spi_rst_gpio_get_output: GPIO 145 value: 1
05-27 08:54:28.872   581   581 D spidev_ioctl: gpio status=1)
05-27 19:03:19.912 13911 14183 I SentryImuMcuAngleSender: 180.0rollDeg
05-27 19:03:19.912 13911 14183 I SentryImuMcuAngleSender: 1,0,0
05-27 19:03:19.913   581   581 I SpiService: fgesysctrl_getGPIO_status success val=1
05-27 19:03:19.914   536   536 D commservice260303: msg.id = 1028,0
05-27 19:03:19.914   536   536 D commservice260303: i = 170, msgid = 8A000404
05-27 19:03:19.914   536   536 D commservice260303: msgid = -1979710460,did=138
05-27 19:03:19.914   536   536 D commservice260303: CommProtocolLibCmdBaseI2C::dataproc {"command":{"id":"imu_status","sub":""},"content":{"TimeStamp":11,"FrameCounter":274068,"GD_X":-0.01160607673227787,"GD_Y":0.004963258747011423,"GD_Z":0.002213752595707774,"AD_X":0.004141509532928467,"AD_Y":-8.432094473391771E-4,"AD_Z":-0.17014026641845703,"TempDsp":0,"Status":0,"CalibState":1,"SigAmpInvalid":0}},-1979710460
05-27 19:03:19.914   536   536 D commservice260303: send2Cluster len:314, 7B22636F6D6D616E64223A7B226964223A22696D755F737461747573222C22737562223A22227D2C22636F6E74656E74223A7B2254696D655374616D70223A31312C224672616D65436F756E746572223A3237343036382C2247445F58223A2D302E30313136303630373637333232373738372C2247445F59223A302E3030343936333235383734373031313432332C2247445F5A223A302E3030323231333735323539353730373737342C2241445F58223A302E3030343134313530393533323932383436372C2241445F59223A2D382E343332303934343733333931373731452D342C2241445F5A223A2D302E31373031343032363634313834353730332C2254656D70447370223A302C22537461747573223A302C2243616C69625374617465223A312C22536967416D70496E76616C6964223A307D7D, 138 
05-27 19:03:19.914   536   536 D commservice260303: Push Message into SendPool fn=963707904
05-27 19:03:19.915   536   536 D commservice260303: ComProtocolLibSend2Cluster::send2ClusterRaw fn=963707904 , len=330
05-27 19:03:19.915   536   536 D commservice260303: sendCmdToPort :330!!!
05-27 19:03:19.915   536   536 D commservice260303: send Cmd To Port ++++5AA501468A01000471396A16CF777B22636F6D6D616E64223A7B226964223A22696D755F737461747573222C22737562223A22227D2C22636F6E74656E74223A7B2254696D655374616D70223A31312C224672616D65436F756E746572223A3237343036382C2247445F58223A2D302E30313136303630373637333232373738372C2247445F59223A302E3030343936333235383734373031313432332C2247445F5A223A302E3030323231333735323539353730373737342C2241445F58223A302E3030343134313530393533323932383436372C2241445F59223A2D382E343332303934343733333931373731452D342C2241445F5A223A2D302E31373031343032363634313834353730332C2254656D70447370223A302C22537461747573223A302C2243616C69625374617465223A312C22536967416D70496E76616C6964223A307D7D66EC
05-27 19:03:19.915   536   536 D commservice260303: bufferevent_write retrun value = 0
05-27 19:03:19.915   536   560 D commservice260303: client datas send succeed,send finish
05-27 19:03:19.915 13549 13800 I ADAYO_LOG_: startZip(LogcatFunc.java:412)deleteFile:logcat_2026_05_27_18_58_41_759-50.txt,delete:true
05-27 19:03:19.915 13549 13800 I ADAYO_LOG_: startSeparationAndZip(LogcatFunc.java:294)startZip over
05-27 08:54:28.877   581   581 D spi_rst_gpio_get_output: GPIO 145 value: 1
05-27 08:54:28.878   581   581 D spidev_ioctl: gpio status=1)
05-27 19:03:19.915 13911 14192 D Sentinelmode_1.2.5.17_sentry: <SentryImuClusterFgeSender>imu_status sent to Linux, frame=274068, tsNs=11667156, tsMs=11, intervalMs=40, ad=(0.0041415095,-8.4320945E-4,-0.17014027), gd=(-0.011606077,0.0049632587,0.0022137526)
05-27 19:03:19.916   830   830 D SurfaceFlinger: unisoc-graphics, commit has frameMissed:2, vysncId:234455
05-27 19:03:19.918   581   581 I SpiService: fgesysctrl_getGPIO_status success val=0
05-27 19:03:19.920 23682 23682 D NetworkSecurityConfig: No Network Security Config specified, using platform default
05-27 08:54:28.883   581   581 D spi_rst_gpio_get_output: GPIO 145 value: 0
05-27 08:54:28.883   581   581 D spidev_ioctl: gpio status=0)
05-27 19:03:19.922   299 30844 D EvsDriver: forwardFrame
05-27 19:03:19.923   299 30841 D EvsDriver: forwardFrame
05-27 19:03:19.925 23682 23682 D NetworkSecurityConfig: No Network Security Config specified, using platform default
05-27 19:03:19.925   299 30841 D EvsDriver: Delivered 0xb400007b7ca56a60 as id 0
05-27 19:03:19.925  1167  1184 D evsmanagerd: /dev/video4 forwarded the buffer #0 to 0xb4000074bf5f6850 from 0xb4000074bf5f41d0
05-27 19:03:19.926   299 30844 D EvsDriver: Delivered 0xb400007b7ca56900 as id 0
05-27 19:03:19.926  1167  1184 D evsmanagerd: /dev/video6 forwarded the buffer #0 to 0xb4000074bf5f5510 from 0xb4000074bf5f6d90
05-27 19:03:19.928 30773 30783 E dvr_service_: [myNum:1] Received S**** loss
05-27 19:03:19.928   299  1163 D EvsDriver: doneWithFrame
05-27 19:03:19.931   299  1153 D EvsDriver: doneWithFrame
05-27 19:03:19.932   830   830 D SurfaceFlinger: unisoc-graphics, commit has frameMissed:2, vysncId:234456
05-27 19:03:19.933 13911 14183 I SentryImuMcuAngleSender: -179.99298rollDeg
05-27 19:03:19.933 13911 14183 I SentryImuMcuAngleSender: 1,0,0
05-27 19:03:19.936   581   581 I SpiService: fgesysctrl_getGPIO_status success val=1
05-27 08:54:28.901   581   581 D spi_rst_gpio_get_output: GPIO 145 value: 1
05-27 08:54:28.901   581   581 D spidev_ioctl: gpio status=1)
05-27 19:03:19.941   581   581 I SpiService: fgesysctrl_getGPIO_status success val=1
05-27 08:54:28.906   581   581 D spi_rst_gpio_get_output: GPIO 145 value: 1
05-27 08:54:28.906   581   581 D spidev_ioctl: gpio status=1)
05-27 08:54:28.909     0     0 W         : c6 [    C6] Irq_monitor:Irq                                           IPI[1]occur        5453 times interval 1024 ms
05-27 19:03:19.947   581   581 I SpiService: fgesysctrl_getGPIO_status success val=1
05-27 08:54:28.911   581   581 D spi_rst_gpio_get_output: GPIO 145 value: 1
05-27 08:54:28.911   581   581 D spidev_ioctl: gpio status=1)
05-27 19:03:19.951   830   830 D SurfaceFlinger: unisoc-graphics, commit has frameMissed:2, vysncId:234457
05-27 19:03:19.952   581   581 I SpiService: fgesysctrl_getGPIO_status success val=1
05-27 08:54:28.917   581   581 D spi_rst_gpio_get_output: GPIO 145 value: 1
05-27 08:54:28.917   581   581 D spidev_ioctl: gpio status=1)
05-27 19:03:19.953   299 30841 D EvsDriver: forwardFrame
05-27 19:03:19.953   299 30844 D EvsDriver: forwardFrame
05-27 19:03:19.955   299 30844 D EvsDriver: Delivered 0xb400007b7ca56900 as id 0
05-27 19:03:19.955  1167  1184 D evsmanagerd: /dev/video6 forwarded the buffer #0 to 0xb4000074bf5f5510 from 0xb4000074bf5f6d90
05-27 19:03:19.955   299 30841 D EvsDriver: Delivered 0xb400007b7ca56a60 as id 0
05-27 19:03:19.955  1167  1184 D evsmanagerd: /dev/video4 forwarded the buffer #0 to 0xb4000074bf5f6850 from 0xb4000074bf5f41d0
05-27 19:03:19.955 30773 30783 I dvr_service_: [myNum:0][onFrameReceived] Received Surface:1 0
05-27 19:03:19.955 13911 14183 I SentryImuMcuAngleSender: -179.98248rollDeg
05-27 19:03:19.955 30773 30783 E dvr_service_: [myNum:0] Received S**** loss
05-27 19:03:19.955 13911 14183 I SentryImuMcuAngleSender: 1,0,0
05-27 19:03:19.956   299  1153 D EvsDriver: doneWithFrame
05-27 19:03:19.957   299  1153 D EvsDriver: doneWithFrame
05-27 19:03:19.958   581   581 I SpiService: fgesysctrl_getGPIO_status success val=0
05-27 19:03:19.958   536   536 D commservice260303: msg.id = 1028,1
05-27 19:03:19.958   536   536 D commservice260303: i = 170, msgid = 8A000404
05-27 19:03:19.958   536   536 D commservice260303: msgid = -1979710460,did=138
05-27 19:03:19.958   536   536 D commservice260303: CommProtocolLibCmdBaseI2C::dataproc {"command":{"id":"imu_status","sub":""},"content":{"TimeStamp":11,"FrameCounter":274069,"GD_X":-0.011910883709788322,"GD_Y":0.0051151420921087265,"GD_Z":0.0019079053308814764,"AD_X":0.003482118248939514,"AD_Y":-0.0038740397430956364,"AD_Z":-0.16831111907958984,"TempDsp":0,"Status":0,"CalibState":1,"SigAmpInvalid":0}},-1979710460
05-27 19:03:19.958   536   536 D commservice260303: send2Cluster len:318, 7B22636F6D6D616E64223A7B226964223A22696D755F737461747573222C22737562223A22227D2C22636F6E74656E74223A7B2254696D655374616D70223A31312C224672616D65436F756E746572223A3237343036392C2247445F58223A2D302E3031313931303838333730393738383332322C2247445F59223A302E303035313135313432303932313038373236352C2247445F5A223A302E303031393037393035333330383831343736342C2241445F58223A302E3030333438323131383234383933393531342C2241445F59223A2D302E303033383734303339373433303935363336342C2241445F5A223A2D302E31363833313131313930373935383938342C2254656D70447370223A302C22537461747573223A302C2243616C69625374617465223A312C22536967416D70496E76616C6964223A307D7D, 138 
05-27 19:03:19.958   536   536 D commservice260303: Push Message into SendPool fn=980485120
05-27 19:03:19.958   536   536 D commservice260303: ComProtocolLibSend2Cluster::send2ClusterRaw fn=980485120 , len=334
05-27 19:03:19.958   536   536 D commservice260303: sendCmdToPort :334!!!
05-27 19:03:19.958   536   536 D commservice260303: send Cmd To Port ++++5AA5014A8A010004713A6A16CF777B22636F6D6D616E64223A7B226964223A22696D755F737461747573222C22737562223A22227D2C22636F6E74656E74223A7B2254696D655374616D70223A31312C224672616D65436F756E746572223A3237343036392C2247445F58223A2D302E3031313931303838333730393738383332322C2247445F59223A302E303035313135313432303932313038373236352C2247445F5A223A302E303031393037393035333330383831343736342C2241445F58223A302E3030333438323131383234383933393531342C2241445F59223A2D302E303033383734303339373433303935363336342C2241445F5A223A2D302E31363833313131313930373935383938342C2254656D70447370223A302C22537461747573223A302C2243616C69625374617465223A312C22536967416D70496E76616C6964223A307D7D960B
05-27 19:03:19.958   536   536 D commservice260303: bufferevent_write retrun value = 0
05-27 19:03:19.959 13911 14192 D Sentinelmode_1.2.5.17_sentry: <SentryImuClusterFgeSender>imu_status sent to Linux, frame=274069, tsNs=11667191, tsMs=11, intervalMs=44, ad=(0.0034821182,-0.0038740397,-0.16831112), gd=(-0.011910884,0.005115142,0.0019079053)
05-27 19:03:19.959   536   560 D commservice260303: client datas send succeed,send finish
05-27 08:54:28.922   581   581 D spi_rst_gpio_get_output: GPIO 145 value: 0
05-27 08:54:28.922   581   581 D spidev_ioctl: gpio status=0)
05-27 19:03:19.962 23682 23682 I ANWJNI_SECOND: +++ JNI_OnLoad
05-27 19:03:19.962 23682 23682 I ANWJNI_SECOND: +++ registerNativeMethods
05-27 19:03:19.962 23682 23682 I ANWJNI_SECOND: numMethods = 245
05-27 19:03:19.965 23682 23682 I ANWJNI_SECOND: --- registerNativeMethods
05-27 19:03:19.966 23682 23682 D ANWJNI_SECOND: (23682|0x5467E4F8)[BTAPP] read XML config file
05-27 19:03:19.966 23682 23682 D ANWJNI_SECOND: 
05-27 19:03:19.966 23682 23682 D ANWJNI_SECOND: (23682|0x5467E4F8)[BTAPP] run Read (/system/etc/bluetooth/btmonitor-config_second.xml) Start
05-27 19:03:19.966 23682 23682 D ANWJNI_SECOND: 
05-27 19:03:19.966 23682 23682 D ANWJNI_SECOND: (23682|0x5467E4F8)[BTAPP] run Read (btmonitor-config.xml) source_data != NULL
05-27 19:03:19.966 23682 23682 D ANWJNI_SECOND: 
05-27 19:03:19.966 23682 23682 D ANWJNI_SECOND: (23682|0x5467E4F8)[BTAPP] XML : find HID setting
05-27 19:03:19.966 23682 23682 D ANWJNI_SECOND: 
05-27 19:03:19.966 23682 23682 D ANWJNI_SECOND: (23682|0x5467E4F8)[BTAPP] HID set(close)
05-27 19:03:19.966 23682 23682 D ANWJNI_SECOND: 
05-27 19:03:19.966 23682 23682 D ANWJNI_SECOND: (23682|0x5467E4F8)[BTAPP] XML : find SPP setting
05-27 19:03:19.966 23682 23682 D ANWJNI_SECOND: 
05-27 19:03:19.966 23682 23682 D ANWJNI_SECOND: (23682|0x5467E4F8)[BTAPP] SPP set(close)
05-27 19:03:19.966 23682 23682 D ANWJNI_SECOND: 
05-27 19:03:19.966 23682 23682 D ANWJNI_SECOND: (23682|0x5467E4F8)[BTAPP] XML : find PINCode setting
05-27 19:03:19.966 23682 23682 D ANWJNI_SECOND: 
05-27 19:03:19.966 23682 23682 D ANWJNI_SECOND: (23682|0x5467E4F8)[BTAPP] PinCode set(close)
05-27 19:03:19.966 23682 23682 D ANWJNI_SECOND: 
05-27 19:03:19.966 23682 23682 D ANWJNI_SECOND: (23682|0x5467E4F8)[BTAPP] get setpincode data fail
05-27 19:03:19.966 23682 23682 D ANWJNI_SECOND: 
05-27 19:03:19.966 23682 23682 D ANWJNI_SECOND: (23682|0x5467E4F8)[BTAPP] get set_legacy_pin data fail
05-27 19:03:19.966 23682 23682 D ANWJNI_SECOND: 
05-27 19:03:19.966 23682 23682 D ANWJNI_SECOND: (23682|0x5467E4F8)[BTAPP] XML : find spp_uuid setting
05-27 19:03:19.966 23682 23682 D ANWJNI_SECOND: 
05-27 19:03:19.966 23682 23682 D ANWJNI_SECOND: (23682|0x5467E4F8)[BTAPP] XML : ca_spp_uuid len(32)
05-27 19:03:19.966 23682 23682 D ANWJNI_SECOND: 
05-27 19:03:19.967 23682 23682 D ANWJNI_SECOND: (23682|0x5467E4F8)[BTAPP] XML : SPP_UUID_fromXML len(16):(
05-27 19:03:19.967 23682 23682 D ANWJNI_SECOND: (23682|0x5467E4F8)[BTAPP] 0xfa 
05-27 19:03:19.967 23682 23682 D ANWJNI_SECOND: (23682|0x5467E4F8)[BTAPP] 0xeb 
05-27 19:03:19.967 23682 23682 D ANWJNI_SECOND: (23682|0x5467E4F8)[BTAPP] 0xdc 
05-27 19:03:19.967 23682 23682 D ANWJNI_SECOND: (23682|0x5467E4F8)[BTAPP] 0x12 
05-27 19:03:19.967 23682 23682 D ANWJNI_SECOND: (23682|0x5467E4F8)[BTAPP] 0x7 
05-27 19:03:19.967 23682 23682 D ANWJNI_SECOND: (23682|0x5467E4F8)[BTAPP] 0x2c 
05-27 19:03:19.967 23682 23682 D ANWJNI_SECOND: (23682|0x5467E4F8)[BTAPP] 0xb0 
05-27 19:03:19.967 23682 23682 D ANWJNI_SECOND: (23682|0x5467E4F8)[BTAPP] 0xa4 
05-27 19:03:19.967 23682 23682 D ANWJNI_SECOND: (23682|0x5467E4F8)[BTAPP] 0x10 
05-27 19:03:19.967 23682 23682 D ANWJNI_SECOND: (23682|0x5467E4F8)[BTAPP] 0xa 
05-27 19:03:19.967 23682 23682 D ANWJNI_SECOND: (23682|0x5467E4F8)[BTAPP] 0x5a 
05-27 19:03:19.967 23682 23682 D ANWJNI_SECOND: (23682|0x5467E4F8)[BTAPP] 0x61 
05-27 19:03:19.967 23682 23682 D ANWJNI_SECOND: (23682|0x5467E4F8)[BTAPP] 0x8d 
05-27 19:03:19.967 23682 23682 D ANWJNI_SECOND: (23682|0x5467E4F8)[BTAPP] 0xc9 
05-27 19:03:19.967 23682 23682 D ANWJNI_SECOND: (23682|0x5467E4F8)[BTAPP] 0x40 
05-27 19:03:19.967 23682 23682 D ANWJNI_SECOND: (23682|0x5467E4F8)[BTAPP] 0x1c 
05-27 19:03:19.968 23682 23682 D ANWJNI_SECOND: (23682|0x5467E4F8)[BTAPP] )
05-27 19:03:19.968 23682 23682 D ANWJNI_SECOND: 
05-27 19:03:19.968 23682 23682 D ANWJNI_SECOND: (23682|0x5467E4F8)[BTAPP] XML : find Apple spp_uuid setting
05-27 19:03:19.968 23682 23682 D ANWJNI_SECOND: 
05-27 19:03:19.968 23682 23682 D ANWJNI_SECOND: (23682|0x5467E4F8)[BTAPP] XML : Apple ca_spp_uuid len(32)
05-27 19:03:19.968 23682 23682 D ANWJNI_SECOND: 
05-27 19:03:19.968 23682 23682 D ANWJNI_SECOND: (23682|0x5467E4F8)[BTAPP] XML : Apple SPP_UUID_fromXML len(16):(
05-27 19:03:19.968 23682 23682 D ANWJNI_SECOND: (23682|0x5467E4F8)[BTAPP] 0x0 
05-27 19:03:19.968 23682 23682 D ANWJNI_SECOND: (23682|0x5467E4F8)[BTAPP] 0x0 
05-27 19:03:19.968 23682 23682 D ANWJNI_SECOND: (23682|0x5467E4F8)[BTAPP] 0x0 
05-27 19:03:19.968 23682 23682 D ANWJNI_SECOND: (23682|0x5467E4F8)[BTAPP] 0x0 
05-27 19:03:19.968 23682 23682 D ANWJNI_SECOND: (23682|0x5467E4F8)[BTAPP] 0xde 
05-27 19:03:19.968 23682 23682 D ANWJNI_SECOND: (23682|0x5467E4F8)[BTAPP] 0xca 
05-27 19:03:19.968 23682 23682 D ANWJNI_SECOND: (23682|0x5467E4F8)[BTAPP] 0xfa 
05-27 19:03:19.968 23682 23682 D ANWJNI_SECOND: (23682|0x5467E4F8)[BTAPP] 0xde 
05-27 19:03:19.968 23682 23682 D ANWJNI_SECOND: (23682|0x5467E4F8)[BTAPP] 0xde 
05-27 19:03:19.968 23682 23682 D ANWJNI_SECOND: (23682|0x5467E4F8)[BTAPP] 0xca 
05-27 19:03:19.968 23682 23682 D ANWJNI_SECOND: (23682|0x5467E4F8)[BTAPP] 0xde 
05-27 19:03:19.968 23682 23682 D ANWJNI_SECOND: (23682|0x5467E4F8)[BTAPP] 0xaf 
05-27 19:03:19.968 23682 23682 D ANWJNI_SECOND: (23682|0x5467E4F8)[BTAPP] 0xde 
05-27 19:03:19.968 23682 23682 D ANWJNI_SECOND: (23682|0x5467E4F8)[BTAPP] 0xca 
05-27 19:03:19.968 23682 23682 D ANWJNI_SECOND: (23682|0x5467E4F8)[BTAPP] 0xca 
05-27 19:03:19.968 23682 23682 D ANWJNI_SECOND: (23682|0x5467E4F8)[BTAPP] 0xfe 
05-27 19:03:19.968 23682 23682 D ANWJNI_SECOND: (23682|0x5467E4F8)[BTAPP] )
05-27 19:03:19.968 23682 23682 D ANWJNI_SECOND: 
05-27 19:03:19.968 23682 23682 D ANWJNI_SECOND: (23682|0x5467E4F8)[BTAPP] XML : find calllogsize setting
05-27 19:03:19.968 23682 23682 D ANWJNI_SECOND: 
05-27 19:03:19.969 23682 23682 D ANWJNI_SECOND: (23682|0x5467E4F8)[BTAPP] XML : find ca_calllogsize(100)(100)
05-27 19:03:19.969 23682 23682 D ANWJNI_SECOND: 
05-27 19:03:19.969 23682 23682 D ANWJNI_SECOND: (23682|0x5467E4F8)[BTAPP] get contactssize data fail
05-27 19:03:19.969 23682 23682 D ANWJNI_SECOND: 
05-27 19:03:19.969 23682 23682 D ANWJNI_SECOND: (23682|0x5467E4F8)[BTAPP] get mincallsize data fail
05-27 19:03:19.969 23682 23682 D ANWJNI_SECOND: 
05-27 19:03:19.969 23682 23682 D ANWJNI_SECOND: (23682|0x5467E4F8)[BTAPP] XML : find voice setting
05-27 19:03:19.969 23682 23682 D ANWJNI_SECOND: 
05-27 19:03:19.969 23682 23682 D ANWJNI_SECOND: (23682|0x5467E4F8)[BTAPP] voice set(close)
05-27 19:03:19.969 23682 23682 D ANWJNI_SECOND: 
05-27 19:03:19.969 23682 23682 D ANWJNI_SECOND: (23682|0x5467E4F8)[BTAPP] XML : find voicedelay setting
05-27 19:03:19.969 23682 23682 D ANWJNI_SECOND: 
05-27 19:03:19.969 23682 23682 D ANWJNI_SECOND: (23682|0x5467E4F8)[BTAPP] voicedelay set(close)
05-27 19:03:19.969 23682 23682 D ANWJNI_SECOND: 
05-27 19:03:19.969 23682 23682 D ANWJNI_SECOND: (23682|0x5467E4F8)[BTAPP] get wechatvoice data fail
05-27 19:03:19.969 23682 23682 D ANWJNI_SECOND: 
05-27 19:03:19.969 23682 23682 D ANWJNI_SECOND: (23682|0x5467E4F8)[BTAPP] XML : pair any way
05-27 19:03:19.969 23682 23682 D ANWJNI_SECOND: 
05-27 19:03:19.969 23682 23682 D ANWJNI_SECOND: (23682|0x5467E4F8)[BTAPP] pairing need confirmation  accept
05-27 19:03:19.969 23682 23682 D ANWJNI_SECOND: 
05-27 19:03:19.969 23682 23682 D ANWJNI_SECOND: (23682|0x5467E4F8)[BTAPP] get use_combine data fail
05-27 19:03:19.969 23682 23682 D ANWJNI_SECOND: 
05-27 19:03:19.969 23682 23682 D ANWJNI_SECOND: (23682|0x5467E4F8)[BTAPP] XML : select pbap_photo or not
05-27 19:03:19.969 23682 23682 D ANWJNI_SECOND: 
05-27 19:03:19.969 23682 23682 D ANWJNI_SECOND: (23682|0x5467E4F8)[BTAPP] select pbap_photo
05-27 19:03:19.969 23682 23682 D ANWJNI_SECOND: 
05-27 19:03:19.969 23682 23682 D ANWJNI_SECOND: (23682|0x5467E4F8)[BTAPP] XML : select pbap_email or not
05-27 19:03:19.969 23682 23682 D ANWJNI_SECOND: 
05-27 19:03:19.969 23682 23682 D ANWJNI_SECOND: (23682|0x5467E4F8)[BTAPP] select pbap_email
05-27 19:03:19.969 23682 23682 D ANWJNI_SECOND: 
05-27 19:03:19.969 23682 23682 D ANWJNI_SECOND: (23682|0x5467E4F8)[BTAPP] XML : select pbap_adr or not
05-27 19:03:19.969 23682 23682 D ANWJNI_SECOND: 
05-27 19:03:19.969 23682 23682 D ANWJNI_SECOND: (23682|0x5467E4F8)[BTAPP] select pbap_adr
05-27 19:03:19.969 23682 23682 D ANWJNI_SECOND: 
05-27 19:03:19.970 23682 23682 D ANWJNI_SECOND: (23682|0x5467E4F8)[BTAPP] XML : select pbap_url or not
05-27 19:03:19.970 23682 23682 D ANWJNI_SECOND: 
05-27 19:03:19.970 23682 23682 D ANWJNI_SECOND: (23682|0x5467E4F8)[BTAPP] select pbap_url
05-27 19:03:19.970 23682 23682 D ANWJNI_SECOND: 
05-27 19:03:19.970 23682 23682 D ANWJNI_SECOND: (23682|0x5467E4F8)[BTAPP] get volume_control data fail
05-27 19:03:19.970 23682 23682 D ANWJNI_SECOND: 
05-27 19:03:19.970 23682 23682 D ANWJNI_SECOND: (23682|0x5467E4F8)[BTAPP] get carplay data fail
05-27 19:03:19.970 23682 23682 D ANWJNI_SECOND: 
05-27 19:03:19.970 23682 23682 D ANWJNI_SECOND: (23682|0x5467E4F8)[BTAPP] XML : select socket or not
05-27 19:03:19.970 23682 23682 D ANWJNI_SECOND: 
05-27 19:03:19.970 23682 23682 D ANWJNI_SECOND: (23682|0x5467E4F8)[BTAPP]  support socket
05-27 19:03:19.970 23682 23682 D ANWJNI_SECOND: 
05-27 19:03:19.970 23682 23682 D ANWJNI_SECOND: (23682|0x5467E4F8)[BTAPP] get androidauto data fail
05-27 19:03:19.970 23682 23682 D ANWJNI_SECOND: 
05-27 19:03:19.970 23682 23682 D ANWJNI_SECOND: (23682|0x5467E4F8)[BTAPP] get auto_transfer data fail
05-27 19:03:19.970 23682 23682 D ANWJNI_SECOND: 
05-27 19:03:19.970 23682 23682 D ANWJNI_SECOND: (23682|0x5467E4F8)[BTAPP] get audio_dsp_mute data fail
05-27 19:03:19.970 23682 23682 D ANWJNI_SECOND: 
05-27 19:03:19.970 23682 23682 D ANWJNI_SECOND: (23682|0x5467E4F8)[BTAPP] get audio_dsp_delay data fail
05-27 19:03:19.970 23682 23682 D ANWJNI_SECOND: 
05-27 19:03:19.970 23682 23682 D ANWJNI_SECOND: (23682|0x5467E4F8)[BTAPP] XML : hfp_audio_driver_open 
05-27 19:03:19.970 23682 23682 D ANWJNI_SECOND: 
05-27 19:03:19.970 23682 23682 D ANWJNI_SECOND: (23682|0x5467E4F8)[BTAPP] hfp audio driver close
05-27 19:03:19.970 23682 23682 D ANWJNI_SECOND: 
05-27 19:03:19.970 23682 23682 D ANWJNI_SECOND: (23682|0x5467E4F8)[BTAPP] XML : hfp_wbs_open_data 
05-27 19:03:19.970 23682 23682 D ANWJNI_SECOND: 
05-27 19:03:19.970 23682 23682 D ANWJNI_SECOND: (23682|0x5467E4F8)[BTAPP] hfp wbs enable
05-27 19:03:19.970 23682 23682 D ANWJNI_SECOND: 
05-27 19:03:19.970 23682 23682 D ANWJNI_SECOND: (23682|0x5467E4F8)[BTAPP] get avrcp_browsing_open data fail
05-27 19:03:19.970 23682 23682 D ANWJNI_SECOND: 
05-27 19:03:19.970 23682 23682 D ANWJNI_SECOND: (23682|0x5467E4F8)[BTAPP] get connect_special_profile_id data fail
05-27 19:03:19.970 23682 23682 D ANWJNI_SECOND: 
05-27 19:03:19.970 23682 23682 D ANWJNI_SECOND: (23682|0x5467E4F8)[BTAPP] XML : connect_single_profile 
05-27 19:03:19.970 23682 23682 D ANWJNI_SECOND: 
05-27 19:03:19.970 23682 23682 D ANWJNI_SECOND: (23682|0x5467E4F8)[BTAPP] connect_single_profile open
05-27 19:03:19.970 23682 23682 D ANWJNI_SECOND: 
05-27 19:03:19.971 23682 23682 D ANWJNI_SECOND: (23682|0x5467E4F8)[BTAPP] XML : find waveout_pre_buffer_count setting
05-27 19:03:19.971 23682 23682 D ANWJNI_SECOND: 
05-27 19:03:19.972 23682 23682 D ANWJNI_SECOND: (23682|0x5467E4F8)[BTAPP] XML : set waveout_pre_buffer_count success(101)
05-27 19:03:19.972 23682 23682 D ANWJNI_SECOND: 
05-27 19:03:19.972 23682 23682 D ANWJNI_SECOND: (23682|0x5467E4F8)[BTAPP] XML : find waveout_pre_buffer_count setting
05-27 19:03:19.972 23682 23682 D ANWJNI_SECOND: 
05-27 19:03:19.972 23682 23682 D ANWJNI_SECOND: (23682|0x5467E4F8)[BTAPP] XML : set local_music_pre_buffer_count success(40)
05-27 19:03:19.972 23682 23682 D ANWJNI_SECOND: 
05-27 19:03:19.972 23682 23682 D ANWJNI_SECOND: (23682|0x5467E4F8)[BTAPP] XML : inband_ring 
05-27 19:03:19.972 23682 23682 D ANWJNI_SECOND: 
05-27 19:03:19.972 23682 23682 D ANWJNI_SECOND: (23682|0x5467E4F8)[BTAPP] inband_ring open
05-27 19:03:19.972 23682 23682 D ANWJNI_SECOND: 
05-27 19:03:19.972 23682 23682 D ANWJNI_SECOND: (23682|0x5467E4F8)[BTAPP] XML : find map_download_max_size setting
05-27 19:03:19.972 23682 23682 D ANWJNI_SECOND: 
05-27 19:03:19.972 23682 23682 D ANWJNI_SECOND: (23682|0x5467E4F8)[BTAPP] XML : set map_download_max_size failed(20)
05-27 19:03:19.972 23682 23682 D ANWJNI_SECOND: 
05-27 19:03:19.972 23682 23682 D ANWJNI_SECOND: (23682|0x5467E4F8)[BTAPP] XML : stack debug
05-27 19:03:19.972 23682 23682 D ANWJNI_SECOND: 
05-27 19:03:19.972 23682 23682 D ANWJNI_SECOND: (23682|0x5467E4F8)[BTAPP] XML : stack debug open
05-27 19:03:19.972 23682 23682 D ANWJNI_SECOND: 
05-27 19:03:19.972 23682 23682 D ANWAPI_SECOND: (23682|0x5467E4F8)[BTAPI] >>>AnWBT_Usr_DebugLog
05-27 19:03:19.972 23682 23682 D ANWAPI_SECOND: (23682|0x5467E4F8)[BTAPI] <<<<AnWBT_Usr_DebugLog: ret=0
05-27 19:03:19.972 23682 23682 D ANWJNI_SECOND: (23682|0x5467E4F8)[BTAPP] XML : app debug
05-27 19:03:19.972 23682 23682 D ANWJNI_SECOND: 
05-27 19:03:19.972   581   581 I SpiService: fgesysctrl_getGPIO_status success val=1
05-27 19:03:19.972 23682 23682 D ANWJNI_SECOND: (23682|0x5467E4F8)[BTAPP] XML : app debug open
05-27 19:03:19.972 23682 23682 D ANWJNI_SECOND: 
05-27 19:03:19.972 23682 23682 D ANWJNI_SECOND: (23682|0x5467E4F8)[BTAPP] XML : api debug
05-27 19:03:19.972 23682 23682 D ANWJNI_SECOND: 
05-27 19:03:19.972 23682 23682 D ANWJNI_SECOND: (23682|0x5467E4F8)[BTAPP] XML : api debug open
05-27 19:03:19.972 23682 23682 D ANWJNI_SECOND: 
05-27 19:03:19.973 23682 23682 D ANWJNI_SECOND: (23682|0x5467E4F8)[BTAPP] XML : hfp debug
05-27 19:03:19.973 23682 23682 D ANWJNI_SECOND: 
05-27 19:03:19.973 23682 23682 D ANWJNI_SECOND: (23682|0x5467E4F8)[BTAPP] XML : hfp debug open
05-27 19:03:19.973 23682 23682 D ANWJNI_SECOND: 
05-27 19:03:19.973 23682 23682 D ANWJNI_SECOND: (23682|0x5467E4F8)[BTAPP] XML : a2dp debug
05-27 19:03:19.973 23682 23682 D ANWJNI_SECOND: 
05-27 19:03:19.973 23682 23682 D ANWJNI_SECOND: (23682|0x5467E4F8)[BTAPP] XML : a2dp debug open
05-27 19:03:19.973 23682 23682 D ANWJNI_SECOND: 
05-27 19:03:19.973 23682 23682 D ANWJNI_SECOND: (23682|0x5467E4F8)[BTAPP] XML : waveout debug
05-27 19:03:19.973 23682 23682 D ANWJNI_SECOND: 
05-27 19:03:19.973 23682 23682 D ANWJNI_SECOND: (23682|0x5467E4F8)[BTAPP] XML : waveout debug open
05-27 19:03:19.973 23682 23682 D ANWJNI_SECOND: 
05-27 19:03:19.973 23682 23682 D ANWJNI_SECOND: (23682|0x5467E4F8)[BTAPP] XML : avrcp debug
05-27 19:03:19.973 23682 23682 D ANWJNI_SECOND: 
05-27 19:03:19.973 23682 23682 D ANWJNI_SECOND: (23682|0x5467E4F8)[BTAPP] XML : avrcp debug open
05-27 19:03:19.973 23682 23682 D ANWJNI_SECOND: 
05-27 19:03:19.973 23682 23682 D ANWJNI_SECOND: (23682|0x5467E4F8)[BTAPP] XML : pbap debug
05-27 19:03:19.973 23682 23682 D ANWJNI_SECOND: 
05-27 19:03:19.973 23682 23682 D ANWJNI_SECOND: (23682|0x5467E4F8)[BTAPP] XML : pbap debug open
05-27 19:03:19.973 23682 23682 D ANWJNI_SECOND: 
05-27 19:03:19.973 23682 23682 D ANWJNI_SECOND: (23682|0x5467E4F8)[BTAPP] XML : map debug
05-27 19:03:19.973 23682 23682 D ANWJNI_SECOND: 
05-27 19:03:19.973 23682 23682 D ANWJNI_SECOND: (23682|0x5467E4F8)[BTAPP] XML : map debug open
05-27 19:03:19.973 23682 23682 D ANWJNI_SECOND: 
05-27 19:03:19.973 23682 23682 D ANWJNI_SECOND: (23682|0x5467E4F8)[BTAPP] get debug_iap data fail
05-27 19:03:19.973 23682 23682 D ANWJNI_SECOND: 
05-27 19:03:19.973 23682 23682 D ANWJNI_SECOND: (23682|0x5467E4F8)[BTAPP] XML : btsnoop
05-27 19:03:19.973 23682 23682 D ANWJNI_SECOND: 
05-27 19:03:19.973 23682 23682 D ANWJNI_SECOND: (23682|0x5467E4F8)[BTAPP] XML : btsnoop open
05-27 19:03:19.973 23682 23682 D ANWJNI_SECOND: 
05-27 19:03:19.973 23682 23682 D ANWJNI_SECOND: (23682|0x5467E4F8)[BTAPP] XML : file_path 
05-27 19:03:19.973 23682 23682 D ANWJNI_SECOND: 
05-27 19:03:19.974 23682 23682 D ANWJNI_SECOND: (23682|0x5467E4F8)[BTAPP] XML : file_path /data/misc/anw/ is exist,so break
05-27 19:03:19.974 23682 23682 D ANWJNI_SECOND: 
05-27 19:03:19.974 23682 23682 D ANW_AVRCP_SECOND: AnWBT_Set_Storage_Path path /data/misc/anw/
05-27 19:03:19.974 23682 23682 D ANWJNI_SECOND: (23682|0x5467E4F8)[BTAPP] XML : btsnoop_file_path 
05-27 19:03:19.974 23682 23682 D ANWJNI_SECOND: 
05-27 19:03:19.974 23682 23682 D ANWJNI_SECOND: (23682|0x5467E4F8)[BTAPP] XML : btsnoop_path /data/misc/anw/logs/ is exist,so break
05-27 19:03:19.974 23682 23682 D ANWJNI_SECOND: 
05-27 19:03:19.974 23682 23682 D ANWJNI_SECOND: (23682|0x5467E4F8)[BTAPP] XML : find btsnoop_file_size_MB setting
05-27 19:03:19.974 23682 23682 D ANWJNI_SECOND: 
05-27 19:03:19.974 23682 23682 D ANWJNI_SECOND: (23682|0x5467E4F8)[BTAPP] XML : find maxBtSnoopFileSize_MB(100)(100)
05-27 19:03:19.974 23682 23682 D ANWJNI_SECOND: 
05-27 19:03:19.974 23682 23682 D ANWJNI_SECOND: (23682|0x5467E4F8)[BTAPP] XML : find rfkillstate_path:/sys/class/gpio/gpio142/value
05-27 19:03:19.974 23682 23682 D ANWJNI_SECOND: 
05-27 19:03:19.974 23682 23682 D ANWAPI_SECOND: (23682|0x5467E4F8)[BTAPI] AnW_BT_SetRfkillStatePath
05-27 19:03:19.974 23682 23682 D ANWJNI_SECOND: (23682|0x5467E4F8)[BTAPP] get dump_pcm data fail
05-27 19:03:19.974 23682 23682 D ANWJNI_SECOND: 
05-27 19:03:19.974 23682 23682 D ANWJNI_SECOND: (23682|0x5467E4F8)[BTAPP] XML : accept_avrcp_ct_control
05-27 19:03:19.974 23682 23682 D ANWJNI_SECOND: 
05-27 19:03:19.974 23682 23682 D ANWJNI_SECOND: (23682|0x5467E4F8)[BTAPP] XML : accept_avrcp_ct_control close
05-27 19:03:19.974 23682 23682 D ANWJNI_SECOND: 
05-27 19:03:19.974 23682 23682 D ANWJNI_SECOND: (23682|0x5467E4F8)[BTAPP] XML : find maxHFPAGConnNum setting
05-27 19:03:19.974 23682 23682 D ANWJNI_SECOND: 
05-27 19:03:19.974 23682 23682 D ANWJNI_SECOND: (23682|0x5467E4F8)[BTAPP] XML : find maxHFPAGConnNum(2)(2)
05-27 19:03:19.974 23682 23682 D ANWJNI_SECOND: 
05-27 19:03:19.974 23682 23682 D ANWJNI_SECOND: (23682|0x5467E4F8)[BTAPP] XML : find maxHFPHFConnNum setting
05-27 19:03:19.974 23682 23682 D ANWJNI_SECOND: 
05-27 19:03:19.975 23682 23682 D ANWJNI_SECOND: (23682|0x5467E4F8)[BTAPP] XML : find maxHFPHFConnNum(0)(0)
05-27 19:03:19.975 23682 23682 D ANWJNI_SECOND: 
05-27 19:03:19.975 23682 23682 D ANWJNI_SECOND: (23682|0x5467E4F8)[BTAPP] XML : find maxPBAPConnNum setting
05-27 19:03:19.975 23682 23682 D ANWJNI_SECOND: 
05-27 19:03:19.975 23682 23682 D ANWJNI_SECOND: (23682|0x5467E4F8)[BTAPP] XML : find maxPBAPConnNum(0)(0)
05-27 19:03:19.975 23682 23682 D ANWJNI_SECOND: 
05-27 19:03:19.975 23682 23682 D ANWJNI_SECOND: (23682|0x5467E4F8)[BTAPP] XML : find maxMAPConnNum setting
05-27 19:03:19.975 23682 23682 D ANWJNI_SECOND: 
05-27 19:03:19.975 23682 23682 D ANWJNI_SECOND: (23682|0x5467E4F8)[BTAPP] XML : find maxMAPConnNum(0)(0)
05-27 19:03:19.975 23682 23682 D ANWJNI_SECOND: 
05-27 19:03:19.975 23682 23682 D ANWJNI_SECOND: (23682|0x5467E4F8)[BTAPP] XML : find maxA2DPSinkConnNum setting
05-27 19:03:19.975 23682 23682 D ANWJNI_SECOND: 
05-27 19:03:19.975 23682 23682 D ANWJNI_SECOND: (23682|0x5467E4F8)[BTAPP] XML : find maxA2DPSinkConnNum(0)(0)
05-27 19:03:19.975 23682 23682 D ANWJNI_SECOND: 
05-27 19:03:19.975 23682 23682 D ANWJNI_SECOND: (23682|0x5467E4F8)[BTAPP] XML : find maxA2DPSourceConnNum setting
05-27 19:03:19.975 23682 23682 D ANWJNI_SECOND: 
05-27 19:03:19.975 23682 23682 D ANWJNI_SECOND: (23682|0x5467E4F8)[BTAPP] XML : find maxA2DPSourceConnNum(2)(2)
05-27 19:03:19.975 23682 23682 D ANWJNI_SECOND: 
05-27 19:03:19.975 23682 23682 D ANWJNI_SECOND: (23682|0x5467E4F8)[BTAPP] XML : find maxAVRCPCTConnNum setting
05-27 19:03:19.975 23682 23682 D ANWJNI_SECOND: 
05-27 19:03:19.975 23682 23682 D ANWJNI_SECOND: (23682|0x5467E4F8)[BTAPP] XML : find (0)(0)
05-27 19:03:19.975 23682 23682 D ANWJNI_SECOND: 
05-27 19:03:19.975 23682 23682 D ANWJNI_SECOND: (23682|0x5467E4F8)[BTAPP] XML : find maxAVRCPTGConnNum setting
05-27 19:03:19.975 23682 23682 D ANWJNI_SECOND: 
05-27 19:03:19.975 23682 23682 D ANWJNI_SECOND: (23682|0x5467E4F8)[BTAPP] XML : find maxAVRCPTGConnNum(2)(2)
05-27 19:03:19.975 23682 23682 D ANWJNI_SECOND: 
05-27 19:03:19.975 23682 23682 D ANWJNI_SECOND: (23682|0x5467E4F8)[BTAPP] XML : find maxDeviceConnNum setting
05-27 19:03:19.975 23682 23682 D ANWJNI_SECOND: 
05-27 19:03:19.975 23682 23682 D ANWJNI_SECOND: (23682|0x5467E4F8)[BTAPP] XML : find maxDeviceConnNum(2)(2)
05-27 19:03:19.975 23682 23682 D ANWJNI_SECOND: 
05-27 19:03:19.975 23682 23682 D ANWJNI_SECOND: (23682|0x5467E4F8)[BTAPP] XML : find maxSCOConnNum setting
05-27 19:03:19.975 23682 23682 D ANWJNI_SECOND: 
05-27 19:03:19.975 23682 23682 D ANWJNI_SECOND: (23682|0x5467E4F8)[BTAPP] XML : find maxSCOConnNum(2)(2)
05-27 19:03:19.975 23682 23682 D ANWJNI_SECOND: 
05-27 19:03:19.975 13911 14183 I SentryImuMcuAngleSender: -179.97897rollDeg
05-27 19:03:19.975 23682 23682 D ANWJNI_SECOND: (23682|0x5467E4F8)[BTAPP] XML : find maxHFSCOConnNum setting
05-27 19:03:19.975 23682 23682 D ANWJNI_SECOND: 
05-27 19:03:19.975 13911 14183 I SentryImuMcuAngleSender: 1,0,0
05-27 19:03:19.975 23682 23682 D ANWJNI_SECOND: (23682|0x5467E4F8)[BTAPP] XML : find maxHFSCOConnNum(0)(0)
05-27 19:03:19.975 23682 23682 D ANWJNI_SECOND: 
05-27 19:03:19.976 23682 23682 D ANWJNI_SECOND: (23682|0x5467E4F8)[BTAPP] XML : find maxAGSCOConnNum setting
05-27 19:03:19.976 23682 23682 D ANWJNI_SECOND: 
05-27 19:03:19.976 23682 23682 D ANWJNI_SECOND: (23682|0x5467E4F8)[BTAPP] XML : find maxAGSCOConnNum(2)(2)
05-27 19:03:19.976 23682 23682 D ANWJNI_SECOND: 
05-27 19:03:19.976 23682 23682 D ANWJNI_SECOND: (23682|0x5467E4F8)[BTAPP] XML : find maxOppConnNum_data setting
05-27 19:03:19.976 23682 23682 D ANWJNI_SECOND: 
05-27 19:03:19.976 23682 23682 D ANWJNI_SECOND: (23682|0x5467E4F8)[BTAPP] XML : find maxOPPConnNum(0)(0)
05-27 19:03:19.976 23682 23682 D ANWJNI_SECOND: 
05-27 19:03:19.976 23682 23682 D ANWJNI_SECOND: (23682|0x5467E4F8)[BTAPP] XML : find maxHidHostConnNum_data setting
05-27 19:03:19.976 23682 23682 D ANWJNI_SECOND: 
05-27 19:03:19.976 23682 23682 D ANWJNI_SECOND: (23682|0x5467E4F8)[BTAPP] XML : find maxHidHostConnNum(0)(0)
05-27 19:03:19.976 23682 23682 D ANWJNI_SECOND: 
05-27 19:03:19.976 23682 23682 D ANWJNI_SECOND: (23682|0x5467E4F8)[BTAPP] XML : music_mode_auto_select
05-27 19:03:19.976 23682 23682 D ANWJNI_SECOND: 
05-27 19:03:19.976 23682 23682 D ANWJNI_SECOND: (23682|0x5467E4F8)[BTAPP] XML : music_mode_auto_select open
05-27 19:03:19.976 23682 23682 D ANWJNI_SECOND: 
05-27 19:03:19.976 23682 23682 D ANWJNI_SECOND: (23682|0x5467E4F8)[BTAPP] XML : BQB_test_setting
05-27 19:03:19.976 23682 23682 D ANWJNI_SECOND: 
05-27 19:03:19.976 23682 23682 D ANWJNI_SECOND: (23682|0x5467E4F8)[BTAPP] XML : BQB_test_setting close
05-27 19:03:19.976 23682 23682 D ANWJNI_SECOND: 
05-27 19:03:19.976 23682 23682 D ANWJNI_SECOND: (23682|0x5467E4F8)[BTAPP] XML : find aaudio_device_id setting
05-27 19:03:19.976 23682 23682 D ANWJNI_SECOND: 
05-27 19:03:19.976 23682 23682 D ANWJNI_SECOND: (23682|0x5467E4F8)[BTAPP] XML : find aaudio_device_id(16)(16)
05-27 19:03:19.976 23682 23682 D ANWJNI_SECOND: 
05-27 19:03:19.976 23682 23682 D ANWJNI_SECOND: (23682|0x5467E4F8)[BTAPP] XML : local_device_name_data 
05-27 19:03:19.976 23682 23682 D ANWJNI_SECOND: 
05-27 19:03:19.976 23682 23682 D ANWAPI_SECOND: (23682|0x5467E4F8)[BTAPI] AnWBT_Set_Local_Device_Before_Init LJ_FUJIA
05-27 19:03:19.976 23682 23682 D ANWJNI_SECOND: (23682|0x5467E4F8)[BTAPP] get a2dp_sink_pcm data fail
05-27 19:03:19.976 23682 23682 D ANWJNI_SECOND: 
05-27 19:03:19.976 23682 23682 D ANWJNI_SECOND: (23682|0x5467E4F8)[BTAPP] XML : master_device_file_path 
05-27 19:03:19.976 23682 23682 D ANWJNI_SECOND: 
05-27 19:03:19.976 23682 23682 D ANWJNI_SECOND: (23682|0x5467E4F8)[BTAPP] XML : master_device_file_path /anw/target_device_info is not exist
05-27 19:03:19.976 23682 23682 D ANWJNI_SECOND: 
05-27 19:03:19.976 23682 23682 D ANWJNI_SECOND: (23682|0x5467E4F8)[BTAPP] XML : read_rssi_switch
05-27 19:03:19.976 23682 23682 D ANWJNI_SECOND: 
05-27 19:03:19.977 23682 23682 D ANWJNI_SECOND: (23682|0x5467E4F8)[BTAPP] XML : read_rssi_switch close
05-27 19:03:19.977 23682 23682 D ANWJNI_SECOND: 
05-27 19:03:19.977 23682 23682 D ANWJNI_SECOND: (23682|0x5467E4F8)[BTAPP] XML : pbapClient_autoConnectAndDownload
05-27 19:03:19.977 23682 23682 D ANWJNI_SECOND: 
05-27 19:03:19.977 23682 23682 D ANWJNI_SECOND: (23682|0x5467E4F8)[BTAPP] XML : PBAP Client auto connect an download close
05-27 19:03:19.977 23682 23682 D ANWJNI_SECOND: 
05-27 19:03:19.977 23682 23682 D ANWJNI_SECOND: (23682|0x5467E4F8)[BTAPP] get callDisconnect_AutoDownloadCalllog data fail
05-27 19:03:19.977 23682 23682 D ANWJNI_SECOND: 
05-27 19:03:19.977 23682 23682 D ANWJNI_SECOND: (23682|0x5467E4F8)[BTAPP] XML : UART_path 
05-27 19:03:19.977 23682 23682 D ANWJNI_SECOND: 
05-27 19:03:19.977 23682 23682 D ANWJNI_SECOND: (23682|0x5467E4F8)[BTAPP] XML : UART_path:[/dev/ttyS3]
05-27 19:03:19.977 23682 23682 D ANWJNI_SECOND: 
05-27 19:03:19.977 23682 23682 D ANWJNI_SECOND: (23682|0x5467E4F8)[BTAPP] get BTADDR_path data fail
05-27 19:03:19.977 23682 23682 D ANWJNI_SECOND: 
05-27 19:03:19.977 23682 23682 D ANWJNI_SECOND: (23682|0x5467E4F8)[BTAPP] XML : BTADDR path not find
05-27 19:03:19.977 23682 23682 D ANWJNI_SECOND: 
05-27 19:03:19.977 23682 23682 D ANWJNI_SECOND: (23682|0x5467E4F8)[BTAPP] XML : find UART_baudRate_init(115200)
05-27 19:03:19.977 23682 23682 D ANWJNI_SECOND: 
05-27 19:03:19.977 23682 23682 D ANWJNI_SECOND: (23682|0x5467E4F8)[BTAPP] XML : find UART_baudRate_normal(3000000)
05-27 19:03:19.977 23682 23682 D ANWJNI_SECOND: 
05-27 19:03:19.977 23682 23682 D ANWJNI_SECOND: (23682|0x5467E4F8)[BTAPP] XML : AVRCP_ABSOLUTE_VOLUME
05-27 19:03:19.977 23682 23682 D ANWJNI_SECOND: 
05-27 19:03:19.978 23682 23682 D ANWJNI_SECOND: (23682|0x5467E4F8)[BTAPP] XML : avrcp absolute volume change open
05-27 19:03:19.978 23682 23682 D ANWJNI_SECOND: 
05-27 19:03:19.978 23682 23682 D ANWAPI_SECOND: (23682|0x5467E4F8)[BTAPI] AnWBT_Set_Avrcp_Absoulte_Volume_Change[1]
05-27 19:03:19.978 23682 23682 D ANWJNI_SECOND: (23682|0x5467E4F8)[BTAPP] get generate_random_address data fail
05-27 19:03:19.978 23682 23682 D ANWJNI_SECOND: 
05-27 19:03:19.978 23682 23682 D ANWJNI_SECOND: (23682|0x5467E4F8)[BTAPP] get reject_a2dp_avrcp data fail
05-27 19:03:19.978 23682 23682 D ANWJNI_SECOND: 
05-27 19:03:19.978 23682 23682 D ANWJNI_SECOND: (23682|0x5467E4F8)[BTAPP] XML : find connect_by_sdp_limit setting
05-27 19:03:19.978 23682 23682 D ANWJNI_SECOND: 
05-27 19:03:19.978   581   581 I SpiService: fgesysctrl_getGPIO_status success val=1
05-27 19:03:19.978 23682 23682 D ANWJNI_SECOND: (23682|0x5467E4F8)[BTAPP] connect_by_sdp_limit set(close)
05-27 19:03:19.978 23682 23682 D ANWJNI_SECOND: 
05-27 19:03:19.978 23682 23682 D ANWJNI_SECOND: (23682|0x5467E4F8)[BTAPP] XML : find hfpag_auto_select_main_device setting
05-27 19:03:19.978 23682 23682 D ANWJNI_SECOND: 
05-27 19:03:19.978 23682 23682 D ANWJNI_SECOND: (23682|0x5467E4F8)[BTAPP] hfpag_auto_select_main_device set(open)
05-27 19:03:19.978 23682 23682 D ANWJNI_SECOND: 
05-27 19:03:19.978 23682 23682 D ANWJNI_SECOND: (23682|0x5467E4F8)[BTAPP] XML : find waveout_file_size_MB setting
05-27 19:03:19.978 23682 23682 D ANWJNI_SECOND: 
05-27 19:03:19.978 23682 23682 D ANWJNI_SECOND: (23682|0x5467E4F8)[BTAPP] XML : find waveout_file_size_MB_data(50)
05-27 19:03:19.978 23682 23682 D ANWJNI_SECOND: 
05-27 19:03:19.978 23682 23682 D ANWJNI_SECOND: (23682|0x5467E4F8)[BTAPP] free source_data
05-27 19:03:19.978 23682 23682 D ANWJNI_SECOND: 
05-27 19:03:19.978 23682 23682 D ANWJNI_SECOND: (23682|0x5467E4F8)[BTAPP] Read XMLfile End
05-27 19:03:19.978 23682 23682 D ANWJNI_SECOND: 
05-27 19:03:19.978 23682 23682 D ANWJNI_SECOND: (23682|0x5467E4F8)[BTAPP] run Read (/system/etc/bluetooth/anw_AA_CP_setting.cfg) Start
05-27 19:03:19.978 23682 23682 D ANWJNI_SECOND: 
05-27 19:03:19.978 23682 23682 D ANWJNI_SECOND: (23682|0x5467E4F8)[BTAPP] open BT config file (/system/etc/bluetooth/anw_AA_CP_setting.cfg) failed.
05-27 19:03:19.978 23682 23682 D ANWJNI_SECOND: 
05-27 19:03:19.979 23682 23682 D ANWJNI_SECOND: (23682|0x5467E4F8)[BTAPP] run Read (/data/misc/anw//btmonitor_lastrecord) Start
05-27 19:03:19.979 23682 23682 D ANWJNI_SECOND: 
05-27 19:03:19.979 23682 23682 D ANWJNI_SECOND: (23682|0x5467E4F8)[BTAPP] open BT last record file (/data/misc/anw//btmonitor_lastrecord) success.
05-27 19:03:19.979 23682 23682 D ANWJNI_SECOND: 
05-27 19:03:19.979 23682 23682 D ANWJNI_SECOND: (23682|0x5467E4F8)[BTAPP] read last_connected_device last_scan_mode::3
05-27 19:03:19.979 23682 23682 D ANWJNI_SECOND: 
05-27 19:03:19.979 23682 23682 D ANWJNI_SECOND: 
05-27 19:03:19.979 23682 23682 D ANWJNI_SECOND: (23682|0x5467E4F8)[BTAPP] read last_scan_mode
05-27 19:03:19.979 23682 23682 D ANWJNI_SECOND: 
05-27 19:03:19.979 23682 23682 D ANWJNI_SECOND: (23682|0x5467E4F8)[BTAPP] last_scan_mode find,value is 3
05-27 19:03:19.979 23682 23682 D ANWJNI_SECOND: 
05-27 19:03:19.979 23682 23682 D ANWJNI_SECOND: (23682|0x5467E4F8)[BTAPP] read last_poweron_state
05-27 19:03:19.979 23682 23682 D ANWJNI_SECOND: 
05-27 19:03:19.979 23682 23682 I ANWJNI_SECOND: --- JNI_OnLoad
05-27 08:54:28.937   581   581 D spi_rst_gpio_get_output: GPIO 145 value: 1
05-27 08:54:28.937   581   581 D spidev_ioctl: gpio status=1)
05-27 08:54:28.942   581   581 D spi_rst_gpio_get_output: GPIO 145 value: 1
05-27 08:54:28.942   581   581 D spidev_ioctl: gpio status=1)
