05-27 19:03:15.712   536   536 D commservice260303: send Cmd To Port ++++5AA501498A01000470CF6A16CF737B22636F6D6D616E64223A7B226964223A22696D755F737461747573222C22737562223A22227D2C22636F6E74656E74223A7B2254696D655374616D70223A31312C224672616D65436F756E746572223A3237333936372C2247445F58223A2D302E30313232313732353135383339333338332C2247445F59223A302E3030353334353034373435313535353732392C2247445F5A223A302E303032313337383130393233313539313232352C2241445F58223A312E36313730373430313237353633343737452D342C2241445F59223A2D302E303031343834353433323031353133353838342C2241445F5A223A2D302E31373530323937353436333836373138382C2254656D70447370223A302C22537461747573223A302C2243616C69625374617465223A312C22536967416D70496E76616C6964223A307D7D1F8E
05-27 19:03:15.712 13911 14183 I SentryImuMcuAngleSender: [4, 18, 1, 0, 0],5
05-27 19:03:15.713   536   536 D commservice260303: bufferevent_write retrun value = 0
05-27 19:03:15.713   536   560 D commservice260303: client datas send succeed,send finish
05-27 19:03:15.713 13911 14183 I McuCommManager: mcuCommSendcmd [4, 18, 1, 0, 0]
05-27 19:03:15.713   581   581 I SpiService: fgesysctrl_getGPIO_status success val=1
05-27 19:03:15.716 13911 14192 D Sentinelmode_1.2.5.17_sentry: <SentryImuClusterFgeSender>imu_status sent to Linux, frame=273967, tsNs=11662948, tsMs=11, intervalMs=39, ad=(1.617074E-4,-0.0014845432,-0.17502975), gd=(-0.012217252,0.0053450475,0.002137811)
05-27 19:03:15.717 13911 14183 I SentryImuMcuAngleSender: true
05-27 19:03:15.718 13911 14183 W Sentinelmode_1.2.5.17_sentry: <SentryImuMcuAngleSender>MCU IMU send interval abnormal: 1010ms
05-27 19:03:15.718 13911 14183 I SentryImuMcuAngleSender: 180.0rollDeg
05-27 19:03:15.718 13911 14183 I SentryImuMcuAngleSender: 1,0,0
05-27 19:03:15.719   581   581 I SpiService: fgesysctrl_getGPIO_status success val=0
05-27 19:03:15.720   481   597 I mcuc    : send SPI:6AA60080A600050412010000BE
05-27 19:03:15.721 23580 23580 I liblog  : 3
05-27 19:03:15.721 23580 23580 D adservices: Registering AdServices's TopicsManager.
05-27 19:03:15.726   830   830 D SurfaceFlinger: unisoc-graphics, commit has frameMissed:2, vysncId:234262
05-27 19:03:15.726 23580 23580 D CompatibilityInfo: applyToConfigurationCompat inoutConfig.densityDpi= 160
05-27 19:03:15.730 13549 13800 I ADAYO_LOG_: execute(CmdFunc.java:99)logcat execute command finally : [logcat -b all -c]
05-27 19:03:15.731 13549 13800 I ADAYO_LOG_: execute(CmdFunc.java:117)logcatexecute command end, errorMsg: , and status: 0: 
05-27 19:03:15.731  1008 30857 D [OMXB]  : usingANWBuffer: handle:0xee746ec0, format:1, w:1920, h:1080
05-27 19:03:15.734 10188 12411 I liblog  : 2
05-27 19:03:15.734 10188 12411 I DexManager: com.anwsdk.service loads from null-0 : 0 : /system/framework/javax.obex.jar
05-27 19:03:15.734 10188 12411 I DexManager: Could not find owning package for dex file: /system/framework/javax.obex.jar
05-27 19:03:15.734   581   581 I SpiService: fgesysctrl_getGPIO_status success val=1
05-27 19:03:15.738 13911 14183 I SentryImuMcuAngleSender: 179.98598rollDeg
05-27 19:03:15.739 13911 14183 I SentryImuMcuAngleSender: 1,0,0
05-27 19:03:15.739   299 30844 D EvsDriver: forwardFrame
05-27 19:03:15.739   299 30841 D EvsDriver: forwardFrame
05-27 19:03:15.740   299 30844 D EvsDriver: Delivered 0xb400007b7ca56900 as id 0
05-27 19:03:15.740  1167  1184 D evsmanagerd: /dev/video6 forwarded the buffer #0 to 0xb4000074bf5f5510 from 0xb4000074bf5f6d90
05-27 19:03:15.740  1167  1184 D evsmanagerd: /dev/video4 forwarded the buffer #0 to 0xb4000074bf5f6850 from 0xb4000074bf5f41d0
05-27 19:03:15.741   581   581 I SpiService: fgesysctrl_getGPIO_status success val=1
05-27 19:03:15.742 23580 23580 W .service:remote: ClassLoaderContext shared library size mismatch. Expected=0, found=1 (PCL[] | PCL[]{PCL[/system/framework/javax.obex.jar*2267184930]})
05-27 19:03:15.743   299  1153 D EvsDriver: doneWithFrame
05-27 19:03:15.743   299  1163 D EvsDriver: doneWithFrame
05-27 19:03:15.743   299 30841 D EvsDriver: Delivered 0xb400007b7ca56a60 as id 0
05-27 19:03:15.747   581   581 I SpiService: fgesysctrl_getGPIO_status success val=1
05-27 08:54:24.764   581   581 D spi_rst_gpio_get_output: GPIO 145 value: 0
05-27 08:54:24.764   581   581 D spidev_ioctl: gpio status=0)
05-27 19:03:15.748 10188 12411 I DexManager: com.anwsdk.service loads from com.anwsdk.service-1 : 0 : /system/app/BluetoothExt/BluetoothExt.apk
05-27 19:03:15.749   536   536 D commservice260303: msg.id = 1028,0
05-27 19:03:15.749   536   536 D commservice260303: i = 170, msgid = 8A000404
05-27 19:03:15.749   536   536 D commservice260303: msgid = -1979710460,did=138
05-27 19:03:15.749   536   560 D commservice260303: recv len:77, 5AA5004906000000446E6A16CF737B22636F6D6D616E64223A7B226964223A226473695F6C7578222C22737562223A22227D2C22636F6E74656E74223A7B2276616C7565223A3230307D7D3172 from server
05-27 19:03:15.749   536   536 D commservice260303: CommProtocolLibCmdBaseI2C::dataproc {"command":{"id":"imu_status","sub":""},"content":{"TimeStamp":11,"FrameCounter":273968,"GD_X":-0.011377211660146713,"GD_Y":0.005345047451555729,"GD_Z":0.0020608289632946253,"AD_X":-0.002285107970237732,"AD_Y":0.0021696018520742655,"AD_Z":-0.1683206558227539,"TempDsp":0,"Status":0,"CalibState":1,"SigAmpInvalid":0}},-1979710460
05-27 19:03:15.749   536   536 D commservice260303: send2Cluster len:316, 7B22636F6D6D616E64223A7B226964223A22696D755F737461747573222C22737562223A22227D2C22636F6E74656E74223A7B2254696D655374616D70223A31312C224672616D65436F756E746572223A3237333936382C2247445F58223A2D302E3031313337373231313636303134363731332C2247445F59223A302E3030353334353034373435313535353732392C2247445F5A223A302E303032303630383238393633323934363235332C2241445F58223A2D302E3030323238353130373937303233373733322C2241445F59223A302E303032313639363031383532303734323635352C2241445F5A223A2D302E313638333230363535383232373533392C2254656D70447370223A302C22537461747573223A302C2243616C69625374617465223A312C22536967416D70496E76616C6964223A307D7D, 138 
05-27 19:03:15.749   536   536 D commservice260303: Push Message into SendPool fn=-797965312
05-27 19:03:15.749   536   536 D commservice260303: ComProtocolLibSend2Cluster::send2ClusterRaw fn=-797965312 , len=332
05-27 19:03:15.749   536  2578 D commservice260303: mcuDataAnalyzeHandle templen:77,len:77,pos:0, 5AA5004906000000446E6A16CF737B22636F6D6D616E64223A7B226964223A226473695F6C7578222C22737562223A22227D2C22636F6E74656E74223A7B2276616C7565223A3230307D7D3172 
05-27 19:03:15.749   536   536 D commservice260303: sendCmdToPort :332!!!
05-27 19:03:15.749   536  2578 I commservice260303: checksumCal = 12658
05-27 19:03:15.749   536  2578 D commservice260303: CommProtocolLibCmdBaseC2I::dataproc {"command":{"id":"dsi_lux","sub":""},"content":{"value":200}},6
05-27 19:03:15.749   536   536 D commservice260303: send Cmd To Port ++++5AA501488A01000470D06A16CF737B22636F6D6D616E64223A7B226964223A22696D755F737461747573222C22737562223A22227D2C22636F6E74656E74223A7B2254696D655374616D70223A31312C224672616D65436F756E746572223A3237333936382C2247445F58223A2D302E3031313337373231313636303134363731332C2247445F59223A302E3030353334353034373435313535353732392C2247445F5A223A302E303032303630383238393633323934363235332C2241445F58223A2D302E3030323238353130373937303233373733322C2241445F59223A302E303032313639363031383532303734323635352C2241445F5A223A2D302E313638333230363535383232373533392C2254656D70447370223A302C22537461747573223A302C2243616C69625374617465223A312C22536967416D70496E76616C6964223A307D7DAE79
05-27 19:03:15.750   536   536 D commservice260303: bufferevent_write retrun value = 0
05-27 19:03:15.750   536  2578 D commservice260303: mcuCommMessageManager::notifyMsgToClient hwbinder OK
05-27 19:03:15.750   536   560 D commservice260303: client datas send succeed,send finish
05-27 19:03:15.750   536  2578 D commservice260303: McuProtocolLibSend2Service::send2Service ret=1
05-27 19:03:15.750 13911 14192 D Sentinelmode_1.2.5.17_sentry: <SentryImuClusterFgeSender>imu_status sent to Linux, frame=273968, tsNs=11662984, tsMs=11, intervalMs=37, ad=(-0.002285108,0.0021696019,-0.16832066), gd=(-0.011377212,0.0053450475,0.002060829)
05-27 19:03:15.751 12246 12440 D ivicomm_CommManager: fgeComServiceCallback: {"command":{"id":"dsi_lux","sub":""},"content":{"value":200}}
05-27 19:03:15.752   581   581 I SpiService: fgesysctrl_getGPIO_status success val=1
05-27 19:03:15.753 12246 12440 D ivicomm_CallbackManager: registerCallback DSI_LUX: {"value":200} mCommStateCallbackMap size:4
05-27 19:03:15.756 11579 11719 D NSLogUtils_VehicleService: L2A comm state: id=dsi_lux, value=200
05-27 19:03:15.756 11344  6590 D SystemUI_SystemSettingsControllerService: onCommState: commandID = dsi_lux; value = 200
05-27 19:03:15.758   581   581 I SpiService: fgesysctrl_getGPIO_status success val=0
05-27 19:03:15.758   299 30841 D EvsDriver: forwardFrame
05-27 19:03:15.759   299 30841 D EvsDriver: Delivered 0xb400007b7ca56a60 as id 0
05-27 19:03:15.759  1167  1167 D evsmanagerd: /dev/video4 forwarded the buffer #0 to 0xb4000074bf5f6850 from 0xb4000074bf5f41d0
05-27 19:03:15.759 23580 23580 D CompatibilityInfo: applyToConfigurationCompat inoutConfig.densityDpi= 160
05-27 19:03:15.761 13911 14183 I SentryImuMcuAngleSender: 179.98598rollDeg
05-27 19:03:15.761 13911 14183 I SentryImuMcuAngleSender: 1,0,0
05-27 19:03:15.768   299 30844 D EvsDriver: forwardFrame
05-27 19:03:15.770   283   307 I liblog  : 1
05-27 19:03:15.770   283   307 I rvcservice: t.code = 3, t.value = 0
05-27 19:03:15.770  1167  1167 D evsmanagerd: /dev/video6 forwarded the buffer #0 to 0xb4000074bf5f5510 from 0xb4000074bf5f6d90
05-27 19:03:15.770   269   269 D libvintf: HalManifest::getHidlTransport(framework): Cannot find android.hardware.usb@1.0::IUsb/default
05-27 19:03:15.771   269   269 D libvintf: HalManifest::getHidlTransport(device): Cannot find android.hardware.usb@1.0::IUsb/default
05-27 19:03:15.771 30773 30783 I liblog  : 1
05-27 19:03:15.771   269   269 I hwservicemanager: getTransport: Cannot find entry android.hardware.usb@1.0::IUsb/default in either framework or device VINTF manifest.
05-27 19:03:15.771 30773 30783 E dvr_service_: [myNum:1] Received S**** loss
05-27 19:03:15.771   299  1163 D EvsDriver: doneWithFrame
05-27 19:03:15.771   299  1163 D EvsDriver: doneWithFrame
05-27 19:03:15.771 12348 12448 E ExtUsbManager: UsbHalController: android.hardware.usb.V1_0.IUsb getService failed!
05-27 19:03:15.771 12348 12448 E ExtUsbManager: java.util.NoSuchElementException
05-27 19:03:15.771 12348 12448 E ExtUsbManager: 	at android.os.HwBinder.getService(Native Method)
05-27 19:03:15.771 12348 12448 E ExtUsbManager: 	at android.os.HwBinder.getService(HwBinder.java:81)
05-27 19:03:15.771 12348 12448 E ExtUsbManager: 	at android.hardware.usb.V1_0.IUsb.getService(IUsb.java:74)
05-27 19:03:15.771 12348 12448 E ExtUsbManager: 	at android.hardware.usb.V1_0.IUsb.getService(IUsb.java:84)
05-27 19:03:15.771 12348 12448 E ExtUsbManager: 	at ts.car.usb.UsbHalController.createService(UsbHalController.java:37)
05-27 19:03:15.771 12348 12448 E ExtUsbManager: 	at ts.car.usb.UsbHalController.createService(UsbHalController.java:18)
05-27 19:03:15.771 12348 12448 E ExtUsbManager: 	at ts.car.usb.utils.AutoServiceConnector4Hidl.autoConnect(AutoServiceConnector4Hidl.java:47)
05-27 19:03:15.771 12348 12448 E ExtUsbManager: 	at ts.car.usb.utils.AutoServiceConnector4Hidl$$ExternalSyntheticLambda0.run(Unknown Source:2)
05-27 19:03:15.771 12348 12448 E ExtUsbManager: 	at android.os.Handler.handleCallback(Handler.java:942)
05-27 19:03:15.771 12348 12448 E ExtUsbManager: 	at android.os.Handler.dispatchMessage(Handler.java:99)
05-27 19:03:15.771 12348 12448 E ExtUsbManager: 	at android.os.Looper.loopOnce(Looper.java:201)
05-27 19:03:15.771 12348 12448 E ExtUsbManager: 	at android.os.Looper.loop(Looper.java:288)
05-27 19:03:15.771 12348 12448 E ExtUsbManager: 	at android.os.HandlerThread.run(HandlerThread.java:67)
05-27 19:03:15.772   581   581 I SpiService: fgesysctrl_getGPIO_status success val=1
05-27 19:03:15.772   269   269 D libvintf: HalManifest::getHidlTransport(framework): Cannot find vendor.ts.usbext@1.0::IUsbext/default
05-27 19:03:15.772   299 30844 D EvsDriver: Delivered 0xb400007b7ca56900 as id 0
05-27 19:03:15.772   269   269 D libvintf: HalManifest::getHidlTransport(device): Cannot find vendor.ts.usbext@1.0::IUsbext/default
05-27 19:03:15.772   269   269 I hwservicemanager: getTransport: Cannot find entry vendor.ts.usbext@1.0::IUsbext/default in either framework or device VINTF manifest.
05-27 19:03:15.777 12348 12448 E ExtUsbManager: UsbHalExtController: vendor.ts.usbext.V1_0.IUsbext getService failed!
05-27 19:03:15.777 12348 12448 E ExtUsbManager: java.util.NoSuchElementException
05-27 19:03:15.777 12348 12448 E ExtUsbManager: 	at android.os.HwBinder.getService(Native Method)
05-27 19:03:15.777 12348 12448 E ExtUsbManager: 	at android.os.HwBinder.getService(HwBinder.java:81)
05-27 19:03:15.777 12348 12448 E ExtUsbManager: 	at vendor.ts.usbext.V1_0.IUsbext.getService(IUsbext.java:74)
05-27 19:03:15.777 12348 12448 E ExtUsbManager: 	at vendor.ts.usbext.V1_0.IUsbext.getService(IUsbext.java:84)
05-27 19:03:15.777 12348 12448 E ExtUsbManager: 	at ts.car.usb.UsbHalExtController.createService(UsbHalExtController.java:37)
05-27 19:03:15.777 12348 12448 E ExtUsbManager: 	at ts.car.usb.UsbHalExtController.createService(UsbHalExtController.java:18)
05-27 19:03:15.777 12348 12448 E ExtUsbManager: 	at ts.car.usb.utils.AutoServiceConnector4Hidl.autoConnect(AutoServiceConnector4Hidl.java:47)
05-27 19:03:15.777 12348 12448 E ExtUsbManager: 	at ts.car.usb.utils.AutoServiceConnector4Hidl$$ExternalSyntheticLambda0.run(Unknown Source:2)
05-27 19:03:15.777 12348 12448 E ExtUsbManager: 	at android.os.Handler.handleCallback(Handler.java:942)
05-27 19:03:15.777 12348 12448 E ExtUsbManager: 	at android.os.Handler.dispatchMessage(Handler.java:99)
05-27 19:03:15.777 12348 12448 E ExtUsbManager: 	at android.os.Looper.loopOnce(Looper.java:201)
05-27 19:03:15.777 12348 12448 E ExtUsbManager: 	at android.os.Looper.loop(Looper.java:288)
05-27 19:03:15.777 12348 12448 E ExtUsbManager: 	at android.os.HandlerThread.run(HandlerThread.java:67)
05-27 19:03:15.777   269   269 D libvintf: HalManifest::getHidlTransport(framework): Cannot find android.hardware.usb.gadget@1.0::IUsbGadget/default
05-27 19:03:15.777   269   269 D libvintf: HalManifest::getHidlTransport(device): Cannot find android.hardware.usb.gadget@1.0::IUsbGadget/default
05-27 19:03:15.777   269   269 I hwservicemanager: getTransport: Cannot find entry android.hardware.usb.gadget@1.0::IUsbGadget/default in either framework or device VINTF manifest.
05-27 19:03:15.778   581   581 I SpiService: fgesysctrl_getGPIO_status success val=1
05-27 19:03:15.778 12348 12448 E ExtUsbManager: UsbGadgetController: android.hardware.usb.gadget.V1_0.IUsbGadget getService failed!
05-27 19:03:15.778 12348 12448 E ExtUsbManager: java.util.NoSuchElementException
05-27 19:03:15.778 12348 12448 E ExtUsbManager: 	at android.os.HwBinder.getService(Native Method)
05-27 19:03:15.778 12348 12448 E ExtUsbManager: 	at android.os.HwBinder.getService(HwBinder.java:81)
05-27 19:03:15.778 12348 12448 E ExtUsbManager: 	at android.hardware.usb.gadget.V1_0.IUsbGadget.getService(IUsbGadget.java:74)
05-27 19:03:15.778 12348 12448 E ExtUsbManager: 	at android.hardware.usb.gadget.V1_0.IUsbGadget.getService(IUsbGadget.java:84)
05-27 19:03:15.778 12348 12448 E ExtUsbManager: 	at ts.car.usb.UsbGadgetController.createService(UsbGadgetController.java:36)
05-27 19:03:15.778 12348 12448 E ExtUsbManager: 	at ts.car.usb.UsbGadgetController.createService(UsbGadgetController.java:17)
05-27 19:03:15.778 12348 12448 E ExtUsbManager: 	at ts.car.usb.utils.AutoServiceConnector4Hidl.autoConnect(AutoServiceConnector4Hidl.java:47)
05-27 19:03:15.778 12348 12448 E ExtUsbManager: 	at ts.car.usb.utils.AutoServiceConnector4Hidl$$ExternalSyntheticLambda0.run(Unknown Source:2)
05-27 19:03:15.778 12348 12448 E ExtUsbManager: 	at android.os.Handler.handleCallback(Handler.java:942)
05-27 19:03:15.778 12348 12448 E ExtUsbManager: 	at android.os.Handler.dispatchMessage(Handler.java:99)
05-27 19:03:15.778 12348 12448 E ExtUsbManager: 	at android.os.Looper.loopOnce(Looper.java:201)
05-27 19:03:15.778 12348 12448 E ExtUsbManager: 	at android.os.Looper.loop(Looper.java:288)
05-27 19:03:15.778 12348 12448 E ExtUsbManager: 	at android.os.HandlerThread.run(HandlerThread.java:67)
05-27 19:03:15.778 23580 23580 D libEGL  : <.service:remote>[setCacheFilename]: file=/data/user_de/0/com.anwsdk.service/code_cache/com.android.opengl.shaders_cache
05-27 19:03:15.779   299 30841 D EvsDriver: forwardFrame
05-27 19:03:15.780   299 30841 D EvsDriver: Delivered 0xb400007b7ca56a60 as id 0
05-27 19:03:15.780  1167  1184 D evsmanagerd: /dev/video4 forwarded the buffer #0 to 0xb4000074bf5f6850 from 0xb4000074bf5f41d0
05-27 19:03:15.781 30773 30783 E dvr_service_: [myNum:0] Received S**** loss
05-27 19:03:15.781 13911 14183 I SentryImuMcuAngleSender: 179.97548rollDeg
05-27 19:03:15.781 13911 14183 I SentryImuMcuAngleSender: 1,0,0
05-27 19:03:15.783   299  1163 D EvsDriver: doneWithFrame
05-27 19:03:15.783   581   581 I SpiService: fgesysctrl_getGPIO_status success val=1
05-27 19:03:15.786 13549 13800 I ADAYO_LOG_: executeSaveLogcat_l(LogcatFunc.java:186)path:/mnt/log_data/AndroidLog/logcat/logcat_2026_05_27_19_03_15_046-51.txt
05-27 19:03:15.786   572   572 I Sensors : 230 GyroSensor: x:-0.011148,y:0.005955,z:0.001832
05-27 19:03:15.789   581   581 I SpiService: fgesysctrl_getGPIO_status success val=1
05-27 19:03:15.789   536   536 D commservice260303: msg.id = 1028,0
05-27 19:03:15.790   536   536 D commservice260303: i = 170, msgid = 8A000404
05-27 19:03:15.790   536   536 D commservice260303: msgid = -1979710460,did=138
05-27 19:03:15.790   536   536 D commservice260303: CommProtocolLibCmdBaseI2C::dataproc {"command":{"id":"imu_status","sub":""},"content":{"TimeStamp":11,"FrameCounter":273969,"GD_X":-0.011147825978696346,"GD_Y":0.0059551820158958435,"GD_Z":0.0018319635419175029,"AD_X":-0.002274066209793091,"AD_Y":-2.9675985570065677E-4,"AD_Z":-0.17441940307617188,"TempDsp":0,"Status":0,"CalibState":1,"SigAmpInvalid":0}},-1979710460
05-27 19:03:15.790   536   536 D commservice260303: send2Cluster len:319, 7B22636F6D6D616E64223A7B226964223A22696D755F737461747573222C22737562223A22227D2C22636F6E74656E74223A7B2254696D655374616D70223A31312C224672616D65436F756E746572223A3237333936392C2247445F58223A2D302E3031313134373832353937383639363334362C2247445F59223A302E303035393535313832303135383935383433352C2247445F5A223A302E303031383331393633353431393137353032392C2241445F58223A2D302E3030323237343036363230393739333039312C2241445F59223A2D322E39363735393835353730303635363737452D342C2241445F5A223A2D302E31373434313934303330373631373138382C2254656D70447370223A302C22537461747573223A302C2243616C69625374617465223A312C22536967416D70496E76616C6964223A307D7D, 138 
05-27 19:03:15.790   536   536 D commservice260303: Push Message into SendPool fn=-781188096
05-27 19:03:15.790   536   536 D commservice260303: ComProtocolLibSend2Cluster::send2ClusterRaw fn=-781188096 , len=335
05-27 19:03:15.790   536   536 D commservice260303: sendCmdToPort :335!!!
05-27 19:03:15.790   536   536 D commservice260303: send Cmd To Port ++++5AA5014B8A01000470D16A16CF737B22636F6D6D616E64223A7B226964223A22696D755F737461747573222C22737562223A22227D2C22636F6E74656E74223A7B2254696D655374616D70223A31312C224672616D65436F756E746572223A3237333936392C2247445F58223A2D302E3031313134373832353937383639363334362C2247445F59223A302E303035393535313832303135383935383433352C2247445F5A223A302E303031383331393633353431393137353032392C2241445F58223A2D302E3030323237343036363230393739333039312C2241445F59223A2D322E39363735393835353730303635363737452D342C2241445F5A223A2D302E31373434313934303330373631373138382C2254656D70447370223A302C22537461747573223A302C2243616C69625374617465223A312C22536967416D70496E76616C6964223A307D7DE03D
05-27 19:03:15.790   536   536 D commservice260303: bufferevent_write retrun value = 0
05-27 19:03:15.790 13911 14192 D Sentinelmode_1.2.5.17_sentry: <SentryImuClusterFgeSender>imu_status sent to Linux, frame=273969, tsNs=11663037, tsMs=11, intervalMs=40, ad=(-0.0022740662,-2.9675986E-4,-0.1744194), gd=(-0.011147826,0.005955182,0.0018319635)
05-27 19:03:15.791   536   560 D commservice260303: client datas send succeed,send finish
05-27 19:03:15.794   581   581 I SpiService: fgesysctrl_getGPIO_status success val=1
05-27 19:03:15.800   581   581 I SpiService: fgesysctrl_getGPIO_status success val=0
05-27 19:03:15.801 13911 14183 I SentryImuMcuAngleSender: 180.0rollDeg
05-27 19:03:15.801 13911 14183 I SentryImuMcuAngleSender: 1,0,0
05-27 19:03:15.805 13549 13800 I ADAYO_LOG_: executeSaveLogcat_l(LogcatFunc.java:189)COLLECT_INT_START
05-27 19:03:15.806 13549 13800 I ADAYO_LOG_: startZip(LogcatFunc.java:393)logcat file is zip packing, zipFilePath: /mnt/log_data/AndroidLog/logcat/logcat_2026_05_27_19_03_15_043-50.zip
05-27 19:03:15.806 13549 13800 I ADAYO_LOG_: startZip(LogcatFunc.java:396)isOpenEncrypt: false
05-27 08:54:24.769     1     1 I init    : processing action (persist.log.adayo_collect.logcat=1) from (/system/etc/init/hw/init.rc:1406)
05-27 08:54:24.770     1     1 I init    : starting service 'trace_logcat'...
05-27 19:03:15.810   830   830 D SurfaceFlinger: unisoc-graphics, commit has frameMissed:2, vysncId:234265
05-27 19:03:15.811  1008 30856 D [OMXB]  : usingANWBuffer: handle:0xee7433a0, format:1, w:1920, h:1080
05-27 19:03:15.811   299 30844 D EvsDriver: forwardFrame
05-27 19:03:15.813  1167  1184 D evsmanagerd: /dev/video6 forwarded the buffer #0 to 0xb4000074bf5f5510 from 0xb4000074bf5f6d90
05-27 19:03:15.816   581   581 I SpiService: fgesysctrl_getGPIO_status success val=1
05-27 19:03:15.816   299 30841 D EvsDriver: forwardFrame
05-27 19:03:15.817   299  1163 D EvsDriver: doneWithFrame
05-27 08:54:24.781   581   581 D spi_rst_gpio_get_output: GPIO 145 value: 1
05-27 08:54:24.781   581   581 D spidev_ioctl: gpio status=1)
05-27 19:03:15.821   299 30844 D EvsDriver: Delivered 0xb400007b7ca56900 as id 0
05-27 19:03:15.822   581   581 I SpiService: fgesysctrl_getGPIO_status success val=1
05-27 19:03:15.823 13911 14183 I SentryImuMcuAngleSender: 180.0rollDeg
05-27 19:03:15.823 13911 14183 I SentryImuMcuAngleSender: 1,0,0
05-27 19:03:15.823   299 30844 D EvsDriver: forwardFrame
05-27 08:54:24.787   581   581 D spi_rst_gpio_get_output: GPIO 145 value: 1
05-27 08:54:24.787   581   581 D spidev_ioctl: gpio status=1)
05-27 19:03:15.827   299 30841 D EvsDriver: Delivered 0xb400007b7ca56a60 as id 0
05-27 19:03:15.827  1167  1184 D evsmanagerd: /dev/video4 forwarded the buffer #0 to 0xb4000074bf5f6850 from 0xb4000074bf5f41d0
05-27 19:03:15.828   581   581 I SpiService: fgesysctrl_getGPIO_status success val=1
05-27 08:54:24.793   581   581 D spi_rst_gpio_get_output: GPIO 145 value: 1
05-27 08:54:24.793   581   581 D spidev_ioctl: gpio status=1)
05-27 19:03:15.829   830   830 D SurfaceFlinger: unisoc-graphics, commit has frameMissed:2, vysncId:234266
05-27 19:03:15.831 23580 23580 D NetworkSecurityConfig: No Network Security Config specified, using platform default
05-27 19:03:15.831   299  1163 D EvsDriver: doneWithFrame
05-27 19:03:15.832   299 30844 D EvsDriver: Delivered 0xb400007b7ca56900 as id 0
05-27 19:03:15.832  1167  1184 D evsmanagerd: /dev/video6 forwarded the buffer #0 to 0xb4000074bf5f5510 from 0xb4000074bf5f6d90
05-27 19:03:15.834 23580 23580 D NetworkSecurityConfig: No Network Security Config specified, using platform default
05-27 19:03:15.834   581   581 I SpiService: fgesysctrl_getGPIO_status success val=1
05-27 19:03:15.835   536   536 D commservice260303: msg.id = 1028,0
05-27 19:03:15.835   536   536 D commservice260303: i = 170, msgid = 8A000404
05-27 19:03:15.835   536   536 D commservice260303: msgid = -1979710460,did=138
05-27 19:03:15.835   536   536 D commservice260303: CommProtocolLibCmdBaseI2C::dataproc {"command":{"id":"imu_status","sub":""},"content":{"TimeStamp":11,"FrameCounter":273970,"GD_X":-0.01160607673227787,"GD_Y":0.0056498548947274685,"GD_Z":0.0022902146447449923,"AD_X":-0.00470636785030365,"AD_Y":-2.9483239632099867E-4,"AD_Z":-0.1683206558227539,"TempDsp":0,"Status":0,"CalibState":1,"SigAmpInvalid":0}},-1979710460
05-27 19:03:15.836   536   536 D commservice260303: send2Cluster len:316, 7B22636F6D6D616E64223A7B226964223A22696D755F737461747573222C22737562223A22227D2C22636F6E74656E74223A7B2254696D655374616D70223A31312C224672616D65436F756E746572223A3237333937302C2247445F58223A2D302E30313136303630373637333232373738372C2247445F59223A302E303035363439383534383934373237343638352C2247445F5A223A302E303032323930323134363434373434393932332C2241445F58223A2D302E30303437303633363738353033303336352C2241445F59223A2D322E39343833323339363332303939383637452D342C2241445F5A223A2D302E313638333230363535383232373533392C2254656D70447370223A302C22537461747573223A302C2243616C69625374617465223A312C22536967416D70496E76616C6964223A307D7D, 138 
05-27 19:03:15.836   536   536 D commservice260303: Push Message into SendPool fn=-764410880
05-27 19:03:15.836   536   536 D commservice260303: ComProtocolLibSend2Cluster::send2ClusterRaw fn=-764410880 , len=332
05-27 19:03:15.836   536   536 D commservice260303: sendCmdToPort :332!!!
05-27 19:03:15.836   536   536 D commservice260303: send Cmd To Port ++++5AA501488A01000470D26A16CF737B22636F6D6D616E64223A7B226964223A22696D755F737461747573222C22737562223A22227D2C22636F6E74656E74223A7B2254696D655374616D70223A31312C224672616D65436F756E746572223A3237333937302C2247445F58223A2D302E30313136303630373637333232373738372C2247445F59223A302E303035363439383534383934373237343638352C2247445F5A223A302E303032323930323134363434373434393932332C2241445F58223A2D302E30303437303633363738353033303336352C2241445F59223A2D322E39343833323339363332303939383637452D342C2241445F5A223A2D302E313638333230363535383232373533392C2254656D70447370223A302C22537461747573223A302C2243616C69625374617465223A312C22536967416D70496E76616C6964223A307D7DA1E3
05-27 19:03:15.836   536   536 D commservice260303: bufferevent_write retrun value = 0
05-27 19:03:15.836 13911 14192 D Sentinelmode_1.2.5.17_sentry: <SentryImuClusterFgeSender>imu_status sent to Linux, frame=273970, tsNs=11663073, tsMs=11, intervalMs=46, ad=(-0.004706368,-2.948324E-4,-0.16832066), gd=(-0.011606077,0.005649855,0.0022902146)
05-27 19:03:15.837   299  1153 D EvsDriver: doneWithFrame
05-27 08:54:24.799   581   581 D spi_rst_gpio_get_output: GPIO 145 value: 1
05-27 08:54:24.799   581   581 D spidev_ioctl: gpio status=1)
05-27 19:03:15.837   536   560 D commservice260303: client datas send succeed,send finish
05-27 08:54:24.804   581   581 D spi_rst_gpio_get_output: GPIO 145 value: 1
05-27 08:54:24.804   581   581 D spidev_ioctl: gpio status=1)
05-27 19:03:15.840   581   581 I SpiService: fgesysctrl_getGPIO_status success val=1
05-27 19:03:15.843 13911 14183 I SentryImuMcuAngleSender: 180.0rollDeg
05-27 19:03:15.843 13911 14183 I SentryImuMcuAngleSender: 1,0,0
05-27 19:03:15.845   581   581 I SpiService: fgesysctrl_getGPIO_status success val=0
05-27 19:03:15.847  1008 30857 D [OMXB]  : usingANWBuffer: handle:0xee7469f0, format:1, w:1920, h:1080
05-27 19:03:15.856   299 30844 D EvsDriver: forwardFrame
05-27 19:03:15.857   299 30844 D EvsDriver: Delivered 0xb400007b7ca56900 as id 0
05-27 19:03:15.858  1167  1184 D evsmanagerd: /dev/video6 forwarded the buffer #0 to 0xb4000074bf5f5510 from 0xb4000074bf5f6d90
05-27 19:03:15.860   581   581 I SpiService: fgesysctrl_getGPIO_status success val=1
05-27 08:54:24.810   581   581 D spi_rst_gpio_get_output: GPIO 145 value: 0
05-27 08:54:24.810   581   581 D spidev_ioctl: gpio status=0)
05-27 08:54:24.813     0     0 W         : c6 [    C6] Irq_monitor:Irq                                           IPI[1]occur        5827 times interval 1028 ms
05-27 08:54:24.825   581   581 D spi_rst_gpio_get_output: GPIO 145 value: 1
05-27 08:54:24.825   581   581 D spidev_ioctl: gpio status=1)
05-27 19:03:15.863   299  1163 D EvsDriver: doneWithFrame
05-27 19:03:15.863   299 30841 D EvsDriver: forwardFrame
05-27 19:03:15.864 13911 14183 I SentryImuMcuAngleSender: 179.993rollDeg
05-27 19:03:15.864 13911 14183 I SentryImuMcuAngleSender: 1,0,0
05-27 19:03:15.866   299 30841 D EvsDriver: Delivered 0xb400007b7ca56a60 as id 0
05-27 19:03:15.866  1167  1184 D evsmanagerd: /dev/video4 forwarded the buffer #0 to 0xb4000074bf5f6850 from 0xb4000074bf5f41d0
05-27 19:03:15.866   581   581 I SpiService: fgesysctrl_getGPIO_status success val=1
05-27 19:03:15.870   299  1163 D EvsDriver: doneWithFrame
05-27 19:03:15.870   283   307 I rvcservice: t.code = 7, t.value = 11662930
05-27 19:03:15.872   581   581 I SpiService: fgesysctrl_getGPIO_status success val=1
05-27 19:03:15.875   536   536 D commservice260303: msg.id = 1028,0
05-27 19:03:15.875   536   536 D commservice260303: i = 170, msgid = 8A000404
05-27 19:03:15.875   536   536 D commservice260303: msgid = -1979710460,did=138
05-27 19:03:15.875   536   536 D commservice260303: CommProtocolLibCmdBaseI2C::dataproc {"command":{"id":"imu_status","sub":""},"content":{"TimeStamp":11,"FrameCounter":273971,"GD_X":-0.011834942735731602,"GD_Y":0.005879240110516548,"GD_Z":0.0021378109231591225,"AD_X":-4.4451653957366943E-4,"AD_Y":9.236589539796114E-4,"AD_Z":-0.1707592010498047,"TempDsp":0,"Status":0,"CalibState":1,"SigAmpInvalid":0}},-1979710460
05-27 19:03:15.875   536   536 D commservice260303: send2Cluster len:316, 7B22636F6D6D616E64223A7B226964223A22696D755F737461747573222C22737562223A22227D2C22636F6E74656E74223A7B2254696D655374616D70223A31312C224672616D65436F756E746572223A3237333937312C2247445F58223A2D302E3031313833343934323733353733313630322C2247445F59223A302E3030353837393234303131303531363534382C2247445F5A223A302E303032313337383130393233313539313232352C2241445F58223A2D342E34343531363533393537333636393433452D342C2241445F59223A392E323336353839353339373936313134452D342C2241445F5A223A2D302E313730373539323031303439383034372C2254656D70447370223A302C22537461747573223A302C2243616C69625374617465223A312C22536967416D70496E76616C6964223A307D7D, 138 
05-27 19:03:15.875   536   536 D commservice260303: Push Message into SendPool fn=-747633664
05-27 19:03:15.876   536   536 D commservice260303: ComProtocolLibSend2Cluster::send2ClusterRaw fn=-747633664 , len=332
05-27 19:03:15.878 23580 23580 I ANWJNI_SECOND: +++ JNI_OnLoad
05-27 19:03:15.878   581   581 I SpiService: fgesysctrl_getGPIO_status success val=1
05-27 19:03:15.881   536   536 D commservice260303: sendCmdToPort :332!!!
05-27 19:03:15.881   536   536 D commservice260303: send Cmd To Port ++++5AA501488A01000470D36A16CF737B22636F6D6D616E64223A7B226964223A22696D755F737461747573222C22737562223A22227D2C22636F6E74656E74223A7B2254696D655374616D70223A31312C224672616D65436F756E746572223A3237333937312C2247445F58223A2D302E3031313833343934323733353733313630322C2247445F59223A302E3030353837393234303131303531363534382C2247445F5A223A302E303032313337383130393233313539313232352C2241445F58223A2D342E34343531363533393537333636393433452D342C2241445F59223A392E323336353839353339373936313134452D342C2241445F5A223A2D302E313730373539323031303439383034372C2254656D70447370223A302C22537461747573223A302C2243616C69625374617465223A312C22536967416D70496E76616C6964223A307D7D986F
05-27 19:03:15.881   536   536 D commservice260303: bufferevent_write retrun value = 0
05-27 19:03:15.882   536   560 D commservice260303: client datas send succeed,send finish
05-27 08:54:24.831   581   581 D spi_rst_gpio_get_output: GPIO 145 value: 1
05-27 08:54:24.831   581   581 D spidev_ioctl: gpio status=1)
05-27 08:54:24.837   581   581 D spi_rst_gpio_get_output: GPIO 145 value: 1
05-27 08:54:24.837   581   581 D spidev_ioctl: gpio status=1)
05-27 08:54:24.842   581   581 D spi_rst_gpio_get_output: GPIO 145 value: 1
05-27 08:54:24.842   581   581 D spidev_ioctl: gpio status=1)
05-27 19:03:15.884 23580 23580 I ANWJNI_SECOND: +++ registerNativeMethods
05-27 19:03:15.884 23580 23580 I ANWJNI_SECOND: numMethods = 245
05-27 19:03:15.884 13911 14183 I SentryImuMcuAngleSender: 179.99298rollDeg
05-27 19:03:15.884 13911 14183 I SentryImuMcuAngleSender: 1,0,0
05-27 19:03:15.885 13911 14192 D Sentinelmode_1.2.5.17_sentry: <SentryImuClusterFgeSender>imu_status sent to Linux, frame=273971, tsNs=11663109, tsMs=11, intervalMs=48, ad=(-4.4451654E-4,9.2365895E-4,-0.1707592), gd=(-0.011834943,0.00587924,0.002137811)
05-27 19:03:15.885 23580 23580 I ANWJNI_SECOND: --- registerNativeMethods
05-27 19:03:15.886 23580 23580 D ANWJNI_SECOND: (23580|0x5467E4F8)[BTAPP] read XML config file
05-27 19:03:15.886 23580 23580 D ANWJNI_SECOND: 
05-27 19:03:15.886 23580 23580 D ANWJNI_SECOND: (23580|0x5467E4F8)[BTAPP] run Read (/system/etc/bluetooth/btmonitor-config_second.xml) Start
05-27 19:03:15.886 23580 23580 D ANWJNI_SECOND: 
05-27 19:03:15.886 23580 23580 D ANWJNI_SECOND: (23580|0x5467E4F8)[BTAPP] run Read (btmonitor-config.xml) source_data != NULL
05-27 19:03:15.886 23580 23580 D ANWJNI_SECOND: 
05-27 19:03:15.886 23580 23580 D ANWJNI_SECOND: (23580|0x5467E4F8)[BTAPP] XML : find HID setting
05-27 19:03:15.886 23580 23580 D ANWJNI_SECOND: 
05-27 19:03:15.887 23580 23580 D ANWJNI_SECOND: (23580|0x5467E4F8)[BTAPP] HID set(close)
05-27 19:03:15.887 23580 23580 D ANWJNI_SECOND: 
05-27 19:03:15.887 23580 23580 D ANWJNI_SECOND: (23580|0x5467E4F8)[BTAPP] XML : find SPP setting
05-27 19:03:15.887 23580 23580 D ANWJNI_SECOND: 
05-27 19:03:15.887 23580 23580 D ANWJNI_SECOND: (23580|0x5467E4F8)[BTAPP] SPP set(close)
05-27 19:03:15.887 23580 23580 D ANWJNI_SECOND: 
05-27 19:03:15.887   299 30844 D EvsDriver: forwardFrame
05-27 19:03:15.887 23580 23580 D ANWJNI_SECOND: (23580|0x5467E4F8)[BTAPP] XML : find PINCode setting
05-27 19:03:15.887 23580 23580 D ANWJNI_SECOND: 
05-27 19:03:15.887 23580 23580 D ANWJNI_SECOND: (23580|0x5467E4F8)[BTAPP] PinCode set(close)
05-27 19:03:15.887 23580 23580 D ANWJNI_SECOND: 
05-27 19:03:15.887 23580 23580 D ANWJNI_SECOND: (23580|0x5467E4F8)[BTAPP] get setpincode data fail
05-27 19:03:15.887 23580 23580 D ANWJNI_SECOND: 
05-27 19:03:15.887 23580 23580 D ANWJNI_SECOND: (23580|0x5467E4F8)[BTAPP] get set_legacy_pin data fail
05-27 19:03:15.887 23580 23580 D ANWJNI_SECOND: 
05-27 19:03:15.887 23580 23580 D ANWJNI_SECOND: (23580|0x5467E4F8)[BTAPP] XML : find spp_uuid setting
05-27 19:03:15.887 23580 23580 D ANWJNI_SECOND: 
05-27 19:03:15.887 23580 23580 D ANWJNI_SECOND: (23580|0x5467E4F8)[BTAPP] XML : ca_spp_uuid len(32)
05-27 19:03:15.887 23580 23580 D ANWJNI_SECOND: 
05-27 19:03:15.887 23580 23580 D ANWJNI_SECOND: (23580|0x5467E4F8)[BTAPP] XML : SPP_UUID_fromXML len(16):(
05-27 19:03:15.887 23580 23580 D ANWJNI_SECOND: (23580|0x5467E4F8)[BTAPP] 0xfa 
05-27 19:03:15.887 23580 23580 D ANWJNI_SECOND: (23580|0x5467E4F8)[BTAPP] 0xeb 
05-27 19:03:15.887 23580 23580 D ANWJNI_SECOND: (23580|0x5467E4F8)[BTAPP] 0xdc 
05-27 19:03:15.887 23580 23580 D ANWJNI_SECOND: (23580|0x5467E4F8)[BTAPP] 0x12 
05-27 19:03:15.887 23580 23580 D ANWJNI_SECOND: (23580|0x5467E4F8)[BTAPP] 0x7 
05-27 19:03:15.887 23580 23580 D ANWJNI_SECOND: (23580|0x5467E4F8)[BTAPP] 0x2c 
05-27 19:03:15.887 23580 23580 D ANWJNI_SECOND: (23580|0x5467E4F8)[BTAPP] 0xb0 
05-27 19:03:15.887 23580 23580 D ANWJNI_SECOND: (23580|0x5467E4F8)[BTAPP] 0xa4 
05-27 19:03:15.888 23580 23580 D ANWJNI_SECOND: (23580|0x5467E4F8)[BTAPP] 0x10 
05-27 19:03:15.888 23580 23580 D ANWJNI_SECOND: (23580|0x5467E4F8)[BTAPP] 0xa 
05-27 19:03:15.888 23580 23580 D ANWJNI_SECOND: (23580|0x5467E4F8)[BTAPP] 0x5a 
05-27 19:03:15.888 23580 23580 D ANWJNI_SECOND: (23580|0x5467E4F8)[BTAPP] 0x61 
05-27 19:03:15.888 23580 23580 D ANWJNI_SECOND: (23580|0x5467E4F8)[BTAPP] 0x8d 
05-27 19:03:15.888 23580 23580 D ANWJNI_SECOND: (23580|0x5467E4F8)[BTAPP] 0xc9 
05-27 19:03:15.888 23580 23580 D ANWJNI_SECOND: (23580|0x5467E4F8)[BTAPP] 0x40 
05-27 19:03:15.888 23580 23580 D ANWJNI_SECOND: (23580|0x5467E4F8)[BTAPP] 0x1c 
05-27 19:03:15.888 23580 23580 D ANWJNI_SECOND: (23580|0x5467E4F8)[BTAPP] )
05-27 19:03:15.888 23580 23580 D ANWJNI_SECOND: 
05-27 19:03:15.888 23580 23580 D ANWJNI_SECOND: (23580|0x5467E4F8)[BTAPP] XML : find Apple spp_uuid setting
05-27 19:03:15.888 23580 23580 D ANWJNI_SECOND: 
05-27 19:03:15.888 23580 23580 D ANWJNI_SECOND: (23580|0x5467E4F8)[BTAPP] XML : Apple ca_spp_uuid len(32)
05-27 19:03:15.888 23580 23580 D ANWJNI_SECOND: 
05-27 19:03:15.888   299 30844 D EvsDriver: Delivered 0xb400007b7ca56900 as id 0
05-27 19:03:15.888 23580 23580 D ANWJNI_SECOND: (23580|0x5467E4F8)[BTAPP] XML : Apple SPP_UUID_fromXML len(16):(
05-27 19:03:15.888 23580 23580 D ANWJNI_SECOND: (23580|0x5467E4F8)[BTAPP] 0x0 
05-27 19:03:15.888 23580 23580 D ANWJNI_SECOND: (23580|0x5467E4F8)[BTAPP] 0x0 
05-27 19:03:15.888  1167  1184 D evsmanagerd: /dev/video6 forwarded the buffer #0 to 0xb4000074bf5f5510 from 0xb4000074bf5f6d90
05-27 19:03:15.888 23580 23580 D ANWJNI_SECOND: (23580|0x5467E4F8)[BTAPP] 0x0 
05-27 19:03:15.888 23580 23580 D ANWJNI_SECOND: (23580|0x5467E4F8)[BTAPP] 0x0 
05-27 19:03:15.888 23580 23580 D ANWJNI_SECOND: (23580|0x5467E4F8)[BTAPP] 0xde 
05-27 19:03:15.888 23580 23580 D ANWJNI_SECOND: (23580|0x5467E4F8)[BTAPP] 0xca 
05-27 19:03:15.888 23580 23580 D ANWJNI_SECOND: (23580|0x5467E4F8)[BTAPP] 0xfa 
05-27 19:03:15.888 23580 23580 D ANWJNI_SECOND: (23580|0x5467E4F8)[BTAPP] 0xde 
05-27 19:03:15.888 23580 23580 D ANWJNI_SECOND: (23580|0x5467E4F8)[BTAPP] 0xde 
05-27 19:03:15.889 23580 23580 D ANWJNI_SECOND: (23580|0x5467E4F8)[BTAPP] 0xca 
05-27 19:03:15.889 23580 23580 D ANWJNI_SECOND: (23580|0x5467E4F8)[BTAPP] 0xde 
05-27 19:03:15.889 23580 23580 D ANWJNI_SECOND: (23580|0x5467E4F8)[BTAPP] 0xaf 
05-27 19:03:15.889 23580 23580 D ANWJNI_SECOND: (23580|0x5467E4F8)[BTAPP] 0xde 
05-27 19:03:15.889 23580 23580 D ANWJNI_SECOND: (23580|0x5467E4F8)[BTAPP] 0xca 
05-27 19:03:15.889 23580 23580 D ANWJNI_SECOND: (23580|0x5467E4F8)[BTAPP] 0xca 
05-27 19:03:15.889 23580 23580 D ANWJNI_SECOND: (23580|0x5467E4F8)[BTAPP] 0xfe 
05-27 19:03:15.889 23580 23580 D ANWJNI_SECOND: (23580|0x5467E4F8)[BTAPP] )
05-27 19:03:15.889 23580 23580 D ANWJNI_SECOND: 
05-27 19:03:15.889 23580 23580 D ANWJNI_SECOND: (23580|0x5467E4F8)[BTAPP] XML : find calllogsize setting
05-27 19:03:15.889 23580 23580 D ANWJNI_SECOND: 
05-27 19:03:15.889 23580 23580 D ANWJNI_SECOND: (23580|0x5467E4F8)[BTAPP] XML : find ca_calllogsize(100)(100)
05-27 19:03:15.889 23580 23580 D ANWJNI_SECOND: 
05-27 19:03:15.889 23580 23580 D ANWJNI_SECOND: (23580|0x5467E4F8)[BTAPP] get contactssize data fail
05-27 19:03:15.889 23580 23580 D ANWJNI_SECOND: 
05-27 19:03:15.889 23580 23580 D ANWJNI_SECOND: (23580|0x5467E4F8)[BTAPP] get mincallsize data fail
05-27 19:03:15.889 23580 23580 D ANWJNI_SECOND: 
05-27 19:03:15.889 23580 23580 D ANWJNI_SECOND: (23580|0x5467E4F8)[BTAPP] XML : find voice setting
05-27 19:03:15.889 23580 23580 D ANWJNI_SECOND: 
05-27 19:03:15.889 23580 23580 D ANWJNI_SECOND: (23580|0x5467E4F8)[BTAPP] voice set(close)
05-27 19:03:15.889 23580 23580 D ANWJNI_SECOND: 
05-27 19:03:15.889 23580 23580 D ANWJNI_SECOND: (23580|0x5467E4F8)[BTAPP] XML : find voicedelay setting
05-27 19:03:15.889 23580 23580 D ANWJNI_SECOND: 
05-27 19:03:15.889 23580 23580 D ANWJNI_SECOND: (23580|0x5467E4F8)[BTAPP] voicedelay set(close)
05-27 19:03:15.889 23580 23580 D ANWJNI_SECOND: 
05-27 19:03:15.890 23580 23580 D ANWJNI_SECOND: (23580|0x5467E4F8)[BTAPP] get wechatvoice data fail
05-27 19:03:15.890 23580 23580 D ANWJNI_SECOND: 
05-27 19:03:15.890 23580 23580 D ANWJNI_SECOND: (23580|0x5467E4F8)[BTAPP] XML : pair any way
05-27 19:03:15.890 23580 23580 D ANWJNI_SECOND: 
05-27 19:03:15.890 23580 23580 D ANWJNI_SECOND: (23580|0x5467E4F8)[BTAPP] pairing need confirmation  accept
05-27 19:03:15.890 23580 23580 D ANWJNI_SECOND: 
05-27 19:03:15.890 23580 23580 D ANWJNI_SECOND: (23580|0x5467E4F8)[BTAPP] get use_combine data fail
05-27 19:03:15.890 23580 23580 D ANWJNI_SECOND: 
05-27 19:03:15.890 23580 23580 D ANWJNI_SECOND: (23580|0x5467E4F8)[BTAPP] XML : select pbap_photo or not
05-27 19:03:15.890 23580 23580 D ANWJNI_SECOND: 
05-27 19:03:15.890 23580 23580 D ANWJNI_SECOND: (23580|0x5467E4F8)[BTAPP] select pbap_photo
05-27 19:03:15.890 23580 23580 D ANWJNI_SECOND: 
05-27 19:03:15.890 23580 23580 D ANWJNI_SECOND: (23580|0x5467E4F8)[BTAPP] XML : select pbap_email or not
05-27 19:03:15.890 23580 23580 D ANWJNI_SECOND: 
05-27 19:03:15.890 23580 23580 D ANWJNI_SECOND: (23580|0x5467E4F8)[BTAPP] select pbap_email
05-27 19:03:15.890 23580 23580 D ANWJNI_SECOND: 
05-27 19:03:15.890 23580 23580 D ANWJNI_SECOND: (23580|0x5467E4F8)[BTAPP] XML : select pbap_adr or not
05-27 19:03:15.890 23580 23580 D ANWJNI_SECOND: 
05-27 19:03:15.890 23580 23580 D ANWJNI_SECOND: (23580|0x5467E4F8)[BTAPP] select pbap_adr
05-27 19:03:15.890 23580 23580 D ANWJNI_SECOND: 
05-27 19:03:15.890 23580 23580 D ANWJNI_SECOND: (23580|0x5467E4F8)[BTAPP] XML : select pbap_url or not
05-27 19:03:15.890 23580 23580 D ANWJNI_SECOND: 
05-27 19:03:15.890 23580 23580 D ANWJNI_SECOND: (23580|0x5467E4F8)[BTAPP] select pbap_url
05-27 19:03:15.890 23580 23580 D ANWJNI_SECOND: 
05-27 19:03:15.890 23580 23580 D ANWJNI_SECOND: (23580|0x5467E4F8)[BTAPP] get volume_control data fail
05-27 19:03:15.890 23580 23580 D ANWJNI_SECOND: 
05-27 19:03:15.890   581   581 I SpiService: fgesysctrl_getGPIO_status success val=0
05-27 19:03:15.890 23580 23580 D ANWJNI_SECOND: (23580|0x5467E4F8)[BTAPP] get carplay data fail
05-27 19:03:15.890 23580 23580 D ANWJNI_SECOND: 
05-27 19:03:15.890 23580 23580 D ANWJNI_SECOND: (23580|0x5467E4F8)[BTAPP] XML : select socket or not
05-27 19:03:15.890 23580 23580 D ANWJNI_SECOND: 
05-27 19:03:15.891 23580 23580 D ANWJNI_SECOND: (23580|0x5467E4F8)[BTAPP]  support socket
05-27 19:03:15.891 23580 23580 D ANWJNI_SECOND: 
05-27 19:03:15.891 23580 23580 D ANWJNI_SECOND: (23580|0x5467E4F8)[BTAPP] get androidauto data fail
05-27 19:03:15.891 23580 23580 D ANWJNI_SECOND: 
05-27 19:03:15.891 23580 23580 D ANWJNI_SECOND: (23580|0x5467E4F8)[BTAPP] get auto_transfer data fail
05-27 19:03:15.891 23580 23580 D ANWJNI_SECOND: 
05-27 19:03:15.891 23580 23580 D ANWJNI_SECOND: (23580|0x5467E4F8)[BTAPP] get audio_dsp_mute data fail
05-27 19:03:15.891 23580 23580 D ANWJNI_SECOND: 
05-27 19:03:15.891 23580 23580 D ANWJNI_SECOND: (23580|0x5467E4F8)[BTAPP] get audio_dsp_delay data fail
05-27 19:03:15.891 23580 23580 D ANWJNI_SECOND: 
05-27 19:03:15.891 23580 23580 D ANWJNI_SECOND: (23580|0x5467E4F8)[BTAPP] XML : hfp_audio_driver_open 
05-27 19:03:15.891 23580 23580 D ANWJNI_SECOND: 
05-27 19:03:15.891 23580 23580 D ANWJNI_SECOND: (23580|0x5467E4F8)[BTAPP] hfp audio driver close
05-27 19:03:15.891 23580 23580 D ANWJNI_SECOND: 
05-27 19:03:15.891 23580 23580 D ANWJNI_SECOND: (23580|0x5467E4F8)[BTAPP] XML : hfp_wbs_open_data 
05-27 19:03:15.891 23580 23580 D ANWJNI_SECOND: 
05-27 19:03:15.891 23580 23580 D ANWJNI_SECOND: (23580|0x5467E4F8)[BTAPP] hfp wbs enable
05-27 19:03:15.891 23580 23580 D ANWJNI_SECOND: 
05-27 19:03:15.891 23580 23580 D ANWJNI_SECOND: (23580|0x5467E4F8)[BTAPP] get avrcp_browsing_open data fail
05-27 19:03:15.891 23580 23580 D ANWJNI_SECOND: 
05-27 19:03:15.891 23580 23580 D ANWJNI_SECOND: (23580|0x5467E4F8)[BTAPP] get connect_special_profile_id data fail
05-27 19:03:15.891 23580 23580 D ANWJNI_SECOND: 
05-27 19:03:15.891 23580 23580 D ANWJNI_SECOND: (23580|0x5467E4F8)[BTAPP] XML : connect_single_profile 
05-27 19:03:15.891 23580 23580 D ANWJNI_SECOND: 
05-27 19:03:15.891 23580 23580 D ANWJNI_SECOND: (23580|0x5467E4F8)[BTAPP] connect_single_profile open
05-27 19:03:15.891 23580 23580 D ANWJNI_SECOND: 
05-27 19:03:15.891 23580 23580 D ANWJNI_SECOND: (23580|0x5467E4F8)[BTAPP] XML : find waveout_pre_buffer_count setting
05-27 19:03:15.891 23580 23580 D ANWJNI_SECOND: 
05-27 19:03:15.892 23580 23580 D ANWJNI_SECOND: (23580|0x5467E4F8)[BTAPP] XML : set waveout_pre_buffer_count success(101)
05-27 19:03:15.892 23580 23580 D ANWJNI_SECOND: 
05-27 19:03:15.892 23580 23580 D ANWJNI_SECOND: (23580|0x5467E4F8)[BTAPP] XML : find waveout_pre_buffer_count setting
05-27 19:03:15.892 23580 23580 D ANWJNI_SECOND: 
05-27 19:03:15.892 23580 23580 D ANWJNI_SECOND: (23580|0x5467E4F8)[BTAPP] XML : set local_music_pre_buffer_count success(40)
05-27 19:03:15.892 23580 23580 D ANWJNI_SECOND: 
05-27 19:03:15.892 23580 23580 D ANWJNI_SECOND: (23580|0x5467E4F8)[BTAPP] XML : inband_ring 
05-27 19:03:15.892 23580 23580 D ANWJNI_SECOND: 
05-27 19:03:15.892 23580 23580 D ANWJNI_SECOND: (23580|0x5467E4F8)[BTAPP] inband_ring open
05-27 19:03:15.892 23580 23580 D ANWJNI_SECOND: 
05-27 19:03:15.892 23580 23580 D ANWJNI_SECOND: (23580|0x5467E4F8)[BTAPP] XML : find map_download_max_size setting
05-27 19:03:15.892 23580 23580 D ANWJNI_SECOND: 
05-27 19:03:15.892 23580 23580 D ANWJNI_SECOND: (23580|0x5467E4F8)[BTAPP] XML : set map_download_max_size failed(20)
05-27 19:03:15.892 23580 23580 D ANWJNI_SECOND: 
05-27 19:03:15.892 23580 23580 D ANWJNI_SECOND: (23580|0x5467E4F8)[BTAPP] XML : stack debug
05-27 19:03:15.892 23580 23580 D ANWJNI_SECOND: 
05-27 19:03:15.892 23580 23580 D ANWJNI_SECOND: (23580|0x5467E4F8)[BTAPP] XML : stack debug open
05-27 19:03:15.892 23580 23580 D ANWJNI_SECOND: 
05-27 19:03:15.892 23580 23580 D ANWAPI_SECOND: (23580|0x5467E4F8)[BTAPI] >>>AnWBT_Usr_DebugLog
05-27 19:03:15.892 23580 23580 D ANWAPI_SECOND: (23580|0x5467E4F8)[BTAPI] <<<<AnWBT_Usr_DebugLog: ret=0
05-27 19:03:15.892 23580 23580 D ANWJNI_SECOND: (23580|0x5467E4F8)[BTAPP] XML : app debug
05-27 19:03:15.892 23580 23580 D ANWJNI_SECOND: 
05-27 19:03:15.892 23580 23580 D ANWJNI_SECOND: (23580|0x5467E4F8)[BTAPP] XML : app debug open
05-27 19:03:15.892 23580 23580 D ANWJNI_SECOND: 
05-27 19:03:15.893 23580 23580 D ANWJNI_SECOND: (23580|0x5467E4F8)[BTAPP] XML : api debug
05-27 19:03:15.893 23580 23580 D ANWJNI_SECOND: 
05-27 19:03:15.893 23580 23580 D ANWJNI_SECOND: (23580|0x5467E4F8)[BTAPP] XML : api debug open
05-27 19:03:15.893 23580 23580 D ANWJNI_SECOND: 
05-27 08:54:24.855   581   581 D spi_rst_gpio_get_output: GPIO 145 value: 0
05-27 08:54:24.855   581   581 D spidev_ioctl: gpio status=0)
05-27 19:03:15.893 23580 23580 D ANWJNI_SECOND: (23580|0x5467E4F8)[BTAPP] XML : hfp debug
05-27 19:03:15.893 23580 23580 D ANWJNI_SECOND: 
05-27 19:03:15.893 23580 23580 D ANWJNI_SECOND: (23580|0x5467E4F8)[BTAPP] XML : hfp debug open
05-27 19:03:15.893 23580 23580 D ANWJNI_SECOND: 
05-27 19:03:15.893 23580 23580 D ANWJNI_SECOND: (23580|0x5467E4F8)[BTAPP] XML : a2dp debug
05-27 19:03:15.893 23580 23580 D ANWJNI_SECOND: 
05-27 19:03:15.893 23580 23580 D ANWJNI_SECOND: (23580|0x5467E4F8)[BTAPP] XML : a2dp debug open
05-27 19:03:15.893 23580 23580 D ANWJNI_SECOND: 
05-27 19:03:15.893 23580 23580 D ANWJNI_SECOND: (23580|0x5467E4F8)[BTAPP] XML : waveout debug
05-27 19:03:15.893 23580 23580 D ANWJNI_SECOND: 
05-27 19:03:15.893 23580 23580 D ANWJNI_SECOND: (23580|0x5467E4F8)[BTAPP] XML : waveout debug open
05-27 19:03:15.893 23580 23580 D ANWJNI_SECOND: 
05-27 19:03:15.893 23580 23580 D ANWJNI_SECOND: (23580|0x5467E4F8)[BTAPP] XML : avrcp debug
05-27 19:03:15.893 23580 23580 D ANWJNI_SECOND: 
05-27 19:03:15.893 23580 23580 D ANWJNI_SECOND: (23580|0x5467E4F8)[BTAPP] XML : avrcp debug open
05-27 19:03:15.893 23580 23580 D ANWJNI_SECOND: 
05-27 19:03:15.893 23580 23580 D ANWJNI_SECOND: (23580|0x5467E4F8)[BTAPP] XML : pbap debug
05-27 19:03:15.893 23580 23580 D ANWJNI_SECOND: 
05-27 19:03:15.893 23580 23580 D ANWJNI_SECOND: (23580|0x5467E4F8)[BTAPP] XML : pbap debug open
05-27 19:03:15.893 23580 23580 D ANWJNI_SECOND: 
05-27 19:03:15.893 23580 23580 D ANWJNI_SECOND: (23580|0x5467E4F8)[BTAPP] XML : map debug
05-27 19:03:15.893 23580 23580 D ANWJNI_SECOND: 
05-27 19:03:15.893 23580 23580 D ANWJNI_SECOND: (23580|0x5467E4F8)[BTAPP] XML : map debug open
05-27 19:03:15.893 23580 23580 D ANWJNI_SECOND: 
05-27 19:03:15.893 23580 23580 D ANWJNI_SECOND: (23580|0x5467E4F8)[BTAPP] get debug_iap data fail
05-27 19:03:15.893 23580 23580 D ANWJNI_SECOND: 
05-27 19:03:15.894 23580 23580 D ANWJNI_SECOND: (23580|0x5467E4F8)[BTAPP] XML : btsnoop
05-27 19:03:15.894 23580 23580 D ANWJNI_SECOND: 
05-27 19:03:15.894 23580 23580 D ANWJNI_SECOND: (23580|0x5467E4F8)[BTAPP] XML : btsnoop open
05-27 19:03:15.894 23580 23580 D ANWJNI_SECOND: 
05-27 19:03:15.894 23580 23580 D ANWJNI_SECOND: (23580|0x5467E4F8)[BTAPP] XML : file_path 
05-27 19:03:15.894 23580 23580 D ANWJNI_SECOND: 
05-27 19:03:15.894 23580 23580 D ANWJNI_SECOND: (23580|0x5467E4F8)[BTAPP] XML : file_path /data/misc/anw/ is exist,so break
05-27 19:03:15.894 23580 23580 D ANWJNI_SECOND: 
05-27 19:03:15.894 23580 23580 D ANW_AVRCP_SECOND: AnWBT_Set_Storage_Path path /data/misc/anw/
05-27 19:03:15.894 23580 23580 D ANWJNI_SECOND: (23580|0x5467E4F8)[BTAPP] XML : btsnoop_file_path 
05-27 19:03:15.894 23580 23580 D ANWJNI_SECOND: 
05-27 19:03:15.894   572   572 I Sensors : 230 AccelSensor: x:-0.166530,y:0.000000,z:-9.974720
05-27 19:03:15.894 23580 23580 D ANWJNI_SECOND: (23580|0x5467E4F8)[BTAPP] XML : btsnoop_path /data/misc/anw/logs/ is exist,so break
05-27 19:03:15.894 23580 23580 D ANWJNI_SECOND: 
05-27 19:03:15.894 23580 23580 D ANWJNI_SECOND: (23580|0x5467E4F8)[BTAPP] XML : find btsnoop_file_size_MB setting
05-27 19:03:15.894 23580 23580 D ANWJNI_SECOND: 
05-27 19:03:15.894 23580 23580 D ANWJNI_SECOND: (23580|0x5467E4F8)[BTAPP] XML : find maxBtSnoopFileSize_MB(100)(100)
05-27 19:03:15.894 23580 23580 D ANWJNI_SECOND: 
05-27 19:03:15.894 23580 23580 D ANWJNI_SECOND: (23580|0x5467E4F8)[BTAPP] XML : find rfkillstate_path:/sys/class/gpio/gpio142/value
05-27 19:03:15.894 23580 23580 D ANWJNI_SECOND: 
05-27 19:03:15.894 23580 23580 D ANWAPI_SECOND: (23580|0x5467E4F8)[BTAPI] AnW_BT_SetRfkillStatePath
05-27 19:03:15.894 23580 23580 D ANWJNI_SECOND: (23580|0x5467E4F8)[BTAPP] get dump_pcm data fail
05-27 19:03:15.894 23580 23580 D ANWJNI_SECOND: 
05-27 19:03:15.894 23580 23580 D ANWJNI_SECOND: (23580|0x5467E4F8)[BTAPP] XML : accept_avrcp_ct_control
05-27 19:03:15.894 23580 23580 D ANWJNI_SECOND: 
05-27 19:03:15.895 23580 23580 D ANWJNI_SECOND: (23580|0x5467E4F8)[BTAPP] XML : accept_avrcp_ct_control close
