05-27 19:03:16.464 13549 13549 I ADAYO_LOG_: handleMessage(UsbFunc.java:404)copyState = 2
05-27 19:03:16.464   581   581 I SpiService: fgesysctrl_getGPIO_status success val=1
05-27 19:03:16.466   566 11459 I gps_hdbd: Received: '$GNTXT,INSTALL,0.00,0.00,0.00,0.00,0.00,0.00,0*20
'
05-27 19:03:16.471   581   581 I SpiService: fgesysctrl_getGPIO_status success val=0
05-27 19:03:16.472   536   536 D commservice260303: msg.id = 1028,0
05-27 19:03:16.472   536   536 D commservice260303: i = 170, msgid = 8A000404
05-27 19:03:16.472   536   536 D commservice260303: msgid = -1979710460,did=138
05-27 19:03:16.472   536   536 D commservice260303: CommProtocolLibCmdBaseI2C::dataproc {"command":{"id":"imu_status","sub":""},"content":{"TimeStamp":11,"FrameCounter":273985,"GD_X":-0.011682018637657166,"GD_Y":0.005420989356935024,"GD_Z":0.0022902146447449923,"AD_X":1.3723969459533691E-5,"AD_Y":0.00451847817748785,"AD_Z":-0.16709613800048828,"TempDsp":0,"Status":0,"CalibState":1,"SigAmpInvalid":0}},-1979710460
05-27 19:03:16.472   536   536 D commservice260303: send2Cluster len:315, 7B22636F6D6D616E64223A7B226964223A22696D755F737461747573222C22737562223A22227D2C22636F6E74656E74223A7B2254696D655374616D70223A31312C224672616D65436F756E746572223A3237333938352C2247445F58223A2D302E3031313638323031383633373635373136362C2247445F59223A302E3030353432303938393335363933353032342C2247445F5A223A302E303032323930323134363434373434393932332C2241445F58223A312E33373233393639343539353333363931452D352C2241445F59223A302E30303435313834373831373734383738352C2241445F5A223A2D302E31363730393631333830303034383832382C2254656D70447370223A302C22537461747573223A302C2243616C69625374617465223A312C22536967416D70496E76616C6964223A307D7D, 138 
05-27 19:03:16.472   536   536 D commservice260303: Push Message into SendPool fn=-512752640
05-27 19:03:16.472   536   536 D commservice260303: ComProtocolLibSend2Cluster::send2ClusterRaw fn=-512752640 , len=331
05-27 19:03:16.472   536   536 D commservice260303: sendCmdToPort :331!!!
05-27 19:03:16.472   536   536 D commservice260303: send Cmd To Port ++++5AA501478A01000470E16A16CF747B22636F6D6D616E64223A7B226964223A22696D755F737461747573222C22737562223A22227D2C22636F6E74656E74223A7B2254696D655374616D70223A31312C224672616D65436F756E746572223A3237333938352C2247445F58223A2D302E3031313638323031383633373635373136362C2247445F59223A302E3030353432303938393335363933353032342C2247445F5A223A302E303032323930323134363434373434393932332C2241445F58223A312E33373233393639343539353333363931452D352C2241445F59223A302E30303435313834373831373734383738352C2241445F5A223A2D302E31363730393631333830303034383832382C2254656D70447370223A302C22537461747573223A302C2243616C69625374617465223A312C22536967416D70496E76616C6964223A307D7DE396
05-27 19:03:16.472   283   307 I rvcservice: t.code = 3, t.value = 0
05-27 19:03:16.472   536   536 D commservice260303: bufferevent_write retrun value = 0
05-27 19:03:16.472   536   560 D commservice260303: client datas send succeed,send finish
05-27 19:03:16.472   830   830 D SurfaceFlinger: unisoc-graphics, commit has frameMissed:2, vysncId:234292
05-27 19:03:16.475 13911 14192 D Sentinelmode_1.2.5.17_sentry: <SentryImuClusterFgeSender>imu_status sent to Linux, frame=273985, tsNs=11663665, tsMs=11, intervalMs=37, ad=(1.37239695E-5,0.004518478,-0.16709614), gd=(-0.011682019,0.0054209894,0.0022902146)
05-27 08:54:25.411   581   581 D spidev_ioctl: gpio status=1)
05-27 08:54:25.417   581   581 D spi_rst_gpio_get_output: GPIO 145 value: 1
05-27 08:54:25.417   581   581 D spidev_ioctl: gpio status=1)
05-27 08:54:25.423   581   581 D spi_rst_gpio_get_output: GPIO 145 value: 1
05-27 08:54:25.423   581   581 D spidev_ioctl: gpio status=1)
05-27 08:54:25.429   581   581 D spi_rst_gpio_get_output: GPIO 145 value: 1
05-27 08:54:25.429   581   581 D spidev_ioctl: gpio status=1)
05-27 08:54:25.435   581   581 D spi_rst_gpio_get_output: GPIO 145 value: 0
05-27 08:54:25.436   581   581 D spidev_ioctl: gpio status=0)
05-27 19:03:16.476   299 30841 D EvsDriver: Delivered 0xb400007b7ca56a60 as id 0
05-27 19:03:16.476  1167  1167 D evsmanagerd: /dev/video4 forwarded the buffer #0 to 0xb4000074bf5f6850 from 0xb4000074bf5f41d0
05-27 19:03:16.476 30773 30773 E dvr_service_: [myNum:0] Received S**** loss
05-27 19:03:16.477  1008 30856 D [OMXB]  : usingANWBuffer: handle:0xee742950, format:1, w:1920, h:1080
05-27 19:03:16.478   299  1153 D EvsDriver: doneWithFrame
05-27 19:03:16.480   299 30844 D EvsDriver: forwardFrame
05-27 19:03:16.482 13911 14183 I SentryImuMcuAngleSender: 179.96848rollDeg
05-27 19:03:16.482 13911 14183 I SentryImuMcuAngleSender: 1,0,0
05-27 19:03:16.482   299 30844 D EvsDriver: Delivered 0xb400007b7ca56900 as id 0
05-27 19:03:16.482  1167  1167 D evsmanagerd: /dev/video6 forwarded the buffer #0 to 0xb4000074bf5f5510 from 0xb4000074bf5f6d90
05-27 19:03:16.488   572   622 I Sensors : 230 AccelSensor: x:-0.174459,y:0.006100,z:-9.975940
05-27 19:03:16.488   299 30841 D EvsDriver: forwardFrame
05-27 19:03:16.488   299  1153 D EvsDriver: doneWithFrame
05-27 19:03:16.489   581   581 I SpiService: fgesysctrl_getGPIO_status success val=1
05-27 08:54:25.454   581   581 D spi_rst_gpio_get_output: GPIO 145 value: 1
05-27 08:54:25.454   581   581 D spidev_ioctl: gpio status=1)
05-27 19:03:16.492  1044 30796 D BufferPoolAccessor2.0: bufferpool2 0xb400006f82870318 : 1(6144 size) total buffers - 1(6144 size) used buffers - 153388/153392 (recycle/alloc) - 4/153391 (fetch/transfer)
05-27 19:03:16.492   299 30841 D EvsDriver: Delivered 0xb400007b7ca56a60 as id 0
05-27 19:03:16.492  1167  1167 D evsmanagerd: /dev/video4 forwarded the buffer #0 to 0xb4000074bf5f6850 from 0xb4000074bf5f41d0
05-27 08:54:25.460   581   581 D spi_rst_gpio_get_output: GPIO 145 value: 1
05-27 08:54:25.460   581   581 D spidev_ioctl: gpio status=1)
05-27 19:03:16.495   581   581 I SpiService: fgesysctrl_getGPIO_status success val=1
05-27 19:03:16.495   536   536 W commservice260303: [FgeComService::getAQConnectStatus:378]
05-27 19:03:16.495   536   536 W commservice260303: [mcuCommFunctionTcp::getAQConnectStatus:406] 1
05-27 19:03:16.495   536   536 W commservice260303: [FgeComService::getAQConnectStatus:380] status:1
05-27 19:03:16.496 12246 12246 E ivicomm_CommManager: getA2lConnectStatus aqConnectStatus:1
05-27 19:03:16.496 12246 12246 D ivicomm_ConnectStateManager: notifyState newState=1curState=1
05-27 19:03:16.497   299  1153 D EvsDriver: doneWithFrame
05-27 19:03:16.501   581   581 I SpiService: fgesysctrl_getGPIO_status success val=1
05-27 19:03:16.503 13911 14183 I SentryImuMcuAngleSender: 179.96497rollDeg
05-27 19:03:16.503 13911 14183 I SentryImuMcuAngleSender: 1,0,0
05-27 19:03:16.506   830   830 D SurfaceFlinger: unisoc-graphics, commit has frameMissed:2, vysncId:234294
05-27 19:03:16.507   581   581 I SpiService: fgesysctrl_getGPIO_status success val=1
05-27 19:03:16.510   299 30844 D EvsDriver: forwardFrame
05-27 19:03:16.513   536   536 D commservice260303: msg.id = 1028,1
05-27 19:03:16.513   536   536 D commservice260303: i = 170, msgid = 8A000404
05-27 19:03:16.513   536   536 D commservice260303: msgid = -1979710460,did=138
05-27 19:03:16.513   536   536 D commservice260303: CommProtocolLibCmdBaseI2C::dataproc {"command":{"id":"imu_status","sub":""},"content":{"TimeStamp":11,"FrameCounter":273986,"GD_X":-0.012063807807862759,"GD_Y":0.005420989356935024,"GD_Z":0.0021378109231591225,"AD_X":-0.004875272512435913,"AD_Y":0.005687307566404343,"AD_Z":-0.17075443267822266,"TempDsp":0,"Status":0,"CalibState":1,"SigAmpInvalid":0}},-1979710460
05-27 19:03:16.513   536   536 D commservice260303: send2Cluster len:316, 7B22636F6D6D616E64223A7B226964223A22696D755F737461747573222C22737562223A22227D2C22636F6E74656E74223A7B2254696D655374616D70223A31312C224672616D65436F756E746572223A3237333938362C2247445F58223A2D302E3031323036333830373830373836323735392C2247445F59223A302E3030353432303938393335363933353032342C2247445F5A223A302E303032313337383130393233313539313232352C2241445F58223A2D302E3030343837353237323531323433353931332C2241445F59223A302E3030353638373330373536363430343334332C2241445F5A223A2D302E31373037353434333236373832323236362C2254656D70447370223A302C22537461747573223A302C2243616C69625374617465223A312C22536967416D70496E76616C6964223A307D7D, 138 
05-27 19:03:16.513   536   536 D commservice260303: Push Message into SendPool fn=-495975424
05-27 19:03:16.513   536   536 D commservice260303: ComProtocolLibSend2Cluster::send2ClusterRaw fn=-495975424 , len=332
05-27 19:03:16.513   536   536 D commservice260303: sendCmdToPort :332!!!
05-27 19:03:16.513   536   536 D commservice260303: send Cmd To Port ++++5AA501488A01000470E26A16CF747B22636F6D6D616E64223A7B226964223A22696D755F737461747573222C22737562223A22227D2C22636F6E74656E74223A7B2254696D655374616D70223A31312C224672616D65436F756E746572223A3237333938362C2247445F58223A2D302E3031323036333830373830373836323735392C2247445F59223A302E3030353432303938393335363933353032342C2247445F5A223A302E303032313337383130393233313539313232352C2241445F58223A2D302E3030343837353237323531323433353931332C2241445F59223A302E3030353638373330373536363430343334332C2241445F5A223A2D302E31373037353434333236373832323236362C2254656D70447370223A302C22537461747573223A302C2243616C69625374617465223A312C22536967416D70496E76616C6964223A307D7D3A85
05-27 19:03:16.513   581   581 I SpiService: fgesysctrl_getGPIO_status success val=1
05-27 19:03:16.513   536   536 D commservice260303: bufferevent_write retrun value = 0
05-27 19:03:16.513   536   560 D commservice260303: client datas send succeed,send finish
05-27 08:54:25.465   581   581 D spi_rst_gpio_get_output: GPIO 145 value: 1
05-27 08:54:25.465   581   581 D spidev_ioctl: gpio status=1)
05-27 08:54:25.472   581   581 D spi_rst_gpio_get_output: GPIO 145 value: 1
05-27 08:54:25.472   581   581 D spidev_ioctl: gpio status=1)
05-27 08:54:25.478   581   581 D spi_rst_gpio_get_output: GPIO 145 value: 1
05-27 08:54:25.478   581   581 D spidev_ioctl: gpio status=1)
05-27 19:03:16.515   299 30841 D EvsDriver: forwardFrame
05-27 19:03:16.518  1167  1167 D evsmanagerd: /dev/video4 forwarded the buffer #0 to 0xb4000074bf5f6850 from 0xb4000074bf5f41d0
05-27 19:03:16.518   299 30841 D EvsDriver: Delivered 0xb400007b7ca56a60 as id 0
05-27 19:03:16.519   581   581 I SpiService: fgesysctrl_getGPIO_status success val=0
05-27 19:03:16.519 13911 14192 D Sentinelmode_1.2.5.17_sentry: <SentryImuClusterFgeSender>imu_status sent to Linux, frame=273986, tsNs=11663738, tsMs=11, intervalMs=44, ad=(-0.0048752725,0.0056873076,-0.17075443), gd=(-0.012063808,0.0054209894,0.002137811)
05-27 19:03:16.520   299 30844 D EvsDriver: Delivered 0xb400007b7ca56900 as id 0
05-27 19:03:16.520  1167  1479 D evsmanagerd: /dev/video6 forwarded the buffer #0 to 0xb4000074bf5f5510 from 0xb4000074bf5f6d90
05-27 08:54:25.483   581   581 D spi_rst_gpio_get_output: GPIO 145 value: 0
05-27 08:54:25.483   581   581 D spidev_ioctl: gpio status=0)
05-27 19:03:16.520   299  1153 D EvsDriver: doneWithFrame
05-27 19:03:16.522   830   830 D SurfaceFlinger: unisoc-graphics, commit has frameMissed:2, vysncId:234295
05-27 19:03:16.523 13911 14183 I SentryImuMcuAngleSender: 179.97897rollDeg
05-27 19:03:16.524 13911 14183 I SentryImuMcuAngleSender: 1,0,0
05-27 19:03:16.525  1008 30857 D [OMXB]  : usingANWBuffer: handle:0xee742ed0, format:1, w:1920, h:1080
05-27 19:03:16.529   299  1153 D EvsDriver: doneWithFrame
05-27 19:03:16.535   581   581 I SpiService: fgesysctrl_getGPIO_status success val=1
05-27 08:54:25.499   581   581 D spi_rst_gpio_get_output: GPIO 145 value: 1
05-27 08:54:25.499   581   581 D spidev_ioctl: gpio status=1)
05-27 19:03:16.540   581   581 I SpiService: fgesysctrl_getGPIO_status success val=1
05-27 08:54:25.505   581   581 D spi_rst_gpio_get_output: GPIO 145 value: 1
05-27 08:54:25.505   581   581 D spidev_ioctl: gpio status=1)
05-27 19:03:16.543 13911 14183 I SentryImuMcuAngleSender: 179.99649rollDeg
05-27 19:03:16.543 13911 14183 I SentryImuMcuAngleSender: 1,0,0
05-27 19:03:16.544   536   760 I commservice260303: [mcuCommFunctionTcp::ProtocolCheckConnectTimeOutProc:613] keyID:256,tcpEvent:5,tcpcount:0,heartbeat:1,noHeartBeatNumber:0,endispatch:0,strState:0
05-27 19:03:16.544   536   760 D commservice260303: ProtocolCheckConnectTimeOutProc,629,clear heartbeat
05-27 19:03:16.546   581   581 I SpiService: fgesysctrl_getGPIO_status success val=1
05-27 08:54:25.511   581   581 D spi_rst_gpio_get_output: GPIO 145 value: 1
05-27 08:54:25.511   581   581 D spidev_ioctl: gpio status=1)
05-27 19:03:16.549   536   536 D commservice260303: msg.id = 1028,0
05-27 19:03:16.550   536   536 D commservice260303: i = 170, msgid = 8A000404
05-27 19:03:16.550   536   536 D commservice260303: msgid = -1979710460,did=138
05-27 19:03:16.550   536   536 D commservice260303: CommProtocolLibCmdBaseI2C::dataproc {"command":{"id":"imu_status","sub":""},"content":{"TimeStamp":11,"FrameCounter":273987,"GD_X":-0.011070843786001205,"GD_Y":0.005039200186729431,"GD_Z":0.0019848872907459736,"AD_X":-0.008496120572090149,"AD_Y":1.683484297245741E-4,"AD_Z":-0.16709518432617188,"TempDsp":0,"Status":0,"CalibState":1,"SigAmpInvalid":0}},-1979710460
05-27 19:03:16.550   536   536 D commservice260303: send2Cluster len:316, 7B22636F6D6D616E64223A7B226964223A22696D755F737461747573222C22737562223A22227D2C22636F6E74656E74223A7B2254696D655374616D70223A31312C224672616D65436F756E746572223A3237333938372C2247445F58223A2D302E3031313037303834333738363030313230352C2247445F59223A302E3030353033393230303138363732393433312C2247445F5A223A302E303031393834383837323930373435393733362C2241445F58223A2D302E3030383439363132303537323039303134392C2241445F59223A312E363833343834323937323435373431452D342C2241445F5A223A2D302E31363730393531383433323631373138382C2254656D70447370223A302C22537461747573223A302C2243616C69625374617465223A312C22536967416D70496E76616C6964223A307D7D, 138 
05-27 19:03:16.550   536   536 D commservice260303: Push Message into SendPool fn=-479198208
05-27 19:03:16.550   536   536 D commservice260303: ComProtocolLibSend2Cluster::send2ClusterRaw fn=-479198208 , len=332
05-27 19:03:16.550   536   536 D commservice260303: sendCmdToPort :332!!!
05-27 19:03:16.550   536   536 D commservice260303: send Cmd To Port ++++5AA501488A01000470E36A16CF747B22636F6D6D616E64223A7B226964223A22696D755F737461747573222C22737562223A22227D2C22636F6E74656E74223A7B2254696D655374616D70223A31312C224672616D65436F756E746572223A3237333938372C2247445F58223A2D302E3031313037303834333738363030313230352C2247445F59223A302E3030353033393230303138363732393433312C2247445F5A223A302E303031393834383837323930373435393733362C2241445F58223A2D302E3030383439363132303537323039303134392C2241445F59223A312E363833343834323937323435373431452D342C2241445F5A223A2D302E31363730393531383433323631373138382C2254656D70447370223A302C22537461747573223A302C2243616C69625374617465223A312C22536967416D70496E76616C6964223A307D7D0C57
05-27 19:03:16.550   536   536 D commservice260303: bufferevent_write retrun value = 0
05-27 19:03:16.550   536   560 D commservice260303: client datas send succeed,send finish
05-27 19:03:16.550 13911 14192 D Sentinelmode_1.2.5.17_sentry: <SentryImuClusterFgeSender>imu_status sent to Linux, frame=273987, tsNs=11663786, tsMs=11, intervalMs=32, ad=(-0.008496121,1.6834843E-4,-0.16709518), gd=(-0.011070844,0.0050392,0.0019848873)
05-27 19:03:16.551   581   581 I SpiService: fgesysctrl_getGPIO_status success val=1
05-27 19:03:16.552  1008 30856 D [OMXB]  : usingANWBuffer: handle:0xee741b90, format:1, w:1920, h:1080
05-27 08:54:25.516   581   581 D spi_rst_gpio_get_output: GPIO 145 value: 1
05-27 08:54:25.516   581   581 D spidev_ioctl: gpio status=1)
05-27 19:03:16.556   299 30844 D EvsDriver: forwardFrame
05-27 19:03:16.557   581   581 I SpiService: fgesysctrl_getGPIO_status success val=1
05-27 19:03:16.558   299 30841 D EvsDriver: forwardFrame
05-27 19:03:16.558   299 30844 D EvsDriver: Delivered 0xb400007b7ca56900 as id 0
05-27 19:03:16.558  1167  1479 D evsmanagerd: /dev/video6 forwarded the buffer #0 to 0xb4000074bf5f5510 from 0xb4000074bf5f6d90
05-27 19:03:16.560  1167  1479 D evsmanagerd: /dev/video4 forwarded the buffer #0 to 0xb4000074bf5f6850 from 0xb4000074bf5f41d0
05-27 19:03:16.560   299 30841 D EvsDriver: Delivered 0xb400007b7ca56a60 as id 0
05-27 08:54:25.522   581   581 D spi_rst_gpio_get_output: GPIO 145 value: 1
05-27 08:54:25.522   581   581 D spidev_ioctl: gpio status=1)
05-27 19:03:16.563   581   581 I SpiService: fgesysctrl_getGPIO_status success val=0
05-27 19:03:16.564   299  1153 D EvsDriver: doneWithFrame
05-27 19:03:16.565 30773 30786 I dvr_service_: CameraX 0  audioOK: 125654043,audios:1880
05-27 19:03:16.565   299  1163 D EvsDriver: doneWithFrame
05-27 19:03:16.567 13911 14183 I SentryImuMcuAngleSender: 179.99649rollDeg
05-27 19:03:16.567 13911 14183 I SentryImuMcuAngleSender: 1,0,0
05-27 08:54:25.528   581   581 D spi_rst_gpio_get_output: GPIO 145 value: 0
05-27 08:54:25.528   581   581 D spidev_ioctl: gpio status=0)
05-27 19:03:16.572   283   307 I rvcservice: t.code = 1, t.value = -170190
05-27 19:03:16.573   572   622 I Sensors : 230 GyroSensor: x:-0.011835,y:0.004886,z:0.001603
05-27 19:03:16.577   481   598 I mcuc    : rev,n=1,6AA681EAEA008C8305000055000000B0000000000001000100008CDE6EB159D0286E5A6E590C416E59DCB36E5AB227C39E0D4F8B00000000040000B3000000000000000000000000000000B44300000000000300000000000000AA000000E40701010000000000000000BB06050507EA051B000008009403CB00CC000000000000000000000000000000B500000000000000008C
05-27 19:03:16.578   299 30841 D EvsDriver: forwardFrame
05-27 19:03:16.578   351   373 D automotive.vehicle@2.0-adayo-datacomm-mcu: MCUDatacomm sendMessageFromVehicle prop: 0x83, areaId: 0x5, status: 0x0, timestamp: 0x0
05-27 19:03:16.578   351   373 D automotive.vehicle@2.0-adayo-datacomm-mcu: MCUDatacomm 1sendMessageFromVehicle ---> type = 7 
05-27 19:03:16.578   351   373 I automotive.vehicle@2.0-adayo-func-mcu: MCUFunc :sendMessageFromVehicle  msgBuff[0] = 131 
05-27 19:03:16.578   351   373 I automotive.vehicle@2.0-adayo-func-mcu: MCUFunc :sendMessageFromVehicle  msgBuff[1] = 5 
05-27 19:03:16.578   351   373 I automotive.vehicle@2.0-adayo-func-mcu: MCUFunc :sendMessageFromVehicle  msgBuff[2] = 0 
05-27 19:03:16.578   351   373 I automotive.vehicle@2.0-adayo-func-mcu: MCUFunc :sendMessageFromVehicle  msgBuff[3] = 0 
05-27 19:03:16.578   351   373 I automotive.vehicle@2.0-adayo-func-mcu: MCUFunc :sendMessageFromVehicle  msgBuff[4] = 85 
05-27 19:03:16.578   351   373 I automotive.vehicle@2.0-adayo-func-mcu: MCUFunc :sendMessageFromVehicle  msgBuff[5] = 0 
05-27 19:03:16.579   581   581 I SpiService: fgesysctrl_getGPIO_status success val=1
05-27 19:03:16.580   299 30841 D EvsDriver: Delivered 0xb400007b7ca56a60 as id 0
05-27 19:03:16.580  1167  1184 D evsmanagerd: /dev/video4 forwarded the buffer #0 to 0xb4000074bf5f6850 from 0xb4000074bf5f41d0
05-27 08:54:25.543   581   581 D spi_rst_gpio_get_output: GPIO 145 value: 1
05-27 08:54:25.543   581   581 D spidev_ioctl: gpio status=1)
05-27 19:03:16.583   299 30844 D EvsDriver: forwardFrame
05-27 19:03:16.584  1167  1479 D evsmanagerd: /dev/video6 forwarded the buffer #0 to 0xb4000074bf5f5510 from 0xb4000074bf5f6d90
05-27 19:03:16.585   299  1153 D EvsDriver: doneWithFrame
05-27 19:03:16.585 30773 30773 E dvr_service_: [myNum:1] Received S**** loss
05-27 19:03:16.585   299  1153 D EvsDriver: doneWithFrame
05-27 19:03:16.585   299 30844 D EvsDriver: Delivered 0xb400007b7ca56900 as id 0
05-27 19:03:16.588   581   581 I SpiService: fgesysctrl_getGPIO_status success val=1
05-27 19:03:16.588 13911 14183 I SentryImuMcuAngleSender: 179.986rollDeg
05-27 19:03:16.588 13911 14183 I SentryImuMcuAngleSender: 1,0,0
05-27 08:54:25.552   581   581 D spi_rst_gpio_get_output: GPIO 145 value: 1
05-27 08:54:25.552   581   581 D spidev_ioctl: gpio status=1)
05-27 19:03:16.590   536   536 D commservice260303: msg.id = 1028,0
05-27 19:03:16.591   536   536 D commservice260303: i = 170, msgid = 8A000404
05-27 19:03:16.591   536   536 D commservice260303: msgid = -1979710460,did=138
05-27 19:03:16.591   536   536 D commservice260303: CommProtocolLibCmdBaseI2C::dataproc {"command":{"id":"imu_status","sub":""},"content":{"TimeStamp":11,"FrameCounter":273988,"GD_X":-0.011834942735731602,"GD_Y":0.0048857564106583595,"GD_Z":0.0016030981205403805,"AD_X":-0.006030663847923279,"AD_Y":0.0019910272676497698,"AD_Z":-0.17075443267822266,"TempDsp":0,"Status":0,"CalibState":1,"SigAmpInvalid":0}},-1979710460
05-27 19:03:16.591   536   536 D commservice260303: send2Cluster len:318, 7B22636F6D6D616E64223A7B226964223A22696D755F737461747573222C22737562223A22227D2C22636F6E74656E74223A7B2254696D655374616D70223A31312C224672616D65436F756E746572223A3237333938382C2247445F58223A2D302E3031313833343934323733353733313630322C2247445F59223A302E303034383835373536343130363538333539352C2247445F5A223A302E303031363033303938313230353430333830352C2241445F58223A2D302E3030363033303636333834373932333237392C2241445F59223A302E303031393931303237323637363439373639382C2241445F5A223A2D302E31373037353434333236373832323236362C2254656D70447370223A302C22537461747573223A302C2243616C69625374617465223A312C22536967416D70496E76616C6964223A307D7D, 138 
05-27 19:03:16.591   536   536 D commservice260303: Push Message into SendPool fn=-462420992
05-27 19:03:16.591   536   536 D commservice260303: ComProtocolLibSend2Cluster::send2ClusterRaw fn=-462420992 , len=334
05-27 19:03:16.591   536   536 D commservice260303: sendCmdToPort :334!!!
05-27 19:03:16.591   536   536 D commservice260303: send Cmd To Port ++++5AA5014A8A01000470E46A16CF747B22636F6D6D616E64223A7B226964223A22696D755F737461747573222C22737562223A22227D2C22636F6E74656E74223A7B2254696D655374616D70223A31312C224672616D65436F756E746572223A3237333938382C2247445F58223A2D302E3031313833343934323733353733313630322C2247445F59223A302E303034383835373536343130363538333539352C2247445F5A223A302E303031363033303938313230353430333830352C2241445F58223A2D302E3030363033303636333834373932333237392C2241445F59223A302E303031393931303237323637363439373639382C2241445F5A223A2D302E31373037353434333236373832323236362C2254656D70447370223A302C22537461747573223A302C2243616C69625374617465223A312C22536967416D70496E76616C6964223A307D7D3201
05-27 19:03:16.591   536   536 D commservice260303: bufferevent_write retrun value = 0
05-27 19:03:16.591   536   560 D commservice260303: client datas send succeed,send finish
05-27 19:03:16.592 13911 14192 D Sentinelmode_1.2.5.17_sentry: <SentryImuClusterFgeSender>imu_status sent to Linux, frame=273988, tsNs=11663824, tsMs=11, intervalMs=41, ad=(-0.006030664,0.0019910273,-0.17075443), gd=(-0.011834943,0.0048857564,0.0016030981)
05-27 19:03:16.594   581   581 I SpiService: fgesysctrl_getGPIO_status success val=1
05-27 08:54:25.558   581   581 D spi_rst_gpio_get_output: GPIO 145 value: 1
05-27 08:54:25.558   581   581 D spidev_ioctl: gpio status=1)
05-27 19:03:16.599   581   581 I SpiService: fgesysctrl_getGPIO_status success val=0
05-27 19:03:16.600   481   597 I mcuc    : send SPI:6AA602EAEA00028305A0
05-27 08:54:25.564   581   581 D spi_rst_gpio_get_output: GPIO 145 value: 0
05-27 08:54:25.564   581   581 D spidev_ioctl: gpio status=0)
05-27 19:03:16.610 13911 14183 I SentryImuMcuAngleSender: 179.99298rollDeg
05-27 19:03:16.611 13911 14183 I SentryImuMcuAngleSender: 1,0,0
05-27 19:03:16.616   581   581 I SpiService: fgesysctrl_getGPIO_status success val=1
05-27 08:54:25.580   581   581 D spi_rst_gpio_get_output: GPIO 145 value: 1
05-27 08:54:25.581   581   581 D spidev_ioctl: gpio status=1)
05-27 19:03:16.617   299 30844 D EvsDriver: forwardFrame
05-27 19:03:16.619   299 30844 D EvsDriver: Delivered 0xb400007b7ca56900 as id 0
05-27 19:03:16.620  1167  1479 D evsmanagerd: /dev/video6 forwarded the buffer #0 to 0xb4000074bf5f5510 from 0xb4000074bf5f6d90
05-27 19:03:16.622   581   581 I SpiService: fgesysctrl_getGPIO_status success val=1
05-27 19:03:16.624   299  1153 D EvsDriver: doneWithFrame
05-27 08:54:25.586   581   581 D spi_rst_gpio_get_output: GPIO 145 value: 1
05-27 08:54:25.586   581   581 D spidev_ioctl: gpio status=1)
05-27 19:03:16.626   830   830 D SurfaceFlinger: unisoc-graphics, commit has frameMissed:2, vysncId:234298
05-27 19:03:16.628   581   581 I SpiService: fgesysctrl_getGPIO_status success val=1
05-27 08:54:25.592   581   581 D spi_rst_gpio_get_output: GPIO 145 value: 1
05-27 08:54:25.592   581   581 D spidev_ioctl: gpio status=1)
05-27 19:03:16.628 30773 30786 I dvr_service_: CameraX 1  audioOK: 125654043,audios:1880
05-27 19:03:16.629  1008 30856 D [OMXB]  : usingANWBuffer: handle:0xee746cb0, format:1, w:1920, h:1080
05-27 19:03:16.630   299 30841 D EvsDriver: forwardFrame
05-27 19:03:16.631 13911 14183 I SentryImuMcuAngleSender: 179.99649rollDeg
05-27 19:03:16.632 13911 14183 I SentryImuMcuAngleSender: 1,0,0
05-27 19:03:16.634   581   581 I SpiService: fgesysctrl_getGPIO_status success val=1
05-27 19:03:16.635   299 30841 D EvsDriver: Delivered 0xb400007b7ca56a60 as id 0
05-27 19:03:16.635  1167  1479 D evsmanagerd: /dev/video4 forwarded the buffer #0 to 0xb4000074bf5f6850 from 0xb4000074bf5f41d0
05-27 19:03:16.635   536   536 D commservice260303: msg.id = 1028,0
05-27 19:03:16.635 30773 30773 E dvr_service_: [myNum:0] Received S**** loss
05-27 19:03:16.635   536   536 D commservice260303: i = 170, msgid = 8A000404
05-27 19:03:16.635   536   536 D commservice260303: msgid = -1979710460,did=138
05-27 19:03:16.635   536   536 D commservice260303: CommProtocolLibCmdBaseI2C::dataproc {"command":{"id":"imu_status","sub":""},"content":{"TimeStamp":11,"FrameCounter":273989,"GD_X":-0.011377211660146713,"GD_Y":0.005268065724521875,"GD_Z":0.001679039909504354,"AD_X":-0.002978220582008362,"AD_Y":7.62903830036521E-4,"AD_Z":-0.16831588745117188,"TempDsp":0,"Status":0,"CalibState":1,"SigAmpInvalid":0}},-1979710460
05-27 19:03:16.636   536   536 D commservice260303: send2Cluster len:314, 7B22636F6D6D616E64223A7B226964223A22696D755F737461747573222C22737562223A22227D2C22636F6E74656E74223A7B2254696D655374616D70223A31312C224672616D65436F756E746572223A3237333938392C2247445F58223A2D302E3031313337373231313636303134363731332C2247445F59223A302E3030353236383036353732343532313837352C2247445F5A223A302E3030313637393033393930393530343335342C2241445F58223A2D302E3030323937383232303538323030383336322C2241445F59223A372E3632393033383330303336353231452D342C2241445F5A223A2D302E31363833313538383734353131373138382C2254656D70447370223A302C22537461747573223A302C2243616C69625374617465223A312C22536967416D70496E76616C6964223A307D7D, 138 
05-27 19:03:16.636   536   536 D commservice260303: Push Message into SendPool fn=-445643776
05-27 19:03:16.636   536   536 D commservice260303: ComProtocolLibSend2Cluster::send2ClusterRaw fn=-445643776 , len=330
05-27 19:03:16.636   536   536 D commservice260303: sendCmdToPort :330!!!
05-27 19:03:16.636   536   536 D commservice260303: send Cmd To Port ++++5AA501468A01000470E56A16CF747B22636F6D6D616E64223A7B226964223A22696D755F737461747573222C22737562223A22227D2C22636F6E74656E74223A7B2254696D655374616D70223A31312C224672616D65436F756E746572223A3237333938392C2247445F58223A2D302E3031313337373231313636303134363731332C2247445F59223A302E3030353236383036353732343532313837352C2247445F5A223A302E3030313637393033393930393530343335342C2241445F58223A2D302E3030323937383232303538323030383336322C2241445F59223A372E3632393033383330303336353231452D342C2241445F5A223A2D302E31363833313538383734353131373138382C2254656D70447370223A302C22537461747573223A302C2243616C69625374617465223A312C22536967416D70496E76616C6964223A307D7D41E4
05-27 19:03:16.636   536   536 D commservice260303: bufferevent_write retrun value = 0
05-27 19:03:16.636   536   560 D commservice260303: client datas send succeed,send finish
05-27 19:03:16.636   299  1153 D EvsDriver: doneWithFrame
05-27 19:03:16.637 13911 14192 D Sentinelmode_1.2.5.17_sentry: <SentryImuClusterFgeSender>imu_status sent to Linux, frame=273989, tsNs=11663857, tsMs=11, intervalMs=45, ad=(-0.0029782206,7.6290383E-4,-0.16831589), gd=(-0.011377212,0.0052680657,0.0016790399)
05-27 08:54:25.598   581   581 D spi_rst_gpio_get_output: GPIO 145 value: 1
05-27 08:54:25.599   581   581 D spidev_ioctl: gpio status=1)
05-27 19:03:16.640   581   581 I SpiService: fgesysctrl_getGPIO_status success val=0
05-27 08:54:25.604   581   581 D spi_rst_gpio_get_output: GPIO 145 value: 0
05-27 08:54:25.604   581   581 D spidev_ioctl: gpio status=0)
05-27 19:03:16.642   830   830 D SurfaceFlinger: unisoc-graphics, commit has frameMissed:2, vysncId:234299
05-27 19:03:16.644  1008 30857 D [OMXB]  : usingANWBuffer: handle:0xee743df0, format:1, w:1920, h:1080
05-27 19:03:16.645   299 30844 D EvsDriver: forwardFrame
05-27 19:03:16.646   299 30844 D EvsDriver: Delivered 0xb400007b7ca56900 as id 0
05-27 19:03:16.646  1167  1479 D evsmanagerd: /dev/video6 forwarded the buffer #0 to 0xb4000074bf5f5510 from 0xb4000074bf5f6d90
05-27 19:03:16.651   299  1153 D EvsDriver: doneWithFrame
05-27 19:03:16.653 13911 14183 I SentryImuMcuAngleSender: 179.99649rollDeg
05-27 19:03:16.653 13911 14183 I SentryImuMcuAngleSender: 1,0,0
05-27 19:03:16.654   581   581 I SpiService: fgesysctrl_getGPIO_status success val=1
05-27 19:03:16.655   299 30841 D EvsDriver: forwardFrame
05-27 19:03:16.656   299 30841 D EvsDriver: Delivered 0xb400007b7ca56a60 as id 0
05-27 19:03:16.656  1167  1479 D evsmanagerd: /dev/video4 forwarded the buffer #0 to 0xb4000074bf5f6850 from 0xb4000074bf5f41d0
05-27 19:03:16.656 15286 23185 D okhttp.TaskRunner: Q10007 scheduled after   0 µs: OkHttp ConnectionPool
05-27 08:54:25.619   581   581 D spi_rst_gpio_get_output: GPIO 145 value: 1
05-27 19:03:16.657 15286 20914 D okhttp.TaskRunner: Q10007 starting              : OkHttp ConnectionPool
05-27 19:03:16.658 15286 20914 D okhttp.TaskRunner: Q10007 run again after 300 s : OkHttp ConnectionPool
05-27 19:03:16.658 15286 20914 D okhttp.TaskRunner: Q10007 finished run in   2 ms: OkHttp ConnectionPool
05-27 19:03:16.660   581   581 I SpiService: fgesysctrl_getGPIO_status success val=1
05-27 19:03:16.660   299  1153 D EvsDriver: doneWithFrame
05-27 08:54:25.619   581   581 D spidev_ioctl: gpio status=1)
05-27 08:54:25.625   581   581 D spi_rst_gpio_get_output: GPIO 145 value: 1
05-27 08:54:25.625   581   581 D spidev_ioctl: gpio status=1)
05-27 08:54:25.627 23600 23600 W audit   : audit_lost=45054 audit_rate_limit=5 audit_backlog_limit=64
05-27 08:54:25.627 23600 23600 E audit   : rate limit exceeded
05-27 19:03:16.666   581   581 I SpiService: fgesysctrl_getGPIO_status success val=1
05-27 08:54:25.631   581   581 D spi_rst_gpio_get_output: GPIO 145 value: 1
05-27 08:54:25.631   581   581 D spidev_ioctl: gpio status=1)
05-27 19:03:16.671   536   536 D commservice260303: msg.id = 1028,0
05-27 19:03:16.672   581   581 I SpiService: fgesysctrl_getGPIO_status success val=1
05-27 19:03:16.672   536   536 D commservice260303: i = 170, msgid = 8A000404
05-27 19:03:16.672   536   536 D commservice260303: msgid = -1979710460,did=138
05-27 19:03:16.672   536   536 D commservice260303: CommProtocolLibCmdBaseI2C::dataproc {"command":{"id":"imu_status","sub":""},"content":{"TimeStamp":11,"FrameCounter":273990,"GD_X":-0.011300750076770782,"GD_Y":0.005573912989348173,"GD_Z":0.0016030981205403805,"AD_X":-5.478858947753906E-4,"AD_Y":0.0013667016755789518,"AD_Z":-0.17197418212890625,"TempDsp":0,"Status":0,"CalibState":1,"SigAmpInvalid":0}},-1979710460
05-27 19:03:16.672   536   536 D commservice260303: send2Cluster len:317, 7B22636F6D6D616E64223A7B226964223A22696D755F737461747573222C22737562223A22227D2C22636F6E74656E74223A7B2254696D655374616D70223A31312C224672616D65436F756E746572223A3237333939302C2247445F58223A2D302E3031313330303735303037363737303738322C2247445F59223A302E3030353537333931323938393334383137332C2247445F5A223A302E303031363033303938313230353430333830352C2241445F58223A2D352E343738383538393437373533393036452D342C2241445F59223A302E303031333636373031363735353738393531382C2241445F5A223A2D302E31373139373431383231323839303632352C2254656D70447370223A302C22537461747573223A302C2243616C69625374617465223A312C22536967416D70496E76616C6964223A307D7D, 138 
05-27 19:03:16.672   536   536 D commservice260303: Push Message into SendPool fn=-428866560
05-27 19:03:16.672   536   536 D commservice260303: ComProtocolLibSend2Cluster::send2ClusterRaw fn=-428866560 , len=333
05-27 19:03:16.672   283   307 I rvcservice: t.code = 3, t.value = 0
05-27 19:03:16.673   536   536 D commservice260303: sendCmdToPort :333!!!
05-27 19:03:16.673   536   536 D commservice260303: send Cmd To Port ++++5AA501498A01000470E66A16CF747B22636F6D6D616E64223A7B226964223A22696D755F737461747573222C22737562223A22227D2C22636F6E74656E74223A7B2254696D655374616D70223A31312C224672616D65436F756E746572223A3237333939302C2247445F58223A2D302E3031313330303735303037363737303738322C2247445F59223A302E3030353537333931323938393334383137332C2247445F5A223A302E303031363033303938313230353430333830352C2241445F58223A2D352E343738383538393437373533393036452D342C2241445F59223A302E303031333636373031363735353738393531382C2241445F5A223A2D302E31373139373431383231323839303632352C2254656D70447370223A302C22537461747573223A302C2243616C69625374617465223A312C22536967416D70496E76616C6964223A307D7D50BF
05-27 19:03:16.673   536   536 D commservice260303: bufferevent_write retrun value = 0
05-27 19:03:16.673   536   560 D commservice260303: client datas send succeed,send finish
05-27 19:03:16.674 13911 14192 D Sentinelmode_1.2.5.17_sentry: <SentryImuClusterFgeSender>imu_status sent to Linux, frame=273990, tsNs=11663912, tsMs=11, intervalMs=37, ad=(-5.478859E-4,0.0013667017,-0.17197418), gd=(-0.01130075,0.005573913,0.0016030981)
05-27 08:54:25.636   581   581 D spi_rst_gpio_get_output: GPIO 145 value: 1
05-27 08:54:25.636   581   581 D spidev_ioctl: gpio status=1)
05-27 19:03:16.676 13911 14183 I SentryImuMcuAngleSender: 179.98949rollDeg
05-27 19:03:16.676 13911 14183 I SentryImuMcuAngleSender: 1,0,0
05-27 19:03:16.677   581   581 I SpiService: fgesysctrl_getGPIO_status success val=1
05-27 19:03:16.678   572   622 I Sensors : 230 AccelSensor: x:-0.170800,y:0.002440,z:-9.975940
05-27 08:54:25.642   581   581 D spi_rst_gpio_get_output: GPIO 145 value: 1
05-27 08:54:25.642   581   581 D spidev_ioctl: gpio status=1)
05-27 19:03:16.683   581   581 I SpiService: fgesysctrl_getGPIO_status success val=0
05-27 08:54:25.648   581   581 D spi_rst_gpio_get_output: GPIO 145 value: 0
05-27 08:54:25.648   581   581 D spidev_ioctl: gpio status=0)
05-27 19:03:16.689   299 30841 D EvsDriver: forwardFrame
05-27 19:03:16.689   299 30844 D EvsDriver: forwardFrame
05-27 19:03:16.691   299 30844 D EvsDriver: Delivered 0xb400007b7ca56900 as id 0
05-27 19:03:16.691  1167  1184 D evsmanagerd: /dev/video6 forwarded the buffer #0 to 0xb4000074bf5f5510 from 0xb4000074bf5f6d90
05-27 19:03:16.691  1167  1479 D evsmanagerd: /dev/video4 forwarded the buffer #0 to 0xb4000074bf5f6850 from 0xb4000074bf5f41d0
05-27 19:03:16.691   299 30841 D EvsDriver: Delivered 0xb400007b7ca56a60 as id 0
05-27 19:03:16.693   830   830 D SurfaceFlinger: unisoc-graphics, commit has frameMissed:2, vysncId:234302
05-27 19:03:16.698 13911 14183 I SentryImuMcuAngleSender: 179.986rollDeg
05-27 19:03:16.698 13911 14183 I SentryImuMcuAngleSender: 1,0,0
05-27 19:03:16.694  1008 30856 D [OMXB]  : usingANWBuffer: handle:0xee740590, format:1, w:1920, h:1080
05-27 19:03:16.702   299  1153 D EvsDriver: doneWithFrame
05-27 19:03:16.703   581   581 I SpiService: fgesysctrl_getGPIO_status success val=1
05-27 19:03:16.706   299  1153 D EvsDriver: doneWithFrame
05-27 08:54:25.668   581   581 D spi_rst_gpio_get_output: GPIO 145 value: 1
05-27 19:03:16.710   581   581 I SpiService: fgesysctrl_getGPIO_status success val=1
05-27 19:03:16.710   830   830 D SurfaceFlinger: unisoc-graphics, commit has frameMissed:2, vysncId:234303
05-27 19:03:16.714   536   536 D commservice260303: msg.id = 1028,0
05-27 08:54:25.668   581   581 D spidev_ioctl: gpio status=1)
05-27 19:03:16.714   536   536 D commservice260303: i = 170, msgid = 8A000404
05-27 08:54:25.673   278   278 I logd    : logdr: UID=0 GID=0 PID=23640 b tail=0 logMask=bf pid=0 start=0ns deadline=0ns
05-27 19:03:16.714   536   536 D commservice260303: msgid = -1979710460,did=138
05-27 19:03:16.714   536   536 D commservice260303: CommProtocolLibCmdBaseI2C::dataproc {"command":{"id":"imu_status","sub":""},"content":{"TimeStamp":11,"FrameCounter":273991,"GD_X":-0.011377211660146713,"GD_Y":0.005345047451555729,"GD_Z":0.0019848872907459736,"AD_X":-0.0023838579654693604,"AD_Y":7.489609997719526E-4,"AD_Z":-0.17075443267822266,"TempDsp":0,"Status":0,"CalibState":1,"SigAmpInvalid":0}},-1979710460
05-27 19:03:16.715   536   536 D commservice260303: send2Cluster len:317, 7B22636F6D6D616E64223A7B226964223A22696D755F737461747573222C22737562223A22227D2C22636F6E74656E74223A7B2254696D655374616D70223A31312C224672616D65436F756E746572223A3237333939312C2247445F58223A2D302E3031313337373231313636303134363731332C2247445F59223A302E3030353334353034373435313535353732392C2247445F5A223A302E303031393834383837323930373435393733362C2241445F58223A2D302E303032333833383537393635343639333630342C2241445F59223A372E343839363039393937373139353236452D342C2241445F5A223A2D302E31373037353434333236373832323236362C2254656D70447370223A302C22537461747573223A302C2243616C69625374617465223A312C22536967416D70496E76616C6964223A307D7D, 138 
05-27 19:03:16.715   536   536 D commservice260303: Push Message into SendPool fn=-412089344
05-27 19:03:16.715   536   536 D commservice260303: ComProtocolLibSend2Cluster::send2ClusterRaw fn=-412089344 , len=333
05-27 19:03:16.715   536   536 D commservice260303: sendCmdToPort :333!!!
05-27 19:03:16.715   536   536 D commservice260303: send Cmd To Port ++++5AA501498A01000470E76A16CF747B22636F6D6D616E64223A7B226964223A22696D755F737461747573222C22737562223A22227D2C22636F6E74656E74223A7B2254696D655374616D70223A31312C224672616D65436F756E746572223A3237333939312C2247445F58223A2D302E3031313337373231313636303134363731332C2247445F59223A302E3030353334353034373435313535353732392C2247445F5A223A302E303031393834383837323930373435393733362C2241445F58223A2D302E303032333833383537393635343639333630342C2241445F59223A372E343839363039393937373139353236452D342C2241445F5A223A2D302E31373037353434333236373832323236362C2254656D70447370223A302C22537461747573223A302C2243616C69625374617465223A312C22536967416D70496E76616C6964223A307D7DB8DE
05-27 19:03:16.716   536   536 D commservice260303: bufferevent_write retrun value = 0
05-27 19:03:16.716   581   581 I SpiService: fgesysctrl_getGPIO_status success val=1
05-27 08:54:25.674   581   581 D spi_rst_gpio_get_output: GPIO 145 value: 1
05-27 08:54:25.674   581   581 D spidev_ioctl: gpio status=1)
05-27 08:54:25.680   581   581 D spi_rst_gpio_get_output: GPIO 145 value: 1
05-27 08:54:25.680   581   581 D spidev_ioctl: gpio status=1)
05-27 08:54:25.686   581   581 D spi_rst_gpio_get_output: GPIO 145 value: 1
05-27 08:54:25.686   581   581 D spidev_ioctl: gpio status=1)
05-27 08:54:25.692   581   581 D spi_rst_gpio_get_output: GPIO 145 value: 0
05-27 08:54:25.692   581   581 D spidev_ioctl: gpio status=0)
05-27 19:03:16.716   536   560 D commservice260303: client datas send succeed,send finish
05-27 19:03:16.721   581   581 I SpiService: fgesysctrl_getGPIO_status success val=1
05-27 19:03:16.721  1008 30857 D [OMXB]  : usingANWBuffer: handle:0xee743190, format:1, w:1920, h:1080
05-27 19:03:16.722 13911 14183 I SentryImuMcuAngleSender: [4, 18, 1, 0, 0],5
05-27 19:03:16.723   299 30844 D EvsDriver: forwardFrame
05-27 19:03:16.723 13911 14183 I McuCommManager: mcuCommSendcmd [4, 18, 1, 0, 0]
05-27 19:03:16.723   299 30841 D EvsDriver: forwardFrame
05-27 19:03:16.724 13911 14192 D Sentinelmode_1.2.5.17_sentry: <SentryImuClusterFgeSender>imu_status sent to Linux, frame=273991, tsNs=11663948, tsMs=11, intervalMs=50, ad=(-0.002383858,7.48961E-4,-0.17075443), gd=(-0.011377212,0.0053450475,0.0019848873)
05-27 19:03:16.724   299 30844 D EvsDriver: Delivered 0xb400007b7ca56900 as id 0
05-27 19:03:16.724  1167  1479 D evsmanagerd: /dev/video6 forwarded the buffer #0 to 0xb4000074bf5f5510 from 0xb4000074bf5f6d90
05-27 19:03:16.725   299 30841 D EvsDriver: Delivered 0xb400007b7ca56a60 as id 0
05-27 19:03:16.725  1167  1479 D evsmanagerd: /dev/video4 forwarded the buffer #0 to 0xb4000074bf5f6850 from 0xb4000074bf5f41d0
05-27 19:03:16.727   581   581 I SpiService: fgesysctrl_getGPIO_status success val=0
05-27 19:03:16.728   481   597 I mcuc    : send SPI:6AA60080A900050412010000BB
05-27 19:03:16.729   299  1153 D EvsDriver: doneWithFrame
05-27 19:03:16.730 13911 14183 I SentryImuMcuAngleSender: true
05-27 19:03:16.730 13911 14183 W Sentinelmode_1.2.5.17_sentry: <SentryImuMcuAngleSender>MCU IMU send interval abnormal: 1010ms
05-27 19:03:16.731 13911 14183 I SentryImuMcuAngleSender: -179.99649rollDeg
05-27 19:03:16.731 13911 14183 I SentryImuMcuAngleSender: 1,0,0
05-27 19:03:16.738   299  1153 D EvsDriver: doneWithFrame
05-27 19:03:16.743   581   581 I SpiService: fgesysctrl_getGPIO_status success val=1
05-27 08:54:25.708   581   581 D spi_rst_gpio_get_output: GPIO 145 value: 1
05-27 08:54:25.708   581   581 D spidev_ioctl: gpio status=1)
05-27 19:03:16.747   830   830 D SurfaceFlinger: unisoc-graphics, commit has frameMissed:2, vysncId:234305
05-27 19:03:16.749   581   581 I SpiService: fgesysctrl_getGPIO_status success val=1
05-27 19:03:16.751   299 30841 D EvsDriver: forwardFrame
05-27 19:03:16.751 13911 14183 I SentryImuMcuAngleSender: 179.993rollDeg
05-27 19:03:16.751 13911 14183 I SentryImuMcuAngleSender: 1,0,0
05-27 19:03:16.752   299 30841 D EvsDriver: Delivered 0xb400007b7ca56a60 as id 0
05-27 19:03:16.753  1167  1479 D evsmanagerd: /dev/video4 forwarded the buffer #0 to 0xb4000074bf5f6850 from 0xb4000074bf5f41d0
05-27 08:54:25.714   581   581 D spi_rst_gpio_get_output: GPIO 145 value: 1
05-27 08:54:25.714   581   581 D spidev_ioctl: gpio status=1)
05-27 19:03:16.753   299 30844 D EvsDriver: forwardFrame
05-27 19:03:16.754   536   536 D commservice260303: msg.id = 1028,0
05-27 19:03:16.754   536   536 D commservice260303: i = 170, msgid = 8A000404
05-27 19:03:16.754   536   536 D commservice260303: msgid = -1979710460,did=138
05-27 19:03:16.754   536   536 D commservice260303: CommProtocolLibCmdBaseI2C::dataproc {"command":{"id":"imu_status","sub":""},"content":{"TimeStamp":11,"FrameCounter":273992,"GD_X":-0.01153013575822115,"GD_Y":0.005573912989348173,"GD_Z":0.0020608289632946253,"AD_X":-0.007241368293762207,"AD_Y":7.535124314017594E-4,"AD_Z":-0.17380428314208984,"TempDsp":0,"Status":0,"CalibState":1,"SigAmpInvalid":0}},-1979710460
05-27 19:03:16.754   536   536 D commservice260303: send2Cluster len:315, 7B22636F6D6D616E64223A7B226964223A22696D755F737461747573222C22737562223A22227D2C22636F6E74656E74223A7B2254696D655374616D70223A31312C224672616D65436F756E746572223A3237333939322C2247445F58223A2D302E30313135333031333537353832323131352C2247445F59223A302E3030353537333931323938393334383137332C2247445F5A223A302E303032303630383238393633323934363235332C2241445F58223A2D302E3030373234313336383239333736323230372C2241445F59223A372E353335313234333134303137353934452D342C2241445F5A223A2D302E31373338303432383331343230383938342C2254656D70447370223A302C22537461747573223A302C2243616C69625374617465223A312C22536967416D70496E76616C6964223A307D7D, 138 
05-27 19:03:16.754   536   536 D commservice260303: Push Message into SendPool fn=-395312128
05-27 19:03:16.754   536   536 D commservice260303: ComProtocolLibSend2Cluster::send2ClusterRaw fn=-395312128 , len=331
05-27 19:03:16.754   536   536 D commservice260303: sendCmdToPort :331!!!
05-27 19:03:16.754   536   536 D commservice260303: send Cmd To Port ++++5AA501478A01000470E86A16CF747B22636F6D6D616E64223A7B226964223A22696D755F737461747573222C22737562223A22227D2C22636F6E74656E74223A7B2254696D655374616D70223A31312C224672616D65436F756E746572223A3237333939322C2247445F58223A2D302E30313135333031333537353832323131352C2247445F59223A302E3030353537333931323938393334383137332C2247445F5A223A302E303032303630383238393633323934363235332C2241445F58223A2D302E3030373234313336383239333736323230372C2241445F59223A372E353335313234333134303137353934452D342C2241445F5A223A2D302E31373338303432383331343230383938342C2254656D70447370223A302C22537461747573223A302C2243616C69625374617465223A312C22536967416D70496E76616C6964223A307D7DD506
05-27 08:54:25.719   581   581 D spi_rst_gpio_get_output: GPIO 145 value: 1
05-27 08:54:25.719   581   581 D spidev_ioctl: gpio status=1)
05-27 19:03:16.755   536   536 D commservice260303: bufferevent_write retrun value = 0
05-27 19:03:16.755   536   560 D commservice260303: client datas send succeed,send finish
05-27 19:03:16.755   581   581 I SpiService: fgesysctrl_getGPIO_status success val=1
05-27 19:03:16.755 13911 14192 D Sentinelmode_1.2.5.17_sentry: <SentryImuClusterFgeSender>imu_status sent to Linux, frame=273992, tsNs=11664000, tsMs=11, intervalMs=32, ad=(-0.0072413683,7.5351243E-4,-0.17380428), gd=(-0.011530136,0.005573913,0.002060829)
05-27 19:03:16.756   299 30844 D EvsDriver: Delivered 0xb400007b7ca56900 as id 0
05-27 19:03:16.756  1167  1479 D evsmanagerd: /dev/video6 forwarded the buffer #0 to 0xb4000074bf5f5510 from 0xb4000074bf5f6d90
05-27 19:03:16.756 30773 30783 E dvr_service_: [myNum:1] Received S**** loss
05-27 19:03:16.757   299  1153 D EvsDriver: doneWithFrame
05-27 19:03:16.757   299  1163 D EvsDriver: doneWithFrame
05-27 08:54:25.725   581   581 D spi_rst_gpio_get_output: GPIO 145 value: 1
05-27 08:54:25.725   581   581 D spidev_ioctl: gpio status=1)
05-27 19:03:16.761   581   581 I SpiService: fgesysctrl_getGPIO_status success val=1
05-27 19:03:16.764   830   830 D SurfaceFlinger: unisoc-graphics, commit has frameMissed:2, vysncId:234306
05-27 19:03:16.766   581   581 I SpiService: fgesysctrl_getGPIO_status success val=0
05-27 19:03:16.768   572   572 I Sensors : 230 GyroSensor: x:-0.012217,y:0.005497,z:0.001832
05-27 08:54:25.731   581   581 D spi_rst_gpio_get_output: GPIO 145 value: 0
05-27 08:54:25.731   581   581 D spidev_ioctl: gpio status=0)
05-27 19:03:16.772 13911 14183 I SentryImuMcuAngleSender: 179.98949rollDeg
05-27 19:03:16.772 13911 14183 I SentryImuMcuAngleSender: 1,0,0
05-27 19:03:16.773   283   307 I rvcservice: t.code = 0, t.value = 0
05-27 19:03:16.781   830   830 D SurfaceFlinger: unisoc-graphics, commit has frameMissed:2, vysncId:234307
05-27 19:03:16.783   581   581 I SpiService: fgesysctrl_getGPIO_status success val=1
05-27 08:54:25.747   581   581 D spi_rst_gpio_get_output: GPIO 145 value: 1
05-27 08:54:25.747   581   581 D spidev_ioctl: gpio status=1)
05-27 19:03:16.788   581   581 I SpiService: fgesysctrl_getGPIO_status success val=1
05-27 08:54:25.753   581   581 D spi_rst_gpio_get_output: GPIO 145 value: 1
05-27 08:54:25.753   581   581 D spidev_ioctl: gpio status=1)
05-27 19:03:16.793 13911 14183 I SentryImuMcuAngleSender: 179.99649rollDeg
05-27 19:03:16.793 13911 14183 I SentryImuMcuAngleSender: 1,0,0
05-27 19:03:16.794   581   581 I SpiService: fgesysctrl_getGPIO_status success val=1
05-27 19:03:16.794   299 30841 D EvsDriver: forwardFrame
05-27 19:03:16.794   536   536 D commservice260303: msg.id = 1028,1
05-27 19:03:16.794   536   536 D commservice260303: i = 170, msgid = 8A000404
05-27 19:03:16.794   536   536 D commservice260303: msgid = -1979710460,did=138
05-27 19:03:16.794   536   536 D commservice260303: CommProtocolLibCmdBaseI2C::dataproc {"command":{"id":"imu_status","sub":""},"content":{"TimeStamp":11,"FrameCounter":273993,"GD_X":-0.012293193489313126,"GD_Y":0.00549693126231432,"GD_Z":0.0018319635419175029,"AD_X":-0.0060005635023117065,"AD_Y":1.38528470415622E-4,"AD_Z":-0.17014503479003906,"TempDsp":0,"Status":0,"CalibState":1,"SigAmpInvalid":0}},-1979710460
05-27 19:03:16.794   536   536 D commservice260303: send2Cluster len:315, 7B22636F6D6D616E64223A7B226964223A22696D755F737461747573222C22737562223A22227D2C22636F6E74656E74223A7B2254696D655374616D70223A31312C224672616D65436F756E746572223A3237333939332C2247445F58223A2D302E3031323239333139333438393331333132362C2247445F59223A302E30303534393639333132363233313433322C2247445F5A223A302E303031383331393633353431393137353032392C2241445F58223A2D302E303036303030353633353032333131373036352C2241445F59223A312E3338353238343730343135363232452D342C2241445F5A223A2D302E31373031343530333437393030333930362C2254656D70447370223A302C22537461747573223A302C2243616C69625374617465223A312C22536967416D70496E76616C6964223A307D7D, 138 
05-27 19:03:16.794   536   536 D commservice260303: Push Message into SendPool fn=-378534912
05-27 19:03:16.794   536   536 D commservice260303: ComProtocolLibSend2Cluster::send2ClusterRaw fn=-378534912 , len=331
05-27 19:03:16.794   536   536 D commservice260303: sendCmdToPort :331!!!
05-27 19:03:16.794   536   536 D commservice260303: send Cmd To Port ++++5AA501478A01000470E96A16CF747B22636F6D6D616E64223A7B226964223A22696D755F737461747573222C22737562223A22227D2C22636F6E74656E74223A7B2254696D655374616D70223A31312C224672616D65436F756E746572223A3237333939332C2247445F58223A2D302E3031323239333139333438393331333132362C2247445F59223A302E30303534393639333132363233313433322C2247445F5A223A302E303031383331393633353431393137353032392C2241445F58223A2D302E303036303030353633353032333131373036352C2241445F59223A312E3338353238343730343135363232452D342C2241445F5A223A2D302E31373031343530333437393030333930362C2254656D70447370223A302C22537461747573223A302C2243616C69625374617465223A312C22536967416D70496E76616C6964223A307D7DE1A9
05-27 19:03:16.795   536   536 D commservice260303: bufferevent_write retrun value = 0
05-27 19:03:16.795   299 30844 D EvsDriver: forwardFrame
05-27 19:03:16.795   536   560 D commservice260303: client datas send succeed,send finish
05-27 19:03:16.795   299 30841 D EvsDriver: Delivered 0xb400007b7ca56a60 as id 0
05-27 19:03:16.795  1167  1479 D evsmanagerd: /dev/video4 forwarded the buffer #0 to 0xb4000074bf5f6850 from 0xb4000074bf5f41d0
