05-27 19:03:22.986   536   536 D commservice260303: send2Cluster len:314, 7B22636F6D6D616E64223A7B226964223A22696D755F737461747573222C22737562223A22227D2C22636F6E74656E74223A7B2254696D655374616D70223A31312C224672616D65436F756E746572223A3237343134332C2247445F58223A2D302E3031303834313937383731333837303034392C2247445F59223A302E30303534393639333132363233313433322C2247445F5A223A302E3030323231333735323539353730373737342C2241445F58223A2D302E3030373430383537343232333531383337322C2241445F59223A342E353736373239383433333932393638452D342C2241445F5A223A2D302E31363935333436383332323735333930362C2254656D70447370223A302C22537461747573223A302C2243616C69625374617465223A312C22536967416D70496E76616C6964223A307D7D, 138 
05-27 19:03:22.986   536   536 D commservice260303: Push Message into SendPool fn=-2056190976
05-27 19:03:22.986   536   536 D commservice260303: ComProtocolLibSend2Cluster::send2ClusterRaw fn=-2056190976 , len=330
05-27 19:03:22.986   536   536 D commservice260303: sendCmdToPort :330!!!
05-27 19:03:22.986   536   536 D commservice260303: send Cmd To Port ++++5AA501468A01000471856A16CF7A7B22636F6D6D616E64223A7B226964223A22696D755F737461747573222C22737562223A22227D2C22636F6E74656E74223A7B2254696D655374616D70223A31312C224672616D65436F756E746572223A3237343134332C2247445F58223A2D302E3031303834313937383731333837303034392C2247445F59223A302E30303534393639333132363233313433322C2247445F5A223A302E3030323231333735323539353730373737342C2241445F58223A2D302E3030373430383537343232333531383337322C2241445F59223A342E353736373239383433333932393638452D342C2241445F5A223A2D302E31363935333436383332323735333930362C2254656D70447370223A302C22537461747573223A302C2243616C69625374617465223A312C22536967416D70496E76616C6964223A307D7D39E7
05-27 19:03:22.987   536   536 D commservice260303: bufferevent_write retrun value = 0
05-27 19:03:22.987   536   560 D commservice260303: client datas send succeed,send finish
05-27 19:03:22.987   299  1163 D EvsDriver: doneWithFrame
05-27 19:03:22.987 13911 14192 D Sentinelmode_1.2.5.17_sentry: <SentryImuClusterFgeSender>imu_status sent to Linux, frame=274143, tsNs=11670223, tsMs=11, intervalMs=37, ad=(-0.007408574,4.5767298E-4,-0.16953468), gd=(-0.010841979,0.0054969313,0.0022137526)
05-27 19:03:22.989   581   581 I SpiService: fgesysctrl_getGPIO_status success val=1
05-27 19:03:22.989 13911 14183 I SentryImuMcuAngleSender: 179.993rollDeg
05-27 19:03:22.989 13911 14183 I SentryImuMcuAngleSender: 1,0,0
05-27 19:03:22.994   581   581 I SpiService: fgesysctrl_getGPIO_status success val=1
05-27 08:54:31.959   581   581 D spi_rst_gpio_get_output: GPIO 145 value: 1
05-27 08:54:31.959   581   581 D spidev_ioctl: gpio status=1)
05-27 19:03:22.999   830   830 D SurfaceFlinger: unisoc-graphics, commit has frameMissed:2, vysncId:234603
05-27 19:03:23.000   581   581 I SpiService: fgesysctrl_getGPIO_status success val=1
05-27 08:54:31.964   581   581 D spi_rst_gpio_get_output: GPIO 145 value: 1
05-27 08:54:31.964   581   581 D spidev_ioctl: gpio status=1)
05-27 19:03:23.006   581   581 I SpiService: fgesysctrl_getGPIO_status success val=0
05-27 08:54:31.970   581   581 D spi_rst_gpio_get_output: GPIO 145 value: 0
05-27 08:54:31.971   581   581 D spidev_ioctl: gpio status=0)
05-27 19:03:23.009 13911 14183 I SentryImuMcuAngleSender: 179.97897rollDeg
05-27 19:03:23.009 13911 14183 I SentryImuMcuAngleSender: 1,0,0
05-27 19:03:23.010   299 30841 D EvsDriver: forwardFrame
05-27 19:03:23.011 30773 30787 I dvr_service_: [runShortMediaThread:298] cameraId:0 medias:300,audios:220,stateAudio:0,mShortState:0,warnEvent:0,state:1
05-27 19:03:23.012   299 30841 D EvsDriver: Delivered 0xb400007b7ca56a60 as id 0
05-27 19:03:23.012  1167  1479 D evsmanagerd: /dev/video4 forwarded the buffer #0 to 0xb4000074bf5f6850 from 0xb4000074bf5f41d0
05-27 19:03:23.013   283   307 I rvcservice: t.code = 1, t.value = -173239
05-27 19:03:23.016   299  1163 D EvsDriver: doneWithFrame
05-27 19:03:23.018   299 30844 D EvsDriver: forwardFrame
05-27 08:54:31.981     0     0 W         : c6 [    C6] Irq_monitor:Irq                                           IPI[1]occur        6055 times interval 1024 ms
05-27 08:54:31.986   581   581 D spi_rst_gpio_get_output: GPIO 145 value: 1
05-27 08:54:31.986   581   581 D spidev_ioctl: gpio status=1)
05-27 19:03:23.021   581   581 I SpiService: fgesysctrl_getGPIO_status success val=1
05-27 19:03:23.022   299 30844 D EvsDriver: Delivered 0xb400007b7ca56900 as id 0
05-27 19:03:23.022  1167  1479 D evsmanagerd: /dev/video6 forwarded the buffer #0 to 0xb4000074bf5f5510 from 0xb4000074bf5f6d90
05-27 19:03:23.024   299  1163 D EvsDriver: doneWithFrame
05-27 19:03:23.025 30773 30786 I dvr_service_: CameraX 1  audioOK: 132054043,audios:1980
05-27 19:03:23.027   581   581 I SpiService: fgesysctrl_getGPIO_status success val=1
05-27 19:03:23.027   536   536 D commservice260303: msg.id = 1028,0
05-27 19:03:23.027   536   536 D commservice260303: i = 170, msgid = 8A000404
05-27 19:03:23.027   536   536 D commservice260303: msgid = -1979710460,did=138
05-27 19:03:23.027   536   536 D commservice260303: CommProtocolLibCmdBaseI2C::dataproc {"command":{"id":"imu_status","sub":""},"content":{"TimeStamp":11,"FrameCounter":274144,"GD_X":-0.010690094903111458,"GD_Y":0.005420989356935024,"GD_Z":0.0020608289632946253,"AD_X":-9.948015213012695E-5,"AD_Y":0.00288171274587512,"AD_Z":-0.16709518432617188,"TempDsp":0,"Status":0,"CalibState":1,"SigAmpInvalid":0}},-1979710460
05-27 19:03:23.027   536   536 D commservice260303: send2Cluster len:315, 7B22636F6D6D616E64223A7B226964223A22696D755F737461747573222C22737562223A22227D2C22636F6E74656E74223A7B2254696D655374616D70223A31312C224672616D65436F756E746572223A3237343134342C2247445F58223A2D302E3031303639303039343930333131313435382C2247445F59223A302E3030353432303938393335363933353032342C2247445F5A223A302E303032303630383238393633323934363235332C2241445F58223A2D392E393438303135323133303132363935452D352C2241445F59223A302E30303238383137313237343538373531322C2241445F5A223A2D302E31363730393531383433323631373138382C2254656D70447370223A302C22537461747573223A302C2243616C69625374617465223A312C22536967416D70496E76616C6964223A307D7D, 138 
05-27 19:03:23.027   536   536 D commservice260303: Push Message into SendPool fn=-2039413760
05-27 19:03:23.027   536   536 D commservice260303: ComProtocolLibSend2Cluster::send2ClusterRaw fn=-2039413760 , len=331
05-27 19:03:23.027   536   536 D commservice260303: sendCmdToPort :331!!!
05-27 19:03:23.028   536   536 D commservice260303: send Cmd To Port ++++5AA501478A01000471866A16CF7B7B22636F6D6D616E64223A7B226964223A22696D755F737461747573222C22737562223A22227D2C22636F6E74656E74223A7B2254696D655374616D70223A31312C224672616D65436F756E746572223A3237343134342C2247445F58223A2D302E3031303639303039343930333131313435382C2247445F59223A302E3030353432303938393335363933353032342C2247445F5A223A302E303032303630383238393633323934363235332C2241445F58223A2D392E393438303135323133303132363935452D352C2241445F59223A302E30303238383137313237343538373531322C2241445F5A223A2D302E31363730393531383433323631373138382C2254656D70447370223A302C22537461747573223A302C2243616C69625374617465223A312C22536967416D70496E76616C6964223A307D7D05D1
05-27 19:03:23.028   536   536 D commservice260303: bufferevent_write retrun value = 0
05-27 19:03:23.028   536   560 D commservice260303: client datas send succeed,send finish
05-27 08:54:31.991   581   581 D spi_rst_gpio_get_output: GPIO 145 value: 1
05-27 08:54:31.991   581   581 D spidev_ioctl: gpio status=1)
05-27 19:03:23.030 13911 14183 I SentryImuMcuAngleSender: 179.97899rollDeg
05-27 19:03:23.030 13911 14183 I SentryImuMcuAngleSender: 1,0,0
05-27 19:03:23.030  1008 30856 D [OMXB]  : usingANWBuffer: handle:0xee743710, format:1, w:1920, h:1080
05-27 19:03:23.032 13911 14192 D Sentinelmode_1.2.5.17_sentry: <SentryImuClusterFgeSender>imu_status sent to Linux, frame=274144, tsNs=11670258, tsMs=11, intervalMs=44, ad=(-9.948015E-5,0.0028817127,-0.16709518), gd=(-0.010690095,0.0054209894,0.002060829)
05-27 19:03:23.032   581   581 I SpiService: fgesysctrl_getGPIO_status success val=1
05-27 08:54:31.997   581   581 D spi_rst_gpio_get_output: GPIO 145 value: 1
05-27 08:54:31.997   581   581 D spidev_ioctl: gpio status=1)
05-27 19:03:23.038   581   581 I SpiService: fgesysctrl_getGPIO_status success val=1
05-27 19:03:23.033  1122  1122 I auditd  : type=1400 audit(0.0:76203): avc: denied { dac_read_search } for comm="tbox_ap" capability=2 scontext=u:r:tboxd:s0 tcontext=u:r:tboxd:s0 tclass=capability permissive=1
05-27 19:03:23.033  1122  1122 I tbox_ap : type=1400 audit(0.0:76203): avc: denied { dac_read_search } for capability=2 scontext=u:r:tboxd:s0 tcontext=u:r:tboxd:s0 tclass=capability permissive=1
05-27 19:03:23.033  1122  1122 I auditd  : type=1400 audit(0.0:76204): avc: denied { dac_override } for comm="tbox_ap" capability=1 scontext=u:r:tboxd:s0 tcontext=u:r:tboxd:s0 tclass=capability permissive=1
05-27 19:03:23.033  1122  1122 I tbox_ap : type=1400 audit(0.0:76204): avc: denied { dac_override } for capability=1 scontext=u:r:tboxd:s0 tcontext=u:r:tboxd:s0 tclass=capability permissive=1
05-27 19:03:23.039  1077  1077 D TboxPowerHelperZmq: lease keepalive owner=tbox_ap_1122_14296_54645e6d req=2806016758563997978
05-27 08:54:32.002   581   581 D spi_rst_gpio_get_output: GPIO 145 value: 1
05-27 08:54:32.002   581   581 D spidev_ioctl: gpio status=1)
05-27 19:03:23.042   572   622 I Sensors : 230 GyroSensor: x:-0.012370,y:0.005268,z:0.002061
05-27 19:03:23.043   581   581 I SpiService: fgesysctrl_getGPIO_status success val=0
05-27 08:54:32.008   581   581 D spi_rst_gpio_get_output: GPIO 145 value: 0
05-27 08:54:32.008   581   581 D spidev_ioctl: gpio status=0)
05-27 19:03:23.049 13911 14183 I SentryImuMcuAngleSender: 179.97197rollDeg
05-27 19:03:23.049 13911 14183 I SentryImuMcuAngleSender: 1,0,0
05-27 19:03:23.056   481   598 I mcuc    : rev,n=1,6AA681EB0C006B8900030600030A4000003419400000000040000005354000000000400059231C4000004000000000000000000000000000000000000100000000000000000000000000000000000000000000000000000000000000000000000000000000000000000000000000000000009E
05-27 19:03:23.056   351   373 D automotive.vehicle@2.0-adayo-datacomm-mcu: MCUDatacomm sendMessageFromVehicle prop: 0x89, areaId: 0x0, status: 0x3, timestamp: 0x6
05-27 19:03:23.056   351   373 D automotive.vehicle@2.0-adayo-datacomm-mcu: MCUDatacomm 1sendMessageFromVehicle ---> type = 3 
05-27 19:03:23.056   351   373 D automotive.vehicle@2.0-adayo-func-bcm: sendMessageFromVehicle sendMessageFromVehicle
05-27 19:03:23.056   351   516 D automotive.vehicle@2.0-adayo-func-bcm: jjfan1 ______procotolSize :38
05-27 19:03:23.056   351   516 D automotive.vehicle@2.0-adayo-func-bcm: BCMFunc sendMessageFromVehicle_l dataType: 12,mByte=7,propid=0x2140006b
05-27 19:03:23.056   351   516 D automotive.vehicle@2.0-adayo-func-bcm: BCMFunc sendMessageFromVehicle_l msgBuff[7]=0x40,start:0,len:6,temp:6,
05-27 19:03:23.056   351   516 D automotive.vehicle@2.0-adayo-func-bcm: BCMFunc sendMessageFromVehicle_l prop: 0x2140006b ,areaId: 0x0  SPLITE_BIT_DATA_INTEGER : 0
05-27 19:03:23.056   351   516 D automotive.vehicle@2.0-adayo-func-bcm: BCMFunc sendMessageFromVehicle_l id:557842539, area:0 not report! 
05-27 19:03:23.056   351   516 D automotive.vehicle@2.0-adayo-func-bcm: BCMFunc sendMessageFromVehicle_l dataType: 12,mByte=7,propid=0x2140006c
05-27 19:03:23.056   351   516 D automotive.vehicle@2.0-adayo-func-bcm: BCMFunc sendMessageFromVehicle_l msgBuff[7]=0x40,start:6,len:2,temp:2,
05-27 19:03:23.056   351   516 D automotive.vehicle@2.0-adayo-func-bcm: BCMFunc sendMessageFromVehicle_l prop: 0x2140006c ,areaId: 0x0  SPLITE_BIT_DATA_INTEGER : 1
05-27 19:03:23.057   351   516 D automotive.vehicle@2.0-adayo-func-bcm: BCMFunc sendMessageFromVehicle_l id:557842540, area:0 not report! 
05-27 19:03:23.057   351   516 D automotive.vehicle@2.0-adayo-func-bcm: BCMFunc sendMessageFromVehicle_l dataType: 12,mByte=11,propid=0x2140004a
05-27 19:03:23.057   351   516 D automotive.vehicle@2.0-adayo-func-bcm: BCMFunc sendMessageFromVehicle_l msgBuff[11]=0x19,start:0,len:32,temp:8,
05-27 19:03:23.057   351   516 D automotive.vehicle@2.0-adayo-func-bcm: BCMFunc sendMessageFromVehicle_l msgBuff[10]=0x34,start:0,len:24,temp:8,
05-27 19:03:23.057   351   516 D automotive.vehicle@2.0-adayo-func-bcm: BCMFunc sendMessageFromVehicle_l msgBuff[9]=0x0,start:0,len:16,temp:8,
05-27 19:03:23.057   351   516 D automotive.vehicle@2.0-adayo-func-bcm: BCMFunc sendMessageFromVehicle_l msgBuff[8]=0x0,start:0,len:8,temp:8,
05-27 19:03:23.057   351   516 D automotive.vehicle@2.0-adayo-func-bcm: BCMFunc sendMessageFromVehicle_l prop: 0x2140004a ,areaId: 0x0  SPLITE_BIT_DATA_INTEGER : 13337
05-27 19:03:23.057   351   516 D automotive.vehicle@2.0-adayo-func-bcm: BCMFunc sendMessageFromVehicle_l id:557842506, area:0 not report! 
05-27 19:03:23.057   351   516 D automotive.vehicle@2.0-adayo-func-bcm: BCMFunc sendMessageFromVehicle_l dataType: 12,mByte=12,propid=0x2140006d
05-27 19:03:23.057   351   516 D automotive.vehicle@2.0-adayo-func-bcm: BCMFunc sendMessageFromVehicle_l msgBuff[12]=0x40,start:0,len:6,temp:6,
05-27 19:03:23.057   351   516 D automotive.vehicle@2.0-adayo-func-bcm: BCMFunc sendMessageFromVehicle_l prop: 0x2140006d ,areaId: 0x0  SPLITE_BIT_DATA_INTEGER : 0
05-27 19:03:23.057   351   516 D automotive.vehicle@2.0-adayo-func-bcm: BCMFunc sendMessageFromVehicle_l id:557842541, area:0 not report! 
05-27 19:03:23.057   351   516 D automotive.vehicle@2.0-adayo-func-bcm: BCMFunc sendMessageFromVehicle_l dataType: 12,mByte=12,propid=0x2140006e
05-27 19:03:23.057   351   516 D automotive.vehicle@2.0-adayo-func-bcm: BCMFunc sendMessageFromVehicle_l msgBuff[12]=0x40,start:6,len:2,temp:2,
05-27 19:03:23.057   351   516 D automotive.vehicle@2.0-adayo-func-bcm: BCMFunc sendMessageFromVehicle_l prop: 0x2140006e ,areaId: 0x0  SPLITE_BIT_DATA_INTEGER : 1
05-27 19:03:23.057   351   516 D automotive.vehicle@2.0-adayo-func-bcm: BCMFunc sendMessageFromVehicle_l id:557842542, area:0 not report! 
05-27 19:03:23.057   351   516 D automotive.vehicle@2.0-adayo-func-bcm: BCMFunc sendMessageFromVehicle_l dataType: 12,mByte=16,propid=0x21600040
05-27 19:03:23.057   351   516 D automotive.vehicle@2.0-adayo-func-bcm: BCMFunc sendMessageFromVehicle_l msgBuff[16]=0x0,start:0,len:32,temp:8,
05-27 19:03:23.057   351   516 D automotive.vehicle@2.0-adayo-func-bcm: BCMFunc sendMessageFromVehicle_l msgBuff[15]=0x0,start:0,len:24,temp:8,
05-27 19:03:23.057   351   516 D automotive.vehicle@2.0-adayo-func-bcm: BCMFunc sendMessageFromVehicle_l msgBuff[14]=0x0,start:0,len:16,temp:8,
05-27 19:03:23.057   351   516 D automotive.vehicle@2.0-adayo-func-bcm: BCMFunc sendMessageFromVehicle_l msgBuff[13]=0x0,start:0,len:8,temp:8,
05-27 19:03:23.057   351   516 D automotive.vehicle@2.0-adayo-func-bcm: BCMFunc sendMessageFromVehicle_l prop: 0x21600040 , SPLITE_BIT_DATA_INTEGER1 data:0
05-27 19:03:23.057   351   516 D automotive.vehicle@2.0-adayo-func-bcm: BCMFunc sendMessageFromVehicle_l prop: 0x21600040 , SPLITE_BIT_DATA_INTEGER4 procotol.calc[0]:0.100000,procotol.calc[1]:0.000000
05-27 19:03:23.057   351   516 D automotive.vehicle@2.0-adayo-func-bcm: BCMFunc sendMessageFromVehicle_l prop: 0x21600040 ,areaId: 0x0  SPLITE_BIT_DATA_INTEGER : 0.000000,calc[0]:0.100000,calc[1]:0.000000
05-27 19:03:23.057   351   516 D automotive.vehicle@2.0-adayo-func-bcm: BCMFunc sendMessageFromVehicle_l id:559939648, area:0 not report! 
05-27 19:03:23.057   351   516 D automotive.vehicle@2.0-adayo-func-bcm: BCMFunc sendMessageFromVehicle_l dataType: 12,mByte=17,propid=0x2140006f
05-27 19:03:23.057   351   516 D automotive.vehicle@2.0-adayo-func-bcm: BCMFunc sendMessageFromVehicle_l msgBuff[17]=0x40,start:0,len:6,temp:6,
05-27 19:03:23.057   351   516 D automotive.vehicle@2.0-adayo-func-bcm: BCMFunc sendMessageFromVehicle_l prop: 0x2140006f ,areaId: 0x0  SPLITE_BIT_DATA_INTEGER : 0
05-27 19:03:23.057   351   516 D automotive.vehicle@2.0-adayo-func-bcm: BCMFunc sendMessageFromVehicle_l id:557842543, area:0 not report! 
05-27 19:03:23.057   351   516 D automotive.vehicle@2.0-adayo-func-bcm: BCMFunc sendMessageFromVehicle_l dataType: 12,mByte=17,propid=0x21400070
05-27 19:03:23.057   351   516 D automotive.vehicle@2.0-adayo-func-bcm: BCMFunc sendMessageFromVehicle_l msgBuff[17]=0x40,start:6,len:2,temp:2,
05-27 19:03:23.057   351   516 D automotive.vehicle@2.0-adayo-func-bcm: BCMFunc sendMessageFromVehicle_l prop: 0x21400070 ,areaId: 0x0  SPLITE_BIT_DATA_INTEGER : 1
05-27 19:03:23.057   351   516 D automotive.vehicle@2.0-adayo-func-bcm: BCMFunc sendMessageFromVehicle_l id:557842544, area:0 not report! 
05-27 19:03:23.057   351   516 D automotive.vehicle@2.0-adayo-func-bcm: BCMFunc sendMessageFromVehicle_l dataType: 12,mByte=21,propid=0x2160004c
05-27 19:03:23.057   351   516 D automotive.vehicle@2.0-adayo-func-bcm: BCMFunc sendMessageFromVehicle_l msgBuff[21]=0x35,start:0,len:32,temp:8,
05-27 19:03:23.057   351   516 D automotive.vehicle@2.0-adayo-func-bcm: BCMFunc sendMessageFromVehicle_l msgBuff[20]=0x5,start:0,len:24,temp:8,
05-27 19:03:23.057   581   581 I SpiService: fgesysctrl_getGPIO_status success val=1
05-27 19:03:23.057   351   516 D automotive.vehicle@2.0-adayo-func-bcm: BCMFunc sendMessageFromVehicle_l msgBuff[19]=0x0,start:0,len:16,temp:8,
05-27 19:03:23.058   351   516 D automotive.vehicle@2.0-adayo-func-bcm: BCMFunc sendMessageFromVehicle_l msgBuff[18]=0x0,start:0,len:8,temp:8,
05-27 19:03:23.058   351   516 D automotive.vehicle@2.0-adayo-func-bcm: BCMFunc sendMessageFromVehicle_l prop: 0x2160004c , SPLITE_BIT_DATA_INTEGER1 data:1333
05-27 19:03:23.058   351   516 D automotive.vehicle@2.0-adayo-func-bcm: BCMFunc sendMessageFromVehicle_l prop: 0x2160004c , SPLITE_BIT_DATA_INTEGER4 procotol.calc[0]:0.100000,procotol.calc[1]:0.000000
05-27 19:03:23.058   351   516 D automotive.vehicle@2.0-adayo-func-bcm: BCMFunc sendMessageFromVehicle_l prop: 0x2160004c ,areaId: 0x0  SPLITE_BIT_DATA_INTEGER : 133.300003,calc[0]:0.100000,calc[1]:0.000000
05-27 19:03:23.058   351   516 D automotive.vehicle@2.0-adayo-func-bcm: BCMFunc sendMessageFromVehicle_l id:559939660, area:0 not report! 
05-27 19:03:23.058   351   516 D automotive.vehicle@2.0-adayo-func-bcm: BCMFunc sendMessageFromVehicle_l dataType: 12,mByte=22,propid=0x21400071
05-27 19:03:23.058   351   516 D automotive.vehicle@2.0-adayo-func-bcm: BCMFunc sendMessageFromVehicle_l msgBuff[22]=0x40,start:0,len:6,temp:6,
05-27 19:03:23.058   351   516 D automotive.vehicle@2.0-adayo-func-bcm: BCMFunc sendMessageFromVehicle_l prop: 0x21400071 ,areaId: 0x0  SPLITE_BIT_DATA_INTEGER : 0
05-27 19:03:23.058   351   516 D automotive.vehicle@2.0-adayo-func-bcm: BCMFunc sendMessageFromVehicle_l id:557842545, area:0 not report! 
05-27 19:03:23.058   351   516 D automotive.vehicle@2.0-adayo-func-bcm: BCMFunc sendMessageFromVehicle_l dataType: 12,mByte=22,propid=0x21400072
05-27 19:03:23.058   351   516 D automotive.vehicle@2.0-adayo-func-bcm: BCMFunc sendMessageFromVehicle_l msgBuff[22]=0x40,start:6,len:2,temp:2,
05-27 19:03:23.058   351   516 D automotive.vehicle@2.0-adayo-func-bcm: BCMFunc sendMessageFromVehicle_l prop: 0x21400072 ,areaId: 0x0  SPLITE_BIT_DATA_INTEGER : 1
05-27 19:03:23.058   351   516 D automotive.vehicle@2.0-adayo-func-bcm: BCMFunc sendMessageFromVehicle_l id:557842546, area:0 not report! 
05-27 19:03:23.058   351   516 D automotive.vehicle@2.0-adayo-func-bcm: BCMFunc sendMessageFromVehicle_l dataType: 12,mByte=24,propid=0x21400050
05-27 19:03:23.058   351   516 D automotive.vehicle@2.0-adayo-func-bcm: BCMFunc sendMessageFromVehicle_l msgBuff[24]=0x0,start:0,len:16,temp:8,
05-27 19:03:23.058   351   516 D automotive.vehicle@2.0-adayo-func-bcm: BCMFunc sendMessageFromVehicle_l msgBuff[23]=0x0,start:0,len:8,temp:8,
05-27 19:03:23.058   351   516 D automotive.vehicle@2.0-adayo-func-bcm: BCMFunc sendMessageFromVehicle_l prop: 0x21400050 ,areaId: 0x0  SPLITE_BIT_DATA_INTEGER : 0
05-27 19:03:23.058   351   516 D automotive.vehicle@2.0-adayo-func-bcm: BCMFunc sendMessageFromVehicle_l id:557842512, area:0 not report! 
05-27 19:03:23.058   351   516 D automotive.vehicle@2.0-adayo-func-bcm: BCMFunc sendMessageFromVehicle_l dataType: 12,mByte=25,propid=0x21400051
05-27 19:03:23.058   351   516 D automotive.vehicle@2.0-adayo-func-bcm: BCMFunc sendMessageFromVehicle_l msgBuff[25]=0x0,start:0,len:8,temp:8,
05-27 19:03:23.058   351   516 D automotive.vehicle@2.0-adayo-func-bcm: BCMFunc sendMessageFromVehicle_l prop: 0x21400051 ,areaId: 0x0  SPLITE_BIT_DATA_INTEGER : 0
05-27 19:03:23.058   351   516 D automotive.vehicle@2.0-adayo-func-bcm: BCMFunc sendMessageFromVehicle_l id:557842513, area:0 not report! 
05-27 19:03:23.058   351   516 D automotive.vehicle@2.0-adayo-func-bcm: BCMFunc sendMessageFromVehicle_l dataType: 12,mByte=26,propid=0x21400052
05-27 19:03:23.058   351   516 D automotive.vehicle@2.0-adayo-func-bcm: BCMFunc sendMessageFromVehicle_l msgBuff[26]=0x0,start:0,len:8,temp:8,
05-27 19:03:23.058   351   516 D automotive.vehicle@2.0-adayo-func-bcm: BCMFunc sendMessageFromVehicle_l prop: 0x21400052 ,areaId: 0x0  SPLITE_BIT_DATA_INTEGER : 0
05-27 19:03:23.058   351   516 D automotive.vehicle@2.0-adayo-func-bcm: BCMFunc sendMessageFromVehicle_l id:557842514, area:0 not report! 
05-27 19:03:23.058   481   598 I mcuc    : rev,n=2,6AA681EB0D000A89003B01040910123456FF
05-27 19:03:23.058   351   516 D automotive.vehicle@2.0-adayo-func-bcm: BCMFunc sendMessageFromVehicle_l dataType: 12,mByte=27,propid=0x21400073
05-27 19:03:23.058   351   516 D automotive.vehicle@2.0-adayo-func-bcm: BCMFunc sendMessageFromVehicle_l msgBuff[27]=0x40,start:0,len:6,temp:6,
05-27 19:03:23.058  1121  1144 I tboxmids_ap: [2026-05-27 19:03:23.058] [MCU RX] src=MCU dst=ZMQ len=10 type=BINARY data=00 08 3B 01 04 09 10 12 34 56 
05-27 19:03:23.058   351   516 D automotive.vehicle@2.0-adayo-func-bcm: BCMFunc sendMessageFromVehicle_l prop: 0x21400073 ,areaId: 0x0  SPLITE_BIT_DATA_INTEGER : 0
05-27 19:03:23.058   351   516 D automotive.vehicle@2.0-adayo-func-bcm: BCMFunc sendMessageFromVehicle_l id:557842547, area:0 not report! 
05-27 19:03:23.058   351   516 D automotive.vehicle@2.0-adayo-func-bcm: BCMFunc sendMessageFromVehicle_l dataType: 12,mByte=27,propid=0x21400074
05-27 19:03:23.058   351   516 D automotive.vehicle@2.0-adayo-func-bcm: BCMFunc sendMessageFromVehicle_l msgBuff[27]=0x40,start:6,len:2,temp:2,
05-27 19:03:23.058   351   516 D automotive.vehicle@2.0-adayo-func-bcm: BCMFunc sendMessageFromVehicle_l prop: 0x21400074 ,areaId: 0x0  SPLITE_BIT_DATA_INTEGER : 1
05-27 19:03:23.059   351   516 D automotive.vehicle@2.0-adayo-func-bcm: BCMFunc sendMessageFromVehicle_l id:557842548, area:0 not report! 
05-27 19:03:23.059   351   516 D automotive.vehicle@2.0-adayo-func-bcm: BCMFunc sendMessageFromVehicle_l dataType: 12,mByte=29,propid=0x21400053
05-27 19:03:23.059   351   516 D automotive.vehicle@2.0-adayo-func-bcm: BCMFunc sendMessageFromVehicle_l msgBuff[29]=0x59,start:0,len:16,temp:8,
05-27 19:03:23.059   351   516 D automotive.vehicle@2.0-adayo-func-bcm: BCMFunc sendMessageFromVehicle_l msgBuff[28]=0x0,start:0,len:8,temp:8,
05-27 19:03:23.059   351   516 D automotive.vehicle@2.0-adayo-func-bcm: BCMFunc sendMessageFromVehicle_l prop: 0x21400053 ,areaId: 0x0  SPLITE_BIT_DATA_INTEGER : 89
05-27 19:03:23.059   351   516 D automotive.vehicle@2.0-adayo-func-bcm: BCMFunc sendMessageFromVehicle_l id:557842515, area:0 not report! 
05-27 19:03:23.059   351   516 D automotive.vehicle@2.0-adayo-func-bcm: BCMFunc sendMessageFromVehicle_l dataType: 12,mByte=30,propid=0x21400054
05-27 19:03:23.059   351   516 D automotive.vehicle@2.0-adayo-func-bcm: BCMFunc sendMessageFromVehicle_l msgBuff[30]=0x23,start:0,len:8,temp:8,
05-27 19:03:23.059   351   516 D automotive.vehicle@2.0-adayo-func-bcm: BCMFunc sendMessageFromVehicle_l prop: 0x21400054 ,areaId: 0x0  SPLITE_BIT_DATA_INTEGER : 35
05-27 19:03:23.059   351   516 D automotive.vehicle@2.0-adayo-func-bcm: BCMFunc sendMessageFromVehicle_l id:557842516, area:0 not report! 
05-27 19:03:23.059   351   516 D automotive.vehicle@2.0-adayo-func-bcm: BCMFunc sendMessageFromVehicle_l dataType: 12,mByte=31,propid=0x21400055
05-27 19:03:23.059   351   516 D automotive.vehicle@2.0-adayo-func-bcm: BCMFunc sendMessageFromVehicle_l msgBuff[31]=0x1c,start:0,len:8,temp:8,
05-27 19:03:23.059   351   516 D automotive.vehicle@2.0-adayo-func-bcm: BCMFunc sendMessageFromVehicle_l prop: 0x21400055 ,areaId: 0x0  SPLITE_BIT_DATA_INTEGER : 28
05-27 19:03:23.059   351   516 D automotive.vehicle@2.0-adayo-func-bcm: BCMFunc sendMessageFromVehicle_l id:557842517, area:0 not report! 
05-27 19:03:23.059   351   516 D automotive.vehicle@2.0-adayo-func-bcm: BCMFunc sendMessageFromVehicle_l dataType: 12,mByte=32,propid=0x21400075
05-27 19:03:23.059   351   516 D automotive.vehicle@2.0-adayo-func-bcm: BCMFunc sendMessageFromVehicle_l msgBuff[32]=0x40,start:0,len:6,temp:6,
05-27 19:03:23.059   351   516 D automotive.vehicle@2.0-adayo-func-bcm: BCMFunc sendMessageFromVehicle_l prop: 0x21400075 ,areaId: 0x0  SPLITE_BIT_DATA_INTEGER : 0
05-27 19:03:23.059   351   516 D automotive.vehicle@2.0-adayo-func-bcm: BCMFunc sendMessageFromVehicle_l id:557842549, area:0 not report! 
05-27 19:03:23.059   351   516 D automotive.vehicle@2.0-adayo-func-bcm: BCMFunc sendMessageFromVehicle_l dataType: 12,mByte=32,propid=0x21400076
05-27 19:03:23.059   351   516 D automotive.vehicle@2.0-adayo-func-bcm: BCMFunc sendMessageFromVehicle_l msgBuff[32]=0x40,start:6,len:2,temp:2,
05-27 19:03:23.059   351   516 D automotive.vehicle@2.0-adayo-func-bcm: BCMFunc sendMessageFromVehicle_l prop: 0x21400076 ,areaId: 0x0  SPLITE_BIT_DATA_INTEGER : 1
05-27 19:03:23.059   351   516 D automotive.vehicle@2.0-adayo-func-bcm: BCMFunc sendMessageFromVehicle_l id:557842550, area:0 not report! 
05-27 19:03:23.059   351   516 D automotive.vehicle@2.0-adayo-func-bcm: BCMFunc sendMessageFromVehicle_l dataType: 12,mByte=34,propid=0x2140004b
05-27 19:03:23.059   351   516 D automotive.vehicle@2.0-adayo-func-bcm: BCMFunc sendMessageFromVehicle_l msgBuff[34]=0x0,start:0,len:16,temp:8,
05-27 19:03:23.059   351   516 D automotive.vehicle@2.0-adayo-func-bcm: BCMFunc sendMessageFromVehicle_l msgBuff[33]=0x0,start:0,len:8,temp:8,
05-27 19:03:23.059   351   516 D automotive.vehicle@2.0-adayo-func-bcm: BCMFunc sendMessageFromVehicle_l prop: 0x2140004b ,areaId: 0x0  SPLITE_BIT_DATA_INTEGER : 0
05-27 19:03:23.059   351   516 D automotive.vehicle@2.0-adayo-func-bcm: BCMFunc sendMessageFromVehicle_l id:557842507, area:0 not report! 
05-27 19:03:23.059  1083  1083 I MyAppLog: [2026-05-27 19:03:23.059 I tboxap mcuCommTboxmidsRecvCb:97] [Mcu] [mcuCommTboxmidsRecvCb] recv from tboxmids, size:10
05-27 19:03:23.059   351   516 D automotive.vehicle@2.0-adayo-func-bcm: BCMFunc sendMessageFromVehicle_l dataType: 12,mByte=35,propid=0x21400077
05-27 19:03:23.059   351   516 D automotive.vehicle@2.0-adayo-func-bcm: BCMFunc sendMessageFromVehicle_l msgBuff[35]=0x40,start:0,len:6,temp:6,
05-27 19:03:23.059   351   516 D automotive.vehicle@2.0-adayo-func-bcm: BCMFunc sendMessageFromVehicle_l prop: 0x21400077 ,areaId: 0x0  SPLITE_BIT_DATA_INTEGER : 0
05-27 19:03:23.059  1083  1083 I MyAppLog: [2026-05-27 19:03:23.059 I tboxap mcuCommTboxmidsRecvCb:98] [Mcu] [tboxmids -> tboxap]: :00 08 3B 01 04 09 10 12 34 56
05-27 19:03:23.059   351   516 D automotive.vehicle@2.0-adayo-func-bcm: BCMFunc sendMessageFromVehicle_l id:557842551, area:0 not report! 
05-27 19:03:23.059   351   516 D automotive.vehicle@2.0-adayo-func-bcm: BCMFunc sendMessageFromVehicle_l dataType: 12,mByte=35,propid=0x21400078
05-27 19:03:23.059  1083  1083 I MyAppLog: [2026-05-27 19:03:23.059 I tboxap mcuPtlParseData:990] [Mcu] [Mcu  Parse]: (cmd):0910 (param):0910123456
05-27 19:03:23.059   351   516 D automotive.vehicle@2.0-adayo-func-bcm: BCMFunc sendMessageFromVehicle_l msgBuff[35]=0x40,start:6,len:2,temp:2,
05-27 19:03:23.059   351   516 D automotive.vehicle@2.0-adayo-func-bcm: BCMFunc sendMessageFromVehicle_l prop: 0x21400078 ,areaId: 0x0  SPLITE_BIT_DATA_INTEGER : 1
05-27 19:03:23.059   351   516 D automotive.vehicle@2.0-adayo-func-bcm: BCMFunc sendMessageFromVehicle_l id:557842552, area:0 not report! 
05-27 19:03:23.059   351   516 D automotive.vehicle@2.0-adayo-func-bcm: BCMFunc sendMessageFromVehicle_l dataType: 12,mByte=37,propid=0x2140004c
05-27 19:03:23.059   351   516 D automotive.vehicle@2.0-adayo-func-bcm: BCMFunc sendMessageFromVehicle_l msgBuff[37]=0x0,start:0,len:16,temp:8,
05-27 19:03:23.059   351   516 D automotive.vehicle@2.0-adayo-func-bcm: BCMFunc sendMessageFromVehicle_l msgBuff[36]=0x0,start:0,len:8,temp:8,
05-27 19:03:23.059   351   516 D automotive.vehicle@2.0-adayo-func-bcm: BCMFunc sendMessageFromVehicle_l prop: 0x2140004c ,areaId: 0x0  SPLITE_BIT_DATA_INTEGER : 0
05-27 19:03:23.059   351   373 D automotive.vehicle@2.0-adayo-datacomm-mcu: MCUDatacomm sendMessageFromVehicle prop: 0x89, areaId: 0x0, status: 0x3b, timestamp: 0x1
05-27 19:03:23.059   351   516 D automotive.vehicle@2.0-adayo-func-bcm: BCMFunc sendMessageFromVehicle_l id:557842508, area:0 not report! 
05-27 19:03:23.060   351   373 D automotive.vehicle@2.0-adayo-datacomm-mcu: MCUDatacomm 1sendMessageFromVehicle ---> type = 12 
05-27 19:03:23.060   351   516 D automotive.vehicle@2.0-adayo-func-bcm: BCMFunc sendMessageFromVehicle_l dataType: 12,mByte=38,propid=0x2140009b
05-27 19:03:23.060   351   516 D automotive.vehicle@2.0-adayo-func-bcm: BCMFunc sendMessageFromVehicle_l msgBuff[38]=0x0,start:0,len:8,temp:8,
05-27 08:54:32.022   581   581 D spi_rst_gpio_get_output: GPIO 145 value: 1
05-27 08:54:32.022   581   581 D spidev_ioctl: gpio status=1)
05-27 08:54:32.027   581   581 D spi_rst_gpio_get_output: GPIO 145 value: 1
05-27 08:54:32.027   581   581 D spidev_ioctl: gpio status=1)
05-27 19:03:23.060   351   516 D automotive.vehicle@2.0-adayo-func-bcm: BCMFunc sendMessageFromVehicle_l prop: 0x2140009b ,areaId: 0x0  SPLITE_BIT_DATA_INTEGER : 0
05-27 19:03:23.060   351   516 D automotive.vehicle@2.0-adayo-func-bcm: BCMFunc sendMessageFromVehicle_l id:557842587, area:0 not report! 
05-27 19:03:23.060   351   516 D automotive.vehicle@2.0-adayo-func-bcm: BCMFunc sendMessageFromVehicle_l dataType: 12,mByte=39,propid=0x2140009c
05-27 19:03:23.060  1083  1083 W MyAppLog: [2026-05-27 19:03:23.059 W tboxap mcuParamDataRevPack:918] [Mcu] mcuParamDataRevPack start pack data!!!
05-27 19:03:23.060   351   516 D automotive.vehicle@2.0-adayo-func-bcm: BCMFunc sendMessageFromVehicle_l msgBuff[39]=0x0,start:0,len:8,temp:8,
05-27 19:03:23.060   351   516 D automotive.vehicle@2.0-adayo-func-bcm: BCMFunc sendMessageFromVehicle_l prop: 0x2140009c ,areaId: 0x0  SPLITE_BIT_DATA_INTEGER : 0
05-27 19:03:23.060   351   516 D automotive.vehicle@2.0-adayo-func-bcm: BCMFunc sendMessageFromVehicle_l id:557842588, area:0 not report! 
05-27 19:03:23.060  1083  1083 I MyAppLog: [2026-05-27 19:03:23.059 I tboxap MCU_BATT_STATIC_DATA_IND_McuInd:515] [Mcu] [MCU_BATT_STATIC_DATA_IND_McuInd] staticData type:0x12 len:5
05-27 19:03:23.060   351   516 D automotive.vehicle@2.0-adayo-func-bcm: BCMFunc sendMessageFromVehicle_l dataType: 12,mByte=40,propid=0x2140009d
05-27 19:03:23.060   351   516 D automotive.vehicle@2.0-adayo-func-bcm: BCMFunc sendMessageFromVehicle_l msgBuff[40]=0x0,start:0,len:8,temp:8,
05-27 19:03:23.060   351   516 D automotive.vehicle@2.0-adayo-func-bcm: BCMFunc sendMessageFromVehicle_l prop: 0x2140009d ,areaId: 0x0  SPLITE_BIT_DATA_INTEGER : 0
05-27 19:03:23.060   351   516 D automotive.vehicle@2.0-adayo-func-bcm: BCMFunc sendMessageFromVehicle_l id:557842589, area:0 not report! 
05-27 19:03:23.060   351   516 D automotive.vehicle@2.0-adayo-func-bcm: BCMFunc sendMessageFromVehicle_l dataType: 12,mByte=41,propid=0x2140009e
05-27 19:03:23.060   351   516 D automotive.vehicle@2.0-adayo-func-bcm: BCMFunc sendMessageFromVehicle_l msgBuff[41]=0x0,start:0,len:8,temp:8,
05-27 19:03:23.060   351   516 D automotive.vehicle@2.0-adayo-func-bcm: BCMFunc sendMessageFromVehicle_l prop: 0x2140009e ,areaId: 0x0  SPLITE_BIT_DATA_INTEGER : 0
05-27 19:03:23.060   351   516 D automotive.vehicle@2.0-adayo-func-bcm: BCMFunc sendMessageFromVehicle_l id:557842590, area:0 not report! 
05-27 19:03:23.060   351   516 D automotive.vehicle@2.0-adayo-func-bcm: BCMFunc sendMessageFromVehicle_l dataType: 12,mByte=43,propid=0x2160009f
05-27 19:03:23.060   351   516 D automotive.vehicle@2.0-adayo-func-bcm: BCMFunc sendMessageFromVehicle_l msgBuff[43]=0x0,start:0,len:16,temp:8,
05-27 19:03:23.060   351   516 D automotive.vehicle@2.0-adayo-func-bcm: BCMFunc sendMessageFromVehicle_l msgBuff[42]=0x0,start:0,len:8,temp:8,
05-27 19:03:23.060   351   516 D automotive.vehicle@2.0-adayo-func-bcm: BCMFunc sendMessageFromVehicle_l prop: 0x2160009f , SPLITE_BIT_DATA_INTEGER1 data:0
05-27 08:54:32.033   581   581 D spi_rst_gpio_get_output: GPIO 145 value: 1
05-27 19:03:23.060   351   516 D automotive.vehicle@2.0-adayo-func-bcm: BCMFunc sendMessageFromVehicle_l prop: 0x2160009f , SPLITE_BIT_DATA_INTEGER4 procotol.calc[0]:0.100000,procotol.calc[1]:0.000000
05-27 19:03:23.060   351   516 D automotive.vehicle@2.0-adayo-func-bcm: BCMFunc sendMessageFromVehicle_l prop: 0x2160009f ,areaId: 0x0  SPLITE_BIT_DATA_INTEGER : 0.000000,calc[0]:0.100000,calc[1]:0.000000
05-27 19:03:23.060   351   516 D automotive.vehicle@2.0-adayo-func-bcm: BCMFunc sendMessageFromVehicle_l id:559939743, area:0 not report! 
05-27 19:03:23.060   351   516 D automotive.vehicle@2.0-adayo-func-bcm: BCMFunc sendMessageFromVehicle_l dataType: 12,mByte=45,propid=0x216000f3
05-27 19:03:23.060   299 30844 D EvsDriver: forwardFrame
05-27 19:03:23.060   351   516 D automotive.vehicle@2.0-adayo-func-bcm: BCMFunc sendMessageFromVehicle_l msgBuff[45]=0x0,start:0,len:16,temp:8,
05-27 19:03:23.060   351   516 D automotive.vehicle@2.0-adayo-func-bcm: BCMFunc sendMessageFromVehicle_l msgBuff[44]=0x0,start:0,len:8,temp:8,
05-27 19:03:23.060   351   516 D automotive.vehicle@2.0-adayo-func-bcm: BCMFunc sendMessageFromVehicle_l prop: 0x216000f3 , SPLITE_BIT_DATA_INTEGER1 data:0
05-27 19:03:23.060   351   516 D automotive.vehicle@2.0-adayo-func-bcm: BCMFunc sendMessageFromVehicle_l prop: 0x216000f3 , SPLITE_BIT_DATA_INTEGER4 procotol.calc[0]:0.100000,procotol.calc[1]:0.000000
05-27 19:03:23.060   351   516 D automotive.vehicle@2.0-adayo-func-bcm: BCMFunc sendMessageFromVehicle_l prop: 0x216000f3 ,areaId: 0x0  SPLITE_BIT_DATA_INTEGER : 0.000000,calc[0]:0.100000,calc[1]:0.000000
05-27 19:03:23.060   351   516 D automotive.vehicle@2.0-adayo-func-bcm: BCMFunc sendMessageFromVehicle_l id:559939827, area:0 not report! 
05-27 19:03:23.061   351   516 D automotive.vehicle@2.0-adayo-func-bcm: BCMFunc sendMessageFromVehicle_l dataType: 12,mByte=47,propid=0x214000f4
05-27 19:03:23.061   351   516 D automotive.vehicle@2.0-adayo-func-bcm: BCMFunc sendMessageFromVehicle_l msgBuff[47]=0x0,start:0,len:16,temp:8,
05-27 19:03:23.061   351   516 D automotive.vehicle@2.0-adayo-func-bcm: BCMFunc sendMessageFromVehicle_l msgBuff[46]=0x0,start:0,len:8,temp:8,
05-27 19:03:23.061   351   516 D automotive.vehicle@2.0-adayo-func-bcm: BCMFunc sendMessageFromVehicle_l prop: 0x214000f4 ,areaId: 0x0  SPLITE_BIT_DATA_INTEGER : 0
05-27 19:03:23.061   351   516 D automotive.vehicle@2.0-adayo-func-bcm: BCMFunc sendMessageFromVehicle_l id:557842676, area:0 not report! 
05-27 19:03:23.061   351   516 D automotive.vehicle@2.0-adayo-func-bcm: BCMFunc sendMessageFromVehicle_l dataType: 12,mByte=48,propid=0x214000fe
05-27 19:03:23.061   351   516 D automotive.vehicle@2.0-adayo-func-bcm: BCMFunc sendMessageFromVehicle_l msgBuff[48]=0x0,start:0,len:8,temp:8,
05-27 19:03:23.061   351   516 D automotive.vehicle@2.0-adayo-func-bcm: BCMFunc sendMessageFromVehicle_l prop: 0x214000fe ,areaId: 0x0  SPLITE_BIT_DATA_INTEGER : 0
05-27 19:03:23.061   351   516 D automotive.vehicle@2.0-adayo-func-bcm: BCMFunc sendMessageFromVehicle_l id:557842686, area:0 not report! 
05-27 19:03:23.061   351   516 D automotive.vehicle@2.0-adayo-func-bcm: BCMFunc sendMessageFromVehicle_l dataType: 12,mByte=49,propid=0x21400100
05-27 19:03:23.061   351   516 D automotive.vehicle@2.0-adayo-func-bcm: BCMFunc sendMessageFromVehicle_l msgBuff[49]=0x0,start:0,len:8,temp:8,
05-27 19:03:23.061   351   516 D automotive.vehicle@2.0-adayo-func-bcm: BCMFunc sendMessageFromVehicle_l prop: 0x21400100 ,areaId: 0x0  SPLITE_BIT_DATA_INTEGER : 0
05-27 19:03:23.061   351   516 D automotive.vehicle@2.0-adayo-func-bcm: BCMFunc sendMessageFromVehicle_l id:557842688, area:0 not report! 
05-27 19:03:23.061   351   516 D automotive.vehicle@2.0-adayo-func-bcm: BCMFunc sendMessageFromVehicle_l dataType: 12,mByte=50,propid=0x214000fa
05-27 19:03:23.061   351   516 D automotive.vehicle@2.0-adayo-func-bcm: BCMFunc sendMessageFromVehicle_l msgBuff[50]=0x0,start:0,len:8,temp:8,
05-27 19:03:23.061   351   516 D automotive.vehicle@2.0-adayo-func-bcm: BCMFunc sendMessageFromVehicle_l prop: 0x214000fa ,areaId: 0x0  SPLITE_BIT_DATA_INTEGER : 0
05-27 19:03:23.061   351   516 D automotive.vehicle@2.0-adayo-func-bcm: BCMFunc sendMessageFromVehicle_l id:557842682, area:0 not report! 
05-27 19:03:23.061   351   516 D automotive.vehicle@2.0-adayo-func-bcm: BCMFunc sendMessageFromVehicle_l dataType: 12,mByte=51,propid=0x214000fb
05-27 19:03:23.061   351   516 D automotive.vehicle@2.0-adayo-func-bcm: BCMFunc sendMessageFromVehicle_l msgBuff[51]=0x0,start:0,len:8,temp:8,
05-27 19:03:23.061   351   516 D automotive.vehicle@2.0-adayo-func-bcm: BCMFunc sendMessageFromVehicle_l prop: 0x214000fb ,areaId: 0x0  SPLITE_BIT_DATA_INTEGER : 0
05-27 19:03:23.061   351   516 D automotive.vehicle@2.0-adayo-func-bcm: BCMFunc sendMessageFromVehicle_l id:557842683, area:0 not report! 
05-27 19:03:23.061   351   516 D automotive.vehicle@2.0-adayo-func-bcm: BCMFunc sendMessageFromVehicle_l dataType: 12,mByte=52,propid=0x214000fc
05-27 19:03:23.061   351   516 D automotive.vehicle@2.0-adayo-func-bcm: BCMFunc sendMessageFromVehicle_l msgBuff[52]=0x0,start:0,len:8,temp:8,
05-27 19:03:23.061   351   516 D automotive.vehicle@2.0-adayo-func-bcm: BCMFunc sendMessageFromVehicle_l prop: 0x214000fc ,areaId: 0x0  SPLITE_BIT_DATA_INTEGER : 0
05-27 19:03:23.061   351   516 D automotive.vehicle@2.0-adayo-func-bcm: BCMFunc sendMessageFromVehicle_l id:557842684, area:0 not report! 
05-27 19:03:23.061   351   516 D automotive.vehicle@2.0-adayo-func-bcm: BCMFunc sendMessageFromVehicle_l dataType: 12,mByte=53,propid=0x21400106
05-27 19:03:23.061   351   516 D automotive.vehicle@2.0-adayo-func-bcm: BCMFunc sendMessageFromVehicle_l msgBuff[53]=0x1,start:0,len:8,temp:8,
05-27 19:03:23.061   351   516 D automotive.vehicle@2.0-adayo-func-bcm: BCMFunc sendMessageFromVehicle_l prop: 0x21400106 ,areaId: 0x0  SPLITE_BIT_DATA_INTEGER : 1
05-27 19:03:23.061   351   516 D automotive.vehicle@2.0-adayo-func-bcm: BCMFunc sendMessageFromVehicle_l id:557842694, area:0 not report! 
05-27 08:54:32.033   581   581 D spidev_ioctl: gpio status=1)
05-27 19:03:23.062   299 30844 D EvsDriver: Delivered 0xb400007b7ca56900 as id 0
05-27 19:03:23.062  1167  1479 D evsmanagerd: /dev/video6 forwarded the buffer #0 to 0xb4000074bf5f5510 from 0xb4000074bf5f6d90
05-27 19:03:23.062   566  1173 D gps_hdbd: [request_agps_thread 979] get sys.gps.agnssd:1
05-27 19:03:23.063   581   581 I SpiService: fgesysctrl_getGPIO_status success val=1
05-27 19:03:23.066   299  1163 D EvsDriver: doneWithFrame
05-27 19:03:23.067  1008 30857 D [OMXB]  : usingANWBuffer: handle:0xee741400, format:1, w:1920, h:1080
05-27 19:03:23.067   830   830 D SurfaceFlinger: unisoc-graphics, commit has frameMissed:2, vysncId:234606
05-27 19:03:23.067  1982  1982 E health_guardian: UID for PID 11579 is 1000
05-27 19:03:23.067  1982  1982 E health_guardian: The 1000 process is system app,I refused to kill it,try next one!
05-27 19:03:23.067  1982  1982 E health_guardian: UID for PID 6212 is 1000
05-27 19:03:23.067  1982  1982 E health_guardian: The 1000 process is system app,I refused to kill it,try next one!
05-27 19:03:23.068  1982  1982 E health_guardian: UID for PID 13435 is 1000
05-27 19:03:23.068  1982  1982 E health_guardian: The 1000 process is system app,I refused to kill it,try next one!
05-27 19:03:23.068  1982  1982 E health_guardian: UID for PID 13911 is 1000
05-27 19:03:23.068  1982  1982 E health_guardian: The 1000 process is system app,I refused to kill it,try next one!
05-27 19:03:23.069   581   581 I SpiService: fgesysctrl_getGPIO_status success val=1
05-27 19:03:23.070   536   536 D commservice260303: msg.id = 1028,0
05-27 19:03:23.070   536   536 D commservice260303: i = 170, msgid = 8A000404
05-27 19:03:23.070   536   536 D commservice260303: msgid = -1979710460,did=138
05-27 19:03:23.070   536   536 D commservice260303: CommProtocolLibCmdBaseI2C::dataproc {"command":{"id":"imu_status","sub":""},"content":{"TimeStamp":11,"FrameCounter":274145,"GD_X":-0.01221725158393383,"GD_Y":0.00549693126231432,"GD_Z":0.002443138277158141,"AD_X":0.0010803043842315674,"AD_Y":0.004675278440117836,"AD_Z":-0.16952991485595703,"TempDsp":0,"Status":0,"CalibState":1,"SigAmpInvalid":0}},-1979710460
05-27 19:03:23.070   536   536 D commservice260303: send2Cluster len:313, 7B22636F6D6D616E64223A7B226964223A22696D755F737461747573222C22737562223A22227D2C22636F6E74656E74223A7B2254696D655374616D70223A31312C224672616D65436F756E746572223A3237343134352C2247445F58223A2D302E30313232313732353135383339333338332C2247445F59223A302E30303534393639333132363233313433322C2247445F5A223A302E3030323434333133383237373135383134312C2241445F58223A302E303031303830333034333834323331353637342C2241445F59223A302E3030343637353237383434303131373833362C2241445F5A223A2D302E31363935323939313438353539353730332C2254656D70447370223A302C22537461747573223A302C2243616C69625374617465223A312C22536967416D70496E76616C6964223A307D7D, 138 
05-27 19:03:23.070   536   536 D commservice260303: Push Message into SendPool fn=-2022636544
05-27 19:03:23.070   536   536 D commservice260303: ComProtocolLibSend2Cluster::send2ClusterRaw fn=-2022636544 , len=329
05-27 19:03:23.070   536   536 D commservice260303: sendCmdToPort :329!!!
05-27 19:03:23.070   536   536 D commservice260303: send Cmd To Port ++++5AA501458A01000471876A16CF7B7B22636F6D6D616E64223A7B226964223A22696D755F737461747573222C22737562223A22227D2C22636F6E74656E74223A7B2254696D655374616D70223A31312C224672616D65436F756E746572223A3237343134352C2247445F58223A2D302E30313232313732353135383339333338332C2247445F59223A302E30303534393639333132363233313433322C2247445F5A223A302E3030323434333133383237373135383134312C2241445F58223A302E303031303830333034333834323331353637342C2241445F59223A302E3030343637353237383434303131373833362C2241445F5A223A2D302E31363935323939313438353539353730332C2254656D70447370223A302C22537461747573223A302C2243616C69625374617465223A312C22536967416D70496E76616C6964223A307D7DC20B
05-27 19:03:23.070   536   536 D commservice260303: bufferevent_write retrun value = 0
05-27 19:03:23.070   536   560 D commservice260303: client datas send succeed,send finish
05-27 19:03:23.070 13911 14183 I SentryImuMcuAngleSender: 179.96846rollDeg
05-27 19:03:23.070 13911 14183 I SentryImuMcuAngleSender: 1,0,0
05-27 19:03:23.071 13911 14192 D Sentinelmode_1.2.5.17_sentry: <SentryImuClusterFgeSender>imu_status sent to Linux, frame=274145, tsNs=11670311, tsMs=11, intervalMs=39, ad=(0.0010803044,0.0046752784,-0.16952991), gd=(-0.012217252,0.0054969313,0.0024431383)
05-27 19:03:23.073   299 30841 D EvsDriver: forwardFrame
05-27 19:03:23.074   299 30841 D EvsDriver: Delivered 0xb400007b7ca56a60 as id 0
05-27 19:03:23.074   581   581 I SpiService: fgesysctrl_getGPIO_status success val=1
05-27 19:03:23.074  1167  1479 D evsmanagerd: /dev/video4 forwarded the buffer #0 to 0xb4000074bf5f6850 from 0xb4000074bf5f41d0
05-27 19:03:23.077   299  1163 D EvsDriver: doneWithFrame
05-27 08:54:32.039   581   581 D spi_rst_gpio_get_output: GPIO 145 value: 1
05-27 08:54:32.039   581   581 D spidev_ioctl: gpio status=1)
05-27 19:03:23.078   299 30841 D EvsDriver: forwardFrame
05-27 19:03:23.079   299 30844 D EvsDriver: forwardFrame
05-27 19:03:23.080   581   581 I SpiService: fgesysctrl_getGPIO_status success val=1
05-27 08:54:32.044   581   581 D spi_rst_gpio_get_output: GPIO 145 value: 1
05-27 08:54:32.044   581   581 D spidev_ioctl: gpio status=1)
05-27 19:03:23.080   299 30841 D EvsDriver: Delivered 0xb400007b7ca56a60 as id 0
05-27 19:03:23.080  1167  1479 D evsmanagerd: /dev/video4 forwarded the buffer #0 to 0xb4000074bf5f6850 from 0xb4000074bf5f41d0
05-27 19:03:23.083   299 30844 D EvsDriver: Delivered 0xb400007b7ca56900 as id 0
05-27 19:03:23.084  1167  1479 D evsmanagerd: /dev/video6 forwarded the buffer #0 to 0xb4000074bf5f5510 from 0xb4000074bf5f6d90
05-27 19:03:23.084 30773 30783 E dvr_service_: [myNum:1] Received S**** loss
05-27 19:03:23.084   299  1163 D EvsDriver: doneWithFrame
05-27 19:03:23.084   299  1163 D EvsDriver: doneWithFrame
05-27 19:03:23.085   581   581 I SpiService: fgesysctrl_getGPIO_status success val=0
05-27 19:03:23.086   481   597 I mcuc    : send SPI:6AA602EB0C000289007C6AA602EB0D000289007B
05-27 08:54:32.050   581   581 D spi_rst_gpio_get_output: GPIO 145 value: 0
05-27 08:54:32.050   581   581 D spidev_ioctl: gpio status=0)
05-27 19:03:23.094 13911 14183 I SentryImuMcuAngleSender: 179.98949rollDeg
05-27 19:03:23.094 13911 14183 I SentryImuMcuAngleSender: 1,0,0
05-27 19:03:23.101   581   581 I SpiService: fgesysctrl_getGPIO_status success val=1
05-27 19:03:23.105  1008 30856 D [OMXB]  : usingANWBuffer: handle:0xee742ab0, format:1, w:1920, h:1080
05-27 08:54:32.066   581   581 D spi_rst_gpio_get_output: GPIO 145 value: 1
05-27 08:54:32.066   581   581 D spidev_ioctl: gpio status=1)
05-27 19:03:23.106   299 30844 D EvsDriver: forwardFrame
05-27 19:03:23.106   299 30841 D EvsDriver: forwardFrame
05-27 19:03:23.107   581   581 I SpiService: fgesysctrl_getGPIO_status success val=1
05-27 19:03:23.108   299 30844 D EvsDriver: Delivered 0xb400007b7ca56900 as id 0
05-27 19:03:23.108   299 30841 D EvsDriver: Delivered 0xb400007b7ca56a60 as id 0
05-27 19:03:23.108  1167  1479 D evsmanagerd: /dev/video6 forwarded the buffer #0 to 0xb4000074bf5f5510 from 0xb4000074bf5f6d90
05-27 19:03:23.108  1167  1167 D evsmanagerd: /dev/video4 forwarded the buffer #0 to 0xb4000074bf5f6850 from 0xb4000074bf5f41d0
05-27 19:03:23.108 30773 30783 E dvr_service_: [myNum:0] Received S**** loss
05-27 08:54:32.071   581   581 D spi_rst_gpio_get_output: GPIO 145 value: 1
05-27 08:54:32.071   581   581 D spidev_ioctl: gpio status=1)
05-27 19:03:23.110   536   536 D commservice260303: msg.id = 1028,1
05-27 19:03:23.110   299  1163 D EvsDriver: doneWithFrame
05-27 19:03:23.110   536   536 D commservice260303: i = 170, msgid = 8A000404
05-27 19:03:23.110   536   536 D commservice260303: msgid = -1979710460,did=138
05-27 19:03:23.110   536   536 D commservice260303: CommProtocolLibCmdBaseI2C::dataproc {"command":{"id":"imu_status","sub":""},"content":{"TimeStamp":11,"FrameCounter":274146,"GD_X":-0.011223767884075642,"GD_Y":0.005879240110516548,"GD_Z":0.0019848872907459736,"AD_X":0.0010488778352737427,"AD_Y":-0.0014233875554054976,"AD_Z":-0.16891956329345703,"TempDsp":0,"Status":0,"CalibState":1,"SigAmpInvalid":0}},-1979710460
05-27 19:03:23.111   536   536 D commservice260303: send2Cluster len:318, 7B22636F6D6D616E64223A7B226964223A22696D755F737461747573222C22737562223A22227D2C22636F6E74656E74223A7B2254696D655374616D70223A31312C224672616D65436F756E746572223A3237343134362C2247445F58223A2D302E3031313232333736373838343037353634322C2247445F59223A302E3030353837393234303131303531363534382C2247445F5A223A302E303031393834383837323930373435393733362C2241445F58223A302E303031303438383737383335323733373432372C2241445F59223A2D302E303031343233333837353535343035343937362C2241445F5A223A2D302E31363839313935363332393334353730332C2254656D70447370223A302C22537461747573223A302C2243616C69625374617465223A312C22536967416D70496E76616C6964223A307D7D, 138 
05-27 19:03:23.111   536   536 D commservice260303: Push Message into SendPool fn=-2005859328
05-27 19:03:23.111   536   536 D commservice260303: ComProtocolLibSend2Cluster::send2ClusterRaw fn=-2005859328 , len=334
05-27 19:03:23.111   536   536 D commservice260303: sendCmdToPort :334!!!
05-27 19:03:23.111   536   536 D commservice260303: send Cmd To Port ++++5AA5014A8A01000471886A16CF7B7B22636F6D6D616E64223A7B226964223A22696D755F737461747573222C22737562223A22227D2C22636F6E74656E74223A7B2254696D655374616D70223A31312C224672616D65436F756E746572223A3237343134362C2247445F58223A2D302E3031313232333736373838343037353634322C2247445F59223A302E3030353837393234303131303531363534382C2247445F5A223A302E303031393834383837323930373435393733362C2241445F58223A302E303031303438383737383335323733373432372C2241445F59223A2D302E303031343233333837353535343035343937362C2241445F5A223A2D302E31363839313935363332393334353730332C2254656D70447370223A302C22537461747573223A302C2243616C69625374617465223A312C22536967416D70496E76616C6964223A307D7D327E
05-27 19:03:23.111   536   536 D commservice260303: bufferevent_write retrun value = 0
05-27 19:03:23.112   536   560 D commservice260303: client datas send succeed,send finish
05-27 19:03:23.112 13911 14192 D Sentinelmode_1.2.5.17_sentry: <SentryImuClusterFgeSender>imu_status sent to Linux, frame=274146, tsNs=11670347, tsMs=11, intervalMs=42, ad=(0.0010488778,-0.0014233876,-0.16891956), gd=(-0.011223768,0.00587924,0.0019848873)
05-27 19:03:23.113   581   581 I SpiService: fgesysctrl_getGPIO_status success val=1
05-27 19:03:23.113   299  1163 D EvsDriver: doneWithFrame
05-27 19:03:23.113   283   307 I rvcservice: t.code = 3, t.value = 0
05-27 08:54:32.077   581   581 D spi_rst_gpio_get_output: GPIO 145 value: 1
05-27 08:54:32.077   581   581 D spidev_ioctl: gpio status=1)
05-27 19:03:23.117 13911 14183 I SentryImuMcuAngleSender: 180.0rollDeg
05-27 19:03:23.117 13911 14183 I SentryImuMcuAngleSender: 1,0,0
05-27 19:03:23.119   581   581 I SpiService: fgesysctrl_getGPIO_status success val=1
05-27 19:03:23.121 15858 15972 D MessageCenterService: 服务运行中
