05-27 19:03:16.175   351   516 D automotive.vehicle@2.0-adayo-func-bcm: BCMFunc sendMessageFromVehicle_l id:557842661, area:0 not report! 
05-27 19:03:16.175   351   516 D automotive.vehicle@2.0-adayo-func-bcm: BCMFunc sendMessageFromVehicle_l dataType: 12,mByte=42,propid=0x216000e6
05-27 19:03:16.175   351   516 D automotive.vehicle@2.0-adayo-func-bcm: BCMFunc sendMessageFromVehicle_l msgBuff[42]=0x0,start:0,len:8,temp:8,
05-27 19:03:16.175   351   516 D automotive.vehicle@2.0-adayo-func-bcm: BCMFunc sendMessageFromVehicle_l prop: 0x216000e6 , SPLITE_BIT_DATA_INTEGER1 data:0
05-27 19:03:16.175   351   516 D automotive.vehicle@2.0-adayo-func-bcm: BCMFunc sendMessageFromVehicle_l prop: 0x216000e6 , SPLITE_BIT_DATA_INTEGER4 procotol.calc[0]:0.000127,procotol.calc[1]:-4.176800
05-27 19:03:16.175   299  1153 D EvsDriver: doneWithFrame
05-27 19:03:16.175   351   516 D automotive.vehicle@2.0-adayo-func-bcm: BCMFunc sendMessageFromVehicle_l prop: 0x216000e6 ,areaId: 0x0  SPLITE_BIT_DATA_INTEGER : -4.176800,calc[0]:0.000127,calc[1]:-4.176800
05-27 19:03:16.175   351   516 D automotive.vehicle@2.0-adayo-func-bcm: BCMFunc sendMessageFromVehicle_l id:559939814, area:0 not report! 
05-27 19:03:16.175   351   516 D automotive.vehicle@2.0-adayo-func-bcm: BCMFunc sendMessageFromVehicle_l dataType: 12,mByte=43,propid=0x214000e7
05-27 19:03:16.175   351   516 D automotive.vehicle@2.0-adayo-func-bcm: BCMFunc sendMessageFromVehicle_l msgBuff[43]=0x0,start:0,len:8,temp:8,
05-27 19:03:16.175 23580 23624 D ANWAPI_SECOND: (23580|0x179BFCB0)[BTAPI] Enter BTInit_Task stacd=1,396098736
05-27 19:03:16.175   351   516 D automotive.vehicle@2.0-adayo-func-bcm: BCMFunc sendMessageFromVehicle_l prop: 0x214000e7 ,areaId: 0x0  SPLITE_BIT_DATA_INTEGER : 0
05-27 19:03:16.175 23580 23624 D ANWAPI_SECOND: (23580|0x179BFCB0)[BTAPI] pthread_attr_init
05-27 19:03:16.175   351   516 D automotive.vehicle@2.0-adayo-func-bcm: BCMFunc sendMessageFromVehicle_l id:557842663, area:0 not report! 
05-27 19:03:16.176   351   516 D automotive.vehicle@2.0-adayo-func-bcm: BCMFunc sendMessageFromVehicle_l dataType: 12,mByte=44,propid=0x214000e8
05-27 19:03:16.176 23580 23624 D ANWAPI_SECOND: (23580|0x179BFCB0)[BTAPI] BTHost_Init: min priority 1, max priority 99
05-27 19:03:16.176   351   516 D automotive.vehicle@2.0-adayo-func-bcm: BCMFunc sendMessageFromVehicle_l msgBuff[44]=0x0,start:0,len:4,temp:4,
05-27 19:03:16.176 23580 23624 D ANWAPI_SECOND: (23580|0x179BFCB0)[BTAPI] Enter BTHost_Init
05-27 19:03:16.176   351   516 D automotive.vehicle@2.0-adayo-func-bcm: BCMFunc sendMessageFromVehicle_l prop: 0x214000e8 ,areaId: 0x0  SPLITE_BIT_DATA_INTEGER : 0
05-27 19:03:16.176   351   516 D automotive.vehicle@2.0-adayo-func-bcm: BCMFunc sendMessageFromVehicle_l id:557842664, area:0 not report! 
05-27 19:03:16.176   351   516 D automotive.vehicle@2.0-adayo-func-bcm: BCMFunc sendMessageFromVehicle_l dataType: 12,mByte=44,propid=0x214000e9
05-27 19:03:16.176   351   516 D automotive.vehicle@2.0-adayo-func-bcm: BCMFunc sendMessageFromVehicle_l msgBuff[44]=0x0,start:4,len:4,temp:4,
05-27 19:03:16.176   351   516 D automotive.vehicle@2.0-adayo-func-bcm: BCMFunc sendMessageFromVehicle_l prop: 0x214000e9 ,areaId: 0x0  SPLITE_BIT_DATA_INTEGER : 0
05-27 19:03:16.176 23580 23624 D ANWAPI_SECOND: (23580|0x179BFCB0)[BTAPI] BTHost_InitMessage
05-27 19:03:16.176 23580 23624 D ANWAPI_SECOND: (23580|0x179BFCB0)[BTAPI] btosal_msg_ff_initial
05-27 19:03:16.176   351   516 D automotive.vehicle@2.0-adayo-func-bcm: BCMFunc sendMessageFromVehicle_l id:557842665, area:0 not report! 
05-27 19:03:16.176   351   516 D automotive.vehicle@2.0-adayo-func-bcm: BCMFunc sendMessageFromVehicle_l dataType: 12,mByte=45,propid=0x214000ea
05-27 19:03:16.176   351   516 D automotive.vehicle@2.0-adayo-func-bcm: BCMFunc sendMessageFromVehicle_l msgBuff[45]=0x0,start:0,len:8,temp:8,
05-27 19:03:16.176 23580 23624 D ANW_WAVEOUT_SECOND: (23580|0x179BFCB0)[WAVEOUT] [AnWBT WAVE] A2dp_WaveOut_Init
05-27 19:03:16.176 23580 23624 D ANW_WAVEOUT_SECOND: 
05-27 19:03:16.176 23580 23624 D ANWAPI_SECOND: (23580|0x179BFCB0)[BTAPI] Check BTHost_Task status
05-27 19:03:16.176   351   516 D automotive.vehicle@2.0-adayo-func-bcm: BCMFunc sendMessageFromVehicle_l prop: 0x214000ea ,areaId: 0x0  SPLITE_BIT_DATA_INTEGER : 0
05-27 19:03:16.177 23580 23627 D ANWAPI_SECOND: (23580|0x157C3CB0)[BTAPI] Enter BTHost_Task
05-27 19:03:16.177 23580 23627 D ANWAPI_SECOND: (23580|0x157C3CB0)[BTAPI] BTHost_Task setpriority(0)(-15)
05-27 19:03:16.177   351   516 D automotive.vehicle@2.0-adayo-func-bcm: BCMFunc sendMessageFromVehicle_l id:557842666, area:0 not report! 
05-27 19:03:16.177   351   516 D automotive.vehicle@2.0-adayo-func-bcm: BCMFunc sendMessageFromVehicle_l dataType: 12,mByte=46,propid=0x214000eb
05-27 19:03:16.177   351   516 D automotive.vehicle@2.0-adayo-func-bcm: BCMFunc sendMessageFromVehicle_l msgBuff[46]=0x0,start:0,len:8,temp:8,
05-27 19:03:16.177   351   516 D automotive.vehicle@2.0-adayo-func-bcm: BCMFunc sendMessageFromVehicle_l prop: 0x214000eb ,areaId: 0x0  SPLITE_BIT_DATA_INTEGER : 0
05-27 19:03:16.177   351   516 D automotive.vehicle@2.0-adayo-func-bcm: BCMFunc sendMessageFromVehicle_l id:557842667, area:0 not report! 
05-27 19:03:16.177   351   516 D automotive.vehicle@2.0-adayo-func-bcm: BCMFunc sendMessageFromVehicle_l dataType: 12,mByte=47,propid=0x214000ec
05-27 19:03:16.177   351   516 D automotive.vehicle@2.0-adayo-func-bcm: BCMFunc sendMessageFromVehicle_l msgBuff[47]=0x0,start:0,len:8,temp:8,
05-27 19:03:16.177   299  1163 D EvsDriver: doneWithFrame
05-27 19:03:16.177   351   516 D automotive.vehicle@2.0-adayo-func-bcm: BCMFunc sendMessageFromVehicle_l prop: 0x214000ec ,areaId: 0x0  SPLITE_BIT_DATA_INTEGER : 0
05-27 19:03:16.177   351   516 D automotive.vehicle@2.0-adayo-func-bcm: BCMFunc sendMessageFromVehicle_l id:557842668, area:0 not report! 
05-27 19:03:16.177   351   516 D automotive.vehicle@2.0-adayo-func-bcm: BCMFunc sendMessageFromVehicle_l dataType: 12,mByte=48,propid=0x214000ed
05-27 19:03:16.178   351   516 D automotive.vehicle@2.0-adayo-func-bcm: BCMFunc sendMessageFromVehicle_l msgBuff[48]=0x0,start:0,len:4,temp:4,
05-27 19:03:16.178   351   516 D automotive.vehicle@2.0-adayo-func-bcm: BCMFunc sendMessageFromVehicle_l prop: 0x214000ed ,areaId: 0x0  SPLITE_BIT_DATA_INTEGER : 0
05-27 19:03:16.178   351   516 D automotive.vehicle@2.0-adayo-func-bcm: BCMFunc sendMessageFromVehicle_l id:557842669, area:0 not report! 
05-27 19:03:16.178   351   516 D automotive.vehicle@2.0-adayo-func-bcm: BCMFunc sendMessageFromVehicle_l dataType: 12,mByte=48,propid=0x214000ee
05-27 19:03:16.178   351   516 D automotive.vehicle@2.0-adayo-func-bcm: BCMFunc sendMessageFromVehicle_l msgBuff[48]=0x0,start:4,len:4,temp:4,
05-27 19:03:16.178   351   516 D automotive.vehicle@2.0-adayo-func-bcm: BCMFunc sendMessageFromVehicle_l prop: 0x214000ee ,areaId: 0x0  SPLITE_BIT_DATA_INTEGER : 0
05-27 19:03:16.178   351   516 D automotive.vehicle@2.0-adayo-func-bcm: BCMFunc sendMessageFromVehicle_l id:557842670, area:0 not report! 
05-27 19:03:16.178   351   516 D automotive.vehicle@2.0-adayo-func-bcm: BCMFunc sendMessageFromVehicle_l dataType: 12,mByte=49,propid=0x214000ef
05-27 19:03:16.178   351   516 D automotive.vehicle@2.0-adayo-func-bcm: BCMFunc sendMessageFromVehicle_l msgBuff[49]=0x0,start:0,len:8,temp:8,
05-27 19:03:16.178   351   516 D automotive.vehicle@2.0-adayo-func-bcm: BCMFunc sendMessageFromVehicle_l prop: 0x214000ef ,areaId: 0x0  SPLITE_BIT_DATA_INTEGER : 0
05-27 19:03:16.178   351   516 D automotive.vehicle@2.0-adayo-func-bcm: BCMFunc sendMessageFromVehicle_l id:557842671, area:0 not report! 
05-27 19:03:16.178   351   516 D automotive.vehicle@2.0-adayo-func-bcm: BCMFunc sendMessageFromVehicle_l dataType: 12,mByte=50,propid=0x21400108
05-27 19:03:16.178   299 30841 D EvsDriver: forwardFrame
05-27 19:03:16.178   351   516 D automotive.vehicle@2.0-adayo-func-bcm: BCMFunc sendMessageFromVehicle_l msgBuff[50]=0x0,start:5,len:1,temp:1,
05-27 19:03:16.178   351   516 D automotive.vehicle@2.0-adayo-func-bcm: BCMFunc sendMessageFromVehicle_l prop: 0x21400108 ,areaId: 0x0  SPLITE_BIT_DATA_INTEGER : 0
05-27 19:03:16.179   351   516 D automotive.vehicle@2.0-adayo-func-bcm: BCMFunc sendMessageFromVehicle_l id:557842696, area:0 not report! 
05-27 19:03:16.179   351   516 D automotive.vehicle@2.0-adayo-func-bcm: BCMFunc sendMessageFromVehicle_l dataType: 12,mByte=51,propid=0x21400109
05-27 19:03:16.179   351   516 D automotive.vehicle@2.0-adayo-func-bcm: BCMFunc sendMessageFromVehicle_l msgBuff[51]=0x0,start:5,len:1,temp:1,
05-27 19:03:16.179   351   516 D automotive.vehicle@2.0-adayo-func-bcm: BCMFunc sendMessageFromVehicle_l prop: 0x21400109 ,areaId: 0x0  SPLITE_BIT_DATA_INTEGER : 0
05-27 19:03:16.179   351   516 D automotive.vehicle@2.0-adayo-func-bcm: BCMFunc sendMessageFromVehicle_l id:557842697, area:0 not report! 
05-27 19:03:16.179   351   516 D automotive.vehicle@2.0-adayo-func-bcm: BCMFunc sendMessageFromVehicle_l dataType: 12,mByte=52,propid=0x21400105
05-27 19:03:16.179   351   516 D automotive.vehicle@2.0-adayo-func-bcm: BCMFunc sendMessageFromVehicle_l msgBuff[52]=0x0,start:3,len:3,temp:3,
05-27 19:03:16.179   351   516 D automotive.vehicle@2.0-adayo-func-bcm: BCMFunc sendMessageFromVehicle_l prop: 0x21400105 ,areaId: 0x0  SPLITE_BIT_DATA_INTEGER : 0
05-27 19:03:16.179   351   516 D automotive.vehicle@2.0-adayo-func-bcm: BCMFunc sendMessageFromVehicle_l id:557842693, area:0 not report! 
05-27 19:03:16.184   830   830 D SurfaceFlinger: unisoc-graphics, commit has frameMissed:2, vysncId:234279
05-27 19:03:16.185   572   622 I Sensors : 230 GyroSensor: x:-0.011759,y:0.005268,z:0.002672
05-27 19:03:16.189   536   536 D commservice260303: i = 170, msgid = 8A000404
05-27 19:03:16.189   299 30844 D EvsDriver: forwardFrame
05-27 19:03:16.189   536   536 D commservice260303: msgid = -1979710460,did=138
05-27 19:03:16.189   536   536 D commservice260303: CommProtocolLibCmdBaseI2C::dataproc {"command":{"id":"imu_status","sub":""},"content":{"TimeStamp":11,"FrameCounter":273978,"GD_X":-0.011377211660146713,"GD_Y":0.005420989356935024,"GD_Z":0.002900869119912386,"AD_X":-5.910396575927734E-4,"AD_Y":-2.938081743195653E-4,"AD_Z":-0.17441558837890625,"TempDsp":0,"Status":0,"CalibState":1,"SigAmpInvalid":0}},-1979710460
05-27 19:03:16.189   536   536 D commservice260303: send2Cluster len:316, 7B22636F6D6D616E64223A7B226964223A22696D755F737461747573222C22737562223A22227D2C22636F6E74656E74223A7B2254696D655374616D70223A31312C224672616D65436F756E746572223A3237333937382C2247445F58223A2D302E3031313337373231313636303134363731332C2247445F59223A302E3030353432303938393335363933353032342C2247445F5A223A302E3030323930303836393131393931323338362C2241445F58223A2D352E393130333936353735393237373334452D342C2241445F59223A2D322E393338303831373433313935363533452D342C2241445F5A223A2D302E31373434313535383833373839303632352C2254656D70447370223A302C22537461747573223A302C2243616C69625374617465223A312C22536967416D70496E76616C6964223A307D7D, 138 
05-27 19:03:16.190   536   536 D commservice260303: Push Message into SendPool fn=-630193152
05-27 19:03:16.190   536   536 D commservice260303: ComProtocolLibSend2Cluster::send2ClusterRaw fn=-630193152 , len=332
05-27 19:03:16.190   536   536 D commservice260303: sendCmdToPort :332!!!
05-27 19:03:16.190   536   536 D commservice260303: send Cmd To Port ++++5AA501488A01000470DA6A16CF747B22636F6D6D616E64223A7B226964223A22696D755F737461747573222C22737562223A22227D2C22636F6E74656E74223A7B2254696D655374616D70223A31312C224672616D65436F756E746572223A3237333937382C2247445F58223A2D302E3031313337373231313636303134363731332C2247445F59223A302E3030353432303938393335363933353032342C2247445F5A223A302E3030323930303836393131393931323338362C2241445F58223A2D352E393130333936353735393237373334452D342C2241445F59223A2D322E393338303831373433313935363533452D342C2241445F5A223A2D302E31373434313535383833373839303632352C2254656D70447370223A302C22537461747573223A302C2243616C69625374617465223A312C22536967416D70496E76616C6964223A307D7DAD45
05-27 19:03:16.190   536   536 D commservice260303: bufferevent_write retrun value = 0
05-27 19:03:16.191   536   560 D commservice260303: client datas send succeed,send finish
05-27 19:03:16.191   581   581 I SpiService: fgesysctrl_getGPIO_status success val=1
05-27 19:03:16.192   299 30844 D EvsDriver: Delivered 0xb400007b7ca56900 as id 0
05-27 19:03:16.192  1167  1479 D evsmanagerd: /dev/video6 forwarded the buffer #0 to 0xb4000074bf5f5510 from 0xb4000074bf5f6d90
05-27 19:03:16.192   299 30841 D EvsDriver: Delivered 0xb400007b7ca56a60 as id 0
05-27 19:03:16.192  1167  1167 D evsmanagerd: /dev/video4 forwarded the buffer #0 to 0xb4000074bf5f6850 from 0xb4000074bf5f41d0
05-27 19:03:16.193 13911 14183 I SentryImuMcuAngleSender: 1,0,0
05-27 19:03:16.193 13911 14192 D Sentinelmode_1.2.5.17_sentry: <SentryImuClusterFgeSender>imu_status sent to Linux, frame=273978, tsNs=11663412, tsMs=11, intervalMs=64, ad=(-5.9103966E-4,-2.9380817E-4,-0.17441559), gd=(-0.011377212,0.0054209894,0.0029008691)
05-27 08:54:25.138   581   581 D spi_rst_gpio_get_output: GPIO 145 value: 0
05-27 08:54:25.138   581   581 D spidev_ioctl: gpio status=0)
05-27 08:54:25.155   581   581 D spi_rst_gpio_get_output: GPIO 145 value: 1
05-27 08:54:25.155   581   581 D spidev_ioctl: gpio status=1)
05-27 19:03:16.197   581   581 I SpiService: fgesysctrl_getGPIO_status success val=1
05-27 08:54:25.161   581   581 D spi_rst_gpio_get_output: GPIO 145 value: 1
05-27 08:54:25.161   581   581 D spidev_ioctl: gpio status=1)
05-27 08:54:25.167   581   581 D spi_rst_gpio_get_output: GPIO 145 value: 1
05-27 08:54:25.167   581   581 D spidev_ioctl: gpio status=1)
05-27 08:54:25.173   581   581 D spi_rst_gpio_get_output: GPIO 145 value: 1
05-27 08:54:25.173   581   581 D spidev_ioctl: gpio status=1)
05-27 19:03:16.200   299  1153 D EvsDriver: doneWithFrame
05-27 19:03:16.200   299  1163 D EvsDriver: doneWithFrame
05-27 19:03:16.202 30773 30789 I dvr_service_: Camera 1: MediaOK:125303173, frames:1710, isKeyFrame:0,pts:11662709647
05-27 19:03:16.203   581   581 I SpiService: fgesysctrl_getGPIO_status success val=1
05-27 19:03:16.208   581   581 I SpiService: fgesysctrl_getGPIO_status success val=1
05-27 19:03:16.211 15863 16069 D AIN-HttpHealthPolicy: response: 405, cost=204
05-27 19:03:16.212   299 30841 D EvsDriver: forwardFrame
05-27 19:03:16.212   299 30844 D EvsDriver: forwardFrame
05-27 19:03:16.213 15863 16068 D AIN-PingWorker: updateHost: result=true,host=weixin.qq.com,delay=204
05-27 08:54:25.179   581   581 D spi_rst_gpio_get_output: GPIO 145 value: 1
05-27 19:03:16.213 15863 16068 D AIN-NetCheckerOutputer: onHealthy
05-27 08:54:25.179   581   581 D spidev_ioctl: gpio status=1)
05-27 19:03:16.213 15863 16068 D AIN-ServiceHub: getService with: name = service_tracker
05-27 08:54:25.185   581   581 D spi_rst_gpio_get_output: GPIO 145 value: 0
05-27 08:54:25.185   581   581 D spidev_ioctl: gpio status=0)
05-27 19:03:16.214  1167  1167 D evsmanagerd: /dev/video6 forwarded the buffer #0 to 0xb4000074bf5f5510 from 0xb4000074bf5f6d90
05-27 19:03:16.214   581   581 I SpiService: fgesysctrl_getGPIO_status success val=1
05-27 19:03:16.214   536   536 D commservice260303: msg.id = 1028,0
05-27 19:03:16.215   536   536 D commservice260303: i = 170, msgid = 8A000404
05-27 19:03:16.215   536   536 D commservice260303: msgid = -1979710460,did=138
05-27 19:03:16.215   299 30844 D EvsDriver: Delivered 0xb400007b7ca56900 as id 0
05-27 19:03:16.215   536   536 D commservice260303: CommProtocolLibCmdBaseI2C::dataproc {"command":{"id":"imu_status","sub":""},"content":{"TimeStamp":11,"FrameCounter":273979,"GD_X":-0.011910883709788322,"GD_Y":0.0051151420921087265,"GD_Z":0.0022902146447449923,"AD_X":6.057471036911011E-4,"AD_Y":0.0027445144951343536,"AD_Z":-0.17136573791503906,"TempDsp":0,"Status":0,"CalibState":1,"SigAmpInvalid":0}},-1979710460
05-27 19:03:16.215   536   536 D commservice260303: send2Cluster len:317, 7B22636F6D6D616E64223A7B226964223A22696D755F737461747573222C22737562223A22227D2C22636F6E74656E74223A7B2254696D655374616D70223A31312C224672616D65436F756E746572223A3237333937392C2247445F58223A2D302E3031313931303838333730393738383332322C2247445F59223A302E303035313135313432303932313038373236352C2247445F5A223A302E303032323930323134363434373434393932332C2241445F58223A362E303537343731303336393131303131452D342C2241445F59223A302E303032373434353134343935313334333533362C2241445F5A223A2D302E31373133363537333739313530333930362C2254656D70447370223A302C22537461747573223A302C2243616C69625374617465223A312C22536967416D70496E76616C6964223A307D7D, 138 
05-27 19:03:16.215   536   536 D commservice260303: Push Message into SendPool fn=-613415936
05-27 19:03:16.215   299 30841 D EvsDriver: Delivered 0xb400007b7ca56a60 as id 0
05-27 19:03:16.215   536   536 D commservice260303: ComProtocolLibSend2Cluster::send2ClusterRaw fn=-613415936 , len=333
05-27 19:03:16.215  1167  1167 D evsmanagerd: /dev/video4 forwarded the buffer #0 to 0xb4000074bf5f6850 from 0xb4000074bf5f41d0
05-27 19:03:16.216   536   536 D commservice260303: sendCmdToPort :333!!!
05-27 19:03:16.216   536   536 D commservice260303: send Cmd To Port ++++5AA501498A01000470DB6A16CF747B22636F6D6D616E64223A7B226964223A22696D755F737461747573222C22737562223A22227D2C22636F6E74656E74223A7B2254696D655374616D70223A31312C224672616D65436F756E746572223A3237333937392C2247445F58223A2D302E3031313931303838333730393738383332322C2247445F59223A302E303035313135313432303932313038373236352C2247445F5A223A302E303032323930323134363434373434393932332C2241445F58223A362E303537343731303336393131303131452D342C2241445F59223A302E303032373434353134343935313334333533362C2241445F5A223A2D302E31373133363537333739313530333930362C2254656D70447370223A302C22537461747573223A302C2243616C69625374617465223A312C22536967416D70496E76616C6964223A307D7DBE01
05-27 19:03:16.216   536   536 D commservice260303: bufferevent_write retrun value = 0
05-27 19:03:16.216 23625 23625 I ADAYO_LOG_TRACE_LOGCAT: folder_size:
05-27 19:03:16.217   536   560 D commservice260303: client datas send succeed,send finish
05-27 19:03:16.220   581   581 I SpiService: fgesysctrl_getGPIO_status success val=0
05-27 19:03:16.221 13911 14183 I SentryImuMcuAngleSender: 179.98248rollDeg
05-27 19:03:16.221 13911 14183 I SentryImuMcuAngleSender: 1,0,0
05-27 19:03:16.221   481   597 I mcuc    : send SPI:6AA60080A800020601CF
05-27 19:03:16.222 13911 14192 D Sentinelmode_1.2.5.17_sentry: <SentryImuClusterFgeSender>imu_status sent to Linux, frame=273979, tsNs=11663447, tsMs=11, intervalMs=29, ad=(6.057471E-4,0.0027445145,-0.17136574), gd=(-0.011910884,0.005115142,0.0022902146)
05-27 19:03:16.224   299  1163 D EvsDriver: doneWithFrame
05-27 19:03:16.229   299  1163 D EvsDriver: doneWithFrame
05-27 19:03:16.237   581   581 I SpiService: fgesysctrl_getGPIO_status success val=1
05-27 19:03:16.237  1008 30856 D [OMXB]  : usingANWBuffer: handle:0xee742270, format:1, w:1920, h:1080
05-27 08:54:25.201   581   581 D spi_rst_gpio_get_output: GPIO 145 value: 1
05-27 08:54:25.201   581   581 D spidev_ioctl: gpio status=1)
05-27 19:03:16.241 13911 14183 I SentryImuMcuAngleSender: 179.993rollDeg
05-27 19:03:16.242 13911 14183 I SentryImuMcuAngleSender: 1,0,0
05-27 19:03:16.242   581   581 I SpiService: fgesysctrl_getGPIO_status success val=1
05-27 08:54:25.207   581   581 D spi_rst_gpio_get_output: GPIO 145 value: 1
05-27 08:54:25.207   581   581 D spidev_ioctl: gpio status=1)
05-27 19:03:16.248   581   581 I SpiService: fgesysctrl_getGPIO_status success val=1
05-27 08:54:25.213   581   581 D spi_rst_gpio_get_output: GPIO 145 value: 1
05-27 08:54:25.213   581   581 D spidev_ioctl: gpio status=1)
05-27 19:03:16.250   299 30841 D EvsDriver: forwardFrame
05-27 19:03:16.250   299 30844 D EvsDriver: forwardFrame
05-27 19:03:16.252   299 30844 D EvsDriver: Delivered 0xb400007b7ca56900 as id 0
05-27 08:54:25.219   581   581 D spi_rst_gpio_get_output: GPIO 145 value: 1
05-27 19:03:16.252  1167  1167 D evsmanagerd: /dev/video6 forwarded the buffer #0 to 0xb4000074bf5f5510 from 0xb4000074bf5f6d90
05-27 08:54:25.219   581   581 D spidev_ioctl: gpio status=1)
05-27 19:03:16.253   830   830 D SurfaceFlinger: unisoc-graphics, commit has frameMissed:2, vysncId:234282
05-27 19:03:16.253  1167  1167 D evsmanagerd: /dev/video4 forwarded the buffer #0 to 0xb4000074bf5f6850 from 0xb4000074bf5f41d0
05-27 19:03:16.254 30773 30783 I dvr_service_: [myNum:1][onFrameReceived] Received Surface:1 0
05-27 19:03:16.254 30773 30783 E dvr_service_: [myNum:1] Received S**** loss
05-27 19:03:16.254   299 30841 D EvsDriver: Delivered 0xb400007b7ca56a60 as id 0
05-27 19:03:16.254   581   581 I SpiService: fgesysctrl_getGPIO_status success val=1
05-27 19:03:16.256   536   536 D commservice260303: msg.id = 1028,1
05-27 19:03:16.256   536   536 D commservice260303: i = 170, msgid = 8A000404
05-27 19:03:16.256   536   536 D commservice260303: msgid = -1979710460,did=138
05-27 19:03:16.256   536   536 D commservice260303: CommProtocolLibCmdBaseI2C::dataproc {"command":{"id":"imu_status","sub":""},"content":{"TimeStamp":11,"FrameCounter":273980,"GD_X":-0.011300750076770782,"GD_Y":0.005573912989348173,"GD_Z":0.0021378109231591225,"AD_X":-0.003070265054702759,"AD_Y":-3.1416179263032973E-4,"AD_Z":-0.16953563690185547,"TempDsp":0,"Status":0,"CalibState":1,"SigAmpInvalid":0}},-1979710460
05-27 19:03:16.256   299  1163 D EvsDriver: doneWithFrame
05-27 19:03:16.256   536   536 D commservice260303: send2Cluster len:318, 7B22636F6D6D616E64223A7B226964223A22696D755F737461747573222C22737562223A22227D2C22636F6E74656E74223A7B2254696D655374616D70223A31312C224672616D65436F756E746572223A3237333938302C2247445F58223A2D302E3031313330303735303037363737303738322C2247445F59223A302E3030353537333931323938393334383137332C2247445F5A223A302E303032313337383130393233313539313232352C2241445F58223A2D302E3030333037303236353035343730323735392C2241445F59223A2D332E31343136313739323633303332393733452D342C2241445F5A223A2D302E31363935333536333639303138353534372C2254656D70447370223A302C22537461747573223A302C2243616C69625374617465223A312C22536967416D70496E76616C6964223A307D7D, 138 
05-27 19:03:16.256   536   536 D commservice260303: Push Message into SendPool fn=-596638720
05-27 19:03:16.256   536   536 D commservice260303: ComProtocolLibSend2Cluster::send2ClusterRaw fn=-596638720 , len=334
05-27 19:03:16.256   536   536 D commservice260303: sendCmdToPort :334!!!
05-27 19:03:16.256   536   536 D commservice260303: send Cmd To Port ++++5AA5014A8A01000470DC6A16CF747B22636F6D6D616E64223A7B226964223A22696D755F737461747573222C22737562223A22227D2C22636F6E74656E74223A7B2254696D655374616D70223A31312C224672616D65436F756E746572223A3237333938302C2247445F58223A2D302E3031313330303735303037363737303738322C2247445F59223A302E3030353537333931323938393334383137332C2247445F5A223A302E303032313337383130393233313539313232352C2241445F58223A2D302E3030333037303236353035343730323735392C2241445F59223A2D332E31343136313739323633303332393733452D342C2241445F5A223A2D302E31363935333536333639303138353534372C2254656D70447370223A302C22537461747573223A302C2243616C69625374617465223A312C22536967416D70496E76616C6964223A307D7DD0FC
05-27 19:03:16.256   536   536 D commservice260303: bufferevent_write retrun value = 0
05-27 19:03:16.257   299  1153 D EvsDriver: doneWithFrame
05-27 19:03:16.257   536   560 D commservice260303: client datas send succeed,send finish
05-27 19:03:16.257 13911 14192 D Sentinelmode_1.2.5.17_sentry: <SentryImuClusterFgeSender>imu_status sent to Linux, frame=273980, tsNs=11663501, tsMs=11, intervalMs=35, ad=(-0.003070265,-3.141618E-4,-0.16953564), gd=(-0.01130075,0.005573913,0.002137811)
05-27 19:03:16.260   581   581 I SpiService: fgesysctrl_getGPIO_status success val=0
05-27 08:54:25.225   581   581 D spi_rst_gpio_get_output: GPIO 145 value: 0
05-27 08:54:25.225   581   581 D spidev_ioctl: gpio status=0)
05-27 19:03:16.261 30773 30785 I dvr_service_: [EncoderHandler::runMediaThread] runMediaThread started:1,state:1, cam2:started:1,state:1, lastSwitch:1, mIsMuxerStart:1,format:0,is_str_ing:0
05-27 19:03:16.261 13911 14183 I SentryImuMcuAngleSender: 180.0rollDeg
05-27 19:03:16.261 13911 14183 I SentryImuMcuAngleSender: 1,0,0
05-27 19:03:16.270   830   830 D SurfaceFlinger: unisoc-graphics, commit has frameMissed:2, vysncId:234283
05-27 19:03:16.271   283   307 I rvcservice: t.code = 3, t.value = 0
05-27 19:03:16.275   581   581 I SpiService: fgesysctrl_getGPIO_status success val=1
05-27 08:54:25.239   581   581 D spi_rst_gpio_get_output: GPIO 145 value: 1
05-27 08:54:25.239   581   581 D spidev_ioctl: gpio status=1)
05-27 19:03:16.277 23580 23624 D ANWAPI_SECOND: (23580|0x179BFCB0)[BTAPI] set_bluetooth_power : open /sys/class/gpio/gpio142/value
05-27 19:03:16.277 23580 23624 D ANWAPI_SECOND: (23580|0x179BFCB0)[BTAPI] set_bluetooth_power : open(/sys/class/gpio/gpio142/value) for write failed,fd=-1
05-27 19:03:16.277 23580 23624 D ANWAPI_SECOND: (23580|0x179BFCB0)[BTAPI] open set_bluetooth_power : write(No such file or directory) failed,errno = 2
05-27 19:03:16.281   581   581 I SpiService: fgesysctrl_getGPIO_status success val=1
05-27 19:03:16.282 13911 14183 I SentryImuMcuAngleSender: 180.0rollDeg
05-27 19:03:16.282 13911 14183 I SentryImuMcuAngleSender: 1,0,0
05-27 08:54:25.246   581   581 D spi_rst_gpio_get_output: GPIO 145 value: 1
05-27 08:54:25.246   581   581 D spidev_ioctl: gpio status=1)
05-27 19:03:16.287   581   581 I SpiService: fgesysctrl_getGPIO_status success val=1
05-27 19:03:16.287   572   572 I Sensors : 230 AccelSensor: x:-0.176290,y:0.001220,z:-9.975940
05-27 08:54:25.252   581   581 D spi_rst_gpio_get_output: GPIO 145 value: 1
05-27 08:54:25.252   581   581 D spidev_ioctl: gpio status=1)
05-27 19:03:16.292   299 30844 D EvsDriver: forwardFrame
05-27 19:03:16.292   299 30841 D EvsDriver: forwardFrame
05-27 19:03:16.293   581   581 I SpiService: fgesysctrl_getGPIO_status success val=1
05-27 08:54:25.258   581   581 D spi_rst_gpio_get_output: GPIO 145 value: 1
05-27 19:03:16.295   299 30844 D EvsDriver: Delivered 0xb400007b7ca56900 as id 0
05-27 08:54:25.258   581   581 D spidev_ioctl: gpio status=1)
05-27 19:03:16.295  1167  1479 D evsmanagerd: /dev/video6 forwarded the buffer #0 to 0xb4000074bf5f5510 from 0xb4000074bf5f6d90
05-27 19:03:16.297  1167  1479 D evsmanagerd: /dev/video4 forwarded the buffer #0 to 0xb4000074bf5f6850 from 0xb4000074bf5f41d0
05-27 19:03:16.297   299 30841 D EvsDriver: Delivered 0xb400007b7ca56a60 as id 0
05-27 19:03:16.297   536   536 D commservice260303: msg.id = 1028,0
05-27 19:03:16.297   536   536 D commservice260303: i = 170, msgid = 8A000404
05-27 19:03:16.297   536   536 D commservice260303: msgid = -1979710460,did=138
05-27 19:03:16.297   536   536 D commservice260303: CommProtocolLibCmdBaseI2C::dataproc {"command":{"id":"imu_status","sub":""},"content":{"TimeStamp":11,"FrameCounter":273981,"GD_X":-0.011223767884075642,"GD_Y":0.00549693126231432,"GD_Z":0.002443138277158141,"AD_X":-0.006710991263389587,"AD_Y":9.044597391039133E-4,"AD_Z":-0.17075538635253906,"TempDsp":0,"Status":0,"CalibState":1,"SigAmpInvalid":0}},-1979710460
05-27 19:03:16.297   536   536 D commservice260303: send2Cluster len:314, 7B22636F6D6D616E64223A7B226964223A22696D755F737461747573222C22737562223A22227D2C22636F6E74656E74223A7B2254696D655374616D70223A31312C224672616D65436F756E746572223A3237333938312C2247445F58223A2D302E3031313232333736373838343037353634322C2247445F59223A302E30303534393639333132363233313433322C2247445F5A223A302E3030323434333133383237373135383134312C2241445F58223A2D302E3030363731303939313236333338393538372C2241445F59223A392E303434353937333931303339313333452D342C2241445F5A223A2D302E31373037353533383633353235333930362C2254656D70447370223A302C22537461747573223A302C2243616C69625374617465223A312C22536967416D70496E76616C6964223A307D7D, 138 
05-27 19:03:16.297   536   536 D commservice260303: Push Message into SendPool fn=-579861504
05-27 19:03:16.297   536   536 D commservice260303: ComProtocolLibSend2Cluster::send2ClusterRaw fn=-579861504 , len=330
05-27 19:03:16.297 30773 30773 E dvr_service_: [myNum:0] Received S**** loss
05-27 19:03:16.297   536   536 D commservice260303: sendCmdToPort :330!!!
05-27 19:03:16.297   536   536 D commservice260303: send Cmd To Port ++++5AA501468A01000470DD6A16CF747B22636F6D6D616E64223A7B226964223A22696D755F737461747573222C22737562223A22227D2C22636F6E74656E74223A7B2254696D655374616D70223A31312C224672616D65436F756E746572223A3237333938312C2247445F58223A2D302E3031313232333736373838343037353634322C2247445F59223A302E30303534393639333132363233313433322C2247445F5A223A302E3030323434333133383237373135383134312C2241445F58223A2D302E3030363731303939313236333338393538372C2241445F59223A392E303434353937333931303339313333452D342C2241445F5A223A2D302E31373037353533383633353235333930362C2254656D70447370223A302C22537461747573223A302C2243616C69625374617465223A312C22536967416D70496E76616C6964223A307D7DC956
05-27 19:03:16.298   536   536 D commservice260303: bufferevent_write retrun value = 0
05-27 19:03:16.298   536   560 D commservice260303: client datas send succeed,send finish
05-27 19:03:16.298 13911 14192 D Sentinelmode_1.2.5.17_sentry: <SentryImuClusterFgeSender>imu_status sent to Linux, frame=273981, tsNs=11663537, tsMs=11, intervalMs=41, ad=(-0.0067109913,9.0445974E-4,-0.17075539), gd=(-0.011223768,0.0054969313,0.0024431383)
05-27 19:03:16.299   581   581 I SpiService: fgesysctrl_getGPIO_status success val=1
05-27 19:03:16.299   299  1153 D EvsDriver: doneWithFrame
05-27 19:03:16.299  1008 30857 D [OMXB]  : usingANWBuffer: handle:0xee7412a0, format:1, w:1920, h:1080
05-27 19:03:16.303 13911 14183 I SentryImuMcuAngleSender: 179.993rollDeg
05-27 19:03:16.304 13911 14183 I SentryImuMcuAngleSender: 1,0,0
05-27 19:03:16.304   581   581 I SpiService: fgesysctrl_getGPIO_status success val=0
05-27 08:54:25.264   581   581 D spi_rst_gpio_get_output: GPIO 145 value: 1
05-27 08:54:25.264   581   581 D spidev_ioctl: gpio status=1)
05-27 08:54:25.269   581   581 D spi_rst_gpio_get_output: GPIO 145 value: 0
05-27 08:54:25.269   581   581 D spidev_ioctl: gpio status=0)
05-27 19:03:16.305   299  1153 D EvsDriver: doneWithFrame
05-27 19:03:16.316   299 30844 D EvsDriver: forwardFrame
05-27 19:03:16.318   299 30844 D EvsDriver: Delivered 0xb400007b7ca56900 as id 0
05-27 19:03:16.318  1167  1167 D evsmanagerd: /dev/video6 forwarded the buffer #0 to 0xb4000074bf5f5510 from 0xb4000074bf5f6d90
05-27 19:03:16.320   581   581 I SpiService: fgesysctrl_getGPIO_status success val=1
05-27 08:54:25.284   581   581 D spi_rst_gpio_get_output: GPIO 145 value: 1
05-27 08:54:25.284   581   581 D spidev_ioctl: gpio status=1)
05-27 19:03:16.322   299  1153 D EvsDriver: doneWithFrame
05-27 19:03:16.325 13911 14183 I SentryImuMcuAngleSender: 179.97197rollDeg
05-27 19:03:16.325 13911 14183 I SentryImuMcuAngleSender: 1,0,0
05-27 19:03:16.325   581   581 I SpiService: fgesysctrl_getGPIO_status success val=1
05-27 19:03:16.326  1008 30856 D [OMXB]  : usingANWBuffer: handle:0xee742530, format:1, w:1920, h:1080
05-27 08:54:25.290   581   581 D spi_rst_gpio_get_output: GPIO 145 value: 1
05-27 08:54:25.290   581   581 D spidev_ioctl: gpio status=1)
05-27 19:03:16.331   581   581 I SpiService: fgesysctrl_getGPIO_status success val=1
05-27 08:54:25.296   581   581 D spi_rst_gpio_get_output: GPIO 145 value: 1
05-27 08:54:25.296   581   581 D spidev_ioctl: gpio status=1)
05-27 19:03:16.334   299 30841 D EvsDriver: forwardFrame
05-27 19:03:16.336   830   830 D SurfaceFlinger: unisoc-graphics, commit has frameMissed:2, vysncId:234286
05-27 19:03:16.337   581   581 I SpiService: fgesysctrl_getGPIO_status success val=1
05-27 19:03:16.338   536   536 D commservice260303: msg.id = 1028,0
05-27 19:03:16.338   536   536 D commservice260303: i = 170, msgid = 8A000404
05-27 19:03:16.338   536   536 D commservice260303: msgid = -1979710460,did=138
05-27 19:03:16.339   536   536 D commservice260303: CommProtocolLibCmdBaseI2C::dataproc {"command":{"id":"imu_status","sub":""},"content":{"TimeStamp":11,"FrameCounter":273982,"GD_X":-0.012139749713242054,"GD_Y":0.004809814505279064,"GD_Z":0.0028249274473637342,"AD_X":-0.006077900528907776,"AD_Y":0.00454029580578208,"AD_Z":-0.17075538635253906,"TempDsp":0,"Status":0,"CalibState":1,"SigAmpInvalid":0}},-1979710460
05-27 19:03:16.339   536   536 D commservice260303: send2Cluster len:315, 7B22636F6D6D616E64223A7B226964223A22696D755F737461747573222C22737562223A22227D2C22636F6E74656E74223A7B2254696D655374616D70223A31312C224672616D65436F756E746572223A3237333938322C2247445F58223A2D302E3031323133393734393731333234323035342C2247445F59223A302E3030343830393831343530353237393036342C2247445F5A223A302E303032383234393237343437333633373334322C2241445F58223A2D302E3030363037373930303532383930373737362C2241445F59223A302E30303435343032393538303537383230382C2241445F5A223A2D302E31373037353533383633353235333930362C2254656D70447370223A302C22537461747573223A302C2243616C69625374617465223A312C22536967416D70496E76616C6964223A307D7D, 138 
05-27 19:03:16.339   536   536 D commservice260303: Push Message into SendPool fn=-563084288
05-27 19:03:16.339   536   536 D commservice260303: ComProtocolLibSend2Cluster::send2ClusterRaw fn=-563084288 , len=331
05-27 19:03:16.339   536   536 D commservice260303: sendCmdToPort :331!!!
05-27 19:03:16.339   536   536 D commservice260303: send Cmd To Port ++++5AA501478A01000470DE6A16CF747B22636F6D6D616E64223A7B226964223A22696D755F737461747573222C22737562223A22227D2C22636F6E74656E74223A7B2254696D655374616D70223A31312C224672616D65436F756E746572223A3237333938322C2247445F58223A2D302E3031323133393734393731333234323035342C2247445F59223A302E3030343830393831343530353237393036342C2247445F5A223A302E303032383234393237343437333633373334322C2241445F58223A2D302E3030363037373930303532383930373737362C2241445F59223A302E30303435343032393538303537383230382C2241445F5A223A2D302E31373037353533383633353235333930362C2254656D70447370223A302C22537461747573223A302C2243616C69625374617465223A312C22536967416D70496E76616C6964223A307D7D73BA
05-27 19:03:16.339  1167  1167 D evsmanagerd: /dev/video4 forwarded the buffer #0 to 0xb4000074bf5f6850 from 0xb4000074bf5f41d0
05-27 19:03:16.339   536   536 D commservice260303: bufferevent_write retrun value = 0
05-27 19:03:16.339   536   560 D commservice260303: client datas send succeed,send finish
05-27 19:03:16.339 13911 14192 D Sentinelmode_1.2.5.17_sentry: <SentryImuClusterFgeSender>imu_status sent to Linux, frame=273982, tsNs=11663572, tsMs=11, intervalMs=41, ad=(-0.0060779005,0.004540296,-0.17075539), gd=(-0.01213975,0.0048098145,0.0028249274)
05-27 19:03:16.339   299 30841 D EvsDriver: Delivered 0xb400007b7ca56a60 as id 0
05-27 08:54:25.302   581   581 D spi_rst_gpio_get_output: GPIO 145 value: 1
05-27 08:54:25.302   581   581 D spidev_ioctl: gpio status=1)
05-27 19:03:16.343   581   581 I SpiService: fgesysctrl_getGPIO_status success val=0
05-27 08:54:25.307   581   581 D spi_rst_gpio_get_output: GPIO 145 value: 0
05-27 08:54:25.307   581   581 D spidev_ioctl: gpio status=0)
05-27 19:03:16.346 13911 14183 I SentryImuMcuAngleSender: 179.97899rollDeg
05-27 19:03:16.346   299 30844 D EvsDriver: forwardFrame
05-27 19:03:16.346 13911 14183 I SentryImuMcuAngleSender: 1,0,0
05-27 19:03:16.347   299 30841 D EvsDriver: forwardFrame
05-27 19:03:16.349  1167  1167 D evsmanagerd: /dev/video6 forwarded the buffer #0 to 0xb4000074bf5f5510 from 0xb4000074bf5f6d90
05-27 19:03:16.350   299 30841 D EvsDriver: Delivered 0xb400007b7ca572a0 as id 1
05-27 19:03:16.350   299 30844 D EvsDriver: Delivered 0xb400007b7ca56900 as id 0
05-27 19:03:16.351  1008 30857 D [OMXB]  : usingANWBuffer: handle:0xee744210, format:1, w:1920, h:1080
05-27 19:03:16.352   299  1153 D EvsDriver: doneWithFrame
05-27 19:03:16.352  1167  1167 D evsmanagerd: /dev/video4 forwarded the buffer #1 to 0xb4000074bf5f6850 from 0xb4000074bf5f41d0
05-27 19:03:16.354   830   830 D SurfaceFlinger: unisoc-graphics, commit has frameMissed:2, vysncId:234287
05-27 19:03:16.356   299  1153 D EvsDriver: doneWithFrame
05-27 19:03:16.356   299  1163 D EvsDriver: doneWithFrame
05-27 08:54:25.322   581   581 D spi_rst_gpio_get_output: GPIO 145 value: 1
05-27 08:54:25.322   581   581 D spidev_ioctl: gpio status=1)
05-27 08:54:25.328   581   581 D spi_rst_gpio_get_output: GPIO 145 value: 1
05-27 08:54:25.328   581   581 D spidev_ioctl: gpio status=1)
05-27 08:54:25.334   581   581 D spi_rst_gpio_get_output: GPIO 145 value: 1
05-27 08:54:25.334   581   581 D spidev_ioctl: gpio status=1)
05-27 19:03:16.358   581   581 I SpiService: fgesysctrl_getGPIO_status success val=1
05-27 19:03:16.364   581   581 I SpiService: fgesysctrl_getGPIO_status success val=1
05-27 19:03:16.369 13911 14183 I SentryImuMcuAngleSender: 179.97899rollDeg
05-27 19:03:16.369 13911 14183 I SentryImuMcuAngleSender: 1,0,0
05-27 19:03:16.369   581   581 I SpiService: fgesysctrl_getGPIO_status success val=1
05-27 19:03:16.370   830   830 D SurfaceFlinger: unisoc-graphics, commit has frameMissed:2, vysncId:234288
05-27 19:03:16.372   283   307 I rvcservice: t.code = 4, t.value = 0
05-27 19:03:16.375   299 30841 D EvsDriver: forwardFrame
05-27 19:03:16.375   581   581 I SpiService: fgesysctrl_getGPIO_status success val=1
05-27 19:03:16.376   299 30841 D EvsDriver: Delivered 0xb400007b7ca56a60 as id 0
05-27 19:03:16.377  1167  1167 D evsmanagerd: /dev/video4 forwarded the buffer #0 to 0xb4000074bf5f6850 from 0xb4000074bf5f41d0
05-27 19:03:16.378   572   572 I Sensors : 230 GyroSensor: x:-0.011071,y:0.005345,z:0.001832
05-27 08:54:25.340   581   581 D spi_rst_gpio_get_output: GPIO 145 value: 1
05-27 08:54:25.340   581   581 D spidev_ioctl: gpio status=1)
05-27 19:03:16.381   581   581 I SpiService: fgesysctrl_getGPIO_status success val=1
05-27 19:03:16.381   299  1163 D EvsDriver: doneWithFrame
05-27 08:54:25.345   581   581 D spi_rst_gpio_get_output: GPIO 145 value: 1
05-27 08:54:25.345   581   581 D spidev_ioctl: gpio status=1)
05-27 19:03:16.383   299 30844 D EvsDriver: forwardFrame
05-27 19:03:16.383   536   536 D commservice260303: msg.id = 1028,0
05-27 19:03:16.383   536   536 D commservice260303: i = 170, msgid = 8A000404
05-27 19:03:16.383   536   536 D commservice260303: msgid = -1979710460,did=138
05-27 19:03:16.383   536   536 D commservice260303: CommProtocolLibCmdBaseI2C::dataproc {"command":{"id":"imu_status","sub":""},"content":{"TimeStamp":11,"FrameCounter":273983,"GD_X":-0.010766036808490753,"GD_Y":0.005345047451555729,"GD_Z":0.002213752595707774,"AD_X":-0.006055936217308044,"AD_Y":-9.570305119268596E-4,"AD_Z":-0.16953563690185547,"TempDsp":0,"Status":0,"CalibState":1,"SigAmpInvalid":0}},-1979710460
05-27 19:03:16.384   536   536 D commservice260303: send2Cluster len:316, 7B22636F6D6D616E64223A7B226964223A22696D755F737461747573222C22737562223A22227D2C22636F6E74656E74223A7B2254696D655374616D70223A31312C224672616D65436F756E746572223A3237333938332C2247445F58223A2D302E3031303736363033363830383439303735332C2247445F59223A302E3030353334353034373435313535353732392C2247445F5A223A302E3030323231333735323539353730373737342C2241445F58223A2D302E3030363035353933363231373330383034342C2241445F59223A2D392E353730333035313139323638353936452D342C2241445F5A223A2D302E31363935333536333639303138353534372C2254656D70447370223A302C22537461747573223A302C2243616C69625374617465223A312C22536967416D70496E76616C6964223A307D7D, 138 
05-27 19:03:16.384   536   536 D commservice260303: Push Message into SendPool fn=-546307072
05-27 19:03:16.384   536   536 D commservice260303: ComProtocolLibSend2Cluster::send2ClusterRaw fn=-546307072 , len=332
05-27 19:03:16.384   536   536 D commservice260303: sendCmdToPort :332!!!
05-27 19:03:16.384   536   536 D commservice260303: send Cmd To Port ++++5AA501488A01000470DF6A16CF747B22636F6D6D616E64223A7B226964223A22696D755F737461747573222C22737562223A22227D2C22636F6E74656E74223A7B2254696D655374616D70223A31312C224672616D65436F756E746572223A3237333938332C2247445F58223A2D302E3031303736363033363830383439303735332C2247445F59223A302E3030353334353034373435313535353732392C2247445F5A223A302E3030323231333735323539353730373737342C2241445F58223A2D302E3030363035353933363231373330383034342C2241445F59223A2D392E353730333035313139323638353936452D342C2241445F5A223A2D302E31363935333536333639303138353534372C2254656D70447370223A302C22537461747573223A302C2243616C69625374617465223A312C22536967416D70496E76616C6964223A307D7D0823
05-27 19:03:16.384   536   536 D commservice260303: bufferevent_write retrun value = 0
05-27 19:03:16.385  1167  1167 D evsmanagerd: /dev/video6 forwarded the buffer #0 to 0xb4000074bf5f5510 from 0xb4000074bf5f6d90
05-27 19:03:16.386   536   560 D commservice260303: client datas send succeed,send finish
05-27 19:03:16.387   581   581 I SpiService: fgesysctrl_getGPIO_status success val=0
05-27 19:03:16.389   566 11459 I gps_hdbd: Received: '$GNGGA,011907.000,,,,,0,00,,,M,,M,,*68
'
05-27 19:03:16.393   299  1163 D EvsDriver: doneWithFrame
05-27 19:03:16.394 13911 14183 I SentryImuMcuAngleSender: -179.993rollDeg
05-27 19:03:16.394 13911 14183 I SentryImuMcuAngleSender: 1,0,0
05-27 08:54:25.351   581   581 D spi_rst_gpio_get_output: GPIO 145 value: 0
05-27 19:03:16.394   299 30844 D EvsDriver: Delivered 0xb400007b7ca56900 as id 0
05-27 08:54:25.351   581   581 D spidev_ioctl: gpio status=0)
05-27 19:03:16.394 13911 14192 D Sentinelmode_1.2.5.17_sentry: <SentryImuClusterFgeSender>imu_status sent to Linux, frame=273983, tsNs=11663608, tsMs=11, intervalMs=55, ad=(-0.006055936,-9.570305E-4,-0.16953564), gd=(-0.010766037,0.0053450475,0.0022137526)
05-27 19:03:16.396   566 11459 I gps_hdbd: Received: '$GNGSA,A,1,,,,,,,,,,,,,,,,1*1D
'
05-27 19:03:16.397   566 11459 I gps_hdbd: Received: '$GNGSA,A,1,,,,,,,,,,,,,,,,3*1F
'
05-27 19:03:16.403   581   581 I SpiService: fgesysctrl_getGPIO_status success val=1
05-27 19:03:16.404   566 11459 I gps_hdbd: Received: '$GNGSA,A,1,,,,,,,,,,,,,,,,4*18
'
05-27 19:03:16.405   566 11459 I gps_hdbd: Received: '$BDGSV,1,1,00,1*75
'
05-27 08:54:25.367   581   581 D spi_rst_gpio_get_output: GPIO 145 value: 1
05-27 08:54:25.367   581   581 D spidev_ioctl: gpio status=1)
05-27 08:54:25.373   581   581 D spi_rst_gpio_get_output: GPIO 145 value: 1
05-27 08:54:25.373   581   581 D spidev_ioctl: gpio status=1)
05-27 19:03:16.408   566 11459 I gps_hdbd: Received: '$BDGSV,1,1,00,5*71
'
05-27 19:03:16.408   566 11459 I gps_hdbd: Received: '$GPGSV,1,1,01,199,42,165,,1*60
'
05-27 19:03:16.408   581   581 I SpiService: fgesysctrl_getGPIO_status success val=1
05-27 19:03:16.412   566 11459 I gps_hdbd: Received: '$GPGSV,1,1,00,8*6D
'
05-27 19:03:16.413   566 11459 I gps_hdbd: Received: '$GAGSV,1,1,00,7*73
'
05-27 19:03:16.414  1008 30856 D [OMXB]  : usingANWBuffer: handle:0xee743b30, format:1, w:1920, h:1080
05-27 19:03:16.414   581   581 I SpiService: fgesysctrl_getGPIO_status success val=1
05-27 19:03:16.415 13911 14183 I SentryImuMcuAngleSender: 179.98949rollDeg
05-27 19:03:16.415 13911 14183 I SentryImuMcuAngleSender: 1,0,0
05-27 08:54:25.379   581   581 D spi_rst_gpio_get_output: GPIO 145 value: 1
05-27 08:54:25.379   581   581 D spidev_ioctl: gpio status=1)
05-27 19:03:16.417   566 11459 I gps_hdbd: Received: '$GAGSV,1,1,00,1*75
'
05-27 19:03:16.418   566 11459 I gps_hdbd: Received: '$GNRMC,011907.000,V,,,,,,,270526,120.0,E,N,V*4B
'
05-27 19:03:16.418   566 11459 I gps_hdbd: RMC : CALL gnss_sv_status_cb, view_in_sat <1>
05-27 19:03:16.419   566 11459 I gps_hdbd: [reportSvStatus]--->PLATFORM_BSP::Enter
05-27 19:03:16.419   566 11459 I gps_hdbd: hy abnormal deal:hy_cnr30_satellite_cnt=0
05-27 19:03:16.419   566 11459 D gps_hdbd: hy abnormal deal:hy_fixStatus_fail_count=0
05-27 19:03:16.419   299 30841 D EvsDriver: forwardFrame
05-27 19:03:16.419  1083  1083 W MyAppLog: [2026-05-27 19:03:16.419 W tboxap gpsSyncGpsInfoToDm:361] [Gps] [gpsSyncGpsInfoToDm] fix=0 mode=49 corner:0x01 alt=0.00 sat=0 hdop=0.00 pdop=0.00 vdop=0.00
05-27 19:03:16.420   581   581 I SpiService: fgesysctrl_getGPIO_status success val=1
05-27 19:03:16.421   299 30844 D EvsDriver: forwardFrame
05-27 19:03:16.423  1167  1167 D evsmanagerd: /dev/video4 forwarded the buffer #0 to 0xb4000074bf5f6850 from 0xb4000074bf5f41d0
05-27 19:03:16.423   566 11459 I gps_hdbd: Received: '$GNZDA,011907.000,27,05,2026,00,00*40
'
05-27 19:03:16.426   581   581 I SpiService: fgesysctrl_getGPIO_status success val=0
05-27 08:54:25.384   581   581 D spi_rst_gpio_get_output: GPIO 145 value: 1
05-27 08:54:25.384   581   581 D spidev_ioctl: gpio status=1)
05-27 08:54:25.390   581   581 D spi_rst_gpio_get_output: GPIO 145 value: 0
05-27 08:54:25.390   581   581 D spidev_ioctl: gpio status=0)
05-27 19:03:16.429   536   536 D commservice260303: msg.id = 1028,1
05-27 19:03:16.429   536   536 D commservice260303: i = 170, msgid = 8A000404
05-27 19:03:16.429   536   536 D commservice260303: msgid = -1979710460,did=138
05-27 19:03:16.429   536   536 D commservice260303: CommProtocolLibCmdBaseI2C::dataproc {"command":{"id":"imu_status","sub":""},"content":{"TimeStamp":11,"FrameCounter":273984,"GD_X":-0.011682018637657166,"GD_Y":0.005420989356935024,"GD_Z":0.0022902146447449923,"AD_X":1.3723969459533691E-5,"AD_Y":0.00451847817748785,"AD_Z":-0.16709613800048828,"TempDsp":0,"Status":0,"CalibState":1,"SigAmpInvalid":0}},-1979710460
05-27 19:03:16.429   536   536 D commservice260303: send2Cluster len:315, 7B22636F6D6D616E64223A7B226964223A22696D755F737461747573222C22737562223A22227D2C22636F6E74656E74223A7B2254696D655374616D70223A31312C224672616D65436F756E746572223A3237333938342C2247445F58223A2D302E3031313638323031383633373635373136362C2247445F59223A302E3030353432303938393335363933353032342C2247445F5A223A302E303032323930323134363434373434393932332C2241445F58223A312E33373233393639343539353333363931452D352C2241445F59223A302E30303435313834373831373734383738352C2241445F5A223A2D302E31363730393631333830303034383832382C2254656D70447370223A302C22537461747573223A302C2243616C69625374617465223A312C22536967416D70496E76616C6964223A307D7D, 138 
05-27 08:54:25.405   581   581 D spi_rst_gpio_get_output: GPIO 145 value: 1
05-27 19:03:16.430   536   536 D commservice260303: Push Message into SendPool fn=-529529856
05-27 19:03:16.430   536   536 D commservice260303: ComProtocolLibSend2Cluster::send2ClusterRaw fn=-529529856 , len=331
05-27 08:54:25.405   581   581 D spidev_ioctl: gpio status=1)
05-27 19:03:16.430   536   536 D commservice260303: sendCmdToPort :331!!!
05-27 19:03:16.430   536   536 D commservice260303: send Cmd To Port ++++5AA501478A01000470E06A16CF747B22636F6D6D616E64223A7B226964223A22696D755F737461747573222C22737562223A22227D2C22636F6E74656E74223A7B2254696D655374616D70223A31312C224672616D65436F756E746572223A3237333938342C2247445F58223A2D302E3031313638323031383633373635373136362C2247445F59223A302E3030353432303938393335363933353032342C2247445F5A223A302E303032323930323134363434373434393932332C2241445F58223A312E33373233393639343539353333363931452D352C2241445F59223A302E30303435313834373831373734383738352C2241445F5A223A2D302E31363730393631333830303034383832382C2254656D70447370223A302C22537461747573223A302C2243616C69625374617465223A312C22536967416D70496E76616C6964223A307D7DA602
05-27 19:03:16.430   536   536 D commservice260303: bufferevent_write retrun value = 0
05-27 19:03:16.430  1167  1167 D evsmanagerd: /dev/video6 forwarded the buffer #0 to 0xb4000074bf5f5510 from 0xb4000074bf5f6d90
05-27 19:03:16.430   536   560 D commservice260303: client datas send succeed,send finish
05-27 19:03:16.431 30773 30773 E dvr_service_: [myNum:1] Received S**** loss
05-27 19:03:16.431   299  1163 D EvsDriver: doneWithFrame
05-27 19:03:16.432   299 30844 D EvsDriver: Delivered 0xb400007b7ca56900 as id 0
05-27 19:03:16.432   299  1153 D EvsDriver: doneWithFrame
05-27 19:03:16.436 13911 14183 I SentryImuMcuAngleSender: 179.97197rollDeg
05-27 19:03:16.436 13911 14183 I SentryImuMcuAngleSender: 1,0,0
05-27 19:03:16.437 13911 14192 D Sentinelmode_1.2.5.17_sentry: <SentryImuClusterFgeSender>imu_status sent to Linux, frame=273984, tsNs=11663665, tsMs=11, intervalMs=43, ad=(1.37239695E-5,0.004518478,-0.16709614), gd=(-0.011682019,0.0054209894,0.0022902146)
05-27 19:03:16.438   299 30841 D EvsDriver: Delivered 0xb400007b7ca56a60 as id 0
05-27 19:03:16.441   581   581 I SpiService: fgesysctrl_getGPIO_status success val=1
05-27 19:03:16.446   581   581 I SpiService: fgesysctrl_getGPIO_status success val=1
05-27 19:03:16.446   566 11459 I gps_hdbd: Received: '$GNINS,1,1,TYPE,I,V,011907.000,20258000,FUS,-13,0,0,0,MOT,V,1,PATT,0.00,0.00,0.00,VEL,0.000,0.000,0.000,POS,40.0001330924,116.0001570688,84.176,IIA,1,0.00,0.00,0.00,BGA,0.31,-0.66,-0.13,0.000,0.000,0.000,IGA,0,-1,0,0,-2,98,VG,16c2ff1*21
'
05-27 19:03:16.448   299 30844 D EvsDriver: forwardFrame
05-27 19:03:16.449 11344 11344 E SystemUI_NavBarFragment: SysUIConfig.icCarServiceConnected：false
05-27 19:03:16.450   299 30844 D EvsDriver: Delivered 0xb400007b7ca56900 as id 0
05-27 08:54:25.411   581   581 D spi_rst_gpio_get_output: GPIO 145 value: 1
05-27 19:03:16.451  1167  1167 D evsmanagerd: /dev/video6 forwarded the buffer #0 to 0xb4000074bf5f5510 from 0xb4000074bf5f6d90
05-27 19:03:16.452   581   581 I SpiService: fgesysctrl_getGPIO_status success val=1
05-27 19:03:16.453  1008 30857 D [OMXB]  : usingANWBuffer: handle:0xee744630, format:1, w:1920, h:1080
05-27 19:03:16.455   830   830 D SurfaceFlinger: unisoc-graphics, commit has frameMissed:2, vysncId:234291
05-27 19:03:16.458   299 30841 D EvsDriver: forwardFrame
05-27 19:03:16.458   299  1153 D EvsDriver: doneWithFrame
05-27 19:03:16.458   581   581 I SpiService: fgesysctrl_getGPIO_status success val=1
05-27 19:03:16.459   566 11459 I gps_hdbd: Received: '$GNINS,CARSPEED,ADR_STATUS,0,Pulse_count,0,1,0,0,20258000,116430,0.000,0.000,0.000*0A
'
05-27 19:03:16.459   566 11459 I gps_hdbd: Received: '$GNTXT,04,01,04,INS,V,1,,,,FLG,1,000000,1,0,1,0,0,Con,0*71
'
05-27 19:03:16.460 13911 14183 I SentryImuMcuAngleSender: 179.97197rollDeg
05-27 19:03:16.460 13911 14183 I SentryImuMcuAngleSender: 1,0,0
05-27 19:03:16.463 13549 13549 I ADAYO_LOG_: handleMessage(UsbFunc.java:352)copyQnx = 0
