05-27 19:03:23.909 23755 23755 D ANWJNI_SECOND: (23755|0x5467E4F8)[BTAPP] 0xc9 
05-27 19:03:23.909 23755 23755 D ANWJNI_SECOND: (23755|0x5467E4F8)[BTAPP] 0x40 
05-27 19:03:23.909   581   581 I SpiService: fgesysctrl_getGPIO_status success val=0
05-27 19:03:23.909 23755 23755 D ANWJNI_SECOND: (23755|0x5467E4F8)[BTAPP] 0x1c 
05-27 19:03:23.909 23755 23755 D ANWJNI_SECOND: (23755|0x5467E4F8)[BTAPP] )
05-27 19:03:23.909 23755 23755 D ANWJNI_SECOND: 
05-27 19:03:23.909 23755 23755 D ANWJNI_SECOND: (23755|0x5467E4F8)[BTAPP] XML : find Apple spp_uuid setting
05-27 19:03:23.909 23755 23755 D ANWJNI_SECOND: 
05-27 19:03:23.909 23755 23755 D ANWJNI_SECOND: (23755|0x5467E4F8)[BTAPP] XML : Apple ca_spp_uuid len(32)
05-27 19:03:23.909 23755 23755 D ANWJNI_SECOND: 
05-27 19:03:23.909 23755 23755 D ANWJNI_SECOND: (23755|0x5467E4F8)[BTAPP] XML : Apple SPP_UUID_fromXML len(16):(
05-27 19:03:23.909 23755 23755 D ANWJNI_SECOND: (23755|0x5467E4F8)[BTAPP] 0x0 
05-27 19:03:23.909 23755 23755 D ANWJNI_SECOND: (23755|0x5467E4F8)[BTAPP] 0x0 
05-27 19:03:23.909 23755 23755 D ANWJNI_SECOND: (23755|0x5467E4F8)[BTAPP] 0x0 
05-27 19:03:23.910 23755 23755 D ANWJNI_SECOND: (23755|0x5467E4F8)[BTAPP] 0x0 
05-27 19:03:23.910 23755 23755 D ANWJNI_SECOND: (23755|0x5467E4F8)[BTAPP] 0xde 
05-27 19:03:23.910 23755 23755 D ANWJNI_SECOND: (23755|0x5467E4F8)[BTAPP] 0xca 
05-27 19:03:23.910 23755 23755 D ANWJNI_SECOND: (23755|0x5467E4F8)[BTAPP] 0xfa 
05-27 19:03:23.910 23755 23755 D ANWJNI_SECOND: (23755|0x5467E4F8)[BTAPP] 0xde 
05-27 19:03:23.910 23755 23755 D ANWJNI_SECOND: (23755|0x5467E4F8)[BTAPP] 0xde 
05-27 19:03:23.910 23755 23755 D ANWJNI_SECOND: (23755|0x5467E4F8)[BTAPP] 0xca 
05-27 19:03:23.910 23755 23755 D ANWJNI_SECOND: (23755|0x5467E4F8)[BTAPP] 0xde 
05-27 19:03:23.910 23755 23755 D ANWJNI_SECOND: (23755|0x5467E4F8)[BTAPP] 0xaf 
05-27 19:03:23.910 23755 23755 D ANWJNI_SECOND: (23755|0x5467E4F8)[BTAPP] 0xde 
05-27 19:03:23.910 23755 23755 D ANWJNI_SECOND: (23755|0x5467E4F8)[BTAPP] 0xca 
05-27 19:03:23.910 23755 23755 D ANWJNI_SECOND: (23755|0x5467E4F8)[BTAPP] 0xca 
05-27 19:03:23.910 23755 23755 D ANWJNI_SECOND: (23755|0x5467E4F8)[BTAPP] 0xfe 
05-27 19:03:23.910 23755 23755 D ANWJNI_SECOND: (23755|0x5467E4F8)[BTAPP] )
05-27 19:03:23.910 23755 23755 D ANWJNI_SECOND: 
05-27 19:03:23.910 23755 23755 D ANWJNI_SECOND: (23755|0x5467E4F8)[BTAPP] XML : find calllogsize setting
05-27 19:03:23.910 23755 23755 D ANWJNI_SECOND: 
05-27 19:03:23.910 23755 23755 D ANWJNI_SECOND: (23755|0x5467E4F8)[BTAPP] XML : find ca_calllogsize(100)(100)
05-27 19:03:23.910 23755 23755 D ANWJNI_SECOND: 
05-27 19:03:23.910 23755 23755 D ANWJNI_SECOND: (23755|0x5467E4F8)[BTAPP] get contactssize data fail
05-27 19:03:23.910 23755 23755 D ANWJNI_SECOND: 
05-27 19:03:23.910 23755 23755 D ANWJNI_SECOND: (23755|0x5467E4F8)[BTAPP] get mincallsize data fail
05-27 19:03:23.910 23755 23755 D ANWJNI_SECOND: 
05-27 19:03:23.911 23755 23755 D ANWJNI_SECOND: (23755|0x5467E4F8)[BTAPP] XML : find voice setting
05-27 19:03:23.911 23755 23755 D ANWJNI_SECOND: 
05-27 19:03:23.911 23755 23755 D ANWJNI_SECOND: (23755|0x5467E4F8)[BTAPP] voice set(close)
05-27 19:03:23.911 23755 23755 D ANWJNI_SECOND: 
05-27 19:03:23.911 23755 23755 D ANWJNI_SECOND: (23755|0x5467E4F8)[BTAPP] XML : find voicedelay setting
05-27 19:03:23.911 23755 23755 D ANWJNI_SECOND: 
05-27 19:03:23.911 23755 23755 D ANWJNI_SECOND: (23755|0x5467E4F8)[BTAPP] voicedelay set(close)
05-27 19:03:23.911 23755 23755 D ANWJNI_SECOND: 
05-27 19:03:23.911 23755 23755 D ANWJNI_SECOND: (23755|0x5467E4F8)[BTAPP] get wechatvoice data fail
05-27 19:03:23.911 23755 23755 D ANWJNI_SECOND: 
05-27 19:03:23.911 23755 23755 D ANWJNI_SECOND: (23755|0x5467E4F8)[BTAPP] XML : pair any way
05-27 19:03:23.911 23755 23755 D ANWJNI_SECOND: 
05-27 19:03:23.911 23755 23755 D ANWJNI_SECOND: (23755|0x5467E4F8)[BTAPP] pairing need confirmation  accept
05-27 19:03:23.911 23755 23755 D ANWJNI_SECOND: 
05-27 19:03:23.911 23755 23755 D ANWJNI_SECOND: (23755|0x5467E4F8)[BTAPP] get use_combine data fail
05-27 19:03:23.911 23755 23755 D ANWJNI_SECOND: 
05-27 19:03:23.911 23755 23755 D ANWJNI_SECOND: (23755|0x5467E4F8)[BTAPP] XML : select pbap_photo or not
05-27 19:03:23.911 23755 23755 D ANWJNI_SECOND: 
05-27 19:03:23.911 23755 23755 D ANWJNI_SECOND: (23755|0x5467E4F8)[BTAPP] select pbap_photo
05-27 19:03:23.911 23755 23755 D ANWJNI_SECOND: 
05-27 19:03:23.911 23755 23755 D ANWJNI_SECOND: (23755|0x5467E4F8)[BTAPP] XML : select pbap_email or not
05-27 19:03:23.911 23755 23755 D ANWJNI_SECOND: 
05-27 19:03:23.911 23755 23755 D ANWJNI_SECOND: (23755|0x5467E4F8)[BTAPP] select pbap_email
05-27 19:03:23.911 23755 23755 D ANWJNI_SECOND: 
05-27 19:03:23.911 23755 23755 D ANWJNI_SECOND: (23755|0x5467E4F8)[BTAPP] XML : select pbap_adr or not
05-27 19:03:23.911 23755 23755 D ANWJNI_SECOND: 
05-27 19:03:23.911 23755 23755 D ANWJNI_SECOND: (23755|0x5467E4F8)[BTAPP] select pbap_adr
05-27 19:03:23.911 23755 23755 D ANWJNI_SECOND: 
05-27 19:03:23.911 23755 23755 D ANWJNI_SECOND: (23755|0x5467E4F8)[BTAPP] XML : select pbap_url or not
05-27 19:03:23.911 23755 23755 D ANWJNI_SECOND: 
05-27 19:03:23.911 23755 23755 D ANWJNI_SECOND: (23755|0x5467E4F8)[BTAPP] select pbap_url
05-27 19:03:23.911 23755 23755 D ANWJNI_SECOND: 
05-27 19:03:23.911 23755 23755 D ANWJNI_SECOND: (23755|0x5467E4F8)[BTAPP] get volume_control data fail
05-27 19:03:23.911 23755 23755 D ANWJNI_SECOND: 
05-27 19:03:23.911 23755 23755 D ANWJNI_SECOND: (23755|0x5467E4F8)[BTAPP] get carplay data fail
05-27 19:03:23.911 23755 23755 D ANWJNI_SECOND: 
05-27 19:03:23.911 23755 23755 D ANWJNI_SECOND: (23755|0x5467E4F8)[BTAPP] XML : select socket or not
05-27 19:03:23.911 23755 23755 D ANWJNI_SECOND: 
05-27 19:03:23.912 23755 23755 D ANWJNI_SECOND: (23755|0x5467E4F8)[BTAPP]  support socket
05-27 19:03:23.912 23755 23755 D ANWJNI_SECOND: 
05-27 19:03:23.912 23755 23755 D ANWJNI_SECOND: (23755|0x5467E4F8)[BTAPP] get androidauto data fail
05-27 19:03:23.912 23755 23755 D ANWJNI_SECOND: 
05-27 19:03:23.912 23755 23755 D ANWJNI_SECOND: (23755|0x5467E4F8)[BTAPP] get auto_transfer data fail
05-27 19:03:23.912 23755 23755 D ANWJNI_SECOND: 
05-27 19:03:23.912 23755 23755 D ANWJNI_SECOND: (23755|0x5467E4F8)[BTAPP] get audio_dsp_mute data fail
05-27 19:03:23.912 23755 23755 D ANWJNI_SECOND: 
05-27 19:03:23.912 23755 23755 D ANWJNI_SECOND: (23755|0x5467E4F8)[BTAPP] get audio_dsp_delay data fail
05-27 19:03:23.912 23755 23755 D ANWJNI_SECOND: 
05-27 19:03:23.912 23755 23755 D ANWJNI_SECOND: (23755|0x5467E4F8)[BTAPP] XML : hfp_audio_driver_open 
05-27 19:03:23.912 23755 23755 D ANWJNI_SECOND: 
05-27 19:03:23.912 23755 23755 D ANWJNI_SECOND: (23755|0x5467E4F8)[BTAPP] hfp audio driver close
05-27 19:03:23.912 23755 23755 D ANWJNI_SECOND: 
05-27 19:03:23.912 23755 23755 D ANWJNI_SECOND: (23755|0x5467E4F8)[BTAPP] XML : hfp_wbs_open_data 
05-27 19:03:23.912 23755 23755 D ANWJNI_SECOND: 
05-27 19:03:23.912 23755 23755 D ANWJNI_SECOND: (23755|0x5467E4F8)[BTAPP] hfp wbs enable
05-27 19:03:23.912 23755 23755 D ANWJNI_SECOND: 
05-27 19:03:23.912 23755 23755 D ANWJNI_SECOND: (23755|0x5467E4F8)[BTAPP] get avrcp_browsing_open data fail
05-27 19:03:23.912 23755 23755 D ANWJNI_SECOND: 
05-27 19:03:23.912 23755 23755 D ANWJNI_SECOND: (23755|0x5467E4F8)[BTAPP] get connect_special_profile_id data fail
05-27 19:03:23.912 23755 23755 D ANWJNI_SECOND: 
05-27 08:54:32.873   581   581 D spi_rst_gpio_get_output: GPIO 145 value: 0
05-27 08:54:32.873   581   581 D spidev_ioctl: gpio status=0)
05-27 19:03:23.912 23755 23755 D ANWJNI_SECOND: (23755|0x5467E4F8)[BTAPP] XML : connect_single_profile 
05-27 19:03:23.912 23755 23755 D ANWJNI_SECOND: 
05-27 19:03:23.912 23755 23755 D ANWJNI_SECOND: (23755|0x5467E4F8)[BTAPP] connect_single_profile open
05-27 19:03:23.912 23755 23755 D ANWJNI_SECOND: 
05-27 19:03:23.912 23755 23755 D ANWJNI_SECOND: (23755|0x5467E4F8)[BTAPP] XML : find waveout_pre_buffer_count setting
05-27 19:03:23.912 23755 23755 D ANWJNI_SECOND: 
05-27 19:03:23.912 23755 23755 D ANWJNI_SECOND: (23755|0x5467E4F8)[BTAPP] XML : set waveout_pre_buffer_count success(101)
05-27 19:03:23.912 23755 23755 D ANWJNI_SECOND: 
05-27 19:03:23.912 23755 23755 D ANWJNI_SECOND: (23755|0x5467E4F8)[BTAPP] XML : find waveout_pre_buffer_count setting
05-27 19:03:23.912 23755 23755 D ANWJNI_SECOND: 
05-27 19:03:23.912 23755 23755 D ANWJNI_SECOND: (23755|0x5467E4F8)[BTAPP] XML : set local_music_pre_buffer_count success(40)
05-27 19:03:23.912 23755 23755 D ANWJNI_SECOND: 
05-27 19:03:23.912 23755 23755 D ANWJNI_SECOND: (23755|0x5467E4F8)[BTAPP] XML : inband_ring 
05-27 19:03:23.912 23755 23755 D ANWJNI_SECOND: 
05-27 19:03:23.913 23755 23755 D ANWJNI_SECOND: (23755|0x5467E4F8)[BTAPP] inband_ring open
05-27 19:03:23.913 23755 23755 D ANWJNI_SECOND: 
05-27 19:03:23.913 23755 23755 D ANWJNI_SECOND: (23755|0x5467E4F8)[BTAPP] XML : find map_download_max_size setting
05-27 19:03:23.913 23755 23755 D ANWJNI_SECOND: 
05-27 19:03:23.913 23755 23755 D ANWJNI_SECOND: (23755|0x5467E4F8)[BTAPP] XML : set map_download_max_size failed(20)
05-27 19:03:23.913 23755 23755 D ANWJNI_SECOND: 
05-27 19:03:23.913 23755 23755 D ANWJNI_SECOND: (23755|0x5467E4F8)[BTAPP] XML : stack debug
05-27 19:03:23.913 23755 23755 D ANWJNI_SECOND: 
05-27 19:03:23.913 23755 23755 D ANWJNI_SECOND: (23755|0x5467E4F8)[BTAPP] XML : stack debug open
05-27 19:03:23.913 23755 23755 D ANWJNI_SECOND: 
05-27 19:03:23.914 23755 23755 D ANWAPI_SECOND: (23755|0x5467E4F8)[BTAPI] >>>AnWBT_Usr_DebugLog
05-27 19:03:23.914  1008 30857 D [OMXB]  : usingANWBuffer: handle:0xee743710, format:1, w:1920, h:1080
05-27 19:03:23.914 23755 23755 D ANWAPI_SECOND: (23755|0x5467E4F8)[BTAPI] <<<<AnWBT_Usr_DebugLog: ret=0
05-27 19:03:23.914 23755 23755 D ANWJNI_SECOND: (23755|0x5467E4F8)[BTAPP] XML : app debug
05-27 19:03:23.914 23755 23755 D ANWJNI_SECOND: 
05-27 19:03:23.914 23755 23755 D ANWJNI_SECOND: (23755|0x5467E4F8)[BTAPP] XML : app debug open
05-27 19:03:23.914 23755 23755 D ANWJNI_SECOND: 
05-27 19:03:23.914 23755 23755 D ANWJNI_SECOND: (23755|0x5467E4F8)[BTAPP] XML : api debug
05-27 19:03:23.914 23755 23755 D ANWJNI_SECOND: 
05-27 19:03:23.914 23755 23755 D ANWJNI_SECOND: (23755|0x5467E4F8)[BTAPP] XML : api debug open
05-27 19:03:23.914 23755 23755 D ANWJNI_SECOND: 
05-27 19:03:23.914 23755 23755 D ANWJNI_SECOND: (23755|0x5467E4F8)[BTAPP] XML : hfp debug
05-27 19:03:23.914 23755 23755 D ANWJNI_SECOND: 
05-27 19:03:23.914 23755 23755 D ANWJNI_SECOND: (23755|0x5467E4F8)[BTAPP] XML : hfp debug open
05-27 19:03:23.914 23755 23755 D ANWJNI_SECOND: 
05-27 19:03:23.914 23755 23755 D ANWJNI_SECOND: (23755|0x5467E4F8)[BTAPP] XML : a2dp debug
05-27 19:03:23.914 23755 23755 D ANWJNI_SECOND: 
05-27 19:03:23.914 23755 23755 D ANWJNI_SECOND: (23755|0x5467E4F8)[BTAPP] XML : a2dp debug open
05-27 19:03:23.914 23755 23755 D ANWJNI_SECOND: 
05-27 19:03:23.914 23755 23755 D ANWJNI_SECOND: (23755|0x5467E4F8)[BTAPP] XML : waveout debug
05-27 19:03:23.914 23755 23755 D ANWJNI_SECOND: 
05-27 19:03:23.914 23755 23755 D ANWJNI_SECOND: (23755|0x5467E4F8)[BTAPP] XML : waveout debug open
05-27 19:03:23.914 23755 23755 D ANWJNI_SECOND: 
05-27 19:03:23.914 23755 23755 D ANWJNI_SECOND: (23755|0x5467E4F8)[BTAPP] XML : avrcp debug
05-27 19:03:23.914 23755 23755 D ANWJNI_SECOND: 
05-27 19:03:23.914 23755 23755 D ANWJNI_SECOND: (23755|0x5467E4F8)[BTAPP] XML : avrcp debug open
05-27 19:03:23.914 23755 23755 D ANWJNI_SECOND: 
05-27 19:03:23.915 23755 23755 D ANWJNI_SECOND: (23755|0x5467E4F8)[BTAPP] XML : pbap debug
05-27 19:03:23.915 23755 23755 D ANWJNI_SECOND: 
05-27 19:03:23.915 23755 23755 D ANWJNI_SECOND: (23755|0x5467E4F8)[BTAPP] XML : pbap debug open
05-27 19:03:23.915 23755 23755 D ANWJNI_SECOND: 
05-27 19:03:23.915 23755 23755 D ANWJNI_SECOND: (23755|0x5467E4F8)[BTAPP] XML : map debug
05-27 19:03:23.915 23755 23755 D ANWJNI_SECOND: 
05-27 19:03:23.915 23755 23755 D ANWJNI_SECOND: (23755|0x5467E4F8)[BTAPP] XML : map debug open
05-27 19:03:23.915 23755 23755 D ANWJNI_SECOND: 
05-27 19:03:23.915 23755 23755 D ANWJNI_SECOND: (23755|0x5467E4F8)[BTAPP] get debug_iap data fail
05-27 19:03:23.915 23755 23755 D ANWJNI_SECOND: 
05-27 19:03:23.915 23755 23755 D ANWJNI_SECOND: (23755|0x5467E4F8)[BTAPP] XML : btsnoop
05-27 19:03:23.915 23755 23755 D ANWJNI_SECOND: 
05-27 19:03:23.915 23755 23755 D ANWJNI_SECOND: (23755|0x5467E4F8)[BTAPP] XML : btsnoop open
05-27 19:03:23.915 23755 23755 D ANWJNI_SECOND: 
05-27 19:03:23.915 23755 23755 D ANWJNI_SECOND: (23755|0x5467E4F8)[BTAPP] XML : file_path 
05-27 19:03:23.915 23755 23755 D ANWJNI_SECOND: 
05-27 19:03:23.915 23755 23755 D ANWJNI_SECOND: (23755|0x5467E4F8)[BTAPP] XML : file_path /data/misc/anw/ is exist,so break
05-27 19:03:23.915 23755 23755 D ANWJNI_SECOND: 
05-27 19:03:23.915 23755 23755 D ANW_AVRCP_SECOND: AnWBT_Set_Storage_Path path /data/misc/anw/
05-27 19:03:23.915 23755 23755 D ANWJNI_SECOND: (23755|0x5467E4F8)[BTAPP] XML : btsnoop_file_path 
05-27 19:03:23.915 23755 23755 D ANWJNI_SECOND: 
05-27 19:03:23.915 23755 23755 D ANWJNI_SECOND: (23755|0x5467E4F8)[BTAPP] XML : btsnoop_path /data/misc/anw/logs/ is exist,so break
05-27 19:03:23.915 23755 23755 D ANWJNI_SECOND: 
05-27 19:03:23.915 23755 23755 D ANWJNI_SECOND: (23755|0x5467E4F8)[BTAPP] XML : find btsnoop_file_size_MB setting
05-27 19:03:23.915 23755 23755 D ANWJNI_SECOND: 
05-27 19:03:23.915 23755 23755 D ANWJNI_SECOND: (23755|0x5467E4F8)[BTAPP] XML : find maxBtSnoopFileSize_MB(100)(100)
05-27 19:03:23.915 23755 23755 D ANWJNI_SECOND: 
05-27 19:03:23.915 23755 23755 D ANWJNI_SECOND: (23755|0x5467E4F8)[BTAPP] XML : find rfkillstate_path:/sys/class/gpio/gpio142/value
05-27 19:03:23.915 23755 23755 D ANWJNI_SECOND: 
05-27 19:03:23.916 23755 23755 D ANWAPI_SECOND: (23755|0x5467E4F8)[BTAPI] AnW_BT_SetRfkillStatePath
05-27 19:03:23.916 23755 23755 D ANWJNI_SECOND: (23755|0x5467E4F8)[BTAPP] get dump_pcm data fail
05-27 19:03:23.916 23755 23755 D ANWJNI_SECOND: 
05-27 19:03:23.916 23755 23755 D ANWJNI_SECOND: (23755|0x5467E4F8)[BTAPP] XML : accept_avrcp_ct_control
05-27 19:03:23.916 23755 23755 D ANWJNI_SECOND: 
05-27 19:03:23.916 23755 23755 D ANWJNI_SECOND: (23755|0x5467E4F8)[BTAPP] XML : accept_avrcp_ct_control close
05-27 19:03:23.916 23755 23755 D ANWJNI_SECOND: 
05-27 19:03:23.916 23755 23755 D ANWJNI_SECOND: (23755|0x5467E4F8)[BTAPP] XML : find maxHFPAGConnNum setting
05-27 19:03:23.916 23755 23755 D ANWJNI_SECOND: 
05-27 19:03:23.916 23755 23755 D ANWJNI_SECOND: (23755|0x5467E4F8)[BTAPP] XML : find maxHFPAGConnNum(2)(2)
05-27 19:03:23.916 23755 23755 D ANWJNI_SECOND: 
05-27 19:03:23.916   299 30841 D EvsDriver: forwardFrame
05-27 19:03:23.916 23755 23755 D ANWJNI_SECOND: (23755|0x5467E4F8)[BTAPP] XML : find maxHFPHFConnNum setting
05-27 19:03:23.916 23755 23755 D ANWJNI_SECOND: 
05-27 19:03:23.916 23755 23755 D ANWJNI_SECOND: (23755|0x5467E4F8)[BTAPP] XML : find maxHFPHFConnNum(0)(0)
05-27 19:03:23.916 23755 23755 D ANWJNI_SECOND: 
05-27 19:03:23.916   299 30844 D EvsDriver: forwardFrame
05-27 19:03:23.917   299 30841 D EvsDriver: Delivered 0xb400007b7ca56a60 as id 0
05-27 19:03:23.917 23755 23755 D ANWJNI_SECOND: (23755|0x5467E4F8)[BTAPP] XML : find maxPBAPConnNum setting
05-27 19:03:23.917 23755 23755 D ANWJNI_SECOND: 
05-27 19:03:23.917  1167  1479 D evsmanagerd: /dev/video4 forwarded the buffer #0 to 0xb4000074bf5f6850 from 0xb4000074bf5f41d0
05-27 19:03:23.917 23755 23755 D ANWJNI_SECOND: (23755|0x5467E4F8)[BTAPP] XML : find maxPBAPConnNum(0)(0)
05-27 19:03:23.917 23755 23755 D ANWJNI_SECOND: 
05-27 19:03:23.917 23755 23755 D ANWJNI_SECOND: (23755|0x5467E4F8)[BTAPP] XML : find maxMAPConnNum setting
05-27 19:03:23.917 23755 23755 D ANWJNI_SECOND: 
05-27 19:03:23.917 23755 23755 D ANWJNI_SECOND: (23755|0x5467E4F8)[BTAPP] XML : find maxMAPConnNum(0)(0)
05-27 19:03:23.917 23755 23755 D ANWJNI_SECOND: 
05-27 19:03:23.917 23755 23755 D ANWJNI_SECOND: (23755|0x5467E4F8)[BTAPP] XML : find maxA2DPSinkConnNum setting
05-27 19:03:23.917 23755 23755 D ANWJNI_SECOND: 
05-27 19:03:23.917 23755 23755 D ANWJNI_SECOND: (23755|0x5467E4F8)[BTAPP] XML : find maxA2DPSinkConnNum(0)(0)
05-27 19:03:23.917 23755 23755 D ANWJNI_SECOND: 
05-27 19:03:23.917 23755 23755 D ANWJNI_SECOND: (23755|0x5467E4F8)[BTAPP] XML : find maxA2DPSourceConnNum setting
05-27 19:03:23.917 23755 23755 D ANWJNI_SECOND: 
05-27 19:03:23.917 23755 23755 D ANWJNI_SECOND: (23755|0x5467E4F8)[BTAPP] XML : find maxA2DPSourceConnNum(2)(2)
05-27 19:03:23.917 23755 23755 D ANWJNI_SECOND: 
05-27 19:03:23.917 23755 23755 D ANWJNI_SECOND: (23755|0x5467E4F8)[BTAPP] XML : find maxAVRCPCTConnNum setting
05-27 19:03:23.917 23755 23755 D ANWJNI_SECOND: 
05-27 19:03:23.917 23755 23755 D ANWJNI_SECOND: (23755|0x5467E4F8)[BTAPP] XML : find (0)(0)
05-27 19:03:23.917 23755 23755 D ANWJNI_SECOND: 
05-27 19:03:23.917 23755 23755 D ANWJNI_SECOND: (23755|0x5467E4F8)[BTAPP] XML : find maxAVRCPTGConnNum setting
05-27 19:03:23.917 23755 23755 D ANWJNI_SECOND: 
05-27 19:03:23.917 23755 23755 D ANWJNI_SECOND: (23755|0x5467E4F8)[BTAPP] XML : find maxAVRCPTGConnNum(2)(2)
05-27 19:03:23.917 23755 23755 D ANWJNI_SECOND: 
05-27 19:03:23.917 23755 23755 D ANWJNI_SECOND: (23755|0x5467E4F8)[BTAPP] XML : find maxDeviceConnNum setting
05-27 19:03:23.917 23755 23755 D ANWJNI_SECOND: 
05-27 19:03:23.918 23755 23755 D ANWJNI_SECOND: (23755|0x5467E4F8)[BTAPP] XML : find maxDeviceConnNum(2)(2)
05-27 19:03:23.918 23755 23755 D ANWJNI_SECOND: 
05-27 19:03:23.918 23755 23755 D ANWJNI_SECOND: (23755|0x5467E4F8)[BTAPP] XML : find maxSCOConnNum setting
05-27 19:03:23.918 23755 23755 D ANWJNI_SECOND: 
05-27 19:03:23.918 23755 23755 D ANWJNI_SECOND: (23755|0x5467E4F8)[BTAPP] XML : find maxSCOConnNum(2)(2)
05-27 19:03:23.918 23755 23755 D ANWJNI_SECOND: 
05-27 19:03:23.918 23755 23755 D ANWJNI_SECOND: (23755|0x5467E4F8)[BTAPP] XML : find maxHFSCOConnNum setting
05-27 19:03:23.918 23755 23755 D ANWJNI_SECOND: 
05-27 19:03:23.918 23755 23755 D ANWJNI_SECOND: (23755|0x5467E4F8)[BTAPP] XML : find maxHFSCOConnNum(0)(0)
05-27 19:03:23.918 23755 23755 D ANWJNI_SECOND: 
05-27 19:03:23.918 23755 23755 D ANWJNI_SECOND: (23755|0x5467E4F8)[BTAPP] XML : find maxAGSCOConnNum setting
05-27 19:03:23.918 23755 23755 D ANWJNI_SECOND: 
05-27 19:03:23.918 23755 23755 D ANWJNI_SECOND: (23755|0x5467E4F8)[BTAPP] XML : find maxAGSCOConnNum(2)(2)
05-27 19:03:23.918 23755 23755 D ANWJNI_SECOND: 
05-27 19:03:23.918 23755 23755 D ANWJNI_SECOND: (23755|0x5467E4F8)[BTAPP] XML : find maxOppConnNum_data setting
05-27 19:03:23.918 23755 23755 D ANWJNI_SECOND: 
05-27 19:03:23.918 23755 23755 D ANWJNI_SECOND: (23755|0x5467E4F8)[BTAPP] XML : find maxOPPConnNum(0)(0)
05-27 19:03:23.918 23755 23755 D ANWJNI_SECOND: 
05-27 19:03:23.918 23755 23755 D ANWJNI_SECOND: (23755|0x5467E4F8)[BTAPP] XML : find maxHidHostConnNum_data setting
05-27 19:03:23.918 23755 23755 D ANWJNI_SECOND: 
05-27 19:03:23.918 23755 23755 D ANWJNI_SECOND: (23755|0x5467E4F8)[BTAPP] XML : find maxHidHostConnNum(0)(0)
05-27 19:03:23.918 23755 23755 D ANWJNI_SECOND: 
05-27 19:03:23.918 23755 23755 D ANWJNI_SECOND: (23755|0x5467E4F8)[BTAPP] XML : music_mode_auto_select
05-27 19:03:23.918 23755 23755 D ANWJNI_SECOND: 
05-27 19:03:23.918 23755 23755 D ANWJNI_SECOND: (23755|0x5467E4F8)[BTAPP] XML : music_mode_auto_select open
05-27 19:03:23.918 23755 23755 D ANWJNI_SECOND: 
05-27 19:03:23.918 23755 23755 D ANWJNI_SECOND: (23755|0x5467E4F8)[BTAPP] XML : BQB_test_setting
05-27 19:03:23.918 23755 23755 D ANWJNI_SECOND: 
05-27 19:03:23.918 23755 23755 D ANWJNI_SECOND: (23755|0x5467E4F8)[BTAPP] XML : BQB_test_setting close
05-27 19:03:23.918 23755 23755 D ANWJNI_SECOND: 
05-27 19:03:23.918 23755 23755 D ANWJNI_SECOND: (23755|0x5467E4F8)[BTAPP] XML : find aaudio_device_id setting
05-27 19:03:23.918 23755 23755 D ANWJNI_SECOND: 
05-27 19:03:23.918 23755 23755 D ANWJNI_SECOND: (23755|0x5467E4F8)[BTAPP] XML : find aaudio_device_id(16)(16)
05-27 19:03:23.918 23755 23755 D ANWJNI_SECOND: 
05-27 19:03:23.918 23755 23755 D ANWJNI_SECOND: (23755|0x5467E4F8)[BTAPP] XML : local_device_name_data 
05-27 19:03:23.918 23755 23755 D ANWJNI_SECOND: 
05-27 19:03:23.919 23755 23755 D ANWAPI_SECOND: (23755|0x5467E4F8)[BTAPI] AnWBT_Set_Local_Device_Before_Init LJ_FUJIA
05-27 19:03:23.919 23755 23755 D ANWJNI_SECOND: (23755|0x5467E4F8)[BTAPP] get a2dp_sink_pcm data fail
05-27 19:03:23.919 23755 23755 D ANWJNI_SECOND: 
05-27 19:03:23.919 23755 23755 D ANWJNI_SECOND: (23755|0x5467E4F8)[BTAPP] XML : master_device_file_path 
05-27 19:03:23.919 23755 23755 D ANWJNI_SECOND: 
05-27 19:03:23.919   299 30844 D EvsDriver: Delivered 0xb400007b7ca56900 as id 0
05-27 19:03:23.919 23755 23755 D ANWJNI_SECOND: (23755|0x5467E4F8)[BTAPP] XML : master_device_file_path /anw/target_device_info is not exist
05-27 19:03:23.919 23755 23755 D ANWJNI_SECOND: 
05-27 19:03:23.919 23755 23755 D ANWJNI_SECOND: (23755|0x5467E4F8)[BTAPP] XML : read_rssi_switch
05-27 19:03:23.919 23755 23755 D ANWJNI_SECOND: 
05-27 19:03:23.919 23755 23755 D ANWJNI_SECOND: (23755|0x5467E4F8)[BTAPP] XML : read_rssi_switch close
05-27 19:03:23.919 23755 23755 D ANWJNI_SECOND: 
05-27 19:03:23.919  1167  1479 D evsmanagerd: /dev/video6 forwarded the buffer #0 to 0xb4000074bf5f5510 from 0xb4000074bf5f6d90
05-27 19:03:23.919 23755 23755 D ANWJNI_SECOND: (23755|0x5467E4F8)[BTAPP] XML : pbapClient_autoConnectAndDownload
05-27 19:03:23.919 23755 23755 D ANWJNI_SECOND: 
05-27 19:03:23.919   283   307 I rvcservice: t.code = 3, t.value = 0
05-27 19:03:23.919 23755 23755 D ANWJNI_SECOND: (23755|0x5467E4F8)[BTAPP] XML : PBAP Client auto connect an download close
05-27 19:03:23.919 23755 23755 D ANWJNI_SECOND: 
05-27 19:03:23.919 23755 23755 D ANWJNI_SECOND: (23755|0x5467E4F8)[BTAPP] get callDisconnect_AutoDownloadCalllog data fail
05-27 19:03:23.919 23755 23755 D ANWJNI_SECOND: 
05-27 19:03:23.919 23755 23755 D ANWJNI_SECOND: (23755|0x5467E4F8)[BTAPP] XML : UART_path 
05-27 19:03:23.919 23755 23755 D ANWJNI_SECOND: 
05-27 19:03:23.919 23755 23755 D ANWJNI_SECOND: (23755|0x5467E4F8)[BTAPP] XML : UART_path:[/dev/ttyS3]
05-27 19:03:23.919 23755 23755 D ANWJNI_SECOND: 
05-27 19:03:23.919 23755 23755 D ANWJNI_SECOND: (23755|0x5467E4F8)[BTAPP] get BTADDR_path data fail
05-27 19:03:23.919 23755 23755 D ANWJNI_SECOND: 
05-27 19:03:23.919 23755 23755 D ANWJNI_SECOND: (23755|0x5467E4F8)[BTAPP] XML : BTADDR path not find
05-27 19:03:23.919 23755 23755 D ANWJNI_SECOND: 
05-27 19:03:23.919 23755 23755 D ANWJNI_SECOND: (23755|0x5467E4F8)[BTAPP] XML : find UART_baudRate_init(115200)
05-27 19:03:23.919 23755 23755 D ANWJNI_SECOND: 
05-27 19:03:23.920 23755 23755 D ANWJNI_SECOND: (23755|0x5467E4F8)[BTAPP] XML : find UART_baudRate_normal(3000000)
05-27 19:03:23.920 23755 23755 D ANWJNI_SECOND: 
05-27 19:03:23.920 23755 23755 D ANWJNI_SECOND: (23755|0x5467E4F8)[BTAPP] XML : AVRCP_ABSOLUTE_VOLUME
05-27 19:03:23.920 23755 23755 D ANWJNI_SECOND: 
05-27 19:03:23.920 23755 23755 D ANWJNI_SECOND: (23755|0x5467E4F8)[BTAPP] XML : avrcp absolute volume change open
05-27 19:03:23.920 23755 23755 D ANWJNI_SECOND: 
05-27 19:03:23.920 23755 23755 D ANWAPI_SECOND: (23755|0x5467E4F8)[BTAPI] AnWBT_Set_Avrcp_Absoulte_Volume_Change[1]
05-27 19:03:23.920 23755 23755 D ANWJNI_SECOND: (23755|0x5467E4F8)[BTAPP] get generate_random_address data fail
05-27 19:03:23.920 23755 23755 D ANWJNI_SECOND: 
05-27 19:03:23.920 30773 30783 E dvr_service_: [myNum:1] Received S**** loss
05-27 19:03:23.920 23755 23755 D ANWJNI_SECOND: (23755|0x5467E4F8)[BTAPP] get reject_a2dp_avrcp data fail
05-27 19:03:23.920 23755 23755 D ANWJNI_SECOND: 
05-27 19:03:23.920 23755 23755 D ANWJNI_SECOND: (23755|0x5467E4F8)[BTAPP] XML : find connect_by_sdp_limit setting
05-27 19:03:23.920 23755 23755 D ANWJNI_SECOND: 
05-27 19:03:23.920 23755 23755 D ANWJNI_SECOND: (23755|0x5467E4F8)[BTAPP] connect_by_sdp_limit set(close)
05-27 19:03:23.920 23755 23755 D ANWJNI_SECOND: 
05-27 19:03:23.920 23755 23755 D ANWJNI_SECOND: (23755|0x5467E4F8)[BTAPP] XML : find hfpag_auto_select_main_device setting
05-27 19:03:23.920 23755 23755 D ANWJNI_SECOND: 
05-27 19:03:23.920 23755 23755 D ANWJNI_SECOND: (23755|0x5467E4F8)[BTAPP] hfpag_auto_select_main_device set(open)
05-27 19:03:23.920 23755 23755 D ANWJNI_SECOND: 
05-27 19:03:23.920 23755 23755 D ANWJNI_SECOND: (23755|0x5467E4F8)[BTAPP] XML : find waveout_file_size_MB setting
05-27 19:03:23.920 23755 23755 D ANWJNI_SECOND: 
05-27 19:03:23.921   299  1153 D EvsDriver: doneWithFrame
05-27 19:03:23.921 23755 23755 D ANWJNI_SECOND: (23755|0x5467E4F8)[BTAPP] XML : find waveout_file_size_MB_data(50)
05-27 19:03:23.921 23755 23755 D ANWJNI_SECOND: 
05-27 19:03:23.921 23755 23755 D ANWJNI_SECOND: (23755|0x5467E4F8)[BTAPP] free source_data
05-27 19:03:23.921 23755 23755 D ANWJNI_SECOND: 
05-27 19:03:23.921 23755 23755 D ANWJNI_SECOND: (23755|0x5467E4F8)[BTAPP] Read XMLfile End
05-27 19:03:23.921 23755 23755 D ANWJNI_SECOND: 
05-27 19:03:23.921   299  1163 D EvsDriver: doneWithFrame
05-27 19:03:23.921 23755 23755 D ANWJNI_SECOND: (23755|0x5467E4F8)[BTAPP] run Read (/system/etc/bluetooth/anw_AA_CP_setting.cfg) Start
05-27 19:03:23.921 23755 23755 D ANWJNI_SECOND: 
05-27 19:03:23.921 23755 23755 D ANWJNI_SECOND: (23755|0x5467E4F8)[BTAPP] open BT config file (/system/etc/bluetooth/anw_AA_CP_setting.cfg) failed.
05-27 19:03:23.921 23755 23755 D ANWJNI_SECOND: 
05-27 19:03:23.921 23755 23755 D ANWJNI_SECOND: (23755|0x5467E4F8)[BTAPP] run Read (/data/misc/anw//btmonitor_lastrecord) Start
05-27 19:03:23.921 23755 23755 D ANWJNI_SECOND: 
05-27 19:03:23.921 23755 23755 D ANWJNI_SECOND: (23755|0x5467E4F8)[BTAPP] open BT last record file (/data/misc/anw//btmonitor_lastrecord) success.
05-27 19:03:23.921 23755 23755 D ANWJNI_SECOND: 
05-27 19:03:23.922 23755 23755 D ANWJNI_SECOND: (23755|0x5467E4F8)[BTAPP] read last_connected_device last_scan_mode::3
05-27 19:03:23.922 23755 23755 D ANWJNI_SECOND: 
05-27 19:03:23.922 23755 23755 D ANWJNI_SECOND: 
05-27 19:03:23.922 23755 23755 D ANWJNI_SECOND: (23755|0x5467E4F8)[BTAPP] read last_scan_mode
05-27 19:03:23.922 23755 23755 D ANWJNI_SECOND: 
05-27 19:03:23.922 23755 23755 D ANWJNI_SECOND: (23755|0x5467E4F8)[BTAPP] last_scan_mode find,value is 3
05-27 19:03:23.922 23755 23755 D ANWJNI_SECOND: 
05-27 19:03:23.922 23755 23755 D ANWJNI_SECOND: (23755|0x5467E4F8)[BTAPP] read last_poweron_state
05-27 19:03:23.922 23755 23755 D ANWJNI_SECOND: 
05-27 19:03:23.922 23755 23755 I ANWJNI_SECOND: --- JNI_OnLoad
05-27 19:03:23.923 13911 14183 I SentryImuMcuAngleSender: 180.0rollDeg
05-27 19:03:23.923 13911 14183 I SentryImuMcuAngleSender: 1,0,0
05-27 19:03:23.926   581   581 I SpiService: fgesysctrl_getGPIO_status success val=1
05-27 19:03:23.930 23755 23755 D AnwSdkService: onCreate
05-27 19:03:23.930 23755 23755 D AnwSdkService: run createMessageHandleThread
05-27 19:03:23.932   581   581 I SpiService: fgesysctrl_getGPIO_status success val=1
05-27 08:54:32.891   581   581 D spi_rst_gpio_get_output: GPIO 145 value: 1
05-27 08:54:32.891   581   581 D spidev_ioctl: gpio status=1)
05-27 08:54:32.896   581   581 D spi_rst_gpio_get_output: GPIO 145 value: 1
05-27 08:54:32.896   581   581 D spidev_ioctl: gpio status=1)
05-27 19:03:23.932 23755 23755 D AnwSdkService: run createAudioFocusListenerMessageHandleThread
05-27 19:03:23.933   830   830 D SurfaceFlinger: unisoc-graphics, commit has frameMissed:2, vysncId:234644
05-27 19:03:23.934   572   572 I Sensors : 230 AccelSensor: x:-0.176900,y:0.002440,z:-9.972281
05-27 19:03:23.937   581   581 I SpiService: fgesysctrl_getGPIO_status success val=1
05-27 19:03:23.938 23755 23755 I AnwSdkService: mhcilog1:
05-27 19:03:23.938 23755 23755 I AnwSdkService: mhcilog4:
05-27 08:54:32.902   581   581 D spi_rst_gpio_get_output: GPIO 145 value: 1
05-27 08:54:32.902   581   581 D spidev_ioctl: gpio status=1)
05-27 19:03:23.942   299 30841 D EvsDriver: forwardFrame
05-27 19:03:23.943   299 30844 D EvsDriver: forwardFrame
05-27 19:03:23.943   581   581 I SpiService: fgesysctrl_getGPIO_status success val=1
05-27 08:54:32.907   581   581 D spi_rst_gpio_get_output: GPIO 145 value: 1
05-27 08:54:32.907   581   581 D spidev_ioctl: gpio status=1)
05-27 19:03:23.944   299 30841 D EvsDriver: Delivered 0xb400007b7ca56a60 as id 0
05-27 19:03:23.944  1167  1167 D evsmanagerd: /dev/video4 forwarded the buffer #0 to 0xb4000074bf5f6850 from 0xb4000074bf5f41d0
05-27 19:03:23.944 30773 30783 I dvr_service_: [myNum:0][onFrameReceived] Received Surface:1 0
05-27 19:03:23.944 30773 30783 E dvr_service_: [myNum:0] Received S**** loss
05-27 19:03:23.944   299  1163 D EvsDriver: doneWithFrame
05-27 19:03:23.945   536   536 D commservice260303: msg.id = 1028,0
05-27 19:03:23.945   536   536 D commservice260303: i = 170, msgid = 8A000404
05-27 19:03:23.945   536   536 D commservice260303: msgid = -1979710460,did=138
05-27 19:03:23.945   536   536 D commservice260303: CommProtocolLibCmdBaseI2C::dataproc {"command":{"id":"imu_status","sub":""},"content":{"TimeStamp":11,"FrameCounter":274166,"GD_X":-0.011223767884075642,"GD_Y":0.005420989356935024,"GD_Z":0.0026720035821199417,"AD_X":-0.0075492262840271,"AD_Y":0.0016943064983934164,"AD_Z":-0.16709041595458984,"TempDsp":0,"Status":0,"CalibState":1,"SigAmpInvalid":0}},-1979710460
05-27 19:03:23.945   536   536 D commservice260303: send2Cluster len:315, 7B22636F6D6D616E64223A7B226964223A22696D755F737461747573222C22737562223A22227D2C22636F6E74656E74223A7B2254696D655374616D70223A31312C224672616D65436F756E746572223A3237343136362C2247445F58223A2D302E3031313232333736373838343037353634322C2247445F59223A302E3030353432303938393335363933353032342C2247445F5A223A302E303032363732303033353832313139393431372C2241445F58223A2D302E303037353439323236323834303237312C2241445F59223A302E303031363934333036343938333933343136342C2241445F5A223A2D302E31363730393034313539353435383938342C2254656D70447370223A302C22537461747573223A302C2243616C69625374617465223A312C22536967416D70496E76616C6964223A307D7D, 138 
05-27 19:03:23.945   536   536 D commservice260303: Push Message into SendPool fn=-1653537792
05-27 19:03:23.945   536   536 D commservice260303: ComProtocolLibSend2Cluster::send2ClusterRaw fn=-1653537792 , len=331
05-27 19:03:23.945   536   536 D commservice260303: sendCmdToPort :331!!!
05-27 19:03:23.945  1167  1167 D evsmanagerd: /dev/video6 forwarded the buffer #0 to 0xb4000074bf5f5510 from 0xb4000074bf5f6d90
05-27 19:03:23.945   299 30844 D EvsDriver: Delivered 0xb400007b7ca56900 as id 0
05-27 19:03:23.945   536   536 D commservice260303: send Cmd To Port ++++5AA501478A010004719D6A16CF7B7B22636F6D6D616E64223A7B226964223A22696D755F737461747573222C22737562223A22227D2C22636F6E74656E74223A7B2254696D655374616D70223A31312C224672616D65436F756E746572223A3237343136362C2247445F58223A2D302E3031313232333736373838343037353634322C2247445F59223A302E3030353432303938393335363933353032342C2247445F5A223A302E303032363732303033353832313139393431372C2241445F58223A2D302E303037353439323236323834303237312C2241445F59223A302E303031363934333036343938333933343136342C2241445F5A223A2D302E31363730393034313539353435383938342C2254656D70447370223A302C22537461747573223A302C2243616C69625374617465223A312C22536967416D70496E76616C6964223A307D7D0CF2
05-27 19:03:23.945   536   536 D commservice260303: bufferevent_write retrun value = 0
05-27 19:03:23.945   536   560 D commservice260303: client datas send succeed,send finish
05-27 19:03:23.946 13911 14183 I SentryImuMcuAngleSender: 179.98598rollDeg
05-27 19:03:23.946 13911 14192 D Sentinelmode_1.2.5.17_sentry: <SentryImuClusterFgeSender>imu_status sent to Linux, frame=274166, tsNs=11671185, tsMs=11, intervalMs=38, ad=(-0.0075492263,0.0016943065,-0.16709042), gd=(-0.011223768,0.0054209894,0.0026720036)
05-27 19:03:23.946 13911 14183 I SentryImuMcuAngleSender: 1,0,0
05-27 19:03:23.947   299  1163 D EvsDriver: doneWithFrame
05-27 19:03:23.947 23755 23755 I ANWJNI_SECOND: +++ InitialCallback=====
05-27 19:03:23.948   581   581 I SpiService: fgesysctrl_getGPIO_status success val=1
05-27 19:03:23.949 23755 23755 I ANWJNI_SECOND: --- InitialCallback(79)(80)
05-27 19:03:23.950 23755 23755 I ANWJNI_SECOND: --- InitialCallback:0
05-27 19:03:23.950 23755 23755 D AnwSdkService: onCreate:0,78,80
05-27 19:03:23.950 23755 23755 D AnwSdkService: pbap_socket_fd1 = 78
05-27 19:03:23.950 23755 23755 D AnwSdkService: run createPbapContactMessageHandleThread
05-27 19:03:23.952 30773 30789 I dvr_service_: Camera 1: MediaOK:133047520, frames:1800, isKeyFrame:0,pts:11670453994
05-27 19:03:23.954   581   581 I SpiService: fgesysctrl_getGPIO_status success val=0
05-27 19:03:23.955 23755 23755 D AnwSdkService: run createPbapParsedDataUpdateMessageHandleThread
05-27 08:54:32.918   581   581 D spi_rst_gpio_get_output: GPIO 145 value: 0
05-27 08:54:32.918   581   581 D spidev_ioctl: gpio status=0)
05-27 19:03:23.963 23755 23755 W ContextImpl: Calling a method in the system process without a qualified user: android.app.ContextImpl.startService:1863 android.content.ContextWrapper.startService:817 com.anwsdk.service.anwbtservice.onCreate:7516 android.app.ActivityThread.handleCreateService:4616 android.app.ActivityThread.-$$Nest$mhandleCreateService:0 
05-27 19:03:23.964 10188 12411 W ActivityManager: Unable to start service Intent { cmp=com.anwsdk.service/.HfpClientConnectionService } U=0: not found with resolvedType = null, flags = 268436480, userId = 0, callingUid = 1000
05-27 19:03:23.965 23755 23755 D AnwSdkService: 20210721 checking self APK rom size
05-27 19:03:23.966   481   598 I mcuc    : rev,n=1,6AA681EB0F008C8305000055000000B0000000000001000100008DCC71B12FD2B47130712F0EE3712FE2607130B235F29E486BE800000000040000B3000000000000000000000000000000B44300000000000300000000000000AA000000E40701010000000000000000BB06050507EA051B000008009403CB00CC000000000000000000000000000000B5000000000000000064
05-27 19:03:23.966   351   373 D automotive.vehicle@2.0-adayo-datacomm-mcu: MCUDatacomm sendMessageFromVehicle prop: 0x83, areaId: 0x5, status: 0x0, timestamp: 0x0
05-27 19:03:23.966   351   373 D automotive.vehicle@2.0-adayo-datacomm-mcu: MCUDatacomm 1sendMessageFromVehicle ---> type = 7 
05-27 19:03:23.966   351   373 I automotive.vehicle@2.0-adayo-func-mcu: MCUFunc :sendMessageFromVehicle  msgBuff[0] = 131 
05-27 19:03:23.966   351   373 I automotive.vehicle@2.0-adayo-func-mcu: MCUFunc :sendMessageFromVehicle  msgBuff[1] = 5 
05-27 19:03:23.966   351   373 I automotive.vehicle@2.0-adayo-func-mcu: MCUFunc :sendMessageFromVehicle  msgBuff[2] = 0 
05-27 19:03:23.966   351   373 I automotive.vehicle@2.0-adayo-func-mcu: MCUFunc :sendMessageFromVehicle  msgBuff[3] = 0 
05-27 19:03:23.966   351   373 I automotive.vehicle@2.0-adayo-func-mcu: MCUFunc :sendMessageFromVehicle  msgBuff[4] = 85 
05-27 19:03:23.966   351   373 I automotive.vehicle@2.0-adayo-func-mcu: MCUFunc :sendMessageFromVehicle  msgBuff[5] = 0 
05-27 19:03:23.967 13911 14183 I SentryImuMcuAngleSender: 179.97546rollDeg
05-27 19:03:23.967 13911 14183 I SentryImuMcuAngleSender: 1,0,0
05-27 19:03:23.968   581   581 I SpiService: fgesysctrl_getGPIO_status success val=1
05-27 08:54:32.933   581   581 D spi_rst_gpio_get_output: GPIO 145 value: 1
05-27 19:03:23.968   481   598 I mcuc    : rev,n=2,6AA681EB10009E8B30027B01020403A0030000030100000100000000002901A100000000003B000202000002020002A208FA29018000028000038000048000A3058000068000070000080000000000A4000000000000000000000101000700A502000000020102000200FF0100A67CDD01010101010000000101010000000A0A0A0000010101040402020000000000000000000000000000000000000000000000000000EEDB
05-27 08:54:32.933   581   581 D spidev_ioctl: gpio status=1)
05-27 19:03:23.974   581   581 I SpiService: fgesysctrl_getGPIO_status success val=1
05-27 19:03:23.975  1008 30856 D [OMXB]  : usingANWBuffer: handle:0xee744630, format:1, w:1920, h:1080
05-27 08:54:32.938   581   581 D spi_rst_gpio_get_output: GPIO 145 value: 1
05-27 08:54:32.938   581   581 D spidev_ioctl: gpio status=1)
05-27 19:03:23.979   581   581 I SpiService: fgesysctrl_getGPIO_status success val=1
05-27 08:54:32.944   581   581 D spi_rst_gpio_get_output: GPIO 145 value: 1
05-27 08:54:32.944   581   581 D spidev_ioctl: gpio status=1)
05-27 08:54:32.949   581   581 D spi_rst_gpio_get_output: GPIO 145 value: 1
05-27 08:54:32.949   581   581 D spidev_ioctl: gpio status=1)
05-27 19:03:23.980   299 30844 D EvsDriver: forwardFrame
05-27 19:03:23.981   299 30841 D EvsDriver: forwardFrame
05-27 19:03:23.983   830   830 D SurfaceFlinger: unisoc-graphics, commit has frameMissed:2, vysncId:234647
05-27 19:03:23.984   299 30844 D EvsDriver: Delivered 0xb400007b7ca56900 as id 0
05-27 19:03:23.984  1167  1167 D evsmanagerd: /dev/video6 forwarded the buffer #0 to 0xb4000074bf5f5510 from 0xb4000074bf5f6d90
05-27 19:03:23.985   581   581 I SpiService: fgesysctrl_getGPIO_status success val=1
05-27 19:03:23.985  1167  1167 D evsmanagerd: /dev/video4 forwarded the buffer #0 to 0xb4000074bf5f6850 from 0xb4000074bf5f41d0
05-27 19:03:23.985   299 30841 D EvsDriver: Delivered 0xb400007b7ca56a60 as id 0
05-27 19:03:23.991   581   581 I SpiService: fgesysctrl_getGPIO_status success val=0
05-27 19:03:23.991 13911 14183 I SentryImuMcuAngleSender: 179.97546rollDeg
05-27 19:03:23.991   536   536 D commservice260303: msg.id = 1028,0
05-27 19:03:23.991   536   536 D commservice260303: i = 170, msgid = 8A000404
05-27 19:03:23.991 13911 14183 I SentryImuMcuAngleSender: 1,0,0
05-27 19:03:23.991   536   536 D commservice260303: msgid = -1979710460,did=138
05-27 19:03:23.991   536   536 D commservice260303: CommProtocolLibCmdBaseI2C::dataproc {"command":{"id":"imu_status","sub":""},"content":{"TimeStamp":11,"FrameCounter":274167,"GD_X":-0.01160607673227787,"GD_Y":0.0057257963344454765,"GD_Z":0.0026720035821199417,"AD_X":-0.00751948356628418,"AD_Y":0.003502529114484787,"AD_Z":-0.16952991485595703,"TempDsp":0,"Status":0,"CalibState":1,"SigAmpInvalid":0}},-1979710460
05-27 19:03:23.991   481   597 I mcuc    : send SPI:6AA602EB0F000283057A6AA602EB1000028B3046
05-27 19:03:23.991   536   536 D commservice260303: send2Cluster len:315, 7B22636F6D6D616E64223A7B226964223A22696D755F737461747573222C22737562223A22227D2C22636F6E74656E74223A7B2254696D655374616D70223A31312C224672616D65436F756E746572223A3237343136372C2247445F58223A2D302E30313136303630373637333232373738372C2247445F59223A302E303035373235373936333334343435343736352C2247445F5A223A302E303032363732303033353832313139393431372C2241445F58223A2D302E30303735313934383335363632383431382C2241445F59223A302E3030333530323532393131343438343738372C2241445F5A223A2D302E31363935323939313438353539353730332C2254656D70447370223A302C22537461747573223A302C2243616C69625374617465223A312C22536967416D70496E76616C6964223A307D7D, 138 
05-27 19:03:23.991   536   536 D commservice260303: Push Message into SendPool fn=-1636760576
05-27 19:03:23.991   536   536 D commservice260303: ComProtocolLibSend2Cluster::send2ClusterRaw fn=-1636760576 , len=331
05-27 19:03:23.991   536   536 D commservice260303: sendCmdToPort :331!!!
05-27 19:03:23.991   536   536 D commservice260303: send Cmd To Port ++++5AA501478A010004719E6A16CF7B7B22636F6D6D616E64223A7B226964223A22696D755F737461747573222C22737562223A22227D2C22636F6E74656E74223A7B2254696D655374616D70223A31312C224672616D65436F756E746572223A3237343136372C2247445F58223A2D302E30313136303630373637333232373738372C2247445F59223A302E303035373235373936333334343435343736352C2247445F5A223A302E303032363732303033353832313139393431372C2241445F58223A2D302E30303735313934383335363632383431382C2241445F59223A302E3030333530323532393131343438343738372C2241445F5A223A2D302E31363935323939313438353539353730332C2254656D70447370223A302C22537461747573223A302C2243616C69625374617465223A312C22536967416D70496E76616C6964223A307D7D8D11
05-27 19:03:23.991   536   536 D commservice260303: bufferevent_write retrun value = 0
05-27 19:03:23.992   536   560 D commservice260303: client datas send succeed,send finish
05-27 19:03:23.992   299  1163 D EvsDriver: doneWithFrame
05-27 08:54:32.955   581   581 D spi_rst_gpio_get_output: GPIO 145 value: 0
05-27 08:54:32.955   581   581 D spidev_ioctl: gpio status=0)
05-27 19:03:23.993   299  1163 D EvsDriver: doneWithFrame
05-27 19:03:23.993 13911 14192 D Sentinelmode_1.2.5.17_sentry: <SentryImuClusterFgeSender>imu_status sent to Linux, frame=274167, tsNs=11671221, tsMs=11, intervalMs=47, ad=(-0.0075194836,0.003502529,-0.16952991), gd=(-0.011606077,0.0057257963,0.0026720036)
05-27 19:03:23.999   830   830 D SurfaceFlinger: unisoc-graphics, commit has frameMissed:2, vysncId:234648
05-27 19:03:24.001  1008 30857 D [OMXB]  : usingANWBuffer: handle:0xee7467e0, format:1, w:1920, h:1080
05-27 19:03:24.006   581   581 I SpiService: fgesysctrl_getGPIO_status success val=1
05-27 08:54:32.971   581   581 D spi_rst_gpio_get_output: GPIO 145 value: 1
05-27 08:54:32.971   581   581 D spidev_ioctl: gpio status=1)
05-27 19:03:24.011 13911 14183 I SentryImuMcuAngleSender: 179.98949rollDeg
05-27 19:03:24.012 13911 14183 I SentryImuMcuAngleSender: 1,0,0
05-27 19:03:24.012   581   581 I SpiService: fgesysctrl_getGPIO_status success val=1
05-27 08:54:32.976   581   581 D spi_rst_gpio_get_output: GPIO 145 value: 1
05-27 08:54:32.976   581   581 D spidev_ioctl: gpio status=1)
05-27 19:03:24.014 23755 23755 D AnwSdkService: apk rom size:40.90M
05-27 19:03:24.015 23755 23755 D AnwSdkService: [android.permission.READ_EXTERNAL_STORAGE] permision is GRANTED
05-27 19:03:24.015 23755 23755 D AnwSdkService: [android.permission.WRITE_EXTERNAL_STORAGE] permision is GRANTED
05-27 19:03:24.017   299 30841 D EvsDriver: forwardFrame
05-27 19:03:24.017   581   581 I SpiService: fgesysctrl_getGPIO_status success val=1
05-27 19:03:24.018   830   830 D SurfaceFlinger: unisoc-graphics, commit has frameMissed:2, vysncId:234649
05-27 19:03:24.018   299 30841 D EvsDriver: Delivered 0xb400007b7ca56a60 as id 0
05-27 08:54:32.982   581   581 D spi_rst_gpio_get_output: GPIO 145 value: 1
05-27 19:03:24.019   299 30844 D EvsDriver: forwardFrame
05-27 19:03:24.019  1167  1167 D evsmanagerd: /dev/video4 forwarded the buffer #0 to 0xb4000074bf5f6850 from 0xb4000074bf5f41d0
05-27 19:03:24.019   283   307 I rvcservice: t.code = 4, t.value = 0
05-27 19:03:24.022  1167  1167 D evsmanagerd: /dev/video6 forwarded the buffer #0 to 0xb4000074bf5f5510 from 0xb4000074bf5f6d90
05-27 19:03:24.023   581   581 I SpiService: fgesysctrl_getGPIO_status success val=1
05-27 19:03:24.024   299 30844 D EvsDriver: Delivered 0xb400007b7ca56900 as id 0
05-27 19:03:24.024   572   622 I Sensors : 230 GyroSensor: x:-0.011606,y:0.004734,z:0.001679
05-27 08:54:32.987   581   581 D spi_rst_gpio_get_output: GPIO 145 value: 1
05-27 08:54:32.987   581   581 D spidev_ioctl: gpio status=1)
05-27 19:03:24.026   299  1163 D EvsDriver: doneWithFrame
05-27 19:03:24.027  1121  1159 D lib_tbox: calling Uid is 0
05-27 19:03:24.027  1121  1159 D lib_tbox: tboxService has already been creaded
05-27 19:03:24.027  1121  1159 D lib_tbox: sim[0] request Queue is ready
05-27 19:03:24.027  1121  1159 D lib_tbox: getModemState start. serial:139536873
05-27 19:03:24.027  1121  1159 D lib_tbox: waitForResponse serial:139536873 phoneId:0 mCount:0
05-27 19:03:24.027   648   648 D RILC_TBOX: getModemState: serial 139536873
05-27 19:03:24.027   648   690 D RIL_REQ_THDS: dequeue msg
05-27 19:03:24.027   648   690 D RIL_REQ_THDS: handleMessage 10005
05-27 19:03:24.027   648   690 D RIL     : onRequest: TBOX_REQUEST_GET_MODEM_STATE radioState = RADIO_ON
05-27 19:03:24.027   648   690 D RILC    : RequestComplete, RIL_SOCKET_1
05-27 19:03:24.027   648   690 D RILC    : Calling responseFunction() for token 139536873
05-27 19:03:24.027   648   690 D RILC_TBOX: getModemStateResponse: serial 139536873
05-27 19:03:24.027   648   690 D RIL_REQ_THDS: pool1Thread[0] process one message done
05-27 19:03:24.027  1121  1151 D lib_tbox: notifyRequest serial:139536873 receivedSerial:139536873 phoneId:0 mCount:0
05-27 19:03:24.027  1121  1159 D lib_tbox: getModemState done. state:0
05-27 19:03:24.028  1121  1159 D lib_tbox: retStatus: aidl response 0, return 0
05-27 19:03:24.028  1121  1159 D lib_tbox: calling Uid is 0
05-27 19:03:24.028  1121  1159 D lib_tbox: tboxService has already been creaded
05-27 19:03:24.028  1121  1159 D lib_tbox: sim[0] request Queue is ready
05-27 19:03:24.028  1121  1159 D lib_tbox: sim[0] getSimState start. serial:1059789835
05-27 19:03:24.028  1121  1159 D lib_tbox: waitForResponse serial:1059789835 phoneId:0 mCount:0
05-27 08:54:32.993   581   581 D spi_rst_gpio_get_output: GPIO 145 value: 1
05-27 08:54:32.993   581   581 D spidev_ioctl: gpio status=1)
05-27 19:03:24.028   648   648 D RILC_TBOX: getSimState: serial 1059789835
05-27 19:03:24.028   648   691 D RIL_REQ_THDS: dequeue msg
05-27 19:03:24.028   648   691 D RIL_REQ_THDS: handleMessage 10001
05-27 19:03:24.028   648   691 D RIL     : onRequest: TBOX_REQUEST_GET_SIM_STATE radioState = RADIO_ON
05-27 19:03:24.028   648   691 D RIL_REQ_THDS: get Channel1
05-27 19:03:24.028   648   691 D RIL-AT  : Channel1: AT> AT+CPIN?
05-27 19:03:24.028  1083  1083 W MyAppLog: [2026-05-27 19:03:24.028 W tboxmid getModemAlive:545] [Tbxomids] [CellularDataService] getModemState ret=0, state=0
05-27 19:03:24.028   581   581 I SpiService: fgesysctrl_getGPIO_status success val=1
05-27 19:03:24.029 23755 23755 D AnwSdkService: onCreate end
05-27 19:03:24.029   648   813 D RIL-AT  : Channel1: AT< +CME ERROR: 10
05-27 19:03:24.029   648   691 D RIL_REQ_THDS: put Channel1
05-27 19:03:24.029   648   691 D RIL_STK_CONTEXT: socket_id: 0, s_setupMenuNeedUnsol : 0, s_setupMenuResponse is : (null)
05-27 19:03:24.029   648   691 D RIL     : setSimPresent[0] hasSim = 0
05-27 19:03:24.029   648   691 D RILC    : RequestComplete, RIL_SOCKET_1
05-27 19:03:24.029   648   691 D RILC    : Calling responseFunction() for token 1059789835
05-27 19:03:24.029   648   691 D RILC_TBOX: getSimStateResponse: serial:1059789835, slotId:0
05-27 19:03:24.029   648   691 D RIL_REQ_THDS: pool2Thread[0] process one message done
05-27 19:03:24.029  1121  1151 D lib_tbox: sim0 getSimStateResponse: 0
05-27 19:03:24.029  1121  1151 D lib_tbox: notifyRequest serial:1059789835 receivedSerial:1059789835 phoneId:0 mCount:0
05-27 19:03:24.029  1121  1159 D lib_tbox: sim[0] getSimState done. state:0
05-27 19:03:24.030  1121  1159 D lib_tbox: retStatus: aidl response 0, return 0
05-27 19:03:24.030 23755 23755 D AnwSdkService: onBind
05-27 19:03:24.030   536   536 D commservice260303: msg.id = 1028,0
05-27 19:03:24.030   536   536 D commservice260303: i = 170, msgid = 8A000404
05-27 19:03:24.030   536   536 D commservice260303: msgid = -1979710460,did=138
05-27 19:03:24.030   536   536 D commservice260303: CommProtocolLibCmdBaseI2C::dataproc {"command":{"id":"imu_status","sub":""},"content":{"TimeStamp":11,"FrameCounter":274168,"GD_X":-0.01160607673227787,"GD_Y":0.004733873065561056,"GD_Z":0.001679039909504354,"AD_X":0.0034339576959609985,"AD_Y":-7.780034793540835E-4,"AD_Z":-0.17319011688232422,"TempDsp":0,"Status":0,"CalibState":1,"SigAmpInvalid":0}},-1979710460
05-27 19:03:24.030   536   536 D commservice260303: send2Cluster len:315, 7B22636F6D6D616E64223A7B226964223A22696D755F737461747573222C22737562223A22227D2C22636F6E74656E74223A7B2254696D655374616D70223A31312C224672616D65436F756E746572223A3237343136382C2247445F58223A2D302E30313136303630373637333232373738372C2247445F59223A302E3030343733333837333036353536313035362C2247445F5A223A302E3030313637393033393930393530343335342C2241445F58223A302E303033343333393537363935393630393938352C2241445F59223A2D372E373830303334373933353430383335452D342C2241445F5A223A2D302E31373331393031313638383233323432322C2254656D70447370223A302C22537461747573223A302C2243616C69625374617465223A312C22536967416D70496E76616C6964223A307D7D, 138 
05-27 19:03:24.030   536   536 D commservice260303: Push Message into SendPool fn=-1619983360
05-27 19:03:24.030   536   536 D commservice260303: ComProtocolLibSend2Cluster::send2ClusterRaw fn=-1619983360 , len=331
05-27 19:03:24.030   536   536 D commservice260303: sendCmdToPort :331!!!
05-27 19:03:24.030   536   536 D commservice260303: send Cmd To Port ++++5AA501478A010004719F6A16CF7C7B22636F6D6D616E64223A7B226964223A22696D755F737461747573222C22737562223A22227D2C22636F6E74656E74223A7B2254696D655374616D70223A31312C224672616D65436F756E746572223A3237343136382C2247445F58223A2D302E30313136303630373637333232373738372C2247445F59223A302E3030343733333837333036353536313035362C2247445F5A223A302E3030313637393033393930393530343335342C2241445F58223A302E303033343333393537363935393630393938352C2241445F59223A2D372E373830303334373933353430383335452D342C2241445F5A223A2D302E31373331393031313638383233323432322C2254656D70447370223A302C22537461747573223A302C2243616C69625374617465223A312C22536967416D70496E76616C6964223A307D7DC2F9
05-27 19:03:24.030   536   536 D commservice260303: bufferevent_write retrun value = 0
05-27 19:03:24.030   536   560 D commservice260303: client datas send succeed,send finish
05-27 19:03:24.030  1083  1083 W MyAppLog: [2026-05-27 19:03:24.030 W tboxmid getSimStatus:599] [Tbxomids] [CellularDataService] getSimState phoneId=0, state=0
05-27 19:03:24.030 13911 14192 D Sentinelmode_1.2.5.17_sentry: <SentryImuClusterFgeSender>imu_status sent to Linux, frame=274168, tsNs=11671274, tsMs=11, intervalMs=38, ad=(0.0034339577,-7.780035E-4,-0.17319012), gd=(-0.011606077,0.004733873,0.0016790399)
05-27 19:03:24.030  1083  1083 W MyAppLog: [2026-05-27 19:03:24.030 W tboxmid threadLoop:1077] [Tbxomids] [CellularDataService] SIM not ready
05-27 19:03:24.032 13911 14183 I SentryImuMcuAngleSender: 180.0rollDeg
05-27 19:03:24.032 13435 13435 D BtManager: onServiceConnected
05-27 19:03:24.032 13911 14183 I SentryImuMcuAngleSender: 1,0,0
05-27 19:03:24.032 23755 23773 D AnwSdkService: GetPowerStatus = POWER_OFF
05-27 19:03:24.032 23755 23773 D AnwSdkService: ANWBT_GetBTPowerStatus() POWER_OFF
05-27 19:03:24.032 23755 23773 D AnwSdkService: GetPowerStatus = POWER_OFF
05-27 19:03:24.033 13435 13435 D BtManager: ANWBT_BTPowerOn
05-27 19:03:24.033 13435 13435 D BtManager: ANWBT_GetBTPowerStatus
05-27 19:03:24.033 23755 23773 D AnwSdkService: GetPowerStatus = POWER_OFF
05-27 19:03:24.033 23755 23773 D AnwSdkService: ANWBT_GetBTPowerStatus() POWER_OFF
