05-27 19:03:17.113   299 30841 D EvsDriver: forwardFrame
05-27 19:03:17.115   299 30841 D EvsDriver: Delivered 0xb400007b7ca56a60 as id 0
05-27 19:03:17.116  1167  1479 D evsmanagerd: /dev/video4 forwarded the buffer #0 to 0xb4000074bf5f6850 from 0xb4000074bf5f41d0
05-27 19:03:17.116 30773 30783 E dvr_service_: [myNum:0] Received S**** loss
05-27 19:03:17.116   299  1153 D EvsDriver: doneWithFrame
05-27 19:03:17.117   299 30844 D EvsDriver: forwardFrame
05-27 19:03:17.118   536   536 D commservice260303: msg.id = 1028,1
05-27 19:03:17.118   536   536 D commservice260303: i = 170, msgid = 8A000404
05-27 19:03:17.118   536   536 D commservice260303: msgid = -1979710460,did=138
05-27 19:03:17.118   536   536 D commservice260303: CommProtocolLibCmdBaseI2C::dataproc {"command":{"id":"imu_status","sub":""},"content":{"TimeStamp":11,"FrameCounter":274001,"GD_X":-0.011377211660146713,"GD_Y":0.0051151420921087265,"GD_Z":0.0022902146447449923,"AD_X":-0.0011678189039230347,"AD_Y":-0.0016496675089001656,"AD_Z":-0.16709518432617188,"TempDsp":0,"Status":0,"CalibState":1,"SigAmpInvalid":0}},-1979710460
05-27 19:03:17.118   536   536 D commservice260303: send2Cluster len:320, 7B22636F6D6D616E64223A7B226964223A22696D755F737461747573222C22737562223A22227D2C22636F6E74656E74223A7B2254696D655374616D70223A31312C224672616D65436F756E746572223A3237343030312C2247445F58223A2D302E3031313337373231313636303134363731332C2247445F59223A302E303035313135313432303932313038373236352C2247445F5A223A302E303032323930323134363434373434393932332C2241445F58223A2D302E303031313637383138393033393233303334372C2241445F59223A2D302E303031363439363637353038393030313635362C2241445F5A223A2D302E31363730393531383433323631373138382C2254656D70447370223A302C22537461747573223A302C2243616C69625374617465223A312C22536967416D70496E76616C6964223A307D7D, 138 
05-27 19:03:17.118   299 30844 D EvsDriver: Delivered 0xb400007b7ca56900 as id 0
05-27 19:03:17.118   536   536 D commservice260303: Push Message into SendPool fn=-244317184
05-27 19:03:17.118  1167  1479 D evsmanagerd: /dev/video6 forwarded the buffer #0 to 0xb4000074bf5f5510 from 0xb4000074bf5f6d90
05-27 19:03:17.119   536   536 D commservice260303: ComProtocolLibSend2Cluster::send2ClusterRaw fn=-244317184 , len=336
05-27 19:03:17.119   536   536 D commservice260303: sendCmdToPort :336!!!
05-27 19:03:17.119   536   536 D commservice260303: send Cmd To Port ++++5AA5014C8A01000470F16A16CF757B22636F6D6D616E64223A7B226964223A22696D755F737461747573222C22737562223A22227D2C22636F6E74656E74223A7B2254696D655374616D70223A31312C224672616D65436F756E746572223A3237343030312C2247445F58223A2D302E3031313337373231313636303134363731332C2247445F59223A302E303035313135313432303932313038373236352C2247445F5A223A302E303032323930323134363434373434393932332C2241445F58223A2D302E303031313637383138393033393233303334372C2241445F59223A2D302E303031363439363637353038393030313635362C2241445F5A223A2D302E31363730393531383433323631373138382C2254656D70447370223A302C22537461747573223A302C2243616C69625374617465223A312C22536967416D70496E76616C6964223A307D7DE4ED
05-27 19:03:17.120   536   536 D commservice260303: bufferevent_write retrun value = 0
05-27 19:03:17.120   536   560 D commservice260303: client datas send succeed,send finish
05-27 19:03:17.121 13911 14192 D Sentinelmode_1.2.5.17_sentry: <SentryImuClusterFgeSender>imu_status sent to Linux, frame=274001, tsNs=11664357, tsMs=11, intervalMs=42, ad=(-0.0011678189,-0.0016496675,-0.16709518), gd=(-0.011377212,0.005115142,0.0022902146)
05-27 19:03:17.123   581   581 I SpiService: fgesysctrl_getGPIO_status success val=1
05-27 19:03:17.128   299  1153 D EvsDriver: doneWithFrame
05-27 19:03:17.129   581   581 I SpiService: fgesysctrl_getGPIO_status success val=1
05-27 08:54:26.078   581   581 D spi_rst_gpio_get_output: GPIO 145 value: 1
05-27 08:54:26.078   581   581 D spidev_ioctl: gpio status=1)
05-27 08:54:26.088   581   581 D spi_rst_gpio_get_output: GPIO 145 value: 1
05-27 08:54:26.088   581   581 D spidev_ioctl: gpio status=1)
05-27 08:54:26.094   581   581 D spi_rst_gpio_get_output: GPIO 145 value: 1
05-27 08:54:26.094   581   581 D spidev_ioctl: gpio status=1)
05-27 19:03:17.130 13911 14183 I SentryImuMcuAngleSender: 180.0rollDeg
05-27 19:03:17.130 13911 14183 I SentryImuMcuAngleSender: 1,0,0
05-27 19:03:17.135   581   581 I SpiService: fgesysctrl_getGPIO_status success val=0
05-27 08:54:26.100   581   581 D spi_rst_gpio_get_output: GPIO 145 value: 0
05-27 08:54:26.100   581   581 D spidev_ioctl: gpio status=0)
05-27 19:03:17.140   299 30841 D EvsDriver: forwardFrame
05-27 19:03:17.143   299 30841 D EvsDriver: Delivered 0xb400007b7ca56a60 as id 0
05-27 19:03:17.143   299 30844 D EvsDriver: forwardFrame
05-27 19:03:17.144   299 30844 D EvsDriver: Delivered 0xb400007b7ca56900 as id 0
05-27 19:03:17.144  1167  1184 D evsmanagerd: /dev/video6 forwarded the buffer #0 to 0xb4000074bf5f5510 from 0xb4000074bf5f6d90
05-27 19:03:17.145  1167  1479 D evsmanagerd: /dev/video4 forwarded the buffer #0 to 0xb4000074bf5f6850 from 0xb4000074bf5f41d0
05-27 19:03:17.146  1008 30857 D [OMXB]  : usingANWBuffer: handle:0xee740dd0, format:1, w:1920, h:1080
05-27 19:03:17.150   299  1153 D EvsDriver: doneWithFrame
05-27 19:03:17.149 23651 23651 I auditd  : type=1400 audit(0.0:76118): avc: denied { chown } for comm="chown" capability=0 scontext=u:r:toolbox:s0 tcontext=u:r:toolbox:s0 tclass=capability permissive=1
05-27 19:03:17.149 23651 23651 I chown   : type=1400 audit(0.0:76118): avc: denied { chown } for capability=0 scontext=u:r:toolbox:s0 tcontext=u:r:toolbox:s0 tclass=capability permissive=1
05-27 19:03:17.153  1083  1083 I MyAppLog: [2026-05-27 19:03:17.152 I tboxap mcuSendYadiTransfer:196] [Mcu] [mcuYadiSend]: :00 08 93 04 01 09 81 02 01 01
05-27 19:03:17.154   299  1153 D EvsDriver: doneWithFrame
05-27 19:03:17.155 13911 13911 I Sentinelmode_1.2.5.17_sentry: <SentinelCarServiceManager>sensorType:291504647
05-27 19:03:17.156   581   581 I SpiService: fgesysctrl_getGPIO_status success val=1
05-27 19:03:17.157   481   599 I mcuc    : start timer OK = 32938 
05-27 08:54:26.115   581   581 D spi_rst_gpio_get_output: GPIO 145 value: 1
05-27 08:54:26.115   581   581 D spidev_ioctl: gpio status=1)
05-27 08:54:26.121   581   581 D spi_rst_gpio_get_output: GPIO 145 value: 1
05-27 08:54:26.121   581   581 D spidev_ioctl: gpio status=1)
05-27 19:03:17.159   536   536 D commservice260303: msg.id = 1028,0
05-27 19:03:17.159   536   536 D commservice260303: i = 170, msgid = 8A000404
05-27 19:03:17.159   536   536 D commservice260303: msgid = -1979710460,did=138
05-27 19:03:17.159   536   536 D commservice260303: CommProtocolLibCmdBaseI2C::dataproc {"command":{"id":"imu_status","sub":""},"content":{"TimeStamp":11,"FrameCounter":274002,"GD_X":-0.010994902811944485,"GD_Y":0.005420989356935024,"GD_Z":0.002213752595707774,"AD_X":-0.008464545011520386,"AD_Y":1.8189489492215216E-4,"AD_Z":-0.17075443267822266,"TempDsp":0,"Status":0,"CalibState":1,"SigAmpInvalid":0}},-1979710460
05-27 19:03:17.160   536   536 D commservice260303: send2Cluster len:316, 7B22636F6D6D616E64223A7B226964223A22696D755F737461747573222C22737562223A22227D2C22636F6E74656E74223A7B2254696D655374616D70223A31312C224672616D65436F756E746572223A3237343030322C2247445F58223A2D302E3031303939343930323831313934343438352C2247445F59223A302E3030353432303938393335363933353032342C2247445F5A223A302E3030323231333735323539353730373737342C2241445F58223A2D302E3030383436343534353031313532303338362C2241445F59223A312E38313839343839343932323135323136452D342C2241445F5A223A2D302E31373037353434333236373832323236362C2254656D70447370223A302C22537461747573223A302C2243616C69625374617465223A312C22536967416D70496E76616C6964223A307D7D, 138 
05-27 19:03:17.160   536   536 D commservice260303: Push Message into SendPool fn=-227539968
05-27 19:03:17.160   536   536 D commservice260303: ComProtocolLibSend2Cluster::send2ClusterRaw fn=-227539968 , len=332
05-27 19:03:17.160   536   536 D commservice260303: sendCmdToPort :332!!!
05-27 19:03:17.160   572   622 I Sensors : 230 GyroSensor: x:-0.011148,y:0.005803,z:0.002367
05-27 08:54:26.127   581   581 D spi_rst_gpio_get_output: GPIO 145 value: 1
05-27 08:54:26.127   581   581 D spidev_ioctl: gpio status=1)
05-27 19:03:17.160 13911 14183 I SentryImuMcuAngleSender: 179.99649rollDeg
05-27 19:03:17.160   536   536 D commservice260303: send Cmd To Port ++++5AA501488A01000470F26A16CF757B22636F6D6D616E64223A7B226964223A22696D755F737461747573222C22737562223A22227D2C22636F6E74656E74223A7B2254696D655374616D70223A31312C224672616D65436F756E746572223A3237343030322C2247445F58223A2D302E3031303939343930323831313934343438352C2247445F59223A302E3030353432303938393335363933353032342C2247445F5A223A302E3030323231333735323539353730373737342C2241445F58223A2D302E3030383436343534353031313532303338362C2241445F59223A312E38313839343839343932323135323136452D342C2241445F5A223A2D302E31373037353434333236373832323236362C2254656D70447370223A302C22537461747573223A302C2243616C69625374617465223A312C22536967416D70496E76616C6964223A307D7DDF1B
05-27 19:03:17.160 13911 14183 I SentryImuMcuAngleSender: 1,0,0
05-27 19:03:17.160   536   536 D commservice260303: bufferevent_write retrun value = 0
05-27 19:03:17.161   536   560 D commservice260303: client datas send succeed,send finish
05-27 19:03:17.161 13911 14192 D Sentinelmode_1.2.5.17_sentry: <SentryImuClusterFgeSender>imu_status sent to Linux, frame=274002, tsNs=11664392, tsMs=11, intervalMs=39, ad=(-0.008464545,1.818949E-4,-0.17075443), gd=(-0.010994903,0.0054209894,0.0022137526)
05-27 19:03:17.161 13911 14131 D SVR_MNG_SvrMngProxy: getServer: mSvrManger is null
05-27 19:03:17.161 13911 14131 D SVR_MNG_SvrMngProxy: getNewStub: 
05-27 19:03:17.161 13911 14131 D SVR_MNG_SvrMngProxy: getNewStub: getSvrManagerService start
05-27 19:03:17.162   581   581 I SpiService: fgesysctrl_getGPIO_status success val=1
05-27 19:03:17.163 13911 14131 D SVR_MNG_SvrMngProxy: getNewStub: getSvrManagerService end
05-27 19:03:17.163 13911 14131 D SVR_MNG_SvrMngProxy: getServer: svrMngService doesn't start
05-27 19:03:17.168   581   581 I SpiService: fgesysctrl_getGPIO_status success val=1
05-27 19:03:17.169 30773 30785 I dvr_service_: [EncoderHandler::runMediaThread] runMediaThread started:1,state:1, cam2:started:1,state:1, lastSwitch:1, mIsMuxerStart:1,format:0,is_str_ing:0
05-27 08:54:26.133   581   581 D spi_rst_gpio_get_output: GPIO 145 value: 1
05-27 08:54:26.133   581   581 D spidev_ioctl: gpio status=1)
05-27 19:03:17.174   581   581 I SpiService: fgesysctrl_getGPIO_status success val=1
05-27 08:54:26.138   581   581 D spi_rst_gpio_get_output: GPIO 145 value: 1
05-27 08:54:26.138   581   581 D spidev_ioctl: gpio status=1)
05-27 19:03:17.179  1008 30856 D [OMXB]  : usingANWBuffer: handle:0xee743710, format:1, w:1920, h:1080
05-27 19:03:17.179   283   307 I rvcservice: t.code = 1, t.value = -172019
05-27 19:03:17.179   299 30841 D EvsDriver: forwardFrame
05-27 19:03:17.179   581   581 I SpiService: fgesysctrl_getGPIO_status success val=0
05-27 19:03:17.180   481   597 I mcuc    : send SPI:6AA60180AA00F80901930401098102010100000000000000000000000000000000000000000000000000000000000000000000000000000000000000000000000000000000000000000000000000000000000000000000000000000000000000000000000000000000000000000000000000000000000000000000000000000000000000000000000000000000000000000000000000000000000000000000000000000000000000000000000000000000000000000000000000000000000000000000000000000000000000000000000000000000000000000000000000000000000000000000000000000000000000000000000000000000000000000000AD
05-27 19:03:17.181   299 30841 D EvsDriver: Delivered 0xb400007b7ca56a60 as id 0
05-27 19:03:17.181  1167  1479 D evsmanagerd: /dev/video4 forwarded the buffer #0 to 0xb4000074bf5f6850 from 0xb4000074bf5f41d0
05-27 19:03:17.185   299  1153 D EvsDriver: doneWithFrame
05-27 19:03:17.189   830   830 D SurfaceFlinger: unisoc-graphics, commit has frameMissed:2, vysncId:234327
05-27 19:03:17.189 13911 14183 I SentryImuMcuAngleSender: 179.993rollDeg
05-27 19:03:17.189 13911 14183 I SentryImuMcuAngleSender: 1,0,0
05-27 08:54:26.144   581   581 D spidev_ioctl: gpio status=0)
05-27 19:03:17.194   299 30844 D EvsDriver: forwardFrame
05-27 19:03:17.196   581   581 I SpiService: fgesysctrl_getGPIO_status success val=1
05-27 08:54:26.160   581   581 D spi_rst_gpio_get_output: GPIO 145 value: 1
05-27 08:54:26.160   581   581 D spidev_ioctl: gpio status=1)
05-27 19:03:17.198   299 30844 D EvsDriver: Delivered 0xb400007b7ca56900 as id 0
05-27 19:03:17.198  1167  1479 D evsmanagerd: /dev/video6 forwarded the buffer #0 to 0xb4000074bf5f5510 from 0xb4000074bf5f6d90
05-27 19:03:17.200   536   536 D commservice260303: msg.id = 1028,2
05-27 19:03:17.200   536   536 D commservice260303: i = 170, msgid = 8A000404
05-27 19:03:17.200   536   536 D commservice260303: msgid = -1979710460,did=138
05-27 19:03:17.200   536   536 D commservice260303: CommProtocolLibCmdBaseI2C::dataproc {"command":{"id":"imu_status","sub":""},"content":{"TimeStamp":11,"FrameCounter":274003,"GD_X":-0.01153013575822115,"GD_Y":0.005573912989348173,"GD_Z":0.0019848872907459736,"AD_X":-0.005976244807243347,"AD_Y":-0.0010363676119595766,"AD_Z":-0.1701498031616211,"TempDsp":0,"Status":0,"CalibState":1,"SigAmpInvalid":0}},-1979710460
05-27 19:03:17.200   536   536 D commservice260303: send2Cluster len:316, 7B22636F6D6D616E64223A7B226964223A22696D755F737461747573222C22737562223A22227D2C22636F6E74656E74223A7B2254696D655374616D70223A31312C224672616D65436F756E746572223A3237343030332C2247445F58223A2D302E30313135333031333537353832323131352C2247445F59223A302E3030353537333931323938393334383137332C2247445F5A223A302E303031393834383837323930373435393733362C2241445F58223A2D302E3030353937363234343830373234333334372C2241445F59223A2D302E303031303336333637363131393539353736362C2241445F5A223A2D302E313730313439383033313631363231312C2254656D70447370223A302C22537461747573223A302C2243616C69625374617465223A312C22536967416D70496E76616C6964223A307D7D, 138 
05-27 19:03:17.200   536   536 D commservice260303: Push Message into SendPool fn=-210762752
05-27 19:03:17.200   536   536 D commservice260303: ComProtocolLibSend2Cluster::send2ClusterRaw fn=-210762752 , len=332
05-27 19:03:17.200   536   536 D commservice260303: sendCmdToPort :332!!!
05-27 19:03:17.201   536   536 D commservice260303: send Cmd To Port ++++5AA501488A01000470F36A16CF757B22636F6D6D616E64223A7B226964223A22696D755F737461747573222C22737562223A22227D2C22636F6E74656E74223A7B2254696D655374616D70223A31312C224672616D65436F756E746572223A3237343030332C2247445F58223A2D302E30313135333031333537353832323131352C2247445F59223A302E3030353537333931323938393334383137332C2247445F5A223A302E303031393834383837323930373435393733362C2241445F58223A2D302E3030353937363234343830373234333334372C2241445F59223A2D302E303031303336333637363131393539353736362C2241445F5A223A2D302E313730313439383033313631363231312C2254656D70447370223A302C22537461747573223A302C2243616C69625374617465223A312C22536967416D70496E76616C6964223A307D7DA49C
05-27 19:03:17.201   536   536 D commservice260303: bufferevent_write retrun value = 0
05-27 19:03:17.201   581   581 I SpiService: fgesysctrl_getGPIO_status success val=1
05-27 19:03:17.202   536   560 D commservice260303: client datas send succeed,send finish
05-27 19:03:17.202 13911 14192 D Sentinelmode_1.2.5.17_sentry: <SentryImuClusterFgeSender>imu_status sent to Linux, frame=274003, tsNs=11664446, tsMs=11, intervalMs=42, ad=(-0.005976245,-0.0010363676,-0.1701498), gd=(-0.011530136,0.005573913,0.0019848873)
05-27 19:03:17.202   299  1153 D EvsDriver: doneWithFrame
05-27 08:54:26.166   581   581 D spi_rst_gpio_get_output: GPIO 145 value: 1
05-27 08:54:26.166   581   581 D spidev_ioctl: gpio status=1)
05-27 19:03:17.205   830   830 D SurfaceFlinger: unisoc-graphics, commit has frameMissed:2, vysncId:234328
05-27 19:03:17.208   581   581 I SpiService: fgesysctrl_getGPIO_status success val=1
05-27 19:03:17.210 13911 14183 I SentryImuMcuAngleSender: -179.99649rollDeg
05-27 19:03:17.210 13911 14183 I SentryImuMcuAngleSender: 1,0,0
05-27 08:54:26.173   581   581 D spi_rst_gpio_get_output: GPIO 145 value: 1
05-27 08:54:26.173   581   581 D spidev_ioctl: gpio status=1)
05-27 19:03:17.210 30773 30786 I dvr_service_: CameraX 0  audioOK: 126294043,audios:1890
05-27 19:03:17.215   299 30844 D EvsDriver: forwardFrame
05-27 19:03:17.216   581   581 I SpiService: fgesysctrl_getGPIO_status success val=0
05-27 19:03:17.217   299 30844 D EvsDriver: Delivered 0xb400007b7ca56900 as id 0
05-27 19:03:17.217  1167  1479 D evsmanagerd: /dev/video6 forwarded the buffer #0 to 0xb4000074bf5f5510 from 0xb4000074bf5f6d90
05-27 19:03:17.209 23654 23654 I chmod   : type=1400 audit(0.0:76119): avc: denied { fsetid } for capability=4 scontext=u:r:toolbox:s0 tcontext=u:r:toolbox:s0 tclass=capability permissive=1
05-27 08:54:26.181   581   581 D spidev_ioctl: gpio status=0)
05-27 19:03:17.225   299  1153 D EvsDriver: doneWithFrame
05-27 19:03:17.226   299 30841 D EvsDriver: forwardFrame
05-27 19:03:17.227   481   598 I mcuc    : rev,n=1,6AA68280AA0002090148
05-27 19:03:17.230 13911 14183 I SentryImuMcuAngleSender: -179.993rollDeg
05-27 19:03:17.230 13911 14183 I SentryImuMcuAngleSender: 1,0,0
05-27 19:03:17.231   581   581 I SpiService: fgesysctrl_getGPIO_status success val=1
05-27 08:54:26.196   581   581 D spi_rst_gpio_get_output: GPIO 145 value: 1
05-27 08:54:26.196   581   581 D spidev_ioctl: gpio status=1)
05-27 19:03:17.232  1167  1479 D evsmanagerd: /dev/video4 forwarded the buffer #0 to 0xb4000074bf5f6850 from 0xb4000074bf5f41d0
05-27 19:03:17.234   299 30841 D EvsDriver: Delivered 0xb400007b7ca56a60 as id 0
05-27 19:03:17.237   581   581 I SpiService: fgesysctrl_getGPIO_status success val=1
05-27 19:03:17.238   299  1153 D EvsDriver: doneWithFrame
05-27 19:03:17.241   536   536 D commservice260303: msg.id = 1028,1
05-27 19:03:17.241   536   536 D commservice260303: i = 170, msgid = 8A000404
05-27 08:54:26.202   581   581 D spi_rst_gpio_get_output: GPIO 145 value: 1
05-27 08:54:26.202   581   581 D spidev_ioctl: gpio status=1)
05-27 19:03:17.241   536   536 D commservice260303: CommProtocolLibCmdBaseI2C::dataproc {"command":{"id":"imu_status","sub":""},"content":{"TimeStamp":11,"FrameCounter":274004,"GD_X":-0.01160607673227787,"GD_Y":0.00519212381914258,"GD_Z":0.0016030981205403805,"AD_X":-0.0010995715856552124,"AD_Y":7.970997830852866E-4,"AD_Z":-0.1701498031616211,"TempDsp":0,"Status":0,"CalibState":1,"SigAmpInvalid":0}},-1979710460
05-27 19:03:17.241   536   536 D commservice260303: send2Cluster len:314, 7B22636F6D6D616E64223A7B226964223A22696D755F737461747573222C22737562223A22227D2C22636F6E74656E74223A7B2254696D655374616D70223A31312C224672616D65436F756E746572223A3237343030342C2247445F58223A2D302E30313136303630373637333232373738372C2247445F59223A302E30303531393231323338313931343235382C2247445F5A223A302E303031363033303938313230353430333830352C2241445F58223A2D302E303031303939353731353835363535323132342C2241445F59223A372E393730393937383330383532383636452D342C2241445F5A223A2D302E313730313439383033313631363231312C2254656D70447370223A302C22537461747573223A302C2243616C69625374617465223A312C22536967416D70496E76616C6964223A307D7D, 138 
05-27 19:03:17.241   536   536 D commservice260303: Push Message into SendPool fn=-193985536
05-27 19:03:17.241   536   536 D commservice260303: ComProtocolLibSend2Cluster::send2ClusterRaw fn=-193985536 , len=330
05-27 19:03:17.241   536   536 D commservice260303: sendCmdToPort :330!!!
05-27 19:03:17.241   536   536 D commservice260303: send Cmd To Port ++++5AA501468A01000470F46A16CF757B22636F6D6D616E64223A7B226964223A22696D755F737461747573222C22737562223A22227D2C22636F6E74656E74223A7B2254696D655374616D70223A31312C224672616D65436F756E746572223A3237343030342C2247445F58223A2D302E30313136303630373637333232373738372C2247445F59223A302E30303531393231323338313931343235382C2247445F5A223A302E303031363033303938313230353430333830352C2241445F58223A2D302E303031303939353731353835363535323132342C2241445F59223A372E393730393937383330383532383636452D342C2241445F5A223A2D302E313730313439383033313631363231312C2254656D70447370223A302C22537461747573223A302C2243616C69625374617465223A312C22536967416D70496E76616C6964223A307D7D38D5
05-27 19:03:17.242   536   536 D commservice260303: bufferevent_write retrun value = 0
05-27 19:03:17.242 13911 14192 D Sentinelmode_1.2.5.17_sentry: <SentryImuClusterFgeSender>imu_status sent to Linux, frame=274004, tsNs=11664483, tsMs=11, intervalMs=40, ad=(-0.0010995716,7.970998E-4,-0.1701498), gd=(-0.011606077,0.005192124,0.0016030981)
05-27 19:03:17.243   581   581 I SpiService: fgesysctrl_getGPIO_status success val=1
05-27 19:03:17.244   536   560 D commservice260303: client datas send succeed,send finish
05-27 08:54:26.207   581   581 D spi_rst_gpio_get_output: GPIO 145 value: 1
05-27 08:54:26.207   581   581 D spidev_ioctl: gpio status=1)
05-27 19:03:17.248   581   581 I SpiService: fgesysctrl_getGPIO_status success val=1
05-27 08:54:26.213   581   581 D spi_rst_gpio_get_output: GPIO 145 value: 1
05-27 08:54:26.213   581   581 D spidev_ioctl: gpio status=1)
05-27 19:03:17.249   351   351 D DefaultVehicleHal: setProperty setValues start
05-27 19:03:17.249   351   351 D 2026-5-19:FakeVehicleHardware: setProperty FakeVehicleHardware  ID: 0x11500f31
05-27 19:03:17.249   351   351 D 2026-5-19:FakeVehicleHardware: setProperty id:0x11500f31,value:11664499
05-27 19:03:17.249   351   351 D DefaultVehicleHal: setProperty setValues end
05-27 19:03:17.249   351   368 D 2026-5-19:FakeVehicleHardware: setProperty FakeVehicleHardware  setValue START
05-27 19:03:17.249   351   368 D 2026-5-19:FakeVehicleHardware: setProperty FakeVehicleHardware  setValue end
05-27 19:03:17.250  1008 30857 D [OMXB]  : usingANWBuffer: handle:0xee7439d0, format:1, w:1920, h:1080
05-27 19:03:17.250 13911 14183 I SentryImuMcuAngleSender: 179.986rollDeg
05-27 19:03:17.250 13911 14183 I SentryImuMcuAngleSender: 1,0,0
05-27 19:03:17.254   581   581 I SpiService: fgesysctrl_getGPIO_status success val=1
05-27 08:54:26.218   581   581 D spi_rst_gpio_get_output: GPIO 145 value: 1
05-27 08:54:26.218   581   581 D spidev_ioctl: gpio status=1)
05-27 19:03:17.259   581   581 I SpiService: fgesysctrl_getGPIO_status success val=0
05-27 19:03:17.261   299 30844 D EvsDriver: forwardFrame
05-27 08:54:26.224   581   581 D spi_rst_gpio_get_output: GPIO 145 value: 0
05-27 19:03:17.262   299 30844 D EvsDriver: Delivered 0xb400007b7ca56900 as id 0
05-27 19:03:17.262  1167  1479 D evsmanagerd: /dev/video6 forwarded the buffer #0 to 0xb4000074bf5f5510 from 0xb4000074bf5f6d90
05-27 19:03:17.262 30773 30783 I dvr_service_: [myNum:1][onFrameReceived] Received Surface:1 0
05-27 19:03:17.262 30773 30783 E dvr_service_: [myNum:1] Received S**** loss
05-27 19:03:17.264   299  1153 D EvsDriver: doneWithFrame
05-27 19:03:17.265 30773 30786 I dvr_service_: CameraX 1  audioOK: 126294043,audios:1890
05-27 19:03:17.267   572   622 I Sensors : 230 AccelSensor: x:-0.166530,y:0.004880,z:-9.978380
05-27 19:03:17.271 13911 14183 I SentryImuMcuAngleSender: 179.97198rollDeg
05-27 19:03:17.271 13911 14183 I SentryImuMcuAngleSender: 1,0,0
05-27 19:03:17.272   299 30841 D EvsDriver: forwardFrame
05-27 19:03:17.273   830   830 D SurfaceFlinger: unisoc-graphics, commit has frameMissed:2, vysncId:234331
05-27 19:03:17.274   299 30841 D EvsDriver: Delivered 0xb400007b7ca56a60 as id 0
05-27 19:03:17.274   581   581 I SpiService: fgesysctrl_getGPIO_status success val=1
05-27 19:03:17.274  1167  1479 D evsmanagerd: /dev/video4 forwarded the buffer #0 to 0xb4000074bf5f6850 from 0xb4000074bf5f41d0
05-27 19:03:17.275   299 30844 D EvsDriver: forwardFrame
05-27 08:54:26.239   581   581 D spi_rst_gpio_get_output: GPIO 145 value: 1
05-27 08:54:26.239   581   581 D spidev_ioctl: gpio status=1)
05-27 19:03:17.279 23580 23624 D ANWAPI_SECOND: (23580|0x179BFCB0)[BTAPI] set_bluetooth_power : open /sys/class/gpio/gpio142/value
05-27 19:03:17.279 23580 23624 D ANWAPI_SECOND: (23580|0x179BFCB0)[BTAPI] set_bluetooth_power : open(/sys/class/gpio/gpio142/value) for write failed,fd=-1
05-27 19:03:17.279 23580 23624 D ANWAPI_SECOND: (23580|0x179BFCB0)[BTAPI] open set_bluetooth_power : write(No such file or directory) failed,errno = 2
05-27 19:03:17.280   299  1153 D EvsDriver: doneWithFrame
05-27 19:03:17.280   283   307 I rvcservice: t.code = 3, t.value = 0
05-27 19:03:17.280   581   581 I SpiService: fgesysctrl_getGPIO_status success val=1
05-27 08:54:26.245   581   581 D spi_rst_gpio_get_output: GPIO 145 value: 1
05-27 08:54:26.245   581   581 D spidev_ioctl: gpio status=1)
05-27 19:03:17.283   536   536 D commservice260303: msg.id = 1028,0
05-27 19:03:17.283   536   536 D commservice260303: i = 170, msgid = 8A000404
05-27 19:03:17.283   299 30844 D EvsDriver: Delivered 0xb400007b7ca56900 as id 0
05-27 19:03:17.283   536   536 D commservice260303: msgid = -1979710460,did=138
05-27 19:03:17.283  1167  1479 D evsmanagerd: /dev/video6 forwarded the buffer #0 to 0xb4000074bf5f5510 from 0xb4000074bf5f6d90
05-27 19:03:17.283   536   536 D commservice260303: CommProtocolLibCmdBaseI2C::dataproc {"command":{"id":"imu_status","sub":""},"content":{"TimeStamp":11,"FrameCounter":274005,"GD_X":-0.011070843786001205,"GD_Y":0.005420989356935024,"GD_Z":0.0017560218693688512,"AD_X":0.003138497471809387,"AD_Y":0.004435670096427202,"AD_Z":-0.17319488525390625,"TempDsp":0,"Status":0,"CalibState":1,"SigAmpInvalid":0}},-1979710460
05-27 19:03:17.284   536   536 D commservice260303: send2Cluster len:315, 7B22636F6D6D616E64223A7B226964223A22696D755F737461747573222C22737562223A22227D2C22636F6E74656E74223A7B2254696D655374616D70223A31312C224672616D65436F756E746572223A3237343030352C2247445F58223A2D302E3031313037303834333738363030313230352C2247445F59223A302E3030353432303938393335363933353032342C2247445F5A223A302E303031373536303231383639333638383531322C2241445F58223A302E3030333133383439373437313830393338372C2241445F59223A302E3030343433353637303039363432373230322C2241445F5A223A2D302E31373331393438383532353339303632352C2254656D70447370223A302C22537461747573223A302C2243616C69625374617465223A312C22536967416D70496E76616C6964223A307D7D, 138 
05-27 19:03:17.284   536   536 D commservice260303: Push Message into SendPool fn=-177208320
05-27 19:03:17.284   536   536 D commservice260303: ComProtocolLibSend2Cluster::send2ClusterRaw fn=-177208320 , len=331
05-27 19:03:17.284   536   536 D commservice260303: sendCmdToPort :331!!!
05-27 19:03:17.284   536   536 D commservice260303: send Cmd To Port ++++5AA501478A01000470F56A16CF757B22636F6D6D616E64223A7B226964223A22696D755F737461747573222C22737562223A22227D2C22636F6E74656E74223A7B2254696D655374616D70223A31312C224672616D65436F756E746572223A3237343030352C2247445F58223A2D302E3031313037303834333738363030313230352C2247445F59223A302E3030353432303938393335363933353032342C2247445F5A223A302E303031373536303231383639333638383531322C2241445F58223A302E3030333133383439373437313830393338372C2241445F59223A302E3030343433353637303039363432373230322C2241445F5A223A2D302E31373331393438383532353339303632352C2254656D70447370223A302C22537461747573223A302C2243616C69625374617465223A312C22536967416D70496E76616C6964223A307D7DDD4B
05-27 19:03:17.284   536   536 D commservice260303: bufferevent_write retrun value = 0
05-27 19:03:17.284   536   560 D commservice260303: client datas send succeed,send finish
05-27 19:03:17.284 13911 14192 D Sentinelmode_1.2.5.17_sentry: <SentryImuClusterFgeSender>imu_status sent to Linux, frame=274005, tsNs=11664517, tsMs=11, intervalMs=42, ad=(0.0031384975,0.00443567,-0.17319489), gd=(-0.011070844,0.0054209894,0.0017560219)
05-27 19:03:17.286   581   581 I SpiService: fgesysctrl_getGPIO_status success val=1
05-27 19:03:17.287   299  1153 D EvsDriver: doneWithFrame
05-27 19:03:17.289   830   830 D SurfaceFlinger: unisoc-graphics, commit has frameMissed:2, vysncId:234332
05-27 08:54:26.250   581   581 D spi_rst_gpio_get_output: GPIO 145 value: 1
05-27 08:54:26.250   581   581 D spidev_ioctl: gpio status=1)
05-27 08:54:26.256   581   581 D spi_rst_gpio_get_output: GPIO 145 value: 1
05-27 08:54:26.256   581   581 D spidev_ioctl: gpio status=1)
05-27 19:03:17.291   581   581 I SpiService: fgesysctrl_getGPIO_status success val=1
05-27 19:03:17.292 13911 14183 I SentryImuMcuAngleSender: 179.97198rollDeg
05-27 19:03:17.292 13911 14183 I SentryImuMcuAngleSender: 1,0,0
05-27 19:03:17.294   299 30841 D EvsDriver: forwardFrame
05-27 19:03:17.297   581   581 I SpiService: fgesysctrl_getGPIO_status success val=0
05-27 19:03:17.297   299 30841 D EvsDriver: Delivered 0xb400007b7ca56a60 as id 0
05-27 19:03:17.297  1167  1479 D evsmanagerd: /dev/video4 forwarded the buffer #0 to 0xb4000074bf5f6850 from 0xb4000074bf5f41d0
05-27 19:03:17.297 30773 30783 E dvr_service_: [myNum:0] Received S**** loss
05-27 19:03:17.299  1008 30856 D [OMXB]  : usingANWBuffer: handle:0xee740bc0, format:1, w:1920, h:1080
05-27 19:03:17.299   351   515 W automotive.vehicle@2.0-adayo-func-bcm: BCMFunc sendMessageFromClient_l sendMessage prop: 0x11500f31 not in table
05-27 08:54:26.261   581   581 D spi_rst_gpio_get_output: GPIO 145 value: 0
05-27 08:54:26.262   581   581 D spidev_ioctl: gpio status=0)
05-27 19:03:17.306   830   830 D SurfaceFlinger: unisoc-graphics, commit has frameMissed:2, vysncId:234333
05-27 19:03:17.307   299  1153 D EvsDriver: doneWithFrame
05-27 19:03:17.312   299 30844 D EvsDriver: forwardFrame
05-27 19:03:17.312   581   581 I SpiService: fgesysctrl_getGPIO_status success val=1
05-27 19:03:17.315   299 30844 D EvsDriver: Delivered 0xb400007b7ca56900 as id 0
05-27 19:03:17.315  1167  1479 D evsmanagerd: /dev/video6 forwarded the buffer #0 to 0xb4000074bf5f5510 from 0xb4000074bf5f6d90
05-27 19:03:17.315   299 30841 D EvsDriver: forwardFrame
05-27 08:54:26.276   581   581 D spi_rst_gpio_get_output: GPIO 145 value: 1
05-27 08:54:26.276   581   581 D spidev_ioctl: gpio status=1)
05-27 08:54:26.282   581   581 D spi_rst_gpio_get_output: GPIO 145 value: 1
05-27 08:54:26.282   581   581 D spidev_ioctl: gpio status=1)
05-27 19:03:17.318   581   581 I SpiService: fgesysctrl_getGPIO_status success val=1
05-27 19:03:17.318 13911 14183 I SentryImuMcuAngleSender: 179.98248rollDeg
05-27 19:03:17.318 13911 14183 I SentryImuMcuAngleSender: 1,0,0
05-27 19:03:17.318  1167  1184 D evsmanagerd: /dev/video4 forwarded the buffer #0 to 0xb4000074bf5f6850 from 0xb4000074bf5f41d0
05-27 19:03:17.318   299 30841 D EvsDriver: Delivered 0xb400007b7ca56a60 as id 0
05-27 19:03:17.321   299  1153 D EvsDriver: doneWithFrame
05-27 19:03:17.323   830   830 D SurfaceFlinger: unisoc-graphics, commit has frameMissed:2, vysncId:234334
05-27 19:03:17.327   299  1153 D EvsDriver: doneWithFrame
05-27 19:03:17.329   581   581 I SpiService: fgesysctrl_getGPIO_status success val=1
05-27 19:03:17.330  1008 30857 D [OMXB]  : usingANWBuffer: handle:0xee742270, format:1, w:1920, h:1080
05-27 19:03:17.331   536   536 D commservice260303: msg.id = 1028,0
05-27 19:03:17.331   536   536 D commservice260303: i = 170, msgid = 8A000404
05-27 19:03:17.331   536   536 D commservice260303: msgid = -1979710460,did=138
05-27 19:03:17.331   536   536 D commservice260303: CommProtocolLibCmdBaseI2C::dataproc {"command":{"id":"imu_status","sub":""},"content":{"TimeStamp":11,"FrameCounter":274006,"GD_X":-0.011223767884075642,"GD_Y":0.0048857564106583595,"GD_Z":0.0018319635419175029,"AD_X":0.0037020891904830933,"AD_Y":0.002583934925496578,"AD_Z":-0.17441463470458984,"TempDsp":0,"Status":0,"CalibState":1,"SigAmpInvalid":0}},-1979710460
05-27 19:03:17.331   536   536 D commservice260303: send2Cluster len:317, 7B22636F6D6D616E64223A7B226964223A22696D755F737461747573222C22737562223A22227D2C22636F6E74656E74223A7B2254696D655374616D70223A31312C224672616D65436F756E746572223A3237343030362C2247445F58223A2D302E3031313232333736373838343037353634322C2247445F59223A302E303034383835373536343130363538333539352C2247445F5A223A302E303031383331393633353431393137353032392C2241445F58223A302E303033373032303839313930343833303933332C2241445F59223A302E3030323538333933343932353439363537382C2241445F5A223A2D302E31373434313436333437303435383938342C2254656D70447370223A302C22537461747573223A302C2243616C69625374617465223A312C22536967416D70496E76616C6964223A307D7D, 138 
05-27 19:03:17.331   536   536 D commservice260303: Push Message into SendPool fn=-160431104
05-27 19:03:17.331   536   536 D commservice260303: ComProtocolLibSend2Cluster::send2ClusterRaw fn=-160431104 , len=333
05-27 19:03:17.331   536   536 D commservice260303: sendCmdToPort :333!!!
05-27 19:03:17.332   536   536 D commservice260303: send Cmd To Port ++++5AA501498A01000470F66A16CF757B22636F6D6D616E64223A7B226964223A22696D755F737461747573222C22737562223A22227D2C22636F6E74656E74223A7B2254696D655374616D70223A31312C224672616D65436F756E746572223A3237343030362C2247445F58223A2D302E3031313232333736373838343037353634322C2247445F59223A302E303034383835373536343130363538333539352C2247445F5A223A302E303031383331393633353431393137353032392C2241445F58223A302E303033373032303839313930343833303933332C2241445F59223A302E3030323538333933343932353439363537382C2241445F5A223A2D302E31373434313436333437303435383938342C2254656D70447370223A302C22537461747573223A302C2243616C69625374617465223A312C22536967416D70496E76616C6964223A307D7D0121
05-27 08:54:26.294   581   581 D spi_rst_gpio_get_output: GPIO 145 value: 1
05-27 08:54:26.294   581   581 D spidev_ioctl: gpio status=1)
05-27 19:03:17.332   536   536 D commservice260303: bufferevent_write retrun value = 0
05-27 19:03:17.332   536   560 D commservice260303: client datas send succeed,send finish
05-27 19:03:17.333 13911 14192 D Sentinelmode_1.2.5.17_sentry: <SentryImuClusterFgeSender>imu_status sent to Linux, frame=274006, tsNs=11664553, tsMs=11, intervalMs=48, ad=(0.0037020892,0.002583935,-0.17441463), gd=(-0.011223768,0.0048857564,0.0018319635)
05-27 19:03:17.335   581   581 I SpiService: fgesysctrl_getGPIO_status success val=1
05-27 19:03:17.333 23658 23658 I auditd  : type=1400 audit(0.0:76120): avc: denied { write } for comm="touch" name="default-1.txt" dev="vda93" ino=180272 scontext=u:r:toolbox:s0 tcontext=u:object_r:log_data_file:s0 tclass=file permissive=1
05-27 19:03:17.333 23658 23658 I touch   : type=1400 audit(0.0:76120): avc: denied { write } for name="default-1.txt" dev="vda93" ino=180272 scontext=u:r:toolbox:s0 tcontext=u:object_r:log_data_file:s0 tclass=file permissive=1
05-27 08:54:26.299   581   581 D spi_rst_gpio_get_output: GPIO 145 value: 1
05-27 08:54:26.299   581   581 D spidev_ioctl: gpio status=1)
05-27 08:54:26.307   581   581 D spi_rst_gpio_get_output: GPIO 145 value: 0
05-27 08:54:26.307   581   581 D spidev_ioctl: gpio status=0)
05-27 19:03:17.342   299 30841 D EvsDriver: forwardFrame
05-27 19:03:17.342   581   581 I SpiService: fgesysctrl_getGPIO_status success val=0
05-27 19:03:17.344  1167  1479 D evsmanagerd: /dev/video4 forwarded the buffer #0 to 0xb4000074bf5f6850 from 0xb4000074bf5f41d0
05-27 19:03:17.344 13911 14183 I SentryImuMcuAngleSender: 179.98949rollDeg
05-27 19:03:17.344 13911 14183 I SentryImuMcuAngleSender: 1,0,0
05-27 19:03:17.344   299 30841 D EvsDriver: Delivered 0xb400007b7ca56a60 as id 0
05-27 19:03:17.348   299  1153 D EvsDriver: doneWithFrame
05-27 19:03:17.350   299 30844 D EvsDriver: forwardFrame
05-27 19:03:17.353  1167  1479 D evsmanagerd: /dev/video6 forwarded the buffer #0 to 0xb4000074bf5f5510 from 0xb4000074bf5f6d90
05-27 19:03:17.353   299 30844 D EvsDriver: Delivered 0xb400007b7ca56900 as id 0
05-27 19:03:17.355   572   572 I Sensors : 230 GyroSensor: x:-0.011377,y:0.005039,z:0.002519
05-27 19:03:17.356   299  1153 D EvsDriver: doneWithFrame
05-27 19:03:17.359   481   598 I mcuc    : rev,n=1,6AA681EAEC000A89002E010409011234563D
05-27 19:03:17.359   351   373 D automotive.vehicle@2.0-adayo-datacomm-mcu: MCUDatacomm sendMessageFromVehicle prop: 0x89, areaId: 0x0, status: 0x2e, timestamp: 0x1
05-27 19:03:17.359   351   373 D automotive.vehicle@2.0-adayo-datacomm-mcu: MCUDatacomm 1sendMessageFromVehicle ---> type = 12 
05-27 19:03:17.360  1121  1144 I tboxmids_ap: [2026-05-27 19:03:17.360] [MCU RX] src=MCU dst=ZMQ len=10 type=BINARY data=00 08 2E 01 04 09 01 12 34 56 
05-27 19:03:17.362   581   581 I SpiService: fgesysctrl_getGPIO_status success val=1
05-27 08:54:26.327   581   581 D spi_rst_gpio_get_output: GPIO 145 value: 1
05-27 08:54:26.327   581   581 D spidev_ioctl: gpio status=1)
05-27 19:03:17.361  1122  1122 I auditd  : type=1400 audit(0.0:76121): avc: denied { dac_read_search } for comm="tbox_ap" capability=2 scontext=u:r:tboxd:s0 tcontext=u:r:tboxd:s0 tclass=capability permissive=1
05-27 19:03:17.361  1122  1122 I tbox_ap : type=1400 audit(0.0:76121): avc: denied { dac_read_search } for capability=2 scontext=u:r:tboxd:s0 tcontext=u:r:tboxd:s0 tclass=capability permissive=1
05-27 08:54:26.333   581   581 D spi_rst_gpio_get_output: GPIO 145 value: 1
05-27 08:54:26.333   581   581 D spidev_ioctl: gpio status=1)
05-27 19:03:17.366  1083  1083 I MyAppLog: [2026-05-27 19:03:17.362 I tboxap mcuCommTboxmidsRecvCb:98] [Mcu] [tboxmids -> tboxap]: :00 08 2E 01 04 09 01 12 34 56
05-27 19:03:17.366  1083  1083 I MyAppLog: [2026-05-27 19:03:17.362 I tboxap mcuPtlParseData:990] [Mcu] [Mcu  Parse]: (cmd):0901 (param):0901123456
05-27 19:03:17.367  1083  1083 W MyAppLog: [2026-05-27 19:03:17.363 W tboxap mcuParamDataRevPack:918] [Mcu] mcuParamDataRevPack start pack data!!!
05-27 19:03:17.367  1083  1083 W MyAppLog: [2026-05-27 19:03:17.363 W tboxap mcuSaveQueryData:219] [Mcu] [mcuSaveQueryData] unknown query item:0x56
05-27 19:03:17.367  1083  1083 W MyAppLog: [2026-05-27 19:03:17.363 W tboxap mcuHandleQueryInd:1700] [Mcu] [mcuHandleQueryInd] unknown query item:0x56
05-27 19:03:17.367  1083  1083 W MyAppLog: [2026-05-27 19:03:17.363 W tboxap mcuHandleQueryInd:1700] [Mcu] [mcuHandleQueryInd] unknown query item:0x56
05-27 19:03:17.367  1083  1083 W MyAppLog: [2026-05-27 19:03:17.363 W tboxap mcuHandleQueryInd:1700] [Mcu] [mcuHandleQueryInd] unknown query item:0x56
05-27 19:03:17.367  1083  1083 W MyAppLog: [2026-05-27 19:03:17.363 W tboxap mcuHandleQueryInd:1700] [Mcu] [mcuHandleQueryInd] unknown query item:0x56
05-27 19:03:17.367  1083  1083 W MyAppLog: [2026-05-27 19:03:17.363 W tboxap mcuHandleQueryInd:1700] [Mcu] [mcuHandleQueryInd] unknown query item:0x56
05-27 19:03:17.368 13911 14183 I SentryImuMcuAngleSender: 180.0rollDeg
05-27 19:03:17.368 13911 14183 I SentryImuMcuAngleSender: 1,0,0
05-27 19:03:17.368   581   581 I SpiService: fgesysctrl_getGPIO_status success val=1
05-27 19:03:17.368  1083  1083 W MyAppLog: [2026-05-27 19:03:17.363 W tboxap mcuHandleQueryInd:1700] [Mcu] [mcuHandleQueryInd] unknown query item:0x56
05-27 19:03:17.369  1083  1083 W MyAppLog: [2026-05-27 19:03:17.363 W tboxap mcuHandleQueryInd:1700] [Mcu] [mcuHandleQueryInd] unknown query item:0x56
05-27 19:03:17.369  1083  1083 W MyAppLog: [2026-05-27 19:03:17.363 W tboxap mcuHandleQueryInd:1700] [Mcu] [mcuHandleQueryInd] unknown query item:0x56
05-27 19:03:17.369   536   536 D commservice260303: msg.id = 1028,0
05-27 19:03:17.369  1083  1083 W MyAppLog: [2026-05-27 19:03:17.363 W tboxap mcuHandleQueryInd:1700] [Mcu] [mcuHandleQueryInd] unknown query item:0x56
05-27 19:03:17.370  1083  1083 W MyAppLog: [2026-05-27 19:03:17.363 W tboxap mcuHandleQueryInd:1700] [Mcu] [mcuHandleQueryInd] unknown query item:0x56
05-27 19:03:17.370   536   536 D commservice260303: i = 170, msgid = 8A000404
05-27 19:03:17.370   536   536 D commservice260303: msgid = -1979710460,did=138
05-27 19:03:17.370  1083  1083 W MyAppLog: [2026-05-27 19:03:17.363 W tboxap mcuHandleQueryInd:1700] [Mcu] [mcuHandleQueryInd] unknown query item:0x56
05-27 19:03:17.370   536   536 D commservice260303: CommProtocolLibCmdBaseI2C::dataproc {"command":{"id":"imu_status","sub":""},"content":{"TimeStamp":11,"FrameCounter":274007,"GD_X":-0.011377211660146713,"GD_Y":0.005039200186729431,"GD_Z":0.002519079949706793,"AD_X":-0.007279038429260254,"AD_Y":-4.6931911492720246E-4,"AD_Z":-0.17197418212890625,"TempDsp":0,"Status":0,"CalibState":1,"SigAmpInvalid":0}},-1979710460
05-27 19:03:17.370  1083  1083 W MyAppLog: [2026-05-27 19:03:17.363 W tboxap mcuHandleQueryInd:1700] [Mcu] [mcuHandleQueryInd] unknown query item:0x56
05-27 19:03:17.370   536   536 D commservice260303: send2Cluster len:317, 7B22636F6D6D616E64223A7B226964223A22696D755F737461747573222C22737562223A22227D2C22636F6E74656E74223A7B2254696D655374616D70223A31312C224672616D65436F756E746572223A3237343030372C2247445F58223A2D302E3031313337373231313636303134363731332C2247445F59223A302E3030353033393230303138363732393433312C2247445F5A223A302E3030323531393037393934393730363739332C2241445F58223A2D302E3030373237393033383432393236303235342C2241445F59223A2D342E36393331393131343932373230323436452D342C2241445F5A223A2D302E31373139373431383231323839303632352C2254656D70447370223A302C22537461747573223A302C2243616C69625374617465223A312C22536967416D70496E76616C6964223A307D7D, 138 
05-27 19:03:17.370   536   536 D commservice260303: Push Message into SendPool fn=-143653888
05-27 19:03:17.370   536   536 D commservice260303: ComProtocolLibSend2Cluster::send2ClusterRaw fn=-143653888 , len=333
05-27 19:03:17.371  1083  1083 W MyAppLog: [2026-05-27 19:03:17.363 W tboxap mcuHandleQueryInd:1700] [Mcu] [mcuHandleQueryInd] unknown query item:0x56
05-27 19:03:17.371   536   536 D commservice260303: sendCmdToPort :333!!!
05-27 19:03:17.371  1083  1083 W MyAppLog: [2026-05-27 19:03:17.363 W tboxap mcuHandleQueryInd:1700] [Mcu] [mcuHandleQueryInd] unknown query item:0x56
05-27 19:03:17.371   536   536 D commservice260303: send Cmd To Port ++++5AA501498A01000470F76A16CF757B22636F6D6D616E64223A7B226964223A22696D755F737461747573222C22737562223A22227D2C22636F6E74656E74223A7B2254696D655374616D70223A31312C224672616D65436F756E746572223A3237343030372C2247445F58223A2D302E3031313337373231313636303134363731332C2247445F59223A302E3030353033393230303138363732393433312C2247445F5A223A302E3030323531393037393934393730363739332C2241445F58223A2D302E3030373237393033383432393236303235342C2241445F59223A2D342E36393331393131343932373230323436452D342C2241445F5A223A2D302E31373139373431383231323839303632352C2254656D70447370223A302C22537461747573223A302C2243616C69625374617465223A312C22536967416D70496E76616C6964223A307D7D5A8D
05-27 19:03:17.371  1083  1083 W MyAppLog: [2026-05-27 19:03:17.363 W tboxap mcuHandleQueryInd:1700] [Mcu] [mcuHandleQueryInd] unknown query item:0x56
05-27 19:03:17.371   536   536 D commservice260303: bufferevent_write retrun value = 0
05-27 19:03:17.371   536   560 D commservice260303: client datas send succeed,send finish
05-27 19:03:17.371  1083  1083 W MyAppLog: [2026-05-27 19:03:17.363 W tboxap mcuHandleQueryInd:1700] [Mcu] [mcuHandleQueryInd] unknown query item:0x56
05-27 19:03:17.372  1083  1083 W MyAppLog: [2026-05-27 19:03:17.363 W tboxap mcuHandleQueryInd:1700] [Mcu] [mcuHandleQueryInd] unknown query item:0x56
05-27 19:03:17.372  1083  1083 W MyAppLog: [2026-05-27 19:03:17.363 W tboxap mcuHandleQueryInd:1700] [Mcu] [mcuHandleQueryInd] unknown query item:0x56
05-27 19:03:17.372  1083  1083 W MyAppLog: [2026-05-27 19:03:17.363 W tboxap mcuHandleQueryInd:1700] [Mcu] [mcuHandleQueryInd] unknown query item:0x56
05-27 19:03:17.372  1083  1083 W MyAppLog: [2026-05-27 19:03:17.363 W tboxap mcuHandleQueryInd:1700] [Mcu] [mcuHandleQueryInd] unknown query item:0x56
05-27 19:03:17.373  1083  1083 W MyAppLog: [2026-05-27 19:03:17.363 W tboxap mcuHandleQueryInd:1700] [Mcu] [mcuHandleQueryInd] unknown query item:0x56
05-27 19:03:17.373  1083  1083 W MyAppLog: [2026-05-27 19:03:17.363 W tboxap mcuHandleQueryInd:1700] [Mcu] [mcuHandleQueryInd] unknown query item:0x56
05-27 19:03:17.373  1083  1083 W MyAppLog: [2026-05-27 19:03:17.363 W tboxap mcuHandleQueryInd:1700] [Mcu] [mcuHandleQueryInd] unknown query item:0x56
05-27 19:03:17.373  1083  1083 W MyAppLog: [2026-05-27 19:03:17.363 W tboxap mcuHandleQueryInd:1700] [Mcu] [mcuHandleQueryInd] unknown query item:0x56
05-27 19:03:17.373  1083  1083 W MyAppLog: [2026-05-27 19:03:17.363 W tboxap mcuHandleQueryInd:1700] [Mcu] [mcuHandleQueryInd] unknown query item:0x56
05-27 19:03:17.374 13911 14192 D Sentinelmode_1.2.5.17_sentry: <SentryImuClusterFgeSender>imu_status sent to Linux, frame=274007, tsNs=11664606, tsMs=11, intervalMs=41, ad=(-0.0072790384,-4.6931911E-4,-0.17197418), gd=(-0.011377212,0.0050392,0.00251908)
05-27 19:03:17.374   581   581 I SpiService: fgesysctrl_getGPIO_status success val=1
05-27 19:03:17.374   830   830 D SurfaceFlinger: unisoc-graphics, commit has frameMissed:2, vysncId:234337
05-27 19:03:17.376  1083  1083 W MyAppLog: [2026-05-27 19:03:17.363 W tboxap mcuHandleQueryInd:1700] [Mcu] [mcuHandleQueryInd] unknown query item:0x56
05-27 19:03:17.376  1083  1083 W MyAppLog: [2026-05-27 19:03:17.363 W tboxap mcuHandleQueryInd:1700] [Mcu] [mcuHandleQueryInd] unknown query item:0x56
05-27 19:03:17.376  1083  1083 W MyAppLog: [2026-05-27 19:03:17.363 W tboxap mcuHandleQueryInd:1700] [Mcu] [mcuHandleQueryInd] unknown query item:0x56
05-27 19:03:17.376  1083  1083 W MyAppLog: [2026-05-27 19:03:17.363 W tboxap mcuHandleQueryInd:1700] [Mcu] [mcuHandleQueryInd] unknown query item:0x56
05-27 19:03:17.376  1083  1083 W MyAppLog: [2026-05-27 19:03:17.363 W tboxap mcuHandleQueryInd:1700] [Mcu] [mcuHandleQueryInd] unknown query item:0x56
05-27 19:03:17.376  1083  1083 W MyAppLog: [2026-05-27 19:03:17.363 W tboxap mcuHandleQueryInd:1700] [Mcu] [mcuHandleQueryInd] unknown query item:0x56
05-27 19:03:17.376  1083  1083 W MyAppLog: [2026-05-27 19:03:17.363 W tboxap mcuHandleQueryInd:1700] [Mcu] [mcuHandleQueryInd] unknown query item:0x56
05-27 19:03:17.376  1083  1083 W MyAppLog: [2026-05-27 19:03:17.363 W tboxap mcuHandleQueryInd:1700] [Mcu] [mcuHandleQueryInd] unknown query item:0x56
05-27 19:03:17.377  1083  1083 W MyAppLog: [2026-05-27 19:03:17.363 W tboxap mcuHandleQueryInd:1700] [Mcu] [mcuHandleQueryInd] unknown query item:0x56
05-27 19:03:17.377  1083  1083 W MyAppLog: [2026-05-27 19:03:17.363 W tboxap mcuHandleQueryInd:1700] [Mcu] [mcuHandleQueryInd] unknown query item:0x56
05-27 19:03:17.377  1083  1083 W MyAppLog: [2026-05-27 19:03:17.363 W tboxap mcuHandleQueryInd:1700] [Mcu] [mcuHandleQueryInd] unknown query item:0x56
05-27 19:03:17.377  1083  1083 W MyAppLog: [2026-05-27 19:03:17.363 W tboxap mcuHandleQueryInd:1700] [Mcu] [mcuHandleQueryInd] unknown query item:0x56
05-27 19:03:17.377  1083  1083 W MyAppLog: [2026-05-27 19:03:17.363 W tboxap mcuHandleQueryInd:1700] [Mcu] [mcuHandleQueryInd] unknown query item:0x56
05-27 19:03:17.377  1008 30857 D [OMXB]  : usingANWBuffer: handle:0xee746aa0, format:1, w:1920, h:1080
05-27 19:03:17.377  1083  1083 W MyAppLog: [2026-05-27 19:03:17.363 W tboxap mcuHandleQueryInd:1700] [Mcu] [mcuHandleQueryInd] unknown query item:0x56
05-27 19:03:17.378  1083  1083 W MyAppLog: [2026-05-27 19:03:17.363 W tboxap mcuHandleQueryInd:1700] [Mcu] [mcuHandleQueryInd] unknown query item:0x56
05-27 19:03:17.378  1083  1083 W MyAppLog: [2026-05-27 19:03:17.363 W tboxap mcuHandleQueryInd:1700] [Mcu] [mcuHandleQueryInd] unknown query item:0x56
05-27 19:03:17.378  1083  1083 W MyAppLog: [2026-05-27 19:03:17.363 W tboxap mcuHandleQueryInd:1700] [Mcu] [mcuHandleQueryInd] unknown query item:0x56
05-27 19:03:17.379  1083  1083 W MyAppLog: [2026-05-27 19:03:17.363 W tboxap mcuHandleQueryInd:1700] [Mcu] [mcuHandleQueryInd] unknown query item:0x56
05-27 19:03:17.379  1083  1083 W MyAppLog: [2026-05-27 19:03:17.363 W tboxap mcuHandleQueryInd:1700] [Mcu] [mcuHandleQueryInd] unknown query item:0x56
05-27 19:03:17.379  1083  1083 W MyAppLog: [2026-05-27 19:03:17.363 W tboxap mcuHandleQueryInd:1700] [Mcu] [mcuHandleQueryInd] unknown query item:0x56
05-27 19:03:17.379  1083  1083 W MyAppLog: [2026-05-27 19:03:17.363 W tboxap mcuHandleQueryInd:1700] [Mcu] [mcuHandleQueryInd] unknown query item:0x56
05-27 19:03:17.379  1083  1083 W MyAppLog: [2026-05-27 19:03:17.363 W tboxap mcuHandleQueryInd:1700] [Mcu] [mcuHandleQueryInd] unknown query item:0x56
05-27 19:03:17.379  1083  1083 W MyAppLog: [2026-05-27 19:03:17.363 W tboxap mcuHandleQueryInd:1700] [Mcu] [mcuHandleQueryInd] unknown query item:0x56
05-27 19:03:17.379  1083  1083 W MyAppLog: [2026-05-27 19:03:17.363 W tboxap mcuHandleQueryInd:1700] [Mcu] [mcuHandleQueryInd] unknown query item:0x56
05-27 19:03:17.379  1083  1083 W MyAppLog: [2026-05-27 19:03:17.363 W tboxap mcuHandleQueryInd:1700] [Mcu] [mcuHandleQueryInd] unknown query item:0x56
05-27 19:03:17.380  1083  1083 W MyAppLog: [2026-05-27 19:03:17.363 W tboxap mcuHandleQueryInd:1700] [Mcu] [mcuHandleQueryInd] unknown query item:0x56
05-27 19:03:17.380  1083  1083 W MyAppLog: [2026-05-27 19:03:17.363 W tboxap mcuHandleQueryInd:1700] [Mcu] [mcuHandleQueryInd] unknown query item:0x56
05-27 19:03:17.380   283   307 I rvcservice: t.code = 0, t.value = 0
05-27 08:54:26.338   581   581 D spi_rst_gpio_get_output: GPIO 145 value: 1
05-27 08:54:26.338   581   581 D spidev_ioctl: gpio status=1)
05-27 08:54:26.346   581   581 D spi_rst_gpio_get_output: GPIO 145 value: 1
05-27 08:54:26.346   581   581 D spidev_ioctl: gpio status=1)
05-27 08:54:26.351   581   581 D spi_rst_gpio_get_output: GPIO 145 value: 0
05-27 08:54:26.351   581   581 D spidev_ioctl: gpio status=0)
05-27 19:03:17.365 23662 23662 I auditd  : type=1400 audit(0.0:76122): avc: denied { search } for comm="chown" name="/" dev="vda93" ino=2 scontext=u:r:toolbox:s0 tcontext=u:object_r:log_data_file:s0 tclass=dir permissive=1
05-27 19:03:17.365 23662 23662 I chown   : type=1400 audit(0.0:76122): avc: denied { search } for name="/" dev="vda93" ino=2 scontext=u:r:toolbox:s0 tcontext=u:object_r:log_data_file:s0 tclass=dir permissive=1
05-27 19:03:17.381   581   581 I SpiService: fgesysctrl_getGPIO_status success val=1
05-27 19:03:17.387   581   581 I SpiService: fgesysctrl_getGPIO_status success val=0
05-27 19:03:17.387   481   597 I mcuc    : send SPI:6AA602EAEC000289009D
05-27 19:03:17.388   566 11459 I gps_hdbd: Received: '$GNGGA,011908.000,,,,,0,00,,,M,,M,,*67
'
