05-27 19:07:55.267   536   536 D commservice260303: send2Cluster len:318, 7B22636F6D6D616E64223A7B226964223A22696D755F737461747573222C22737562223A22227D2C22636F6E74656E74223A7B2254696D655374616D70223A31312C224672616D65436F756E746572223A3238303832372C2247445F58223A2D302E3031303939343930323831313934343438352C2247445F59223A302E3030353537333931323938393334383137332C2247445F5A223A302E303031393834383837323930373435393733362C2241445F58223A2D302E3030333935303335373433373133333738392C2241445F59223A2D302E303032303832303935373134323835393639372C2241445F5A223A2D302E31373331363931333630343733363332382C2254656D70447370223A302C22537461747573223A302C2243616C69625374617465223A312C22536967416D70496E76616C6964223A307D7D, 138 
05-27 19:07:55.267   536   536 D commservice260303: Push Message into SendPool fn=999031808
05-27 19:07:55.267   536   536 D commservice260303: ComProtocolLibSend2Cluster::send2ClusterRaw fn=999031808 , len=334
05-27 19:07:55.267   536   536 D commservice260303: sendCmdToPort :334!!!
05-27 19:07:55.267   536   536 D commservice260303: send Cmd To Port ++++5AA5014A8A0100048C3B6A16D08B7B22636F6D6D616E64223A7B226964223A22696D755F737461747573222C22737562223A22227D2C22636F6E74656E74223A7B2254696D655374616D70223A31312C224672616D65436F756E746572223A3238303832372C2247445F58223A2D302E3031303939343930323831313934343438352C2247445F59223A302E3030353537333931323938393334383137332C2247445F5A223A302E303031393834383837323930373435393733362C2241445F58223A2D302E3030333935303335373433373133333738392C2241445F59223A2D302E303032303832303935373134323835393639372C2241445F5A223A2D302E31373331363931333630343733363332382C2254656D70447370223A302C22537461747573223A302C2243616C69625374617465223A312C22536967416D70496E76616C6964223A307D7D10BB
05-27 19:07:55.267   536   536 D commservice260303: bufferevent_write retrun value = 0
05-27 19:07:55.267   536   560 D commservice260303: client datas send succeed,send finish
05-27 19:07:55.267 13911 14192 D Sentinelmode_1.2.5.17_sentry: <SentryImuClusterFgeSender>imu_status sent to Linux, frame=280827, tsNs=11942497, tsMs=11, intervalMs=40, ad=(-0.0039503574,-0.0020820957,-0.17316914), gd=(-0.010994903,0.005573913,0.0019848873)
05-27 08:59:04.230   581   581 D spi_rst_gpio_get_output: GPIO 145 value: 1
05-27 08:59:04.230   581   581 D spidev_ioctl: gpio status=1)
05-27 19:07:55.271   581   581 I SpiService: fgesysctrl_getGPIO_status success val=1
05-27 08:59:04.236   581   581 D spi_rst_gpio_get_output: GPIO 145 value: 1
05-27 08:59:04.236   581   581 D spidev_ioctl: gpio status=1)
05-27 19:07:55.273 13911 14183 I SentryImuMcuAngleSender: 179.993rollDeg
05-27 19:07:55.274 13911 14183 I SentryImuMcuAngleSender: 1,0,0
05-27 19:07:55.277   581   581 I SpiService: fgesysctrl_getGPIO_status success val=0
05-27 08:59:04.241   581   581 D spi_rst_gpio_get_output: GPIO 145 value: 0
05-27 08:59:04.241   581   581 D spidev_ioctl: gpio status=0)
05-27 19:07:55.277   481   597 I mcuc    : send SPI:6AA602F09900028900EA
05-27 19:07:55.283   283   307 I rvcservice: t.code = 7, t.value = 11942390
05-27 19:07:55.291   581   581 I SpiService: fgesysctrl_getGPIO_status success val=1
05-27 19:07:55.292   481   598 I mcuc    : rev,n=1,6AA681F09A000A890099010409001234561F
05-27 19:07:55.292   351   373 D automotive.vehicle@2.0-adayo-datacomm-mcu: MCUDatacomm sendMessageFromVehicle prop: 0x89, areaId: 0x0, status: 0x99, timestamp: 0x1
05-27 19:07:55.292  1121  1144 I tboxmids_ap: [2026-05-27 19:07:55.292] [MCU RX] src=MCU dst=ZMQ len=10 type=BINARY data=00 08 99 01 04 09 00 12 34 56 
05-27 19:07:55.292   351   373 D automotive.vehicle@2.0-adayo-datacomm-mcu: MCUDatacomm 1sendMessageFromVehicle ---> type = 12 
05-27 19:07:55.292  1083  1083 I MyAppLog: [2026-05-27 19:07:55.292 I tboxap mcuCommTboxmidsRecvCb:97] [Mcu] [mcuCommTboxmidsRecvCb] recv from tboxmids, size:10
05-27 19:07:55.293  1083  1083 I MyAppLog: [2026-05-27 19:07:55.292 I tboxap mcuCommTboxmidsRecvCb:98] [Mcu] [tboxmids -> tboxap]: :00 08 99 01 04 09 00 12 34 56
05-27 19:07:55.293  1083  1083 I MyAppLog: [2026-05-27 19:07:55.292 I tboxap mcuPtlParseData:990] [Mcu] [Mcu  Parse]: (cmd):0900 (param):0900123456
05-27 19:07:55.293  1083  1083 W MyAppLog: [2026-05-27 19:07:55.292 W tboxap mcuParamDataRevPack:918] [Mcu] mcuParamDataRevPack start pack data!!!
05-27 19:07:55.293  1083  1083 I MyAppLog: [2026-05-27 19:07:55.292 I tboxap MCU_HANDSHAKE_IND_McuInd:317] [Mcu] [MCU_HANDSHAKE_IND_McuInd] wakeReason:0x12 -> loginReason:0x08 protoVer:0x34
05-27 19:07:55.293  1083  1083 W MyAppLog: [2026-05-27 19:07:55.292 W tboxap mcuHandleHandshakeInd:1654] [Mcu] [mcuHandleHandshakeInd] recv 0x0900 handshake response wakeReason:0x12 protoVer:0x34
05-27 08:59:04.256   581   581 D spi_rst_gpio_get_output: GPIO 145 value: 1
05-27 08:59:04.256   581   581 D spidev_ioctl: gpio status=1)
05-27 19:07:55.294 13911 14183 I SentryImuMcuAngleSender: 179.98949rollDeg
05-27 19:07:55.294 13911 14183 I SentryImuMcuAngleSender: 1,0,0
05-27 19:07:55.296   581   581 I SpiService: fgesysctrl_getGPIO_status success val=1
05-27 08:59:04.261   581   581 D spi_rst_gpio_get_output: GPIO 145 value: 1
05-27 08:59:04.261   581   581 D spidev_ioctl: gpio status=1)
05-27 19:07:55.302   581   581 I SpiService: fgesysctrl_getGPIO_status success val=1
05-27 08:59:04.266   581   581 D spi_rst_gpio_get_output: GPIO 145 value: 1
05-27 08:59:04.266   581   581 D spidev_ioctl: gpio status=1)
05-27 19:07:55.306  1083  1083 I MyAppLog: [2026-05-27 19:07:55.306 I tboxap mcuMainPeriodic100msTask:914] [Mcu] [mcuMainPeriodic100msTask] MCU version not ready, send 0x0981 item 0x01 retry:1
05-27 19:07:55.306  1083  1083 I MyAppLog: [2026-05-27 19:07:55.306 I tboxap mcuSendYadiTransfer:196] [Mcu] [mcuYadiSend]: :00 08 00 04 01 09 81 02 01 01
05-27 19:07:55.307   536   536 D commservice260303: msg.id = 1028,0
05-27 19:07:55.307   536   536 D commservice260303: i = 170, msgid = 8A000404
05-27 19:07:55.307   536   536 D commservice260303: msgid = -1979710460,did=138
05-27 19:07:55.307   536   536 D commservice260303: CommProtocolLibCmdBaseI2C::dataproc {"command":{"id":"imu_status","sub":""},"content":{"TimeStamp":11,"FrameCounter":280828,"GD_X":-0.011682018637657166,"GD_Y":0.0059551820158958435,"GD_Z":0.0018319635419175029,"AD_X":-0.008797958493232727,"AD_Y":3.6042765714228153E-4,"AD_Z":-0.1695089340209961,"TempDsp":0,"Status":0,"CalibState":1,"SigAmpInvalid":0}},-1979710460
05-27 19:07:55.307   581   581 I SpiService: fgesysctrl_getGPIO_status success val=1
05-27 19:07:55.307   536   536 D commservice260303: send2Cluster len:317, 7B22636F6D6D616E64223A7B226964223A22696D755F737461747573222C22737562223A22227D2C22636F6E74656E74223A7B2254696D655374616D70223A31312C224672616D65436F756E746572223A3238303832382C2247445F58223A2D302E3031313638323031383633373635373136362C2247445F59223A302E303035393535313832303135383935383433352C2247445F5A223A302E303031383331393633353431393137353032392C2241445F58223A2D302E3030383739373935383439333233323732372C2241445F59223A332E36303432373635373134323238313533452D342C2241445F5A223A2D302E313639353038393334303230393936312C2254656D70447370223A302C22537461747573223A302C2243616C69625374617465223A312C22536967416D70496E76616C6964223A307D7D, 138 
05-27 19:07:55.307   536   536 D commservice260303: Push Message into SendPool fn=1015809024
05-27 19:07:55.307   536   536 D commservice260303: ComProtocolLibSend2Cluster::send2ClusterRaw fn=1015809024 , len=333
05-27 19:07:55.307   536   536 D commservice260303: sendCmdToPort :333!!!
05-27 19:07:55.307   536   536 D commservice260303: send Cmd To Port ++++5AA501498A0100048C3C6A16D08B7B22636F6D6D616E64223A7B226964223A22696D755F737461747573222C22737562223A22227D2C22636F6E74656E74223A7B2254696D655374616D70223A31312C224672616D65436F756E746572223A3238303832382C2247445F58223A2D302E3031313638323031383633373635373136362C2247445F59223A302E303035393535313832303135383935383433352C2247445F5A223A302E303031383331393633353431393137353032392C2241445F58223A2D302E3030383739373935383439333233323732372C2241445F59223A332E36303432373635373134323238313533452D342C2241445F5A223A2D302E313639353038393334303230393936312C2254656D70447370223A302C22537461747573223A302C2243616C69625374617465223A312C22536967416D70496E76616C6964223A307D7DC017
05-27 19:07:55.307   536   536 D commservice260303: bufferevent_write retrun value = 0
05-27 19:07:55.307   536   560 D commservice260303: client datas send succeed,send finish
05-27 19:07:55.307 13911 14192 D Sentinelmode_1.2.5.17_sentry: <SentryImuClusterFgeSender>imu_status sent to Linux, frame=280828, tsNs=11942551, tsMs=11, intervalMs=40, ad=(-0.0087979585,3.6042766E-4,-0.16950893), gd=(-0.011682019,0.005955182,0.0018319635)
05-27 08:59:04.271   581   581 D spi_rst_gpio_get_output: GPIO 145 value: 1
05-27 08:59:04.271   581   581 D spidev_ioctl: gpio status=1)
05-27 19:07:55.309   481   599 I mcuc    : start timer OK = 33737 
05-27 19:07:55.312   581   581 I SpiService: fgesysctrl_getGPIO_status success val=0
05-27 19:07:55.312   481   597 I mcuc    : send SPI:6AA602F09A00028900E96AA60183C900F809010004010981020101000000000000000000000000000000000000000000000000000000000000000000000000000000000000000000000000000000000000000000000000000000000000000000000000000000000000000000000000000000000000000000000000000000000000000000000000000000000000000000000000000000000000000000000000000000000000000000000000000000000000000000000000000000000000000000000000000000000000000000000000000000000000000000000000000000000000000000000000000000000000000000000000000000000000000000000000000000000000000000001E
05-27 19:07:55.314 13911 14183 I SentryImuMcuAngleSender: 179.986rollDeg
05-27 19:07:55.314 13911 14183 I SentryImuMcuAngleSender: 1,0,0
05-27 08:59:04.277   581   581 D spidev_ioctl: gpio status=0)
05-27 19:07:55.326   581   581 I SpiService: fgesysctrl_getGPIO_status success val=1
05-27 08:59:04.291   581   581 D spi_rst_gpio_get_output: GPIO 145 value: 1
05-27 08:59:04.291   581   581 D spidev_ioctl: gpio status=1)
05-27 19:07:55.332   581   581 I SpiService: fgesysctrl_getGPIO_status success val=1
05-27 08:59:04.296   581   581 D spi_rst_gpio_get_output: GPIO 145 value: 1
05-27 08:59:04.296   581   581 D spidev_ioctl: gpio status=1)
05-27 19:07:55.334 13911 14183 I SentryImuMcuAngleSender: 179.993rollDeg
05-27 19:07:55.334 13911 14183 I SentryImuMcuAngleSender: 1,0,0
05-27 19:07:55.337   581   581 I SpiService: fgesysctrl_getGPIO_status success val=1
05-27 08:59:04.302   581   581 D spi_rst_gpio_get_output: GPIO 145 value: 1
05-27 08:59:04.302   581   581 D spidev_ioctl: gpio status=1)
05-27 08:59:04.306     1     1 I init    : starting service 'trace_kernel'...
05-27 19:07:55.342   581   581 I SpiService: fgesysctrl_getGPIO_status success val=1
05-27 08:59:04.307   581   581 D spi_rst_gpio_get_output: GPIO 145 value: 1
05-27 08:59:04.307   581   581 D spidev_ioctl: gpio status=1)
05-27 19:07:55.347   536   536 D commservice260303: msg.id = 1028,0
05-27 19:07:55.347   536   536 D commservice260303: i = 170, msgid = 8A000404
05-27 19:07:55.347   536   536 D commservice260303: msgid = -1979710460,did=138
05-27 19:07:55.347   536   536 D commservice260303: CommProtocolLibCmdBaseI2C::dataproc {"command":{"id":"imu_status","sub":""},"content":{"TimeStamp":11,"FrameCounter":280829,"GD_X":-0.01153013575822115,"GD_Y":0.0048857564106583595,"GD_Z":0.002213752595707774,"AD_X":-0.006936788558959961,"AD_Y":-0.0032863467931747437,"AD_Z":-0.17194843292236328,"TempDsp":0,"Status":0,"CalibState":1,"SigAmpInvalid":0}},-1979710460
05-27 19:07:55.347   536   536 D commservice260303: send2Cluster len:317, 7B22636F6D6D616E64223A7B226964223A22696D755F737461747573222C22737562223A22227D2C22636F6E74656E74223A7B2254696D655374616D70223A31312C224672616D65436F756E746572223A3238303832392C2247445F58223A2D302E30313135333031333537353832323131352C2247445F59223A302E303034383835373536343130363538333539352C2247445F5A223A302E3030323231333735323539353730373737342C2241445F58223A2D302E3030363933363738383535383935393936312C2241445F59223A2D302E303033323836333436373933313734373433372C2241445F5A223A2D302E31373139343834333239323233363332382C2254656D70447370223A302C22537461747573223A302C2243616C69625374617465223A312C22536967416D70496E76616C6964223A307D7D, 138 
05-27 19:07:55.347   536   536 D commservice260303: Push Message into SendPool fn=1032586240
05-27 19:07:55.347   536   536 D commservice260303: ComProtocolLibSend2Cluster::send2ClusterRaw fn=1032586240 , len=333
05-27 19:07:55.347   536   536 D commservice260303: sendCmdToPort :333!!!
05-27 19:07:55.347   536   536 D commservice260303: send Cmd To Port ++++5AA501498A0100048C3D6A16D08B7B22636F6D6D616E64223A7B226964223A22696D755F737461747573222C22737562223A22227D2C22636F6E74656E74223A7B2254696D655374616D70223A31312C224672616D65436F756E746572223A3238303832392C2247445F58223A2D302E30313135333031333537353832323131352C2247445F59223A302E303034383835373536343130363538333539352C2247445F5A223A302E3030323231333735323539353730373737342C2241445F58223A2D302E3030363933363738383535383935393936312C2241445F59223A2D302E303033323836333436373933313734373433372C2241445F5A223A2D302E31373139343834333239323233363332382C2254656D70447370223A302C22537461747573223A302C2243616C69625374617465223A312C22536967416D70496E76616C6964223A307D7DBB43
05-27 19:07:55.347   536   536 D commservice260303: bufferevent_write retrun value = 0
05-27 19:07:55.347   536   560 D commservice260303: client datas send succeed,send finish
05-27 19:07:55.348   581   581 I SpiService: fgesysctrl_getGPIO_status success val=1
05-27 08:59:04.312   581   581 D spi_rst_gpio_get_output: GPIO 145 value: 1
05-27 08:59:04.312   581   581 D spidev_ioctl: gpio status=1)
05-27 19:07:55.349 13911 14192 D Sentinelmode_1.2.5.17_sentry: <SentryImuClusterFgeSender>imu_status sent to Linux, frame=280829, tsNs=11942586, tsMs=11, intervalMs=41, ad=(-0.0069367886,-0.0032863468,-0.17194843), gd=(-0.011530136,0.0048857564,0.0022137526)
05-27 19:07:55.353   572   572 I Sensors : 230 AccelSensor: x:-0.172019,y:-0.001220,z:-9.975940
05-27 19:07:55.353   581   581 I SpiService: fgesysctrl_getGPIO_status success val=0
05-27 19:07:55.354 13911 14183 I SentryImuMcuAngleSender: -179.993rollDeg
05-27 19:07:55.354 13911 14183 I SentryImuMcuAngleSender: 1,0,0
05-27 08:59:04.318   581   581 D spi_rst_gpio_get_output: GPIO 145 value: 0
05-27 08:59:04.318   581   581 D spidev_ioctl: gpio status=0)
05-27 19:07:55.364   481   598 I mcuc    : rev,n=1,6AA68283C90002090126
05-27 19:07:55.364 30773 30786 I dvr_service_: CameraX 0  audioOK: 44096000,audios:690
05-27 19:07:55.367   581   581 I SpiService: fgesysctrl_getGPIO_status success val=1
05-27 08:59:04.332   581   581 D spi_rst_gpio_get_output: GPIO 145 value: 1
05-27 08:59:04.332   581   581 D spidev_ioctl: gpio status=1)
05-27 19:07:55.373   581   581 I SpiService: fgesysctrl_getGPIO_status success val=1
05-27 19:07:55.374 13911 14183 I SentryImuMcuAngleSender: -179.993rollDeg
05-27 19:07:55.374 13911 14183 I SentryImuMcuAngleSender: 1,0,0
05-27 08:59:04.337   581   581 D spi_rst_gpio_get_output: GPIO 145 value: 1
05-27 08:59:04.337   581   581 D spidev_ioctl: gpio status=1)
05-27 19:07:55.378   581   581 I SpiService: fgesysctrl_getGPIO_status success val=1
05-27 08:59:04.343   581   581 D spi_rst_gpio_get_output: GPIO 145 value: 1
05-27 08:59:04.343   581   581 D spidev_ioctl: gpio status=1)
05-27 19:07:55.383   283   307 I rvcservice: t.code = 3, t.value = 0
05-27 19:07:55.384   581   581 I SpiService: fgesysctrl_getGPIO_status success val=1
05-27 08:59:04.348   581   581 D spi_rst_gpio_get_output: GPIO 145 value: 1
05-27 08:59:04.348   581   581 D spidev_ioctl: gpio status=1)
05-27 19:07:55.386 29160 29160 I ADAYO_LOG_TRACE_KERNEL: execute start
05-27 19:07:55.387   536   536 D commservice260303: msg.id = 1028,0
05-27 19:07:55.388   536   536 D commservice260303: i = 170, msgid = 8A000404
05-27 19:07:55.388   536   536 D commservice260303: msgid = -1979710460,did=138
05-27 19:07:55.388   536   536 D commservice260303: CommProtocolLibCmdBaseI2C::dataproc {"command":{"id":"imu_status","sub":""},"content":{"TimeStamp":11,"FrameCounter":280830,"GD_X":-0.011834942735731602,"GD_Y":0.005573912989348173,"GD_Z":0.0021378109231591225,"AD_X":-0.002056911587715149,"AD_Y":-0.003265119856223464,"AD_Z":-0.1707286834716797,"TempDsp":0,"Status":0,"CalibState":1,"SigAmpInvalid":0}},-1979710460
05-27 19:07:55.388   536   536 D commservice260303: send2Cluster len:316, 7B22636F6D6D616E64223A7B226964223A22696D755F737461747573222C22737562223A22227D2C22636F6E74656E74223A7B2254696D655374616D70223A31312C224672616D65436F756E746572223A3238303833302C2247445F58223A2D302E3031313833343934323733353733313630322C2247445F59223A302E3030353537333931323938393334383137332C2247445F5A223A302E303032313337383130393233313539313232352C2241445F58223A2D302E3030323035363931313538373731353134392C2241445F59223A2D302E3030333236353131393835363232333436342C2241445F5A223A2D302E313730373238363833343731363739372C2254656D70447370223A302C22537461747573223A302C2243616C69625374617465223A312C22536967416D70496E76616C6964223A307D7D, 138 
05-27 19:07:55.388   536   536 D commservice260303: Push Message into SendPool fn=1049363456
05-27 19:07:55.388   536   536 D commservice260303: ComProtocolLibSend2Cluster::send2ClusterRaw fn=1049363456 , len=332
05-27 19:07:55.388   536   536 D commservice260303: sendCmdToPort :332!!!
05-27 19:07:55.388   536   536 D commservice260303: send Cmd To Port ++++5AA501488A0100048C3E6A16D08B7B22636F6D6D616E64223A7B226964223A22696D755F737461747573222C22737562223A22227D2C22636F6E74656E74223A7B2254696D655374616D70223A31312C224672616D65436F756E746572223A3238303833302C2247445F58223A2D302E3031313833343934323733353733313630322C2247445F59223A302E3030353537333931323938393334383137332C2247445F5A223A302E303032313337383130393233313539313232352C2241445F58223A2D302E3030323035363931313538373731353134392C2241445F59223A2D302E3030333236353131393835363232333436342C2241445F5A223A2D302E313730373238363833343731363739372C2254656D70447370223A302C22537461747573223A302C2243616C69625374617465223A312C22536967416D70496E76616C6964223A307D7D5429
05-27 19:07:55.388   536   536 D commservice260303: bufferevent_write retrun value = 0
05-27 19:07:55.388   536   560 D commservice260303: client datas send succeed,send finish
05-27 19:07:55.381 29161 29161 I auditd  : type=1400 audit(0.0:79193): avc: denied { write } for comm="getprop" path="pipe:[2988852]" dev="pipefs" ino=2988852 scontext=u:r:toolbox:s0 tcontext=u:r:init:s0 tclass=fifo_file permissive=1
05-27 19:07:55.381 29161 29161 I getprop : type=1400 audit(0.0:79193): avc: denied { write } for path="pipe:[2988852]" dev="pipefs" ino=2988852 scontext=u:r:toolbox:s0 tcontext=u:r:init:s0 tclass=fifo_file permissive=1
05-27 19:07:55.389   566 11459 I gps_hdbd: Received: '$GNGGA,012346.000,,,,,0,00,,,M,,M,,*64
'
05-27 19:07:55.389   581   581 I SpiService: fgesysctrl_getGPIO_status success val=1
05-27 19:07:55.389   566 11459 I gps_hdbd: Received: '$GNGSA,A,1,,,,,,,,,,,,,,,,1*1D
'
05-27 19:07:55.390 13911 14192 D Sentinelmode_1.2.5.17_sentry: <SentryImuClusterFgeSender>imu_status sent to Linux, frame=280830, tsNs=11942633, tsMs=11, intervalMs=42, ad=(-0.0020569116,-0.0032651199,-0.17072868), gd=(-0.011834943,0.005573913,0.002137811)
05-27 08:59:04.353   581   581 D spi_rst_gpio_get_output: GPIO 145 value: 1
05-27 08:59:04.353   581   581 D spidev_ioctl: gpio status=1)
05-27 19:07:55.394   581   581 I SpiService: fgesysctrl_getGPIO_status success val=1
05-27 19:07:55.394 13911 14183 I SentryImuMcuAngleSender: -179.993rollDeg
05-27 19:07:55.395 13911 14183 I SentryImuMcuAngleSender: 1,0,0
05-27 19:07:55.395   566 11459 I gps_hdbd: Received: '$GNGSA,A,1,,,,,,,,,,,,,,,,3*1F
'
05-27 19:07:55.389 29161 29161 I auditd  : type=1400 audit(0.0:79194): avc: denied { getattr } for comm="getprop" path="pipe:[2988852]" dev="pipefs" ino=2988852 scontext=u:r:toolbox:s0 tcontext=u:r:init:s0 tclass=fifo_file permissive=1
05-27 19:07:55.389 29161 29161 I getprop : type=1400 audit(0.0:79194): avc: denied { getattr } for path="pipe:[2988852]" dev="pipefs" ino=2988852 scontext=u:r:toolbox:s0 tcontext=u:r:init:s0 tclass=fifo_file permissive=1
05-27 08:59:04.359   581   581 D spi_rst_gpio_get_output: GPIO 145 value: 1
05-27 08:59:04.359   581   581 D spidev_ioctl: gpio status=1)
05-27 19:07:55.399   581   581 I SpiService: fgesysctrl_getGPIO_status success val=0
05-27 19:07:55.401   566 11459 I gps_hdbd: Received: '$GNGSA,A,1,,,,,,,,,,,,,,,,4*18
'
05-27 08:59:04.364   581   581 D spi_rst_gpio_get_output: GPIO 145 value: 0
05-27 08:59:04.364   581   581 D spidev_ioctl: gpio status=0)
05-27 19:07:55.401   566 11459 I gps_hdbd: Received: '$BDGSV,1,1,00,1*75
'
05-27 19:07:55.407   566 11459 I gps_hdbd: Received: '$BDGSV,1,1,00,5*71
'
05-27 19:07:55.408   566 11459 I gps_hdbd: Received: '$GPGSV,1,1,02,199,42,165,,196,11,168,,1*62
'
05-27 19:07:55.409 29162 29162 I ADAYO_LOG_TRACE_KERNEL: executing
05-27 19:07:55.413   566 11459 I gps_hdbd: Received: '$GPGSV,1,1,00,8*6D
'
05-27 19:07:55.413   581   581 I SpiService: fgesysctrl_getGPIO_status success val=1
05-27 19:07:55.413   566 11459 I gps_hdbd: Received: '$GAGSV,1,1,00,7*73
'
05-27 19:07:55.414   586   613 D vendor.sprd.hardware.aprd-service: WCN Get CP2Ver failed
05-27 19:07:55.414   586   613 D vendor.sprd.hardware.aprd-service: WCNInfoThread::GetVer
05-27 19:07:55.414   586   613 D vendor.sprd.hardware.aprd-service: WCNcmdReqRsp: waiting for server wcnd
05-27 19:07:55.414  2166  2197 I liblog  : 10
05-27 19:07:55.414  2166  2197 D WCND    : wcnd got 12 from accept
05-27 19:07:55.414  2166  2197 D WCND    : Socket client fd = 5, max fd = 12
05-27 19:07:55.414  2166  2197 D WCND    : process_active_socket_client_fd: active client fd is 12
05-27 19:07:55.414 13911 14183 I SentryImuMcuAngleSender: 179.98949rollDeg
05-27 19:07:55.414 13911 14183 I SentryImuMcuAngleSender: 1,0,0
05-27 19:07:55.414  2166  2197 D WCND    : wcnd_runcommand : argv :  at+spatgetcp2info
05-27 19:07:55.414  2166  2197 E wcn_vendor: open(/sys/class/misc/wcn/devices/sw_ver) for read failed: No such file or directory (2)
05-27 19:07:55.414  2166  2197 D WCND    : Reply Socket : FAIL Unknown
05-27 19:07:55.415  2166  2197 D WCND    : Socket client fd = 5, max fd = 12
05-27 19:07:55.415   586   613 D vendor.sprd.hardware.aprd-service: WCNcmdReqRsp: get 13 bytes FAIL Unknown
05-27 19:07:55.415  2166  2197 D WCND    : process_active_socket_client_fd: active client fd is 12
05-27 19:07:55.415   586   613 D vendor.sprd.hardware.aprd-service: wcn AT+spatgetcp2info, ret=0, rsp:FAIL Unknown
05-27 19:07:55.415  2166  2197 D WCND    : Client socket fd : 12 closed
05-27 19:07:55.415  2166  2197 D WCND    : Socket client fd = 5, max fd = 11
05-27 08:59:04.378   581   581 D spi_rst_gpio_get_output: GPIO 145 value: 1
05-27 08:59:04.378   581   581 D spidev_ioctl: gpio status=1)
05-27 19:07:55.418   566 11459 I gps_hdbd: Received: '$GAGSV,1,1,00,1*75
'
05-27 19:07:55.419   581   581 I SpiService: fgesysctrl_getGPIO_status success val=1
05-27 08:59:04.383   581   581 D spi_rst_gpio_get_output: GPIO 145 value: 1
05-27 08:59:04.383   581   581 D spidev_ioctl: gpio status=1)
05-27 19:07:55.424   581   581 I SpiService: fgesysctrl_getGPIO_status success val=1
05-27 19:07:55.424 30773 30786 I dvr_service_: CameraX 1  audioOK: 44096000,audios:690
05-27 19:07:55.425   566 11459 I gps_hdbd: Received: '$GNRMC,012346.000,V,,,,,,,270526,120.0,E,N,V*47
'
05-27 19:07:55.425   566 11459 I gps_hdbd: RMC : CALL gnss_sv_status_cb, view_in_sat <2>
05-27 08:59:04.389   581   581 D spi_rst_gpio_get_output: GPIO 145 value: 1
05-27 08:59:04.389   581   581 D spidev_ioctl: gpio status=1)
05-27 19:07:55.425   566 11459 I gps_hdbd: [reportSvStatus]--->PLATFORM_BSP::Enter
05-27 19:07:55.426   566 11459 I gps_hdbd: hy abnormal deal:hy_cnr30_satellite_cnt=0
05-27 19:07:55.426   566 11459 D gps_hdbd: hy abnormal deal:hy_fixStatus_fail_count=0
05-27 19:07:55.426   566 11459 I gps_hdbd: Received: '$GNZDA,012346.000,27,05,2026,00,00*4C
'
05-27 19:07:55.426  1083  1083 W MyAppLog: [2026-05-27 19:07:55.426 W tboxap gpsSyncGpsInfoToDm:361] [Gps] [gpsSyncGpsInfoToDm] fix=0 mode=49 corner:0x01 alt=0.00 sat=0 hdop=0.00 pdop=0.00 vdop=0.00
05-27 19:07:55.427 15863 16069 D AIN-HttpHealthPolicy: call() called start, host=www.alipay.com
05-27 19:07:55.428   536   536 D commservice260303: msg.id = 1028,1
05-27 19:07:55.428   536   536 D commservice260303: i = 170, msgid = 8A000404
05-27 19:07:55.428   536   536 D commservice260303: msgid = -1979710460,did=138
05-27 19:07:55.428   536   536 D commservice260303: CommProtocolLibCmdBaseI2C::dataproc {"command":{"id":"imu_status","sub":""},"content":{"TimeStamp":11,"FrameCounter":280831,"GD_X":-0.011834942735731602,"GD_Y":0.005268065724521875,"GD_Z":0.0018319635419175029,"AD_X":-0.0014562159776687622,"AD_Y":0.0016102101653814316,"AD_Z":-0.1707286834716797,"TempDsp":0,"Status":0,"CalibState":1,"SigAmpInvalid":0}},-1979710460
05-27 19:07:55.428   536   536 D commservice260303: send2Cluster len:317, 7B22636F6D6D616E64223A7B226964223A22696D755F737461747573222C22737562223A22227D2C22636F6E74656E74223A7B2254696D655374616D70223A31312C224672616D65436F756E746572223A3238303833312C2247445F58223A2D302E3031313833343934323733353733313630322C2247445F59223A302E3030353236383036353732343532313837352C2247445F5A223A302E303031383331393633353431393137353032392C2241445F58223A2D302E303031343536323135393737363638373632322C2241445F59223A302E303031363130323130313635333831343331362C2241445F5A223A2D302E313730373238363833343731363739372C2254656D70447370223A302C22537461747573223A302C2243616C69625374617465223A312C22536967416D70496E76616C6964223A307D7D, 138 
05-27 19:07:55.428   536   536 D commservice260303: Push Message into SendPool fn=1066140672
05-27 19:07:55.428   536   536 D commservice260303: ComProtocolLibSend2Cluster::send2ClusterRaw fn=1066140672 , len=333
05-27 19:07:55.428   536   536 D commservice260303: sendCmdToPort :333!!!
05-27 19:07:55.428   536   536 D commservice260303: send Cmd To Port ++++5AA501498A0100048C3F6A16D08B7B22636F6D6D616E64223A7B226964223A22696D755F737461747573222C22737562223A22227D2C22636F6E74656E74223A7B2254696D655374616D70223A31312C224672616D65436F756E746572223A3238303833312C2247445F58223A2D302E3031313833343934323733353733313630322C2247445F59223A302E3030353236383036353732343532313837352C2247445F5A223A302E303031383331393633353431393137353032392C2241445F58223A2D302E303031343536323135393737363638373632322C2241445F59223A302E303031363130323130313635333831343331362C2241445F5A223A2D302E313730373238363833343731363739372C2254656D70447370223A302C22537461747573223A302C2243616C69625374617465223A312C22536967416D70496E76616C6964223A307D7D2F27
05-27 19:07:55.429 10046 29165 D resolv  : GetAddrInfoHandler::run: {103 786535 103 983143 1000 0}
05-27 19:07:55.429   536   536 D commservice260303: bufferevent_write retrun value = 0
05-27 19:07:55.429 10046 29165 D resolv  : resolv_getaddrinfo: explore_fqdn(): ai_family=0 ai_socktype=1 ai_protocol=6
05-27 19:07:55.429   536   560 D commservice260303: client datas send succeed,send finish
05-27 19:07:55.429 13911 14192 D Sentinelmode_1.2.5.17_sentry: <SentryImuClusterFgeSender>imu_status sent to Linux, frame=280831, tsNs=11942664, tsMs=11, intervalMs=39, ad=(-0.001456216,0.0016102102,-0.17072868), gd=(-0.011834943,0.0052680657,0.0018319635)
05-27 19:07:55.429   581   581 I SpiService: fgesysctrl_getGPIO_status success val=1
05-27 19:07:55.431 10046 29166 D resolv  : doQuery: (1, 1)
05-27 08:59:04.394   581   581 D spi_rst_gpio_get_output: GPIO 145 value: 1
05-27 19:07:55.434 29164 29164 I ADAYO_LOG_TRACE_KERNEL: collect_root_path:/mnt/log_data
05-27 19:07:55.434 13911 14183 I SentryImuMcuAngleSender: 179.986rollDeg
05-27 19:07:55.434 13911 14183 I SentryImuMcuAngleSender: 1,0,0
05-27 19:07:55.435   581   581 I SpiService: fgesysctrl_getGPIO_status success val=1
05-27 19:07:55.435 10046 29166 D resolv  : res_nmkquery: (QUERY, IN, A)
05-27 19:07:55.435 10046 29166 D resolv  : res_nsend
05-27 19:07:55.435 10046 29166 I resolv  : resolv_cache_lookup: lookup
05-27 19:07:55.435 10046 29166 I resolv  : resolv_cache_lookup: FOUND IN CACHE entry=0xb4000072a546f5b0
05-27 19:07:55.435 10046 29166 D resolv  : doQuery: rcode=0, ancount=5
05-27 08:59:04.394   581   581 D spidev_ioctl: gpio status=1)
05-27 08:59:04.399   581   581 D spi_rst_gpio_get_output: GPIO 145 value: 1
05-27 08:59:04.399   581   581 D spidev_ioctl: gpio status=1)
05-27 08:59:04.401     0     0 W         : c6 [    C6] Irq_monitor:Irq                                           IPI[1]occur        7964 times interval 1032 ms
05-27 19:07:55.438 15863 16069 D TrafficStats: tagSocket(166) with statsTag=0xffffffff, statsUid=-1
05-27 19:07:55.440   581   581 I SpiService: fgesysctrl_getGPIO_status success val=0
05-27 08:59:04.405   581   581 D spi_rst_gpio_get_output: GPIO 145 value: 0
05-27 08:59:04.405   581   581 D spidev_ioctl: gpio status=0)
05-27 19:07:55.441 29167 29167 I auditd  : type=1400 audit(0.0:79195): avc: denied { getattr } for comm="mkdir" path="/mnt/log_data" dev="vda93" ino=2 scontext=u:r:toolbox:s0 tcontext=u:object_r:log_data_file:s0 tclass=dir permissive=1
05-27 19:07:55.441 29167 29167 I mkdir   : type=1400 audit(0.0:79195): avc: denied { getattr } for path="/mnt/log_data" dev="vda93" ino=2 scontext=u:r:toolbox:s0 tcontext=u:object_r:log_data_file:s0 tclass=dir permissive=1
05-27 19:07:55.453 15863 15925 D VersionPrinter: com.aispeech.lyra.daemon- VersionName:[8.0.1_260520.0.yadi_HuoXing] - append:[] - active:[]
05-27 19:07:55.454   581   581 I SpiService: fgesysctrl_getGPIO_status success val=1
05-27 19:07:55.455 13911 14183 I SentryImuMcuAngleSender: 179.986rollDeg
05-27 19:07:55.455 13911 14183 I SentryImuMcuAngleSender: 1,0,0
05-27 08:59:04.418   581   581 D spi_rst_gpio_get_output: GPIO 145 value: 1
05-27 08:59:04.418   581   581 D spidev_ioctl: gpio status=1)
05-27 19:07:55.459   566 11459 I gps_hdbd: Received: '$GNINS,CARSPEED,ADR_STATUS,0,Pulse_count,0,1,0,0,20537000,119220,0.000,0.000,0.000*0C
'
05-27 19:07:55.459 13911 14183 I SentryImuMcuAngleSender: [4, 18, 1, 0, 0],5
05-27 19:07:55.459 13911 14183 I McuCommManager: mcuCommSendcmd [4, 18, 1, 0, 0]
05-27 19:07:55.459   581   581 I SpiService: fgesysctrl_getGPIO_status success val=1
05-27 19:07:55.459 13911 14183 I SentryImuMcuAngleSender: true
05-27 19:07:55.460 13911 14183 W Sentinelmode_1.2.5.17_sentry: <SentryImuMcuAngleSender>MCU IMU send interval abnormal: 1005ms
05-27 08:59:04.424   581   581 D spi_rst_gpio_get_output: GPIO 145 value: 1
05-27 08:59:04.424   581   581 D spidev_ioctl: gpio status=1)
05-27 19:07:55.465   581   581 I SpiService: fgesysctrl_getGPIO_status success val=1
05-27 08:59:04.429   581   581 D spi_rst_gpio_get_output: GPIO 145 value: 1
05-27 19:07:55.465   566 11459 I gps_hdbd: Received: '$GNTXT,04,01,04,INS,V,1,,,,FLG,1,000000,1,0,1,0,0,Con,0*71
'
05-27 19:07:55.465   566 11459 I gps_hdbd: Received: '$GNTXT,INSTALL,0.00,0.00,0.00,0.00,0.00,0.00,0*20
'
05-27 08:59:04.429   581   581 D spidev_ioctl: gpio status=1)
05-27 19:07:55.468   536   536 D commservice260303: msg.id = 1028,0
05-27 19:07:55.468   536   536 D commservice260303: i = 170, msgid = 8A000404
05-27 19:07:55.468   536   536 D commservice260303: msgid = -1979710460,did=138
05-27 19:07:55.468   536   536 D commservice260303: CommProtocolLibCmdBaseI2C::dataproc {"command":{"id":"imu_status","sub":""},"content":{"TimeStamp":11,"FrameCounter":280832,"GD_X":-0.011910883709788322,"GD_Y":0.0056498548947274685,"GD_Z":0.002213752595707774,"AD_X":-2.4431943893432617E-4,"AD_Y":3.8975453935563564E-4,"AD_Z":-0.1695089340209961,"TempDsp":0,"Status":0,"CalibState":1,"SigAmpInvalid":0}},-1979710460
05-27 19:07:55.469   536   536 D commservice260303: send2Cluster len:317, 7B22636F6D6D616E64223A7B226964223A22696D755F737461747573222C22737562223A22227D2C22636F6E74656E74223A7B2254696D655374616D70223A31312C224672616D65436F756E746572223A3238303833322C2247445F58223A2D302E3031313931303838333730393738383332322C2247445F59223A302E303035363439383534383934373237343638352C2247445F5A223A302E3030323231333735323539353730373737342C2241445F58223A2D322E34343331393433383933343332363137452D342C2241445F59223A332E38393735343533393335353633353634452D342C2241445F5A223A2D302E313639353038393334303230393936312C2254656D70447370223A302C22537461747573223A302C2243616C69625374617465223A312C22536967416D70496E76616C6964223A307D7D, 138 
05-27 19:07:55.469   536   536 D commservice260303: Push Message into SendPool fn=1082917888
05-27 19:07:55.469   536   536 D commservice260303: ComProtocolLibSend2Cluster::send2ClusterRaw fn=1082917888 , len=333
05-27 19:07:55.469   536   536 D commservice260303: sendCmdToPort :333!!!
05-27 19:07:55.469   536   536 D commservice260303: send Cmd To Port ++++5AA501498A0100048C406A16D08B7B22636F6D6D616E64223A7B226964223A22696D755F737461747573222C22737562223A22227D2C22636F6E74656E74223A7B2254696D655374616D70223A31312C224672616D65436F756E746572223A3238303833322C2247445F58223A2D302E3031313931303838333730393738383332322C2247445F59223A302E303035363439383534383934373237343638352C2247445F5A223A302E3030323231333735323539353730373737342C2241445F58223A2D322E34343331393433383933343332363137452D342C2241445F59223A332E38393735343533393335353633353634452D342C2241445F5A223A2D302E313639353038393334303230393936312C2254656D70447370223A302C22537461747573223A302C2243616C69625374617465223A312C22536967416D70496E76616C6964223A307D7D0721
05-27 19:07:55.469   536   536 D commservice260303: bufferevent_write retrun value = 0
05-27 19:07:55.469   536   560 D commservice260303: client datas send succeed,send finish
05-27 19:07:55.469 13911 14192 D Sentinelmode_1.2.5.17_sentry: <SentryImuClusterFgeSender>imu_status sent to Linux, frame=280832, tsNs=11942681, tsMs=11, intervalMs=40, ad=(-2.4431944E-4,3.8975454E-4,-0.16950893), gd=(-0.011910884,0.005649855,0.0022137526)
05-27 19:07:55.470   581   581 I SpiService: fgesysctrl_getGPIO_status success val=1
05-27 19:07:55.470   572   622 I Sensors : 230 GyroSensor: x:-0.011911,y:0.005421,z:0.002519
05-27 08:59:04.435   581   581 D spi_rst_gpio_get_output: GPIO 145 value: 1
05-27 08:59:04.435   581   581 D spidev_ioctl: gpio status=1)
05-27 19:07:55.475   581   581 I SpiService: fgesysctrl_getGPIO_status success val=1
05-27 19:07:55.476 13911 14183 I SentryImuMcuAngleSender: 179.99298rollDeg
05-27 19:07:55.476 13911 14183 I SentryImuMcuAngleSender: 1,0,0
05-27 08:59:04.440   581   581 D spi_rst_gpio_get_output: GPIO 145 value: 1
05-27 08:59:04.440   581   581 D spidev_ioctl: gpio status=1)
05-27 08:59:04.445   581   581 D spi_rst_gpio_get_output: GPIO 145 value: 0
05-27 19:07:55.481   581   581 I SpiService: fgesysctrl_getGPIO_status success val=0
05-27 08:59:04.445   581   581 D spidev_ioctl: gpio status=0)
05-27 19:07:55.481   481   597 I mcuc    : send SPI:6AA60083CA0005041201000097
05-27 19:07:55.483   283   307 I rvcservice: t.code = 2, t.value = 9977160
05-27 08:59:04.457 29170 29170 W audit   : audit_lost=47075 audit_rate_limit=5 audit_backlog_limit=64
05-27 08:59:04.457 29170 29170 E audit   : rate limit exceeded
05-27 19:07:55.495   581   581 I SpiService: fgesysctrl_getGPIO_status success val=1
05-27 08:59:04.459   581   581 D spi_rst_gpio_get_output: GPIO 145 value: 1
05-27 08:59:04.459   581   581 D spidev_ioctl: gpio status=1)
05-27 19:07:55.497 13911 14183 I SentryImuMcuAngleSender: 179.97198rollDeg
05-27 19:07:55.497 13911 14183 I SentryImuMcuAngleSender: 1,0,0
05-27 19:07:55.500   581   581 I SpiService: fgesysctrl_getGPIO_status success val=1
05-27 08:59:04.465   581   581 D spi_rst_gpio_get_output: GPIO 145 value: 1
05-27 08:59:04.465   581   581 D spidev_ioctl: gpio status=1)
05-27 19:07:55.505   581   581 I SpiService: fgesysctrl_getGPIO_status success val=1
05-27 19:07:55.508   536   536 D commservice260303: msg.id = 1028,1
05-27 19:07:55.508   536   536 D commservice260303: i = 170, msgid = 8A000404
05-27 19:07:55.508   536   536 D commservice260303: msgid = -1979710460,did=138
05-27 19:07:55.508   536   536 D commservice260303: CommProtocolLibCmdBaseI2C::dataproc {"command":{"id":"imu_status","sub":""},"content":{"TimeStamp":11,"FrameCounter":280833,"GD_X":-0.01153013575822115,"GD_Y":0.004733873065561056,"GD_Z":0.0020608289632946253,"AD_X":-0.011189967393875122,"AD_Y":0.0028308697510510683,"AD_Z":-0.17194843292236328,"TempDsp":0,"Status":0,"CalibState":1,"SigAmpInvalid":0}},-1979710460
05-27 08:59:04.470   581   581 D spi_rst_gpio_get_output: GPIO 145 value: 1
05-27 08:59:04.470   581   581 D spidev_ioctl: gpio status=1)
05-27 19:07:55.509   536   536 D commservice260303: send2Cluster len:316, 7B22636F6D6D616E64223A7B226964223A22696D755F737461747573222C22737562223A22227D2C22636F6E74656E74223A7B2254696D655374616D70223A31312C224672616D65436F756E746572223A3238303833332C2247445F58223A2D302E30313135333031333537353832323131352C2247445F59223A302E3030343733333837333036353536313035362C2247445F5A223A302E303032303630383238393633323934363235332C2241445F58223A2D302E3031313138393936373339333837353132322C2241445F59223A302E303032383330383639373531303531303638332C2241445F5A223A2D302E31373139343834333239323233363332382C2254656D70447370223A302C22537461747573223A302C2243616C69625374617465223A312C22536967416D70496E76616C6964223A307D7D, 138 
05-27 19:07:55.509   536   536 D commservice260303: Push Message into SendPool fn=1099695104
05-27 19:07:55.509   536   536 D commservice260303: ComProtocolLibSend2Cluster::send2ClusterRaw fn=1099695104 , len=332
05-27 19:07:55.509   536   536 D commservice260303: sendCmdToPort :332!!!
05-27 19:07:55.509   536   536 D commservice260303: send Cmd To Port ++++5AA501488A0100048C416A16D08B7B22636F6D6D616E64223A7B226964223A22696D755F737461747573222C22737562223A22227D2C22636F6E74656E74223A7B2254696D655374616D70223A31312C224672616D65436F756E746572223A3238303833332C2247445F58223A2D302E30313135333031333537353832323131352C2247445F59223A302E3030343733333837333036353536313035362C2247445F5A223A302E303032303630383238393633323934363235332C2241445F58223A2D302E3031313138393936373339333837353132322C2241445F59223A302E303032383330383639373531303531303638332C2241445F5A223A2D302E31373139343834333239323233363332382C2254656D70447370223A302C22537461747573223A302C2243616C69625374617465223A312C22536967416D70496E76616C6964223A307D7DEDAF
05-27 19:07:55.509   536   536 D commservice260303: bufferevent_write retrun value = 0
05-27 19:07:55.509   536   560 D commservice260303: client datas send succeed,send finish
05-27 19:07:55.510 13911 14192 D Sentinelmode_1.2.5.17_sentry: <SentryImuClusterFgeSender>imu_status sent to Linux, frame=280833, tsNs=11942747, tsMs=11, intervalMs=40, ad=(-0.011189967,0.0028308698,-0.17194843), gd=(-0.011530136,0.004733873,0.002060829)
05-27 19:07:55.511   581   581 I SpiService: fgesysctrl_getGPIO_status success val=1
05-27 08:59:04.475   581   581 D spi_rst_gpio_get_output: GPIO 145 value: 1
05-27 08:59:04.475   581   581 D spidev_ioctl: gpio status=1)
05-27 19:07:55.517   581   581 I SpiService: fgesysctrl_getGPIO_status success val=0
05-27 08:59:04.481   581   581 D spi_rst_gpio_get_output: GPIO 145 value: 0
05-27 08:59:04.481   581   581 D spidev_ioctl: gpio status=0)
05-27 19:07:55.519 13911 14183 I SentryImuMcuAngleSender: 179.96848rollDeg
05-27 19:07:55.519 13911 14183 I SentryImuMcuAngleSender: 1,0,0
05-27 19:07:55.531   581   581 I SpiService: fgesysctrl_getGPIO_status success val=1
05-27 08:59:04.496   581   581 D spi_rst_gpio_get_output: GPIO 145 value: 1
05-27 08:59:04.496   581   581 D spidev_ioctl: gpio status=1)
05-27 19:07:55.537   581   581 I SpiService: fgesysctrl_getGPIO_status success val=1
05-27 19:07:55.539 13911 14183 I SentryImuMcuAngleSender: 179.97548rollDeg
05-27 19:07:55.539 13911 14183 I SentryImuMcuAngleSender: 1,0,0
05-27 08:59:04.502   581   581 D spi_rst_gpio_get_output: GPIO 145 value: 1
05-27 08:59:04.502   581   581 D spidev_ioctl: gpio status=1)
05-27 19:07:55.543   581   581 I SpiService: fgesysctrl_getGPIO_status success val=1
05-27 08:59:04.507   581   581 D spi_rst_gpio_get_output: GPIO 145 value: 1
05-27 08:59:04.507   581   581 D spidev_ioctl: gpio status=1)
05-27 19:07:55.548   581   581 I SpiService: fgesysctrl_getGPIO_status success val=1
05-27 08:59:04.513   581   581 D spi_rst_gpio_get_output: GPIO 145 value: 1
05-27 08:59:04.513   581   581 D spidev_ioctl: gpio status=1)
05-27 19:07:55.549   536   536 D commservice260303: msg.id = 1028,0
05-27 19:07:55.550   536   536 D commservice260303: i = 170, msgid = 8A000404
05-27 19:07:55.550   536   536 D commservice260303: msgid = -1979710460,did=138
05-27 19:07:55.550   536   536 D commservice260303: CommProtocolLibCmdBaseI2C::dataproc {"command":{"id":"imu_status","sub":""},"content":{"TimeStamp":11,"FrameCounter":280834,"GD_X":-0.010994902811944485,"GD_Y":0.005268065724521875,"GD_Z":0.0021378109231591225,"AD_X":-0.012346029281616211,"AD_Y":0.0022039434406906366,"AD_Z":-0.17073345184326172,"TempDsp":0,"Status":0,"CalibState":1,"SigAmpInvalid":0}},-1979710460
05-27 19:07:55.550 13911 13911 I Sentinelmode_1.2.5.17_sentry: <SentinelCarServiceManager>sensorType:291504647
05-27 19:07:55.550   536   536 D commservice260303: send2Cluster len:317, 7B22636F6D6D616E64223A7B226964223A22696D755F737461747573222C22737562223A22227D2C22636F6E74656E74223A7B2254696D655374616D70223A31312C224672616D65436F756E746572223A3238303833342C2247445F58223A2D302E3031303939343930323831313934343438352C2247445F59223A302E3030353236383036353732343532313837352C2247445F5A223A302E303032313337383130393233313539313232352C2241445F58223A2D302E3031323334363032393238313631363231312C2241445F59223A302E303032323033393433343430363930363336362C2241445F5A223A2D302E31373037333334353138343332363137322C2254656D70447370223A302C22537461747573223A302C2243616C69625374617465223A312C22536967416D70496E76616C6964223A307D7D, 138 
05-27 19:07:55.550   536   536 D commservice260303: Push Message into SendPool fn=1116472320
05-27 19:07:55.550   536   536 D commservice260303: ComProtocolLibSend2Cluster::send2ClusterRaw fn=1116472320 , len=333
05-27 19:07:55.550   536   536 D commservice260303: sendCmdToPort :333!!!
05-27 19:07:55.550   572   572 I Sensors : 230 AccelSensor: x:-0.178120,y:0.002440,z:-9.977160
05-27 19:07:55.550   536   536 D commservice260303: send Cmd To Port ++++5AA501498A0100048C426A16D08B7B22636F6D6D616E64223A7B226964223A22696D755F737461747573222C22737562223A22227D2C22636F6E74656E74223A7B2254696D655374616D70223A31312C224672616D65436F756E746572223A3238303833342C2247445F58223A2D302E3031303939343930323831313934343438352C2247445F59223A302E3030353236383036353732343532313837352C2247445F5A223A302E303032313337383130393233313539313232352C2241445F58223A2D302E3031323334363032393238313631363231312C2241445F59223A302E303032323033393433343430363930363336362C2241445F5A223A2D302E31373037333334353138343332363137322C2254656D70447370223A302C22537461747573223A302C2243616C69625374617465223A312C22536967416D70496E76616C6964223A307D7D6CC3
05-27 19:07:55.550   536   536 D commservice260303: bufferevent_write retrun value = 0
05-27 19:07:55.551   536   560 D commservice260303: client datas send succeed,send finish
05-27 19:07:55.551 13911 14192 D Sentinelmode_1.2.5.17_sentry: <SentryImuClusterFgeSender>imu_status sent to Linux, frame=280834, tsNs=11942783, tsMs=11, intervalMs=42, ad=(-0.012346029,0.0022039434,-0.17073345), gd=(-0.010994903,0.0052680657,0.002137811)
05-27 19:07:55.554   581   581 I SpiService: fgesysctrl_getGPIO_status success val=1
05-27 08:59:04.518   581   581 D spi_rst_gpio_get_output: GPIO 145 value: 1
05-27 08:59:04.518   581   581 D spidev_ioctl: gpio status=1)
05-27 19:07:55.558   536  2579 D commservice260303: send heart beat package to Cluster
05-27 19:07:55.558   536  2579 D commservice260303: send2Cluster len:40, 7B22636F6D6D616E64223A7B226964223A22686561727462656174222C22737562223A22227D7D0A, 129 
05-27 19:07:55.559   536  2579 D commservice260303: Push Message into SendPool fn=1133249536
05-27 19:07:55.559   536  2579 D commservice260303: ComProtocolLibSend2Cluster::send2ClusterRaw fn=1133249536 , len=56
05-27 19:07:55.559   536  2579 D commservice260303: sendCmdToPort :56!!!
05-27 19:07:55.559   536  2579 D commservice260303: send Cmd To Port ++++5AA50034810100048C436A16D08B7B22636F6D6D616E64223A7B226964223A22686561727462656174222C22737562223A22227D7D0AAB76
05-27 19:07:55.559   536  2579 D commservice260303: bufferevent_write retrun value = 0
05-27 19:07:55.559   536   560 D commservice260303: client datas send succeed,send finish
05-27 19:07:55.559 13911 14183 I SentryImuMcuAngleSender: 179.986rollDeg
05-27 19:07:55.559 13911 14183 I SentryImuMcuAngleSender: 1,0,0
05-27 19:07:55.560   581   581 I SpiService: fgesysctrl_getGPIO_status success val=0
05-27 08:59:04.524   581   581 D spi_rst_gpio_get_output: GPIO 145 value: 0
05-27 08:59:04.524   581   581 D spidev_ioctl: gpio status=0)
05-27 19:07:55.563   536   560 D commservice260303: recv len:91, 5AA5005701000000462D6A16D08B7B22636F6D6D616E64223A7B226964223A22686561727462656174222C22737562223A22227D2C22726573706F6E65223A7B22636F6465223A302C226D657373616765223A226F6B227D7D46F7 from server
05-27 19:07:55.563   536  2578 D commservice260303: mcuDataAnalyzeHandle templen:91,len:91,pos:0, 5AA5005701000000462D6A16D08B7B22636F6D6D616E64223A7B226964223A22686561727462656174222C22737562223A22227D2C22726573706F6E65223A7B22636F6465223A302C226D657373616765223A226F6B227D7D46F7 
05-27 19:07:55.563   536  2578 I commservice260303: checksumCal = 18167
05-27 19:07:55.563   536  2578 D commservice260303: Protocol_C2I_Commservice::dataproc {"command":{"id":"heartbeat","sub":""},"respone":{"code":0,"message":"ok"}},1
05-27 19:07:55.563   536  2578 D commservice260303: Protocol_C2I_Commservice::dataproc Receive a heartbeat command from Cluster, setTcpHeartbeat = EID_UID_HEARTBEAT
05-27 19:07:55.571 15863 16069 D AIN-HttpHealthPolicy: response: 200, cost=143
05-27 19:07:55.571 15863 16068 D AIN-PingWorker: updateHost: result=true,host=www.alipay.com,delay=143
05-27 19:07:55.571 15863 16068 D AIN-NetCheckerOutputer: onHealthy
05-27 19:07:55.571 15863 16068 D AIN-ServiceHub: getService with: name = service_tracker
05-27 19:07:55.576   581   581 I SpiService: fgesysctrl_getGPIO_status success val=1
05-27 08:59:04.540   581   581 D spi_rst_gpio_get_output: GPIO 145 value: 1
05-27 08:59:04.540   581   581 D spidev_ioctl: gpio status=1)
05-27 19:07:55.579 13911 14183 I SentryImuMcuAngleSender: 179.986rollDeg
05-27 19:07:55.579 13911 14183 I SentryImuMcuAngleSender: 1,0,0
05-27 19:07:55.582   581   581 I SpiService: fgesysctrl_getGPIO_status success val=1
05-27 19:07:55.583   283   307 I rvcservice: t.code = 3, t.value = 0
05-27 08:59:04.546   581   581 D spi_rst_gpio_get_output: GPIO 145 value: 1
05-27 08:59:04.546   581   581 D spidev_ioctl: gpio status=1)
05-27 19:07:55.587   581   581 I SpiService: fgesysctrl_getGPIO_status success val=1
05-27 08:59:04.552   581   581 D spi_rst_gpio_get_output: GPIO 145 value: 1
05-27 08:59:04.552   581   581 D spidev_ioctl: gpio status=1)
05-27 19:07:55.590   536   536 D commservice260303: msg.id = 1028,0
05-27 19:07:55.590   536   536 D commservice260303: i = 170, msgid = 8A000404
05-27 19:07:55.590   536   536 D commservice260303: msgid = -1979710460,did=138
05-27 19:07:55.590   536   536 D commservice260303: CommProtocolLibCmdBaseI2C::dataproc {"command":{"id":"imu_status","sub":""},"content":{"TimeStamp":11,"FrameCounter":280835,"GD_X":-0.01091896090656519,"GD_Y":0.004809814505279064,"GD_Z":0.0019079053308814764,"AD_X":-1.261979341506958E-4,"AD_Y":0.0015854216180741787,"AD_Z":-0.1719532012939453,"TempDsp":0,"Status":0,"CalibState":1,"SigAmpInvalid":0}},-1979710460
05-27 19:07:55.590   536   536 D commservice260303: send2Cluster len:315, 7B22636F6D6D616E64223A7B226964223A22696D755F737461747573222C22737562223A22227D2C22636F6E74656E74223A7B2254696D655374616D70223A31312C224672616D65436F756E746572223A3238303833352C2247445F58223A2D302E30313039313839363039303635363531392C2247445F59223A302E3030343830393831343530353237393036342C2247445F5A223A302E303031393037393035333330383831343736342C2241445F58223A2D312E323631393739333431353036393538452D342C2241445F59223A302E303031353835343231363138303734313738372C2241445F5A223A2D302E313731393533323031323933393435332C2254656D70447370223A302C22537461747573223A302C2243616C69625374617465223A312C22536967416D70496E76616C6964223A307D7D, 138 
05-27 19:07:55.590   536   536 D commservice260303: Push Message into SendPool fn=1150026752
05-27 19:07:55.591   536   536 D commservice260303: ComProtocolLibSend2Cluster::send2ClusterRaw fn=1150026752 , len=331
05-27 19:07:55.591   536   536 D commservice260303: sendCmdToPort :331!!!
05-27 19:07:55.591   536   536 D commservice260303: send Cmd To Port ++++5AA501478A0100048C446A16D08B7B22636F6D6D616E64223A7B226964223A22696D755F737461747573222C22737562223A22227D2C22636F6E74656E74223A7B2254696D655374616D70223A31312C224672616D65436F756E746572223A3238303833352C2247445F58223A2D302E30313039313839363039303635363531392C2247445F59223A302E3030343830393831343530353237393036342C2247445F5A223A302E303031393037393035333330383831343736342C2241445F58223A2D312E323631393739333431353036393538452D342C2241445F59223A302E303031353835343231363138303734313738372C2241445F5A223A2D302E313731393533323031323933393435332C2254656D70447370223A302C22537461747573223A302C2243616C69625374617465223A312C22536967416D70496E76616C6964223A307D7D4C2F
05-27 19:07:55.591   536   536 D commservice260303: bufferevent_write retrun value = 0
05-27 19:07:55.591   536   560 D commservice260303: client datas send succeed,send finish
05-27 19:07:55.591 13911 14192 D Sentinelmode_1.2.5.17_sentry: <SentryImuClusterFgeSender>imu_status sent to Linux, frame=280835, tsNs=11942836, tsMs=11, intervalMs=40, ad=(-1.2619793E-4,0.0015854216,-0.1719532), gd=(-0.010918961,0.0048098145,0.0019079053)
05-27 19:07:55.593   581   581 I SpiService: fgesysctrl_getGPIO_status success val=1
05-27 08:59:04.558   581   581 D spi_rst_gpio_get_output: GPIO 145 value: 1
05-27 08:59:04.558   581   581 D spidev_ioctl: gpio status=1)
