05-27 19:07:58.221   536   536 D commservice260303: send2Cluster len:317, 7B22636F6D6D616E64223A7B226964223A22696D755F737461747573222C22737562223A22227D2C22636F6E74656E74223A7B2254696D655374616D70223A31312C224672616D65436F756E746572223A3238303930302C2247445F58223A2D302E30313136303630373637333232373738372C2247445F59223A302E303035313135313432303932313038373236352C2247445F5A223A302E303031363033303938313230353430333830352C2241445F58223A2D302E3030373837313835313332353033353039352C2241445F59223A2D302E303031393936343934333633393933343036332C2241445F5A223A2D302E313733313733393034343138393435332C2254656D70447370223A302C22537461747573223A302C2243616C69625374617465223A312C22536967416D70496E76616C6964223A307D7D, 138 
05-27 19:07:58.221   536   536 D commservice260303: Push Message into SendPool fn=-2037644288
05-27 19:07:58.221   536   536 D commservice260303: ComProtocolLibSend2Cluster::send2ClusterRaw fn=-2037644288 , len=333
05-27 19:07:58.221   536   536 D commservice260303: sendCmdToPort :333!!!
05-27 19:07:58.221   536   536 D commservice260303: send Cmd To Port ++++5AA501498A0100048C866A16D08E7B22636F6D6D616E64223A7B226964223A22696D755F737461747573222C22737562223A22227D2C22636F6E74656E74223A7B2254696D655374616D70223A31312C224672616D65436F756E746572223A3238303930302C2247445F58223A2D302E30313136303630373637333232373738372C2247445F59223A302E303035313135313432303932313038373236352C2247445F5A223A302E303031363033303938313230353430333830352C2241445F58223A2D302E3030373837313835313332353033353039352C2241445F59223A2D302E303031393936343934333633393933343036332C2241445F5A223A2D302E313733313733393034343138393435332C2254656D70447370223A302C22537461747573223A302C2243616C69625374617465223A312C22536967416D70496E76616C6964223A307D7D1BD6
05-27 19:07:58.221   536   536 D commservice260303: bufferevent_write retrun value = 0
05-27 19:07:58.222   536   560 D commservice260303: client datas send succeed,send finish
05-27 19:07:58.222 13911 14192 D Sentinelmode_1.2.5.17_sentry: <SentryImuClusterFgeSender>imu_status sent to Linux, frame=280900, tsNs=11945457, tsMs=11, intervalMs=39, ad=(-0.007871851,-0.0019964944,-0.1731739), gd=(-0.011606077,0.005115142,0.0016030981)
05-27 19:07:58.224 13911 14183 I SentryImuMcuAngleSender: 180.0rollDeg
05-27 19:07:58.225 13911 14183 I SentryImuMcuAngleSender: 1,0,0
05-27 19:07:58.233   581   581 I SpiService: fgesysctrl_getGPIO_status success val=1
05-27 08:59:07.198   581   581 D spi_rst_gpio_get_output: GPIO 145 value: 1
05-27 08:59:07.198   581   581 D spidev_ioctl: gpio status=1)
05-27 19:07:58.239   581   581 I SpiService: fgesysctrl_getGPIO_status success val=1
05-27 08:59:07.203   581   581 D spi_rst_gpio_get_output: GPIO 145 value: 1
05-27 08:59:07.203   581   581 D spidev_ioctl: gpio status=1)
05-27 19:07:58.244   581   581 I SpiService: fgesysctrl_getGPIO_status success val=1
05-27 19:07:58.244 13911 14183 I SentryImuMcuAngleSender: 179.98248rollDeg
05-27 19:07:58.244 13911 14183 I SentryImuMcuAngleSender: 1,0,0
05-27 08:59:07.209   581   581 D spi_rst_gpio_get_output: GPIO 145 value: 1
05-27 08:59:07.209   581   581 D spidev_ioctl: gpio status=1)
05-27 19:07:58.249   581   581 I SpiService: fgesysctrl_getGPIO_status success val=1
05-27 08:59:07.214   581   581 D spi_rst_gpio_get_output: GPIO 145 value: 1
05-27 08:59:07.214   581   581 D spidev_ioctl: gpio status=1)
05-27 19:07:58.255   581   581 I SpiService: fgesysctrl_getGPIO_status success val=1
05-27 08:59:07.219   581   581 D spi_rst_gpio_get_output: GPIO 145 value: 1
05-27 08:59:07.219   581   581 D spidev_ioctl: gpio status=1)
05-27 19:07:58.260   581   581 I SpiService: fgesysctrl_getGPIO_status success val=0
05-27 08:59:07.224   581   581 D spi_rst_gpio_get_output: GPIO 145 value: 0
05-27 08:59:07.224   581   581 D spidev_ioctl: gpio status=0)
05-27 19:07:58.261   536   536 D commservice260303: msg.id = 1028,0
05-27 19:07:58.262   536   536 D commservice260303: i = 170, msgid = 8A000404
05-27 19:07:58.262   536   536 D commservice260303: msgid = -1979710460,did=138
05-27 19:07:58.262   536   536 D commservice260303: CommProtocolLibCmdBaseI2C::dataproc {"command":{"id":"imu_status","sub":""},"content":{"TimeStamp":11,"FrameCounter":280901,"GD_X":-0.01160607673227787,"GD_Y":0.0051151420921087265,"GD_Z":0.002213752595707774,"AD_X":-0.004802584648132324,"AD_Y":4.3749669566750526E-4,"AD_Z":-0.1737833023071289,"TempDsp":0,"Status":0,"CalibState":1,"SigAmpInvalid":0}},-1979710460
05-27 19:07:58.262   536   536 D commservice260303: send2Cluster len:315, 7B22636F6D6D616E64223A7B226964223A22696D755F737461747573222C22737562223A22227D2C22636F6E74656E74223A7B2254696D655374616D70223A31312C224672616D65436F756E746572223A3238303930312C2247445F58223A2D302E30313136303630373637333232373738372C2247445F59223A302E303035313135313432303932313038373236352C2247445F5A223A302E3030323231333735323539353730373737342C2241445F58223A2D302E3030343830323538343634383133323332342C2241445F59223A342E33373439363639353636373530353236452D342C2241445F5A223A2D302E313733373833333032333037313238392C2254656D70447370223A302C22537461747573223A302C2243616C69625374617465223A312C22536967416D70496E76616C6964223A307D7D, 138 
05-27 19:07:58.262   536   536 D commservice260303: Push Message into SendPool fn=-2020867072
05-27 19:07:58.262   536   536 D commservice260303: ComProtocolLibSend2Cluster::send2ClusterRaw fn=-2020867072 , len=331
05-27 19:07:58.262   536   536 D commservice260303: sendCmdToPort :331!!!
05-27 19:07:58.262   536   536 D commservice260303: send Cmd To Port ++++5AA501478A0100048C876A16D08E7B22636F6D6D616E64223A7B226964223A22696D755F737461747573222C22737562223A22227D2C22636F6E74656E74223A7B2254696D655374616D70223A31312C224672616D65436F756E746572223A3238303930312C2247445F58223A2D302E30313136303630373637333232373738372C2247445F59223A302E303035313135313432303932313038373236352C2247445F5A223A302E3030323231333735323539353730373737342C2241445F58223A2D302E3030343830323538343634383133323332342C2241445F59223A342E33373439363639353636373530353236452D342C2241445F5A223A2D302E313733373833333032333037313238392C2254656D70447370223A302C22537461747573223A302C2243616C69625374617465223A312C22536967416D70496E76616C6964223A307D7D5D8A
05-27 19:07:58.262   536   536 D commservice260303: bufferevent_write retrun value = 0
05-27 19:07:58.262   536   560 D commservice260303: client datas send succeed,send finish
05-27 19:07:58.262 13911 14192 D Sentinelmode_1.2.5.17_sentry: <SentryImuClusterFgeSender>imu_status sent to Linux, frame=280901, tsNs=11945510, tsMs=11, intervalMs=41, ad=(-0.0048025846,4.374967E-4,-0.1737833), gd=(-0.011606077,0.005115142,0.0022137526)
05-27 19:07:58.265 13911 14183 I SentryImuMcuAngleSender: 179.986rollDeg
05-27 19:07:58.265 13911 14183 I SentryImuMcuAngleSender: 1,0,0
05-27 19:07:58.273   581   581 I SpiService: fgesysctrl_getGPIO_status success val=1
05-27 08:59:07.238   581   581 D spi_rst_gpio_get_output: GPIO 145 value: 1
05-27 08:59:07.238   581   581 D spidev_ioctl: gpio status=1)
05-27 19:07:58.279   581   581 I SpiService: fgesysctrl_getGPIO_status success val=1
05-27 08:59:07.243   581   581 D spi_rst_gpio_get_output: GPIO 145 value: 1
05-27 08:59:07.243   581   581 D spidev_ioctl: gpio status=1)
05-27 19:07:58.284   581   581 I SpiService: fgesysctrl_getGPIO_status success val=1
05-27 08:59:07.249   581   581 D spi_rst_gpio_get_output: GPIO 145 value: 1
05-27 08:59:07.249   581   581 D spidev_ioctl: gpio status=1)
05-27 19:07:58.286 13911 14183 I SentryImuMcuAngleSender: 179.986rollDeg
05-27 19:07:58.286 13911 14183 I SentryImuMcuAngleSender: 1,0,0
05-27 19:07:58.288   283   307 I rvcservice: t.code = 3, t.value = 0
05-27 19:07:58.290   581   581 I SpiService: fgesysctrl_getGPIO_status success val=1
05-27 08:59:07.254   581   581 D spi_rst_gpio_get_output: GPIO 145 value: 1
05-27 08:59:07.254   581   581 D spidev_ioctl: gpio status=1)
05-27 08:59:07.260   581   581 D spi_rst_gpio_get_output: GPIO 145 value: 1
05-27 19:07:58.295   581   581 I SpiService: fgesysctrl_getGPIO_status success val=1
05-27 19:07:58.295   572   572 I Sensors : 230 AccelSensor: x:-0.172019,y:0.002440,z:-9.975330
05-27 08:59:07.265   581   581 D spidev_ioctl: gpio status=0)
05-27 19:07:58.301   581   581 I SpiService: fgesysctrl_getGPIO_status success val=0
05-27 19:07:58.301   536   536 D commservice260303: msg.id = 1028,0
05-27 19:07:58.301   536   536 D commservice260303: i = 170, msgid = 8A000404
05-27 19:07:58.301   536   536 D commservice260303: msgid = -1979710460,did=138
05-27 19:07:58.301   536   536 D commservice260303: CommProtocolLibCmdBaseI2C::dataproc {"command":{"id":"imu_status","sub":""},"content":{"TimeStamp":11,"FrameCounter":280902,"GD_X":-0.011910883709788322,"GD_Y":0.0056498548947274685,"GD_Z":0.0019079053308814764,"AD_X":-0.003574162721633911,"AD_Y":4.3492368422448635E-4,"AD_Z":-0.17012405395507812,"TempDsp":0,"Status":0,"CalibState":1,"SigAmpInvalid":0}},-1979710460
05-27 19:07:58.302   536   536 D commservice260303: send2Cluster len:318, 7B22636F6D6D616E64223A7B226964223A22696D755F737461747573222C22737562223A22227D2C22636F6E74656E74223A7B2254696D655374616D70223A31312C224672616D65436F756E746572223A3238303930322C2247445F58223A2D302E3031313931303838333730393738383332322C2247445F59223A302E303035363439383534383934373237343638352C2247445F5A223A302E303031393037393035333330383831343736342C2241445F58223A2D302E3030333537343136323732313633333931312C2241445F59223A342E33343932333638343232343438363335452D342C2241445F5A223A2D302E31373031323430353339353530373831322C2254656D70447370223A302C22537461747573223A302C2243616C69625374617465223A312C22536967416D70496E76616C6964223A307D7D, 138 
05-27 19:07:58.302   536   536 D commservice260303: Push Message into SendPool fn=-2004089856
05-27 19:07:58.302   536   536 D commservice260303: ComProtocolLibSend2Cluster::send2ClusterRaw fn=-2004089856 , len=334
05-27 19:07:58.302   536   536 D commservice260303: sendCmdToPort :334!!!
05-27 19:07:58.302   536   536 D commservice260303: send Cmd To Port ++++5AA5014A8A0100048C886A16D08E7B22636F6D6D616E64223A7B226964223A22696D755F737461747573222C22737562223A22227D2C22636F6E74656E74223A7B2254696D655374616D70223A31312C224672616D65436F756E746572223A3238303930322C2247445F58223A2D302E3031313931303838333730393738383332322C2247445F59223A302E303035363439383534383934373237343638352C2247445F5A223A302E303031393037393035333330383831343736342C2241445F58223A2D302E3030333537343136323732313633333931312C2241445F59223A342E33343932333638343232343438363335452D342C2241445F5A223A2D302E31373031323430353339353530373831322C2254656D70447370223A302C22537461747573223A302C2243616C69625374617465223A312C22536967416D70496E76616C6964223A307D7DCFD2
05-27 19:07:58.302   536   536 D commservice260303: bufferevent_write retrun value = 0
05-27 19:07:58.302   536   560 D commservice260303: client datas send succeed,send finish
05-27 19:07:58.302 13911 14192 D Sentinelmode_1.2.5.17_sentry: <SentryImuClusterFgeSender>imu_status sent to Linux, frame=280902, tsNs=11945546, tsMs=11, intervalMs=40, ad=(-0.0035741627,4.3492368E-4,-0.17012405), gd=(-0.011910884,0.005649855,0.0019079053)
05-27 19:07:58.307 13911 14183 I SentryImuMcuAngleSender: 179.986rollDeg
05-27 19:07:58.307 13911 14183 I SentryImuMcuAngleSender: 1,0,0
05-27 19:07:58.317   581   581 I SpiService: fgesysctrl_getGPIO_status success val=1
05-27 19:07:58.318   481   598 I mcuc    : rev,n=1,6AA681F0A60014890041060003080101010101010101010103FF01ED
05-27 19:07:58.319   351   373 D automotive.vehicle@2.0-adayo-datacomm-mcu: MCUDatacomm sendMessageFromVehicle prop: 0x89, areaId: 0x0, status: 0x41, timestamp: 0x6
05-27 19:07:58.319   351   373 D automotive.vehicle@2.0-adayo-datacomm-mcu: MCUDatacomm 1sendMessageFromVehicle ---> type = 3 
05-27 19:07:58.319   351   373 D automotive.vehicle@2.0-adayo-func-bcm: sendMessageFromVehicle sendMessageFromVehicle
05-27 19:07:58.319   351   516 D automotive.vehicle@2.0-adayo-func-bcm: jjfan1 ______procotolSize :13
05-27 19:07:58.319   351   516 D automotive.vehicle@2.0-adayo-func-bcm: BCMFunc sendMessageFromVehicle_l dataType: 12,mByte=7,propid=0x21400056
05-27 19:07:58.319   351   516 D automotive.vehicle@2.0-adayo-func-bcm: BCMFunc sendMessageFromVehicle_l msgBuff[7]=0x1,start:0,len:8,temp:8,
05-27 19:07:58.319   351   516 D automotive.vehicle@2.0-adayo-func-bcm: BCMFunc sendMessageFromVehicle_l prop: 0x21400056 ,areaId: 0x0  SPLITE_BIT_DATA_INTEGER : 1
05-27 19:07:58.319   351   516 D automotive.vehicle@2.0-adayo-func-bcm: BCMFunc sendMessageFromVehicle_l id:557842518, area:0 not report! 
05-27 19:07:58.319   351   516 D automotive.vehicle@2.0-adayo-func-bcm: BCMFunc sendMessageFromVehicle_l dataType: 12,mByte=8,propid=0x21400057
05-27 19:07:58.319   351   516 D automotive.vehicle@2.0-adayo-func-bcm: BCMFunc sendMessageFromVehicle_l msgBuff[8]=0x1,start:0,len:8,temp:8,
05-27 19:07:58.319   351   516 D automotive.vehicle@2.0-adayo-func-bcm: BCMFunc sendMessageFromVehicle_l prop: 0x21400057 ,areaId: 0x0  SPLITE_BIT_DATA_INTEGER : 1
05-27 19:07:58.319   351   516 D automotive.vehicle@2.0-adayo-func-bcm: BCMFunc sendMessageFromVehicle_l id:557842519, area:0 not report! 
05-27 19:07:58.319   351   516 D automotive.vehicle@2.0-adayo-func-bcm: BCMFunc sendMessageFromVehicle_l dataType: 12,mByte=9,propid=0x21400058
05-27 19:07:58.319   351   516 D automotive.vehicle@2.0-adayo-func-bcm: BCMFunc sendMessageFromVehicle_l msgBuff[9]=0x1,start:0,len:8,temp:8,
05-27 19:07:58.320   351   516 D automotive.vehicle@2.0-adayo-func-bcm: BCMFunc sendMessageFromVehicle_l prop: 0x21400058 ,areaId: 0x0  SPLITE_BIT_DATA_INTEGER : 1
05-27 19:07:58.320   351   516 D automotive.vehicle@2.0-adayo-func-bcm: BCMFunc sendMessageFromVehicle_l id:557842520, area:0 not report! 
05-27 19:07:58.320   351   516 D automotive.vehicle@2.0-adayo-func-bcm: BCMFunc sendMessageFromVehicle_l dataType: 12,mByte=10,propid=0x21400059
05-27 19:07:58.320   351   516 D automotive.vehicle@2.0-adayo-func-bcm: BCMFunc sendMessageFromVehicle_l msgBuff[10]=0x1,start:0,len:8,temp:8,
05-27 19:07:58.320   351   516 D automotive.vehicle@2.0-adayo-func-bcm: BCMFunc sendMessageFromVehicle_l prop: 0x21400059 ,areaId: 0x0  SPLITE_BIT_DATA_INTEGER : 1
05-27 19:07:58.320   351   516 D automotive.vehicle@2.0-adayo-func-bcm: BCMFunc sendMessageFromVehicle_l id:557842521, area:0 not report! 
05-27 19:07:58.320   351   516 D automotive.vehicle@2.0-adayo-func-bcm: BCMFunc sendMessageFromVehicle_l dataType: 12,mByte=11,propid=0x2140005a
05-27 19:07:58.320   351   516 D automotive.vehicle@2.0-adayo-func-bcm: BCMFunc sendMessageFromVehicle_l msgBuff[11]=0x1,start:0,len:8,temp:8,
05-27 19:07:58.320   351   516 D automotive.vehicle@2.0-adayo-func-bcm: BCMFunc sendMessageFromVehicle_l prop: 0x2140005a ,areaId: 0x0  SPLITE_BIT_DATA_INTEGER : 1
05-27 19:07:58.320   351   516 D automotive.vehicle@2.0-adayo-func-bcm: BCMFunc sendMessageFromVehicle_l id:557842522, area:0 not report! 
05-27 19:07:58.320   351   516 D automotive.vehicle@2.0-adayo-func-bcm: BCMFunc sendMessageFromVehicle_l dataType: 12,mByte=12,propid=0x2140005b
05-27 19:07:58.320   351   516 D automotive.vehicle@2.0-adayo-func-bcm: BCMFunc sendMessageFromVehicle_l msgBuff[12]=0x1,start:0,len:8,temp:8,
05-27 19:07:58.321   351   516 D automotive.vehicle@2.0-adayo-func-bcm: BCMFunc sendMessageFromVehicle_l prop: 0x2140005b ,areaId: 0x0  SPLITE_BIT_DATA_INTEGER : 1
05-27 19:07:58.321   481   598 I mcuc    : rev,n=2,6AA681F0A70024890042060003070101010101010101010101010100010101010101010101010101010101CD
05-27 19:07:58.321   351   373 D automotive.vehicle@2.0-adayo-datacomm-mcu: MCUDatacomm sendMessageFromVehicle prop: 0x89, areaId: 0x0, status: 0x42, timestamp: 0x6
05-27 19:07:58.321   351   373 D automotive.vehicle@2.0-adayo-datacomm-mcu: MCUDatacomm 1sendMessageFromVehicle ---> type = 3 
05-27 19:07:58.321   351   373 D automotive.vehicle@2.0-adayo-func-bcm: sendMessageFromVehicle sendMessageFromVehicle
05-27 19:07:58.322   351   516 D automotive.vehicle@2.0-adayo-func-bcm: BCMFunc sendMessageFromVehicle_l id:557842523, area:0 not report! 
05-27 19:07:58.322   351   516 D automotive.vehicle@2.0-adayo-func-bcm: BCMFunc sendMessageFromVehicle_l dataType: 12,mByte=13,propid=0x2140005c
05-27 19:07:58.322   351   516 D automotive.vehicle@2.0-adayo-func-bcm: BCMFunc sendMessageFromVehicle_l msgBuff[13]=0x1,start:0,len:8,temp:8,
05-27 08:59:07.282   581   581 D spi_rst_gpio_get_output: GPIO 145 value: 1
05-27 08:59:07.282   581   581 D spidev_ioctl: gpio status=1)
05-27 19:07:58.322   351   516 D automotive.vehicle@2.0-adayo-func-bcm: BCMFunc sendMessageFromVehicle_l prop: 0x2140005c ,areaId: 0x0  SPLITE_BIT_DATA_INTEGER : 1
05-27 19:07:58.322   351   516 D automotive.vehicle@2.0-adayo-func-bcm: BCMFunc sendMessageFromVehicle_l id:557842524, area:0 not report! 
05-27 19:07:58.322   351   516 D automotive.vehicle@2.0-adayo-func-bcm: BCMFunc sendMessageFromVehicle_l dataType: 12,mByte=14,propid=0x2140005d
05-27 19:07:58.322   351   516 D automotive.vehicle@2.0-adayo-func-bcm: BCMFunc sendMessageFromVehicle_l msgBuff[14]=0x1,start:0,len:8,temp:8,
05-27 19:07:58.322   351   516 D automotive.vehicle@2.0-adayo-func-bcm: BCMFunc sendMessageFromVehicle_l prop: 0x2140005d ,areaId: 0x0  SPLITE_BIT_DATA_INTEGER : 1
05-27 19:07:58.322   351   516 D automotive.vehicle@2.0-adayo-func-bcm: BCMFunc sendMessageFromVehicle_l id:557842525, area:0 not report! 
05-27 19:07:58.322   351   516 D automotive.vehicle@2.0-adayo-func-bcm: BCMFunc sendMessageFromVehicle_l dataType: 12,mByte=15,propid=0x2140005e
05-27 19:07:58.322   351   516 D automotive.vehicle@2.0-adayo-func-bcm: BCMFunc sendMessageFromVehicle_l msgBuff[15]=0x1,start:0,len:8,temp:8,
05-27 19:07:58.322   351   516 D automotive.vehicle@2.0-adayo-func-bcm: BCMFunc sendMessageFromVehicle_l prop: 0x2140005e ,areaId: 0x0  SPLITE_BIT_DATA_INTEGER : 1
05-27 19:07:58.322   351   516 D automotive.vehicle@2.0-adayo-func-bcm: BCMFunc sendMessageFromVehicle_l id:557842526, area:0 not report! 
05-27 19:07:58.322   351   516 D automotive.vehicle@2.0-adayo-func-bcm: BCMFunc sendMessageFromVehicle_l dataType: 12,mByte=16,propid=0x2140005f
05-27 19:07:58.322   351   516 D automotive.vehicle@2.0-adayo-func-bcm: BCMFunc sendMessageFromVehicle_l msgBuff[16]=0x1,start:0,len:8,temp:8,
05-27 19:07:58.322   581   581 I SpiService: fgesysctrl_getGPIO_status success val=1
05-27 19:07:58.322   351   516 D automotive.vehicle@2.0-adayo-func-bcm: BCMFunc sendMessageFromVehicle_l prop: 0x2140005f ,areaId: 0x0  SPLITE_BIT_DATA_INTEGER : 1
05-27 19:07:58.322   351   516 D automotive.vehicle@2.0-adayo-func-bcm: BCMFunc sendMessageFromVehicle_l id:557842527, area:0 not report! 
05-27 19:07:58.322   351   516 D automotive.vehicle@2.0-adayo-func-bcm: BCMFunc sendMessageFromVehicle_l dataType: 12,mByte=17,propid=0x21400060
05-27 19:07:58.322   351   516 D automotive.vehicle@2.0-adayo-func-bcm: BCMFunc sendMessageFromVehicle_l msgBuff[17]=0x3,start:0,len:8,temp:8,
05-27 19:07:58.322   351   516 D automotive.vehicle@2.0-adayo-func-bcm: BCMFunc sendMessageFromVehicle_l prop: 0x21400060 ,areaId: 0x0  SPLITE_BIT_DATA_INTEGER : 3
05-27 19:07:58.322   351   516 D automotive.vehicle@2.0-adayo-func-bcm: BCMFunc sendMessageFromVehicle_l id:557842528, area:0 not report! 
05-27 19:07:58.324   351   516 D automotive.vehicle@2.0-adayo-func-bcm: BCMFunc sendMessageFromVehicle_l dataType: 12,mByte=18,propid=0x21400061
05-27 19:07:58.324   351   516 D automotive.vehicle@2.0-adayo-func-bcm: BCMFunc sendMessageFromVehicle_l msgBuff[18]=0xff,start:0,len:8,temp:8,
05-27 19:07:58.324   351   516 D automotive.vehicle@2.0-adayo-func-bcm: BCMFunc sendMessageFromVehicle_l prop: 0x21400061 ,areaId: 0x0  SPLITE_BIT_DATA_INTEGER : 255
05-27 19:07:58.324   351   516 D automotive.vehicle@2.0-adayo-func-bcm: BCMFunc sendMessageFromVehicle_l id:557842529, area:0 not report! 
05-27 19:07:58.324   351   516 D automotive.vehicle@2.0-adayo-func-bcm: BCMFunc sendMessageFromVehicle_l dataType: 12,mByte=19,propid=0x2140010a
05-27 19:07:58.324   351   516 D automotive.vehicle@2.0-adayo-func-bcm: BCMFunc sendMessageFromVehicle_l msgBuff[19]=0x1,start:0,len:8,temp:8,
05-27 19:07:58.324   351   516 D automotive.vehicle@2.0-adayo-func-bcm: BCMFunc sendMessageFromVehicle_l prop: 0x2140010a ,areaId: 0x0  SPLITE_BIT_DATA_INTEGER : 1
05-27 19:07:58.324   351   516 D automotive.vehicle@2.0-adayo-func-bcm: BCMFunc sendMessageFromVehicle_l id:557842698, area:0 not report! 
05-27 19:07:58.324   351   516 D automotive.vehicle@2.0-adayo-func-bcm: jjfan1 ______procotolSize :29
05-27 19:07:58.324   351   516 D automotive.vehicle@2.0-adayo-func-bcm: BCMFunc sendMessageFromVehicle_l dataType: 12,mByte=7,propid=0x21400084
05-27 19:07:58.324   351   516 D automotive.vehicle@2.0-adayo-func-bcm: BCMFunc sendMessageFromVehicle_l msgBuff[7]=0x1,start:0,len:8,temp:8,
05-27 19:07:58.324   351   516 D automotive.vehicle@2.0-adayo-func-bcm: BCMFunc sendMessageFromVehicle_l prop: 0x21400084 ,areaId: 0x0  SPLITE_BIT_DATA_INTEGER : 1
05-27 08:59:07.287   581   581 D spi_rst_gpio_get_output: GPIO 145 value: 1
05-27 08:59:07.287   581   581 D spidev_ioctl: gpio status=1)
05-27 19:07:58.326   351   516 D automotive.vehicle@2.0-adayo-func-bcm: BCMFunc sendMessageFromVehicle_l id:557842564, area:0 not report! 
05-27 19:07:58.327   351   516 D automotive.vehicle@2.0-adayo-func-bcm: BCMFunc sendMessageFromVehicle_l dataType: 12,mByte=8,propid=0x21400085
05-27 19:07:58.327   351   516 D automotive.vehicle@2.0-adayo-func-bcm: BCMFunc sendMessageFromVehicle_l msgBuff[8]=0x1,start:0,len:8,temp:8,
05-27 19:07:58.327   351   516 D automotive.vehicle@2.0-adayo-func-bcm: BCMFunc sendMessageFromVehicle_l prop: 0x21400085 ,areaId: 0x0  SPLITE_BIT_DATA_INTEGER : 1
05-27 19:07:58.327   351   516 D automotive.vehicle@2.0-adayo-func-bcm: BCMFunc sendMessageFromVehicle_l id:557842565, area:0 not report! 
05-27 19:07:58.327   351   516 D automotive.vehicle@2.0-adayo-func-bcm: BCMFunc sendMessageFromVehicle_l dataType: 12,mByte=9,propid=0x214000a1
05-27 19:07:58.327   351   516 D automotive.vehicle@2.0-adayo-func-bcm: BCMFunc sendMessageFromVehicle_l msgBuff[9]=0x1,start:0,len:8,temp:8,
05-27 19:07:58.327   351   516 D automotive.vehicle@2.0-adayo-func-bcm: BCMFunc sendMessageFromVehicle_l prop: 0x214000a1 ,areaId: 0x0  SPLITE_BIT_DATA_INTEGER : 1
05-27 19:07:58.327   351   516 D automotive.vehicle@2.0-adayo-func-bcm: BCMFunc sendMessageFromVehicle_l id:557842593, area:0 not report! 
05-27 19:07:58.327   351   516 D automotive.vehicle@2.0-adayo-func-bcm: BCMFunc sendMessageFromVehicle_l dataType: 12,mByte=10,propid=0x214000a2
05-27 19:07:58.327   351   516 D automotive.vehicle@2.0-adayo-func-bcm: BCMFunc sendMessageFromVehicle_l msgBuff[10]=0x1,start:0,len:8,temp:8,
05-27 19:07:58.327   351   516 D automotive.vehicle@2.0-adayo-func-bcm: BCMFunc sendMessageFromVehicle_l prop: 0x214000a2 ,areaId: 0x0  SPLITE_BIT_DATA_INTEGER : 1
05-27 19:07:58.327   351   516 D automotive.vehicle@2.0-adayo-func-bcm: BCMFunc sendMessageFromVehicle_l id:557842594, area:0 not report! 
05-27 19:07:58.327   351   516 D automotive.vehicle@2.0-adayo-func-bcm: BCMFunc sendMessageFromVehicle_l dataType: 12,mByte=11,propid=0x21400080
05-27 19:07:58.327   351   516 D automotive.vehicle@2.0-adayo-func-bcm: BCMFunc sendMessageFromVehicle_l msgBuff[11]=0x1,start:0,len:8,temp:8,
05-27 19:07:58.327   351   516 D automotive.vehicle@2.0-adayo-func-bcm: BCMFunc sendMessageFromVehicle_l prop: 0x21400080 ,areaId: 0x0  SPLITE_BIT_DATA_INTEGER : 1
05-27 19:07:58.327   351   516 D automotive.vehicle@2.0-adayo-func-bcm: BCMFunc sendMessageFromVehicle_l id:557842560, area:0 not report! 
05-27 19:07:58.327   351   516 D automotive.vehicle@2.0-adayo-func-bcm: BCMFunc sendMessageFromVehicle_l dataType: 12,mByte=12,propid=0x214000b0
05-27 19:07:58.327   351   516 D automotive.vehicle@2.0-adayo-func-bcm: BCMFunc sendMessageFromVehicle_l msgBuff[12]=0x1,start:0,len:8,temp:8,
05-27 19:07:58.327   351   516 D automotive.vehicle@2.0-adayo-func-bcm: BCMFunc sendMessageFromVehicle_l prop: 0x214000b0 ,areaId: 0x0  SPLITE_BIT_DATA_INTEGER : 1
05-27 08:59:07.292   581   581 D spidev_ioctl: gpio status=1)
05-27 19:07:58.327   351   516 D automotive.vehicle@2.0-adayo-func-bcm: BCMFunc sendMessageFromVehicle_l id:557842608, area:0 not report! 
05-27 19:07:58.327   351   516 D automotive.vehicle@2.0-adayo-func-bcm: BCMFunc sendMessageFromVehicle_l dataType: 12,mByte=13,propid=0x2140007b
05-27 19:07:58.328   351   516 D automotive.vehicle@2.0-adayo-func-bcm: BCMFunc sendMessageFromVehicle_l msgBuff[13]=0x1,start:0,len:8,temp:8,
05-27 19:07:58.328   581   581 I SpiService: fgesysctrl_getGPIO_status success val=1
05-27 19:07:58.328   351   516 D automotive.vehicle@2.0-adayo-func-bcm: BCMFunc sendMessageFromVehicle_l prop: 0x2140007b ,areaId: 0x0  SPLITE_BIT_DATA_INTEGER : 1
05-27 19:07:58.328   351   516 D automotive.vehicle@2.0-adayo-func-bcm: BCMFunc sendMessageFromVehicle_l id:557842555, area:0 not report! 
05-27 19:07:58.328   351   516 D automotive.vehicle@2.0-adayo-func-bcm: BCMFunc sendMessageFromVehicle_l dataType: 12,mByte=14,propid=0x2140007c
05-27 19:07:58.328   351   516 D automotive.vehicle@2.0-adayo-func-bcm: BCMFunc sendMessageFromVehicle_l msgBuff[14]=0x1,start:0,len:8,temp:8,
05-27 19:07:58.328   351   516 D automotive.vehicle@2.0-adayo-func-bcm: BCMFunc sendMessageFromVehicle_l prop: 0x2140007c ,areaId: 0x0  SPLITE_BIT_DATA_INTEGER : 1
05-27 19:07:58.328 13911 14183 I SentryImuMcuAngleSender: 179.98598rollDeg
05-27 19:07:58.328   351   516 D automotive.vehicle@2.0-adayo-func-bcm: BCMFunc sendMessageFromVehicle_l id:557842556, area:0 not report! 
05-27 19:07:58.328 13911 14183 I SentryImuMcuAngleSender: 1,0,0
05-27 19:07:58.328   351   516 D automotive.vehicle@2.0-adayo-func-bcm: BCMFunc sendMessageFromVehicle_l dataType: 12,mByte=15,propid=0x21400081
05-27 19:07:58.328   351   516 D automotive.vehicle@2.0-adayo-func-bcm: BCMFunc sendMessageFromVehicle_l msgBuff[15]=0x1,start:0,len:8,temp:8,
05-27 19:07:58.328   351   516 D automotive.vehicle@2.0-adayo-func-bcm: BCMFunc sendMessageFromVehicle_l prop: 0x21400081 ,areaId: 0x0  SPLITE_BIT_DATA_INTEGER : 1
05-27 19:07:58.328   351   516 D automotive.vehicle@2.0-adayo-func-bcm: BCMFunc sendMessageFromVehicle_l id:557842561, area:0 not report! 
05-27 19:07:58.328   351   516 D automotive.vehicle@2.0-adayo-func-bcm: BCMFunc sendMessageFromVehicle_l dataType: 12,mByte=16,propid=0x214000a3
05-27 19:07:58.328   351   516 D automotive.vehicle@2.0-adayo-func-bcm: BCMFunc sendMessageFromVehicle_l msgBuff[16]=0x1,start:0,len:8,temp:8,
05-27 19:07:58.328   351   516 D automotive.vehicle@2.0-adayo-func-bcm: BCMFunc sendMessageFromVehicle_l prop: 0x214000a3 ,areaId: 0x0  SPLITE_BIT_DATA_INTEGER : 1
05-27 19:07:58.328   351   516 D automotive.vehicle@2.0-adayo-func-bcm: BCMFunc sendMessageFromVehicle_l id:557842595, area:0 not report! 
05-27 19:07:58.328   351   516 D automotive.vehicle@2.0-adayo-func-bcm: BCMFunc sendMessageFromVehicle_l dataType: 12,mByte=17,propid=0x2140007d
05-27 19:07:58.328   351   516 D automotive.vehicle@2.0-adayo-func-bcm: BCMFunc sendMessageFromVehicle_l msgBuff[17]=0x1,start:0,len:8,temp:8,
05-27 19:07:58.328   351   516 D automotive.vehicle@2.0-adayo-func-bcm: BCMFunc sendMessageFromVehicle_l prop: 0x2140007d ,areaId: 0x0  SPLITE_BIT_DATA_INTEGER : 1
05-27 19:07:58.328   351   516 D automotive.vehicle@2.0-adayo-func-bcm: BCMFunc sendMessageFromVehicle_l id:557842557, area:0 not report! 
05-27 19:07:58.328   351   516 D automotive.vehicle@2.0-adayo-func-bcm: BCMFunc sendMessageFromVehicle_l dataType: 12,mByte=18,propid=0x21400082
05-27 19:07:58.328   351   516 D automotive.vehicle@2.0-adayo-func-bcm: BCMFunc sendMessageFromVehicle_l msgBuff[18]=0x1,start:0,len:8,temp:8,
05-27 19:07:58.328   351   516 D automotive.vehicle@2.0-adayo-func-bcm: BCMFunc sendMessageFromVehicle_l prop: 0x21400082 ,areaId: 0x0  SPLITE_BIT_DATA_INTEGER : 1
05-27 19:07:58.329   351   516 D automotive.vehicle@2.0-adayo-func-bcm: BCMFunc sendMessageFromVehicle_l id:557842562, area:0 not report! 
05-27 19:07:58.329   351   516 D automotive.vehicle@2.0-adayo-func-bcm: BCMFunc sendMessageFromVehicle_l dataType: 12,mByte=19,propid=0x214000a4
05-27 19:07:58.329   351   516 D automotive.vehicle@2.0-adayo-func-bcm: BCMFunc sendMessageFromVehicle_l msgBuff[19]=0x1,start:0,len:8,temp:8,
05-27 19:07:58.329   351   516 D automotive.vehicle@2.0-adayo-func-bcm: BCMFunc sendMessageFromVehicle_l prop: 0x214000a4 ,areaId: 0x0  SPLITE_BIT_DATA_INTEGER : 1
05-27 19:07:58.329   351   516 D automotive.vehicle@2.0-adayo-func-bcm: BCMFunc sendMessageFromVehicle_l id:557842596, area:0 not report! 
05-27 19:07:58.329   351   516 D automotive.vehicle@2.0-adayo-func-bcm: BCMFunc sendMessageFromVehicle_l dataType: 12,mByte=20,propid=0x214000a5
05-27 19:07:58.329   351   516 D automotive.vehicle@2.0-adayo-func-bcm: BCMFunc sendMessageFromVehicle_l msgBuff[20]=0x0,start:0,len:8,temp:8,
05-27 19:07:58.329   351   516 D automotive.vehicle@2.0-adayo-func-bcm: BCMFunc sendMessageFromVehicle_l prop: 0x214000a5 ,areaId: 0x0  SPLITE_BIT_DATA_INTEGER : 0
05-27 19:07:58.329   351   516 D automotive.vehicle@2.0-adayo-func-bcm: BCMFunc sendMessageFromVehicle_l id:557842597, area:0 not report! 
05-27 19:07:58.329   351   516 D automotive.vehicle@2.0-adayo-func-bcm: BCMFunc sendMessageFromVehicle_l dataType: 12,mByte=21,propid=0x21400083
05-27 19:07:58.329   351   516 D automotive.vehicle@2.0-adayo-func-bcm: BCMFunc sendMessageFromVehicle_l msgBuff[21]=0x1,start:0,len:8,temp:8,
05-27 19:07:58.329   351   516 D automotive.vehicle@2.0-adayo-func-bcm: BCMFunc sendMessageFromVehicle_l prop: 0x21400083 ,areaId: 0x0  SPLITE_BIT_DATA_INTEGER : 1
05-27 19:07:58.329   351   516 D automotive.vehicle@2.0-adayo-func-bcm: BCMFunc sendMessageFromVehicle_l id:557842563, area:0 not report! 
05-27 19:07:58.329   351   516 D automotive.vehicle@2.0-adayo-func-bcm: BCMFunc sendMessageFromVehicle_l dataType: 12,mByte=22,propid=0x214000a6
05-27 19:07:58.329   351   516 D automotive.vehicle@2.0-adayo-func-bcm: BCMFunc sendMessageFromVehicle_l msgBuff[22]=0x1,start:0,len:8,temp:8,
05-27 19:07:58.330   351   516 D automotive.vehicle@2.0-adayo-func-bcm: BCMFunc sendMessageFromVehicle_l prop: 0x214000a6 ,areaId: 0x0  SPLITE_BIT_DATA_INTEGER : 1
05-27 19:07:58.330   351   516 D automotive.vehicle@2.0-adayo-func-bcm: BCMFunc sendMessageFromVehicle_l id:557842598, area:0 not report! 
05-27 19:07:58.330   351   516 D automotive.vehicle@2.0-adayo-func-bcm: BCMFunc sendMessageFromVehicle_l dataType: 12,mByte=23,propid=0x2140007e
05-27 19:07:58.330   351   516 D automotive.vehicle@2.0-adayo-func-bcm: BCMFunc sendMessageFromVehicle_l msgBuff[23]=0x1,start:0,len:8,temp:8,
05-27 19:07:58.330   351   516 D automotive.vehicle@2.0-adayo-func-bcm: BCMFunc sendMessageFromVehicle_l prop: 0x2140007e ,areaId: 0x0  SPLITE_BIT_DATA_INTEGER : 1
05-27 19:07:58.330   351   516 D automotive.vehicle@2.0-adayo-func-bcm: BCMFunc sendMessageFromVehicle_l id:557842558, area:0 not report! 
05-27 19:07:58.330   351   516 D automotive.vehicle@2.0-adayo-func-bcm: BCMFunc sendMessageFromVehicle_l dataType: 12,mByte=24,propid=0x214000a7
05-27 19:07:58.330   351   516 D automotive.vehicle@2.0-adayo-func-bcm: BCMFunc sendMessageFromVehicle_l msgBuff[24]=0x1,start:0,len:8,temp:8,
05-27 19:07:58.330   351   516 D automotive.vehicle@2.0-adayo-func-bcm: BCMFunc sendMessageFromVehicle_l prop: 0x214000a7 ,areaId: 0x0  SPLITE_BIT_DATA_INTEGER : 1
05-27 19:07:58.330   351   516 D automotive.vehicle@2.0-adayo-func-bcm: BCMFunc sendMessageFromVehicle_l id:557842599, area:0 not report! 
05-27 19:07:58.330   351   516 D automotive.vehicle@2.0-adayo-func-bcm: BCMFunc sendMessageFromVehicle_l dataType: 12,mByte=25,propid=0x2140007f
05-27 19:07:58.330   351   516 D automotive.vehicle@2.0-adayo-func-bcm: BCMFunc sendMessageFromVehicle_l msgBuff[25]=0x1,start:0,len:8,temp:8,
05-27 19:07:58.330   351   516 D automotive.vehicle@2.0-adayo-func-bcm: BCMFunc sendMessageFromVehicle_l prop: 0x2140007f ,areaId: 0x0  SPLITE_BIT_DATA_INTEGER : 1
05-27 19:07:58.330   351   516 D automotive.vehicle@2.0-adayo-func-bcm: BCMFunc sendMessageFromVehicle_l id:557842559, area:0 not report! 
05-27 19:07:58.330   351   516 D automotive.vehicle@2.0-adayo-func-bcm: BCMFunc sendMessageFromVehicle_l dataType: 12,mByte=26,propid=0x214000a8
05-27 19:07:58.330   351   516 D automotive.vehicle@2.0-adayo-func-bcm: BCMFunc sendMessageFromVehicle_l msgBuff[26]=0x1,start:0,len:8,temp:8,
05-27 19:07:58.330   351   516 D automotive.vehicle@2.0-adayo-func-bcm: BCMFunc sendMessageFromVehicle_l prop: 0x214000a8 ,areaId: 0x0  SPLITE_BIT_DATA_INTEGER : 1
05-27 19:07:58.330   351   516 D automotive.vehicle@2.0-adayo-func-bcm: BCMFunc sendMessageFromVehicle_l id:557842600, area:0 not report! 
05-27 19:07:58.330   351   516 D automotive.vehicle@2.0-adayo-func-bcm: BCMFunc sendMessageFromVehicle_l dataType: 12,mByte=27,propid=0x214000a9
05-27 19:07:58.330   351   516 D automotive.vehicle@2.0-adayo-func-bcm: BCMFunc sendMessageFromVehicle_l msgBuff[27]=0x1,start:0,len:8,temp:8,
05-27 19:07:58.330   351   516 D automotive.vehicle@2.0-adayo-func-bcm: BCMFunc sendMessageFromVehicle_l prop: 0x214000a9 ,areaId: 0x0  SPLITE_BIT_DATA_INTEGER : 1
05-27 19:07:58.330   351   516 D automotive.vehicle@2.0-adayo-func-bcm: BCMFunc sendMessageFromVehicle_l id:557842601, area:0 not report! 
05-27 19:07:58.330   351   516 D automotive.vehicle@2.0-adayo-func-bcm: BCMFunc sendMessageFromVehicle_l dataType: 12,mByte=28,propid=0x214000aa
05-27 19:07:58.330   351   516 D automotive.vehicle@2.0-adayo-func-bcm: BCMFunc sendMessageFromVehicle_l msgBuff[28]=0x1,start:0,len:8,temp:8,
05-27 19:07:58.330   351   516 D automotive.vehicle@2.0-adayo-func-bcm: BCMFunc sendMessageFromVehicle_l prop: 0x214000aa ,areaId: 0x0  SPLITE_BIT_DATA_INTEGER : 1
05-27 19:07:58.330   351   516 D automotive.vehicle@2.0-adayo-func-bcm: BCMFunc sendMessageFromVehicle_l id:557842602, area:0 not report! 
05-27 19:07:58.330   351   516 D automotive.vehicle@2.0-adayo-func-bcm: BCMFunc sendMessageFromVehicle_l dataType: 12,mByte=29,propid=0x214000ab
05-27 19:07:58.330   351   516 D automotive.vehicle@2.0-adayo-func-bcm: BCMFunc sendMessageFromVehicle_l msgBuff[29]=0x1,start:0,len:8,temp:8,
05-27 19:07:58.330   351   516 D automotive.vehicle@2.0-adayo-func-bcm: BCMFunc sendMessageFromVehicle_l prop: 0x214000ab ,areaId: 0x0  SPLITE_BIT_DATA_INTEGER : 1
05-27 19:07:58.330   351   516 D automotive.vehicle@2.0-adayo-func-bcm: BCMFunc sendMessageFromVehicle_l id:557842603, area:0 not report! 
05-27 19:07:58.330   351   516 D automotive.vehicle@2.0-adayo-func-bcm: BCMFunc sendMessageFromVehicle_l dataType: 12,mByte=30,propid=0x214000ac
05-27 19:07:58.330   351   516 D automotive.vehicle@2.0-adayo-func-bcm: BCMFunc sendMessageFromVehicle_l msgBuff[30]=0x1,start:0,len:8,temp:8,
05-27 19:07:58.331   351   516 D automotive.vehicle@2.0-adayo-func-bcm: BCMFunc sendMessageFromVehicle_l prop: 0x214000ac ,areaId: 0x0  SPLITE_BIT_DATA_INTEGER : 1
05-27 19:07:58.331   351   516 D automotive.vehicle@2.0-adayo-func-bcm: BCMFunc sendMessageFromVehicle_l id:557842604, area:0 not report! 
05-27 19:07:58.331   351   516 D automotive.vehicle@2.0-adayo-func-bcm: BCMFunc sendMessageFromVehicle_l dataType: 12,mByte=31,propid=0x214000ad
05-27 19:07:58.331   351   516 D automotive.vehicle@2.0-adayo-func-bcm: BCMFunc sendMessageFromVehicle_l msgBuff[31]=0x1,start:0,len:8,temp:8,
05-27 19:07:58.331   351   516 D automotive.vehicle@2.0-adayo-func-bcm: BCMFunc sendMessageFromVehicle_l prop: 0x214000ad ,areaId: 0x0  SPLITE_BIT_DATA_INTEGER : 1
05-27 19:07:58.331   351   516 D automotive.vehicle@2.0-adayo-func-bcm: BCMFunc sendMessageFromVehicle_l id:557842605, area:0 not report! 
05-27 19:07:58.331   351   516 D automotive.vehicle@2.0-adayo-func-bcm: BCMFunc sendMessageFromVehicle_l dataType: 12,mByte=32,propid=0x214000ae
05-27 19:07:58.331   351   516 D automotive.vehicle@2.0-adayo-func-bcm: BCMFunc sendMessageFromVehicle_l msgBuff[32]=0x1,start:0,len:8,temp:8,
05-27 19:07:58.331   351   516 D automotive.vehicle@2.0-adayo-func-bcm: BCMFunc sendMessageFromVehicle_l prop: 0x214000ae ,areaId: 0x0  SPLITE_BIT_DATA_INTEGER : 1
05-27 19:07:58.331   351   516 D automotive.vehicle@2.0-adayo-func-bcm: BCMFunc sendMessageFromVehicle_l id:557842606, area:0 not report! 
05-27 19:07:58.331   351   516 D automotive.vehicle@2.0-adayo-func-bcm: BCMFunc sendMessageFromVehicle_l dataType: 12,mByte=33,propid=0x2140007a
05-27 19:07:58.331   351   516 D automotive.vehicle@2.0-adayo-func-bcm: BCMFunc sendMessageFromVehicle_l msgBuff[33]=0x1,start:0,len:8,temp:8,
05-27 19:07:58.331   351   516 D automotive.vehicle@2.0-adayo-func-bcm: BCMFunc sendMessageFromVehicle_l prop: 0x2140007a ,areaId: 0x0  SPLITE_BIT_DATA_INTEGER : 1
05-27 19:07:58.331   351   516 D automotive.vehicle@2.0-adayo-func-bcm: BCMFunc sendMessageFromVehicle_l id:557842554, area:0 not report! 
05-27 19:07:58.331   351   516 D automotive.vehicle@2.0-adayo-func-bcm: BCMFunc sendMessageFromVehicle_l dataType: 12,mByte=34,propid=0x214000af
05-27 19:07:58.331   351   516 D automotive.vehicle@2.0-adayo-func-bcm: BCMFunc sendMessageFromVehicle_l msgBuff[34]=0x1,start:0,len:8,temp:8,
05-27 19:07:58.331   351   516 D automotive.vehicle@2.0-adayo-func-bcm: BCMFunc sendMessageFromVehicle_l prop: 0x214000af ,areaId: 0x0  SPLITE_BIT_DATA_INTEGER : 1
05-27 19:07:58.331   351   516 D automotive.vehicle@2.0-adayo-func-bcm: BCMFunc sendMessageFromVehicle_l id:557842607, area:0 not report! 
05-27 19:07:58.331   351   516 D automotive.vehicle@2.0-adayo-func-bcm: BCMFunc sendMessageFromVehicle_l dataType: 12,mByte=35,propid=0x21400079
05-27 19:07:58.331   351   516 D automotive.vehicle@2.0-adayo-func-bcm: BCMFunc sendMessageFromVehicle_l msgBuff[35]=0x1,start:0,len:8,temp:8,
05-27 19:07:58.331   351   516 D automotive.vehicle@2.0-adayo-func-bcm: BCMFunc sendMessageFromVehicle_l prop: 0x21400079 ,areaId: 0x0  SPLITE_BIT_DATA_INTEGER : 1
05-27 19:07:58.331   351   516 D automotive.vehicle@2.0-adayo-func-bcm: BCMFunc sendMessageFromVehicle_l id:557842553, area:0 not report! 
05-27 19:07:58.333   581   581 I SpiService: fgesysctrl_getGPIO_status success val=1
05-27 08:59:07.297   581   581 D spi_rst_gpio_get_output: GPIO 145 value: 1
05-27 08:59:07.297   581   581 D spidev_ioctl: gpio status=1)
05-27 19:07:58.338   581   581 I SpiService: fgesysctrl_getGPIO_status success val=1
05-27 19:07:58.341   536   536 D commservice260303: msg.id = 1028,0
05-27 08:59:07.303   581   581 D spi_rst_gpio_get_output: GPIO 145 value: 1
05-27 08:59:07.303   581   581 D spidev_ioctl: gpio status=1)
05-27 08:59:07.308   581   581 D spi_rst_gpio_get_output: GPIO 145 value: 0
05-27 08:59:07.308   581   581 D spidev_ioctl: gpio status=0)
05-27 19:07:58.341   536   536 D commservice260303: i = 170, msgid = 8A000404
05-27 19:07:58.342   536   536 D commservice260303: msgid = -1979710460,did=138
05-27 19:07:58.342   536   536 D commservice260303: CommProtocolLibCmdBaseI2C::dataproc {"command":{"id":"imu_status","sub":""},"content":{"TimeStamp":11,"FrameCounter":280903,"GD_X":-0.011987865902483463,"GD_Y":0.006336971186101437,"GD_Z":0.0021378109231591225,"AD_X":-0.0035738348960876465,"AD_Y":0.0010406419169157743,"AD_Z":-0.17073345184326172,"TempDsp":0,"Status":0,"CalibState":1,"SigAmpInvalid":0}},-1979710460
05-27 19:07:58.343   536   536 D commservice260303: send2Cluster len:318, 7B22636F6D6D616E64223A7B226964223A22696D755F737461747573222C22737562223A22227D2C22636F6E74656E74223A7B2254696D655374616D70223A31312C224672616D65436F756E746572223A3238303930332C2247445F58223A2D302E3031313938373836353930323438333436332C2247445F59223A302E3030363333363937313138363130313433372C2247445F5A223A302E303032313337383130393233313539313232352C2241445F58223A2D302E303033353733383334383936303837363436352C2241445F59223A302E303031303430363431393136393135373734332C2241445F5A223A2D302E31373037333334353138343332363137322C2254656D70447370223A302C22537461747573223A302C2243616C69625374617465223A312C22536967416D70496E76616C6964223A307D7D, 138 
05-27 19:07:58.343   536   536 D commservice260303: Push Message into SendPool fn=-1987312640
05-27 19:07:58.343   581   581 I SpiService: fgesysctrl_getGPIO_status success val=0
05-27 19:07:58.343   536   536 D commservice260303: ComProtocolLibSend2Cluster::send2ClusterRaw fn=-1987312640 , len=334
05-27 19:07:58.344   481   597 I mcuc    : send SPI:6AA602F0A600028900DD6AA602F0A700028900DC
05-27 19:07:58.344   536   536 D commservice260303: sendCmdToPort :334!!!
05-27 19:07:58.344   536   536 D commservice260303: send Cmd To Port ++++5AA5014A8A0100048C896A16D08E7B22636F6D6D616E64223A7B226964223A22696D755F737461747573222C22737562223A22227D2C22636F6E74656E74223A7B2254696D655374616D70223A31312C224672616D65436F756E746572223A3238303930332C2247445F58223A2D302E3031313938373836353930323438333436332C2247445F59223A302E3030363333363937313138363130313433372C2247445F5A223A302E303032313337383130393233313539313232352C2241445F58223A2D302E303033353733383334383936303837363436352C2241445F59223A302E303031303430363431393136393135373734332C2241445F5A223A2D302E31373037333334353138343332363137322C2254656D70447370223A302C22537461747573223A302C2243616C69625374617465223A312C22536967416D70496E76616C6964223A307D7DC5A7
05-27 19:07:58.345   536   536 D commservice260303: bufferevent_write retrun value = 0
05-27 19:07:58.345   536   560 D commservice260303: client datas send succeed,send finish
05-27 19:07:58.345 13911 14192 D Sentinelmode_1.2.5.17_sentry: <SentryImuClusterFgeSender>imu_status sent to Linux, frame=280903, tsNs=11945581, tsMs=11, intervalMs=43, ad=(-0.003573835,0.0010406419,-0.17073345), gd=(-0.011987866,0.006336971,0.002137811)
05-27 19:07:58.348 13911 14183 I SentryImuMcuAngleSender: 179.98248rollDeg
05-27 19:07:58.348 13911 14183 I SentryImuMcuAngleSender: 1,0,0
05-27 19:07:58.357   581   581 I SpiService: fgesysctrl_getGPIO_status success val=1
05-27 08:59:07.322   581   581 D spi_rst_gpio_get_output: GPIO 145 value: 1
05-27 08:59:07.322   581   581 D spidev_ioctl: gpio status=1)
05-27 19:07:58.363   581   581 I SpiService: fgesysctrl_getGPIO_status success val=1
05-27 08:59:07.327   581   581 D spi_rst_gpio_get_output: GPIO 145 value: 1
05-27 08:59:07.327   581   581 D spidev_ioctl: gpio status=1)
05-27 19:07:58.368   581   581 I SpiService: fgesysctrl_getGPIO_status success val=1
05-27 08:59:07.333   581   581 D spi_rst_gpio_get_output: GPIO 145 value: 1
05-27 08:59:07.333   581   581 D spidev_ioctl: gpio status=1)
05-27 19:07:58.369 13911 14183 I SentryImuMcuAngleSender: 179.97548rollDeg
05-27 19:07:58.369 13911 14183 I SentryImuMcuAngleSender: 1,0,0
05-27 19:07:58.374   581   581 I SpiService: fgesysctrl_getGPIO_status success val=1
05-27 19:07:58.379   581   581 I SpiService: fgesysctrl_getGPIO_status success val=0
05-27 08:59:07.338   581   581 D spi_rst_gpio_get_output: GPIO 145 value: 1
05-27 08:59:07.338   581   581 D spidev_ioctl: gpio status=1)
05-27 08:59:07.344   581   581 D spi_rst_gpio_get_output: GPIO 145 value: 0
05-27 08:59:07.344   581   581 D spidev_ioctl: gpio status=0)
05-27 19:07:58.381   536   536 D commservice260303: msg.id = 1028,0
05-27 19:07:58.382   536   536 D commservice260303: i = 170, msgid = 8A000404
05-27 19:07:58.382   536   536 D commservice260303: msgid = -1979710460,did=138
05-27 19:07:58.382   536   536 D commservice260303: CommProtocolLibCmdBaseI2C::dataproc {"command":{"id":"imu_status","sub":""},"content":{"TimeStamp":11,"FrameCounter":280904,"GD_X":-0.011453153565526009,"GD_Y":0.0057257963344454765,"GD_Z":0.0014501744881272316,"AD_X":-0.0035662055015563965,"AD_Y":0.0022489423863589764,"AD_Z":-0.1756134033203125,"TempDsp":0,"Status":0,"CalibState":1,"SigAmpInvalid":0}},-1979710460
05-27 19:07:58.382   536   536 D commservice260303: send2Cluster len:318, 7B22636F6D6D616E64223A7B226964223A22696D755F737461747573222C22737562223A22227D2C22636F6E74656E74223A7B2254696D655374616D70223A31312C224672616D65436F756E746572223A3238303930342C2247445F58223A2D302E3031313435333135333536353532363030392C2247445F59223A302E303035373235373936333334343435343736352C2247445F5A223A302E303031343530313734343838313237323331362C2241445F58223A2D302E303033353636323035353031353536333936352C2241445F59223A302E303032323438393432333836333538393736342C2241445F5A223A2D302E313735363133343033333230333132352C2254656D70447370223A302C22537461747573223A302C2243616C69625374617465223A312C22536967416D70496E76616C6964223A307D7D, 138 
05-27 19:07:58.382   536   536 D commservice260303: Push Message into SendPool fn=-1970535424
05-27 19:07:58.382   536   536 D commservice260303: ComProtocolLibSend2Cluster::send2ClusterRaw fn=-1970535424 , len=334
05-27 19:07:58.382   536   536 D commservice260303: sendCmdToPort :334!!!
05-27 19:07:58.382   536   536 D commservice260303: send Cmd To Port ++++5AA5014A8A0100048C8A6A16D08E7B22636F6D6D616E64223A7B226964223A22696D755F737461747573222C22737562223A22227D2C22636F6E74656E74223A7B2254696D655374616D70223A31312C224672616D65436F756E746572223A3238303930342C2247445F58223A2D302E3031313435333135333536353532363030392C2247445F59223A302E303035373235373936333334343435343736352C2247445F5A223A302E303031343530313734343838313237323331362C2241445F58223A2D302E303033353636323035353031353536333936352C2241445F59223A302E303032323438393432333836333538393736342C2241445F5A223A2D302E313735363133343033333230333132352C2254656D70447370223A302C22537461747573223A302C2243616C69625374617465223A312C22536967416D70496E76616C6964223A307D7D5142
05-27 19:07:58.382   536   536 D commservice260303: bufferevent_write retrun value = 0
05-27 19:07:58.382   536   560 D commservice260303: client datas send succeed,send finish
05-27 19:07:58.383 13911 14192 D Sentinelmode_1.2.5.17_sentry: <SentryImuClusterFgeSender>imu_status sent to Linux, frame=280904, tsNs=11945617, tsMs=11, intervalMs=37, ad=(-0.0035662055,0.0022489424,-0.1756134), gd=(-0.011453154,0.0057257963,0.0014501745)
05-27 19:07:58.385   572   572 I Sensors : 230 GyroSensor: x:-0.011682,y:0.005726,z:0.001679
05-27 19:07:58.388   283   307 I rvcservice: t.code = 3, t.value = 0
05-27 19:07:58.390 13911 14183 I SentryImuMcuAngleSender: 179.979rollDeg
05-27 19:07:58.390 13911 14183 I SentryImuMcuAngleSender: 1,0,0
05-27 19:07:58.390   481   598 I mcuc    : rev,n=1,6AA681F0A8008C8305000055000000B000000000000100010000A824DAB1130F6BDA1EDA134D98DA1DB42FDA1EB24299A3C3853600000000040000B3000000000000000000000000000000B44300000000000300000000000000AA000000E40701010000000000000000BB06050507EA051B000008009403CB00CC000000000000000000000000000000B500000000000000008F
05-27 19:07:58.390   351   373 D automotive.vehicle@2.0-adayo-datacomm-mcu: MCUDatacomm sendMessageFromVehicle prop: 0x83, areaId: 0x5, status: 0x0, timestamp: 0x0
05-27 19:07:58.390   351   373 D automotive.vehicle@2.0-adayo-datacomm-mcu: MCUDatacomm 1sendMessageFromVehicle ---> type = 7 
05-27 19:07:58.390   351   373 I automotive.vehicle@2.0-adayo-func-mcu: MCUFunc :sendMessageFromVehicle  msgBuff[0] = 131 
05-27 19:07:58.390   351   373 I automotive.vehicle@2.0-adayo-func-mcu: MCUFunc :sendMessageFromVehicle  msgBuff[1] = 5 
05-27 19:07:58.390   351   373 I automotive.vehicle@2.0-adayo-func-mcu: MCUFunc :sendMessageFromVehicle  msgBuff[2] = 0 
05-27 19:07:58.390   351   373 I automotive.vehicle@2.0-adayo-func-mcu: MCUFunc :sendMessageFromVehicle  msgBuff[3] = 0 
05-27 19:07:58.390   351   373 I automotive.vehicle@2.0-adayo-func-mcu: MCUFunc :sendMessageFromVehicle  msgBuff[4] = 85 
05-27 19:07:58.390   351   373 I automotive.vehicle@2.0-adayo-func-mcu: MCUFunc :sendMessageFromVehicle  msgBuff[5] = 0 
05-27 19:07:58.391   566 11459 I gps_hdbd: Received: '$GNGGA,012349.000,,,,,0,00,,,M,,M,,*6B
'
05-27 19:07:58.392   566 11459 I gps_hdbd: Received: '$GNGSA,A,1,,,,,,,,,,,,,,,,1*1D
'
05-27 19:07:58.393   581   581 I SpiService: fgesysctrl_getGPIO_status success val=1
05-27 08:59:07.358   581   581 D spi_rst_gpio_get_output: GPIO 145 value: 1
05-27 08:59:07.358   581   581 D spidev_ioctl: gpio status=1)
05-27 19:07:58.397   566 11459 I gps_hdbd: Received: '$GNGSA,A,1,,,,,,,,,,,,,,,,3*1F
'
05-27 19:07:58.398   581   581 I SpiService: fgesysctrl_getGPIO_status success val=1
05-27 19:07:58.398   566 11459 I gps_hdbd: Received: '$GNGSA,A,1,,,,,,,,,,,,,,,,4*18
'
05-27 19:07:58.399   566 11459 I gps_hdbd: Received: '$BDGSV,1,1,00,1*75
'
05-27 08:59:07.363   581   581 D spi_rst_gpio_get_output: GPIO 145 value: 1
05-27 08:59:07.363   581   581 D spidev_ioctl: gpio status=1)
05-27 19:07:58.404   581   581 I SpiService: fgesysctrl_getGPIO_status success val=1
05-27 08:59:07.368   581   581 D spi_rst_gpio_get_output: GPIO 145 value: 1
05-27 08:59:07.368   581   581 D spidev_ioctl: gpio status=1)
05-27 19:07:58.405   566 11459 I gps_hdbd: Received: '$BDGSV,1,1,00,5*71
'
05-27 19:07:58.409   581   581 I SpiService: fgesysctrl_getGPIO_status success val=1
05-27 19:07:58.410 13911 14183 I SentryImuMcuAngleSender: 179.9895rollDeg
05-27 19:07:58.410 13911 14183 I SentryImuMcuAngleSender: 1,0,0
05-27 19:07:58.412   566 11459 I gps_hdbd: Received: '$GPGSV,1,1,01,199,42,165,,1*60
'
05-27 08:59:07.374   581   581 D spi_rst_gpio_get_output: GPIO 145 value: 1
05-27 08:59:07.374   581   581 D spidev_ioctl: gpio status=1)
05-27 19:07:58.414   566 11459 I gps_hdbd: Received: '$GPGSV,1,1,00,8*6D
'
05-27 19:07:58.415   566 11459 I gps_hdbd: Received: '$GAGSV,1,1,00,7*73
'
05-27 19:07:58.414   581   581 I SpiService: fgesysctrl_getGPIO_status success val=1
05-27 08:59:07.379   581   581 D spi_rst_gpio_get_output: GPIO 145 value: 1
05-27 08:59:07.379   581   581 D spidev_ioctl: gpio status=1)
05-27 19:07:58.417   566 11459 I gps_hdbd: Received: '$GAGSV,1,1,00,1*75
'
05-27 19:07:58.420 15863 15863 D AIN-NaviLocationPresenter: ACC is OFF, skip upload location
05-27 19:07:58.422   536   536 D commservice260303: msg.id = 1028,1
05-27 19:07:58.422   536   536 D commservice260303: i = 170, msgid = 8A000404
05-27 19:07:58.422   536   536 D commservice260303: msgid = -1979710460,did=138
05-27 19:07:58.422   581   581 I SpiService: fgesysctrl_getGPIO_status success val=0
