05-27 19:07:56.583 10188  7849 W ActivityManager: Unable to start service Intent { cmp=com.anwsdk.service/.HfpClientConnectionService } U=0: not found with resolvedType = null, flags = 268436480, userId = 0, callingUid = 1000
05-27 19:07:56.583 29185 29185 D AnwSdkService: 20210721 checking self APK rom size
05-27 19:07:56.585   283   307 I rvcservice: t.code = 1, t.value = -165920
05-27 19:07:56.593 13911 14183 I SentryImuMcuAngleSender: 180.0rollDeg
05-27 19:07:56.593 13911 14183 I SentryImuMcuAngleSender: 1,0,0
05-27 19:07:56.594   581   581 I SpiService: fgesysctrl_getGPIO_status success val=1
05-27 08:59:05.558   581   581 D spi_rst_gpio_get_output: GPIO 145 value: 1
05-27 19:07:56.599   581   581 I SpiService: fgesysctrl_getGPIO_status success val=1
05-27 08:59:05.564   581   581 D spidev_ioctl: gpio status=1)
05-27 19:07:56.602   536   536 D commservice260303: msg.id = 1028,0
05-27 19:07:56.603   536   536 D commservice260303: i = 170, msgid = 8A000404
05-27 19:07:56.603   536   536 D commservice260303: msgid = -1979710460,did=138
05-27 19:07:56.603   536   536 D commservice260303: CommProtocolLibCmdBaseI2C::dataproc {"command":{"id":"imu_status","sub":""},"content":{"TimeStamp":11,"FrameCounter":280860,"GD_X":-0.011453153565526009,"GD_Y":0.00519212381914258,"GD_Z":0.0021378109231591225,"AD_X":-0.009105518460273743,"AD_Y":-0.0021294166799634695,"AD_Z":-0.1743936538696289,"TempDsp":0,"Status":0,"CalibState":1,"SigAmpInvalid":0}},-1979710460
05-27 19:07:56.603   536   536 D commservice260303: send2Cluster len:316, 7B22636F6D6D616E64223A7B226964223A22696D755F737461747573222C22737562223A22227D2C22636F6E74656E74223A7B2254696D655374616D70223A31312C224672616D65436F756E746572223A3238303836302C2247445F58223A2D302E3031313435333135333536353532363030392C2247445F59223A302E30303531393231323338313931343235382C2247445F5A223A302E303032313337383130393233313539313232352C2241445F58223A2D302E3030393130353531383436303237333734332C2241445F59223A2D302E303032313239343136363739393633343639352C2241445F5A223A2D302E313734333933363533383639363238392C2254656D70447370223A302C22537461747573223A302C2243616C69625374617465223A312C22536967416D70496E76616C6964223A307D7D, 138 
05-27 19:07:56.603   536   536 D commservice260303: Push Message into SendPool fn=1569457152
05-27 19:07:56.604   536   536 D commservice260303: ComProtocolLibSend2Cluster::send2ClusterRaw fn=1569457152 , len=332
05-27 19:07:56.604   536   536 D commservice260303: sendCmdToPort :332!!!
05-27 19:07:56.604   536   536 D commservice260303: send Cmd To Port ++++5AA501488A0100048C5D6A16D08C7B22636F6D6D616E64223A7B226964223A22696D755F737461747573222C22737562223A22227D2C22636F6E74656E74223A7B2254696D655374616D70223A31312C224672616D65436F756E746572223A3238303836302C2247445F58223A2D302E3031313435333135333536353532363030392C2247445F59223A302E30303531393231323338313931343235382C2247445F5A223A302E303032313337383130393233313539313232352C2241445F58223A2D302E3030393130353531383436303237333734332C2241445F59223A2D302E303032313239343136363739393633343639352C2241445F5A223A2D302E313734333933363533383639363238392C2254656D70447370223A302C22537461747573223A302C2243616C69625374617465223A312C22536967416D70496E76616C6964223A307D7D2E3B
05-27 19:07:56.604   536   536 D commservice260303: bufferevent_write retrun value = 0
05-27 19:07:56.604   536   560 D commservice260303: client datas send succeed,send finish
05-27 19:07:56.604 13911 14192 D Sentinelmode_1.2.5.17_sentry: <SentryImuClusterFgeSender>imu_status sent to Linux, frame=280860, tsNs=11943835, tsMs=11, intervalMs=38, ad=(-0.009105518,-0.0021294167,-0.17439365), gd=(-0.011453154,0.005192124,0.002137811)
05-27 19:07:56.605   581   581 I SpiService: fgesysctrl_getGPIO_status success val=1
05-27 08:59:05.570   581   581 D spi_rst_gpio_get_output: GPIO 145 value: 1
05-27 08:59:05.570   581   581 D spidev_ioctl: gpio status=1)
05-27 19:07:56.610   581   581 I SpiService: fgesysctrl_getGPIO_status success val=1
05-27 19:07:56.613 13911 14183 I SentryImuMcuAngleSender: -179.993rollDeg
05-27 19:07:56.613 13911 14183 I SentryImuMcuAngleSender: 1,0,0
05-27 19:07:56.616   581   581 I SpiService: fgesysctrl_getGPIO_status success val=1
05-27 19:07:56.616   351   351 D DefaultVehicleHal: setProperty setValues start
05-27 19:07:56.616   351   351 D 2026-5-19:FakeVehicleHardware: setProperty FakeVehicleHardware  ID: 0x11500f31
05-27 19:07:56.616   351   351 D 2026-5-19:FakeVehicleHardware: setProperty id:0x11500f31,value:11943867
05-27 19:07:56.617   351   351 D DefaultVehicleHal: setProperty setValues end
05-27 19:07:56.617   351   368 D 2026-5-19:FakeVehicleHardware: setProperty FakeVehicleHardware  setValue START
05-27 19:07:56.617   351   368 D 2026-5-19:FakeVehicleHardware: setProperty FakeVehicleHardware  setValue end
05-27 19:07:56.619   572   622 I Sensors : 230 GyroSensor: x:-0.011148,y:0.006108,z:0.002367
05-27 19:07:56.622   581   581 I SpiService: fgesysctrl_getGPIO_status success val=0
05-27 19:07:56.631 29185 29185 D AnwSdkService: apk rom size:40.90M
05-27 19:07:56.634 13911 14183 I SentryImuMcuAngleSender: -179.99649rollDeg
05-27 19:07:56.634 13911 14183 I SentryImuMcuAngleSender: 1,0,0
05-27 19:07:56.634 29185 29185 D AnwSdkService: [android.permission.READ_EXTERNAL_STORAGE] permision is GRANTED
05-27 19:07:56.637 29185 29185 D AnwSdkService: [android.permission.WRITE_EXTERNAL_STORAGE] permision is GRANTED
05-27 19:07:56.639   581   581 I SpiService: fgesysctrl_getGPIO_status success val=1
05-27 19:07:56.642 29185 29185 D AnwSdkService: onCreate end
05-27 19:07:56.642   536   536 D commservice260303: msg.id = 1028,1
05-27 19:07:56.642   536   536 D commservice260303: i = 170, msgid = 8A000404
05-27 19:07:56.642   536   536 D commservice260303: msgid = -1979710460,did=138
05-27 19:07:56.643   536   536 D commservice260303: CommProtocolLibCmdBaseI2C::dataproc {"command":{"id":"imu_status","sub":""},"content":{"TimeStamp":11,"FrameCounter":280861,"GD_X":-0.010690094903111458,"GD_Y":0.0056498548947274685,"GD_Z":0.0018319635419175029,"AD_X":-0.004191040992736816,"AD_Y":-0.002103053266182542,"AD_Z":-0.1737833023071289,"TempDsp":0,"Status":0,"CalibState":1,"SigAmpInvalid":0}},-1979710460
05-27 19:07:56.643 29185 29185 D AnwSdkService: onBind
05-27 19:07:56.643   536   536 D commservice260303: send2Cluster len:317, 7B22636F6D6D616E64223A7B226964223A22696D755F737461747573222C22737562223A22227D2C22636F6E74656E74223A7B2254696D655374616D70223A31312C224672616D65436F756E746572223A3238303836312C2247445F58223A2D302E3031303639303039343930333131313435382C2247445F59223A302E303035363439383534383934373237343638352C2247445F5A223A302E303031383331393633353431393137353032392C2241445F58223A2D302E3030343139313034303939323733363831362C2241445F59223A2D302E3030323130333035333236363138323534322C2241445F5A223A2D302E313733373833333032333037313238392C2254656D70447370223A302C22537461747573223A302C2243616C69625374617465223A312C22536967416D70496E76616C6964223A307D7D, 138 
05-27 19:07:56.643   536   536 D commservice260303: Push Message into SendPool fn=1586234368
05-27 19:07:56.643   536   536 D commservice260303: ComProtocolLibSend2Cluster::send2ClusterRaw fn=1586234368 , len=333
05-27 19:07:56.643   536   536 D commservice260303: sendCmdToPort :333!!!
05-27 19:07:56.643   536   536 D commservice260303: send Cmd To Port ++++5AA501498A0100048C5E6A16D08C7B22636F6D6D616E64223A7B226964223A22696D755F737461747573222C22737562223A22227D2C22636F6E74656E74223A7B2254696D655374616D70223A31312C224672616D65436F756E746572223A3238303836312C2247445F58223A2D302E3031303639303039343930333131313435382C2247445F59223A302E303035363439383534383934373237343638352C2247445F5A223A302E303031383331393633353431393137353032392C2241445F58223A2D302E3030343139313034303939323733363831362C2241445F59223A2D302E3030323130333035333236363138323534322C2241445F5A223A2D302E313733373833333032333037313238392C2254656D70447370223A302C22537461747573223A302C2243616C69625374617465223A312C22536967416D70496E76616C6964223A307D7D55E7
05-27 19:07:56.643   536   536 D commservice260303: bufferevent_write retrun value = 0
05-27 19:07:56.644   536   560 D commservice260303: client datas send succeed,send finish
05-27 19:07:56.644 13911 14192 D Sentinelmode_1.2.5.17_sentry: <SentryImuClusterFgeSender>imu_status sent to Linux, frame=280861, tsNs=11943888, tsMs=11, intervalMs=40, ad=(-0.004191041,-0.0021030533,-0.1737833), gd=(-0.010690095,0.005649855,0.0018319635)
05-27 19:07:56.644   581   581 I SpiService: fgesysctrl_getGPIO_status success val=1
05-27 19:07:56.646 30773 30786 I dvr_service_: CameraX 0  audioOK: 45376000,audios:710
05-27 19:07:56.647 30773 30787 I dvr_service_: [runShortMediaThread:298] cameraId:0 medias:300,audios:220,stateAudio:0,mShortState:0,warnEvent:0,state:1
05-27 19:07:56.647 13435 13435 D BtManager: onServiceConnected
05-27 19:07:56.648 29185 29199 D AnwSdkService: GetPowerStatus = POWER_OFF
05-27 19:07:56.648 29185 29199 D AnwSdkService: ANWBT_GetBTPowerStatus() POWER_OFF
05-27 19:07:56.649 29185 29199 D AnwSdkService: GetPowerStatus = POWER_OFF
05-27 19:07:56.649 13435 13435 D BtManager: ANWBT_BTPowerOn
05-27 19:07:56.649 13435 13435 D BtManager: ANWBT_GetBTPowerStatus
05-27 19:07:56.650 29185 29199 D AnwSdkService: GetPowerStatus = POWER_OFF
05-27 19:07:56.650 29185 29199 D AnwSdkService: ANWBT_GetBTPowerStatus() POWER_OFF
05-27 19:07:56.650 29185 29199 D AnwSdkService: GetPowerStatus = POWER_OFF
05-27 19:07:56.650   581   581 I SpiService: fgesysctrl_getGPIO_status success val=1
05-27 19:07:56.650 29185 29199 D AnwSdkService: anw-update,bt_java_data:20260516
05-27 19:07:56.650 29185 29199 D AnwSdkService: ANWBT_BTPowerOn()
05-27 19:07:56.651 29185 29199 D AnwSdkService: GetPowerStatus = POWER_OFF
05-27 19:07:56.651 29185 29199 D AnwSdkService: SetPowerStatus = POWER_ONING
05-27 19:07:56.653 29185 29212 I ANWJNI_SECOND: anw-update,bt_jni_data: 20260516
05-27 19:07:56.653 29185 29212 D ANWAPI_SECOND: (29185|0x28801CB0)[BTAPI] SDK >>>>AnWBT_Snoop_Open
05-27 19:07:56.653 29185 29212 D ANWJNI_SECOND: (29185|0x28801CB0)[BTAPP] PowOn_Thread
05-27 19:07:56.653 29185 29212 D ANWJNI_SECOND: 
05-27 19:07:56.653 29185 29213 D ANWJNI_SECOND: (29185|0x286F7CB0)[BTAPP] BTPowerOn!!
05-27 19:07:56.655 29185 29213 D ANWJNI_SECOND: (29185|0x286F7CB0)[BTAPP] in thread_power_on_func,getpid()=29185, priority = 10
05-27 19:07:56.655 29185 29213 D ANWJNI_SECOND: 
05-27 19:07:56.655 29185 29213 D ANWJNI_SECOND: (29185|0x286F7CB0)[BTAPP] doPowerOn_Timeout_Thread_Create
05-27 19:07:56.655 29185 29213 D ANWJNI_SECOND: 
05-27 19:07:56.655   581   581 I SpiService: fgesysctrl_getGPIO_status success val=1
05-27 19:07:56.655 29185 29213 D ANWJNI_SECOND: (29185|0x286F7CB0)[BTAPP] AnWBT_SetInitialValue(hfphf:0)(hfpag:2)(pbap:0)(map:0)(a2dpsink:0)(a2dpsource:2)(avrcpct:0)(avrcttg:2)
05-27 19:07:56.655 29185 29213 D ANWJNI_SECOND: 
05-27 19:07:56.655 29185 29213 D ANWAPI_SECOND: (29185|0x286F7CB0)[BTAPI] SDK >>>>AnWBT_SetInitialValue devclass: 0x3c020c
05-27 19:07:56.656 29185 29213 D ANWAPI_SECOND: (29185|0x286F7CB0)[BTAPI] AnWBT_SetInitialValue avrcp_tg_attribute=6
05-27 19:07:56.656 29185 29213 D ANWAPI_SECOND: (29185|0x286F7CB0)[BTAPI] SDK <<<<AnWBT_SetInitialValue 0x0
05-27 19:07:56.656 29185 29213 D ANWAPI_SECOND: (29185|0x286F7CB0)[BTAPI] SDK >>>>AnWBT_HFP_Enable_WBS 1
05-27 19:07:56.656 29185 29213 D ANWAPI_SECOND: (29185|0x286F7CB0)[BTAPI] SDK <<<<AnWBT_HFP_Enable_WBS 0
05-27 19:07:56.656 29185 29213 D ANW_WAVEOUT_SECOND: (29185|0x286F7CB0)[WAVEOUT] init Audio PCM Thread Mute(800)(101)
05-27 19:07:56.656 29185 29213 D ANW_WAVEOUT_SECOND: 
05-27 19:07:56.656 29185 29213 D ANWAPI_SECOND: (29185|0x286F7CB0)[BTAPI] anw-update,bt_sdk_data:20260516-not_supportLea
05-27 19:07:56.656 29185 29213 D ANWAPI_SECOND: (29185|0x286F7CB0)[BTAPI] SDK >>>>AnWBT_Init
05-27 19:07:56.656 29185 29213 D ANWAPI_SECOND: (29185|0x286F7CB0)[BTAPI] AnWBTSDK_Version=0x0300002a
05-27 19:07:56.656 29185 29213 D ANWAPI_SECOND: (29185|0x286F7CB0)[BTAPI] >>>>AnWBT_EEPROM_Read 
05-27 19:07:56.656 29185 29213 D ANWAPI_SECOND: (29185|0x286F7CB0)[BTAPI] B:Rpaired_storage[0]name[]addr[00:00:00:00:00:00]linkkey[00:00:00:00:00:00:00:00:00:00:00:00:00:00:00:00]
05-27 19:07:56.657 13911 14183 I SentryImuMcuAngleSender: 180.0rollDeg
05-27 19:07:56.658 13435 13435 I BtManager: ANWBT_BTPowerOn result = 0
05-27 19:07:56.658 13911 14183 I SentryImuMcuAngleSender: 1,0,0
05-27 19:07:56.658 13435 13435 D BtManager: ret = 2
05-27 19:07:56.658 29185 29214 D ANWJNI_SECOND: (29185|0x285F9CB0)[BTAPP] doPowerOn_Timeout_Thread
05-27 19:07:56.658 29185 29214 D ANWJNI_SECOND: 
05-27 19:07:56.658 29185 29213 D ANWAPI_SECOND: (29185|0x286F7CB0)[BTAPI] B:Rpaired_storage[1]name[]addr[00:00:00:00:00:00]linkkey[00:00:00:00:00:00:00:00:00:00:00:00:00:00:00:00]
05-27 19:07:56.658 29185 29213 D ANWAPI_SECOND: (29185|0x286F7CB0)[BTAPI] B:Rpaired_storage[2]name[]addr[00:00:00:00:00:00]linkkey[00:00:00:00:00:00:00:00:00:00:00:00:00:00:00:00]
05-27 19:07:56.658 29185 29213 D ANWAPI_SECOND: (29185|0x286F7CB0)[BTAPI] B:Rpaired_storage[3]name[]addr[00:00:00:00:00:00]linkkey[00:00:00:00:00:00:00:00:00:00:00:00:00:00:00:00]
05-27 19:07:56.659 29185 29213 D ANWAPI_SECOND: (29185|0x286F7CB0)[BTAPI] B:Rpaired_storage[4]name[]addr[00:00:00:00:00:00]linkkey[00:00:00:00:00:00:00:00:00:00:00:00:00:00:00:00]
05-27 19:07:56.659 29185 29213 D ANWAPI_SECOND: (29185|0x286F7CB0)[BTAPI] B:Rpaired_storage[5]name[]addr[00:00:00:00:00:00]linkkey[00:00:00:00:00:00:00:00:00:00:00:00:00:00:00:00]
05-27 19:07:56.659 29185 29213 D ANWAPI_SECOND: (29185|0x286F7CB0)[BTAPI] B:Rpaired_storage[6]name[]addr[00:00:00:00:00:00]linkkey[00:00:00:00:00:00:00:00:00:00:00:00:00:00:00:00]
05-27 19:07:56.659 29185 29213 D ANWAPI_SECOND: (29185|0x286F7CB0)[BTAPI] B:Rpaired_storage[7]name[]addr[00:00:00:00:00:00]linkkey[00:00:00:00:00:00:00:00:00:00:00:00:00:00:00:00]
05-27 19:07:56.659 29185 29213 D ANWAPI_SECOND: (29185|0x286F7CB0)[BTAPI] B:Rpaired_storage[8]name[]addr[00:00:00:00:00:00]linkkey[00:00:00:00:00:00:00:00:00:00:00:00:00:00:00:00]
05-27 19:07:56.659 29185 29213 D ANWAPI_SECOND: (29185|0x286F7CB0)[BTAPI] B:Rpaired_storage[9]name[]addr[00:00:00:00:00:00]linkkey[00:00:00:00:00:00:00:00:00:00:00:00:00:00:00:00]
05-27 19:07:56.659 29185 29213 D ANWAPI_SECOND: (29185|0x286F7CB0)[BTAPI] B:Rpaired_storage[10]name[]addr[00:00:00:00:00:00]linkkey[00:00:00:00:00:00:00:00:00:00:00:00:00:00:00:00]
05-27 19:07:56.659 29185 29213 D ANW_AVRCP_SECOND: AnWBT_ReadStorage =/data/misc/anw//anwbt_storage.bin
05-27 19:07:56.659 29185 29213 D ANW_AVRCP_SECOND: AnWBT_ReadStorage open anwbt_bt_storage success
05-27 19:07:56.659 29185 29213 D ANW_AVRCP_SECOND: 
05-27 19:07:56.659 29185 29213 D ANW_AVRCP_SECOND: read storage size=6600
05-27 19:07:56.659 29185 29213 D ANW_AVRCP_SECOND: 
05-27 19:07:56.660 29185 29213 D ANWAPI_SECOND: (29185|0x286F7CB0)[BTAPI] A:Readpaired_storage[0]name[]cod[0]support[0]addr[00:00:00:00:00:00]linkkey[00:00:00:00:00:00:00:00:00:00:00:00:00:00:00:00]
05-27 19:07:56.660 29185 29213 D ANWAPI_SECOND: (29185|0x286F7CB0)[BTAPI] A:Readpaired_storage[1]name[]cod[0]support[0]addr[00:00:00:00:00:00]linkkey[00:00:00:00:00:00:00:00:00:00:00:00:00:00:00:00]
05-27 19:07:56.660 29185 29213 D ANWAPI_SECOND: (29185|0x286F7CB0)[BTAPI] A:Readpaired_storage[2]name[]cod[0]support[0]addr[00:00:00:00:00:00]linkkey[00:00:00:00:00:00:00:00:00:00:00:00:00:00:00:00]
05-27 19:07:56.660 29185 29213 D ANWAPI_SECOND: (29185|0x286F7CB0)[BTAPI] A:Readpaired_storage[3]name[]cod[0]support[0]addr[00:00:00:00:00:00]linkkey[00:00:00:00:00:00:00:00:00:00:00:00:00:00:00:00]
05-27 19:07:56.660 29185 29213 D ANWAPI_SECOND: (29185|0x286F7CB0)[BTAPI] A:Readpaired_storage[4]name[]cod[0]support[0]addr[00:00:00:00:00:00]linkkey[00:00:00:00:00:00:00:00:00:00:00:00:00:00:00:00]
05-27 19:07:56.660 29185 29213 D ANWAPI_SECOND: (29185|0x286F7CB0)[BTAPI] A:Readpaired_storage[5]name[]cod[0]support[0]addr[00:00:00:00:00:00]linkkey[00:00:00:00:00:00:00:00:00:00:00:00:00:00:00:00]
05-27 19:07:56.660 29185 29213 D ANWAPI_SECOND: (29185|0x286F7CB0)[BTAPI] A:Readpaired_storage[6]name[]cod[0]support[0]addr[00:00:00:00:00:00]linkkey[00:00:00:00:00:00:00:00:00:00:00:00:00:00:00:00]
05-27 19:07:56.660 29185 29213 D ANWAPI_SECOND: (29185|0x286F7CB0)[BTAPI] A:Readpaired_storage[7]name[]cod[0]support[0]addr[00:00:00:00:00:00]linkkey[00:00:00:00:00:00:00:00:00:00:00:00:00:00:00:00]
05-27 19:07:56.660 29185 29213 D ANWAPI_SECOND: (29185|0x286F7CB0)[BTAPI] A:Readpaired_storage[8]name[]cod[0]support[0]addr[00:00:00:00:00:00]linkkey[00:00:00:00:00:00:00:00:00:00:00:00:00:00:00:00]
05-27 19:07:56.660 29185 29213 D ANWAPI_SECOND: (29185|0x286F7CB0)[BTAPI] A:Readpaired_storage[9]name[]cod[0]support[0]addr[00:00:00:00:00:00]linkkey[00:00:00:00:00:00:00:00:00:00:00:00:00:00:00:00]
05-27 19:07:56.660 29185 29213 D ANWAPI_SECOND: (29185|0x286F7CB0)[BTAPI] A:Readpaired_storage[10]name[]cod[0]support[0]addr[00:00:00:00:00:00]linkkey[00:00:00:00:00:00:00:00:00:00:00:00:00:00:00:00]
05-27 19:07:56.660 29185 29213 D ANWAPI_SECOND: (29185|0x286F7CB0)[BTAPI] <<<<AnWBT_EEPROM_Read ret = 0
05-27 19:07:56.660 29185 29213 D ANWAPI_SECOND: (29185|0x286F7CB0)[BTAPI] local_name_set=0
05-27 19:07:56.660 29185 29213 D ANWAPI_SECOND: (29185|0x286F7CB0)[BTAPI] [Paired DevInf] Storage Write
05-27 19:07:56.660 29185 29213 D ANW_AVRCP_SECOND: AnWBT_WriteStorage =/data/misc/anw//anwbt_storage.bin
05-27 19:07:56.661 29185 29213 D ANW_AVRCP_SECOND: AnWBT_WriteStorage open anwbt_bt_storage success
05-27 19:07:56.661 29185 29213 D ANW_AVRCP_SECOND: 
05-27 19:07:56.661   581   581 I SpiService: fgesysctrl_getGPIO_status success val=0
05-27 19:07:56.667   351   515 W automotive.vehicle@2.0-adayo-func-bcm: BCMFunc sendMessageFromClient_l sendMessage prop: 0x11500f31 not in table
05-27 19:07:56.675   581   581 I SpiService: fgesysctrl_getGPIO_status success val=1
05-27 19:07:56.677 29185 29213 D ANW_AVRCP_SECOND: write storage size=6600
05-27 19:07:56.677 29185 29213 D ANW_AVRCP_SECOND: 
05-27 19:07:56.677 29185 29213 D ANWAPI_SECOND: (29185|0x286F7CB0)[BTAPI] >>>>AnWBT_EEPROM_Read 
05-27 19:07:56.677 29185 29213 D ANWAPI_SECOND: (29185|0x286F7CB0)[BTAPI] B:Rpaired_storage[0]name[]addr[00:00:00:00:00:00]linkkey[00:00:00:00:00:00:00:00:00:00:00:00:00:00:00:00]
05-27 19:07:56.677 29185 29213 D ANWAPI_SECOND: (29185|0x286F7CB0)[BTAPI] B:Rpaired_storage[1]name[]addr[00:00:00:00:00:00]linkkey[00:00:00:00:00:00:00:00:00:00:00:00:00:00:00:00]
05-27 19:07:56.677 29185 29213 D ANWAPI_SECOND: (29185|0x286F7CB0)[BTAPI] B:Rpaired_storage[2]name[]addr[00:00:00:00:00:00]linkkey[00:00:00:00:00:00:00:00:00:00:00:00:00:00:00:00]
05-27 19:07:56.677 29185 29213 D ANWAPI_SECOND: (29185|0x286F7CB0)[BTAPI] B:Rpaired_storage[3]name[]addr[00:00:00:00:00:00]linkkey[00:00:00:00:00:00:00:00:00:00:00:00:00:00:00:00]
05-27 19:07:56.678 13911 14183 I SentryImuMcuAngleSender: -179.993rollDeg
05-27 19:07:56.679 29185 29213 D ANWAPI_SECOND: (29185|0x286F7CB0)[BTAPI] B:Rpaired_storage[4]name[]addr[00:00:00:00:00:00]linkkey[00:00:00:00:00:00:00:00:00:00:00:00:00:00:00:00]
05-27 19:07:56.679 13911 14183 I SentryImuMcuAngleSender: 1,0,0
05-27 19:07:56.679 29185 29213 D ANWAPI_SECOND: (29185|0x286F7CB0)[BTAPI] B:Rpaired_storage[5]name[]addr[00:00:00:00:00:00]linkkey[00:00:00:00:00:00:00:00:00:00:00:00:00:00:00:00]
05-27 19:07:56.679 29185 29213 D ANWAPI_SECOND: (29185|0x286F7CB0)[BTAPI] B:Rpaired_storage[6]name[]addr[00:00:00:00:00:00]linkkey[00:00:00:00:00:00:00:00:00:00:00:00:00:00:00:00]
05-27 19:07:56.679 29185 29213 D ANWAPI_SECOND: (29185|0x286F7CB0)[BTAPI] B:Rpaired_storage[7]name[]addr[00:00:00:00:00:00]linkkey[00:00:00:00:00:00:00:00:00:00:00:00:00:00:00:00]
05-27 19:07:56.679 29185 29213 D ANWAPI_SECOND: (29185|0x286F7CB0)[BTAPI] B:Rpaired_storage[8]name[]addr[00:00:00:00:00:00]linkkey[00:00:00:00:00:00:00:00:00:00:00:00:00:00:00:00]
05-27 19:07:56.679 29185 29213 D ANWAPI_SECOND: (29185|0x286F7CB0)[BTAPI] B:Rpaired_storage[9]name[]addr[00:00:00:00:00:00]linkkey[00:00:00:00:00:00:00:00:00:00:00:00:00:00:00:00]
05-27 19:07:56.679 29185 29213 D ANWAPI_SECOND: (29185|0x286F7CB0)[BTAPI] B:Rpaired_storage[10]name[]addr[00:00:00:00:00:00]linkkey[00:00:00:00:00:00:00:00:00:00:00:00:00:00:00:00]
05-27 19:07:56.680 29185 29213 D ANW_AVRCP_SECOND: AnWBT_ReadStorage =/data/misc/anw//anwbt_storage.bin
05-27 19:07:56.680 29185 29213 D ANW_AVRCP_SECOND: AnWBT_ReadStorage open anwbt_bt_storage success
05-27 19:07:56.680 29185 29213 D ANW_AVRCP_SECOND: 
05-27 19:07:56.680 29185 29213 D ANW_AVRCP_SECOND: read storage size=6600
05-27 19:07:56.680 29185 29213 D ANW_AVRCP_SECOND: 
05-27 19:07:56.680 29185 29213 D ANWAPI_SECOND: (29185|0x286F7CB0)[BTAPI] A:Readpaired_storage[0]name[]cod[0]support[0]addr[00:00:00:00:00:00]linkkey[00:00:00:00:00:00:00:00:00:00:00:00:00:00:00:00]
05-27 19:07:56.680   581   581 I SpiService: fgesysctrl_getGPIO_status success val=1
05-27 19:07:56.680 29185 29213 D ANWAPI_SECOND: (29185|0x286F7CB0)[BTAPI] A:Readpaired_storage[1]name[]cod[0]support[0]addr[00:00:00:00:00:00]linkkey[00:00:00:00:00:00:00:00:00:00:00:00:00:00:00:00]
05-27 19:07:56.680 29185 29213 D ANWAPI_SECOND: (29185|0x286F7CB0)[BTAPI] A:Readpaired_storage[2]name[]cod[0]support[0]addr[00:00:00:00:00:00]linkkey[00:00:00:00:00:00:00:00:00:00:00:00:00:00:00:00]
05-27 19:07:56.680 29185 29213 D ANWAPI_SECOND: (29185|0x286F7CB0)[BTAPI] A:Readpaired_storage[3]name[]cod[0]support[0]addr[00:00:00:00:00:00]linkkey[00:00:00:00:00:00:00:00:00:00:00:00:00:00:00:00]
05-27 19:07:56.680 29185 29213 D ANWAPI_SECOND: (29185|0x286F7CB0)[BTAPI] A:Readpaired_storage[4]name[]cod[0]support[0]addr[00:00:00:00:00:00]linkkey[00:00:00:00:00:00:00:00:00:00:00:00:00:00:00:00]
05-27 19:07:56.680 29185 29213 D ANWAPI_SECOND: (29185|0x286F7CB0)[BTAPI] A:Readpaired_storage[5]name[]cod[0]support[0]addr[00:00:00:00:00:00]linkkey[00:00:00:00:00:00:00:00:00:00:00:00:00:00:00:00]
05-27 19:07:56.680 29185 29213 D ANWAPI_SECOND: (29185|0x286F7CB0)[BTAPI] A:Readpaired_storage[6]name[]cod[0]support[0]addr[00:00:00:00:00:00]linkkey[00:00:00:00:00:00:00:00:00:00:00:00:00:00:00:00]
05-27 19:07:56.680 29185 29213 D ANWAPI_SECOND: (29185|0x286F7CB0)[BTAPI] A:Readpaired_storage[7]name[]cod[0]support[0]addr[00:00:00:00:00:00]linkkey[00:00:00:00:00:00:00:00:00:00:00:00:00:00:00:00]
05-27 19:07:56.680 29185 29213 D ANWAPI_SECOND: (29185|0x286F7CB0)[BTAPI] A:Readpaired_storage[8]name[]cod[0]support[0]addr[00:00:00:00:00:00]linkkey[00:00:00:00:00:00:00:00:00:00:00:00:00:00:00:00]
05-27 19:07:56.680 29185 29213 D ANWAPI_SECOND: (29185|0x286F7CB0)[BTAPI] A:Readpaired_storage[9]name[]cod[0]support[0]addr[00:00:00:00:00:00]linkkey[00:00:00:00:00:00:00:00:00:00:00:00:00:00:00:00]
05-27 19:07:56.681 29185 29213 D ANWAPI_SECOND: (29185|0x286F7CB0)[BTAPI] A:Readpaired_storage[10]name[]cod[0]support[0]addr[00:00:00:00:00:00]linkkey[00:00:00:00:00:00:00:00:00:00:00:00:00:00:00:00]
05-27 19:07:56.681 29185 29213 D ANWAPI_SECOND: (29185|0x286F7CB0)[BTAPI] <<<<AnWBT_EEPROM_Read ret = 0
05-27 19:07:56.681 29185 29213 D ANWAPI_SECOND: (29185|0x286F7CB0)[BTAPI] >>>>AnWBT_EEPROM_Read 
05-27 19:07:56.681 29185 29213 D ANWAPI_SECOND: (29185|0x286F7CB0)[BTAPI] B:Rle_paired_storage[0]addr[00:00:00:00:00:00]linkkey[00:00:00:00:00:00:00:00:00:00:00:00:00:00:00:00]
05-27 19:07:56.681 29185 29213 D ANWAPI_SECOND: (29185|0x286F7CB0)[BTAPI] B:Rle_paired_storage[1]addr[00:00:00:00:00:00]linkkey[00:00:00:00:00:00:00:00:00:00:00:00:00:00:00:00]
05-27 19:07:56.681 29185 29213 D ANWAPI_SECOND: (29185|0x286F7CB0)[BTAPI] B:Rle_paired_storage[2]addr[00:00:00:00:00:00]linkkey[00:00:00:00:00:00:00:00:00:00:00:00:00:00:00:00]
05-27 19:07:56.681 29185 29213 D ANWAPI_SECOND: (29185|0x286F7CB0)[BTAPI] B:Rle_paired_storage[3]addr[00:00:00:00:00:00]linkkey[00:00:00:00:00:00:00:00:00:00:00:00:00:00:00:00]
05-27 19:07:56.681 29185 29213 D ANWAPI_SECOND: (29185|0x286F7CB0)[BTAPI] B:Rle_paired_storage[4]addr[00:00:00:00:00:00]linkkey[00:00:00:00:00:00:00:00:00:00:00:00:00:00:00:00]
05-27 19:07:56.681 29185 29213 D ANWAPI_SECOND: (29185|0x286F7CB0)[BTAPI] B:Rle_paired_storage[5]addr[00:00:00:00:00:00]linkkey[00:00:00:00:00:00:00:00:00:00:00:00:00:00:00:00]
05-27 19:07:56.681 29185 29213 D ANWAPI_SECOND: (29185|0x286F7CB0)[BTAPI] B:Rle_paired_storage[6]addr[00:00:00:00:00:00]linkkey[00:00:00:00:00:00:00:00:00:00:00:00:00:00:00:00]
05-27 19:07:56.681 29185 29213 D ANW_AVRCP_SECOND: AnWBT_ReadStorage =/data/misc/anw//anwble_storage.bin
05-27 19:07:56.681 29185 29213 D ANW_AVRCP_SECOND: AnWBT_ReadStorage open anwbt_bt_storage success
05-27 19:07:56.681 29185 29213 D ANW_AVRCP_SECOND: 
05-27 19:07:56.681 29185 29213 D ANW_AVRCP_SECOND: read storage size=1336
05-27 19:07:56.681 29185 29213 D ANW_AVRCP_SECOND: 
05-27 19:07:56.681 29185 29213 D ANWAPI_SECOND: (29185|0x286F7CB0)[BTAPI] A:Rle_paired_storage[0]addr[00:00:00:00:00:00]linkkey[00:00:00:00:00:00:00:00:00:00:00:00:00:00:00:00]
05-27 19:07:56.681 29185 29213 D ANWAPI_SECOND: (29185|0x286F7CB0)[BTAPI] A:Rle_paired_storage[1]addr[00:00:00:00:00:00]linkkey[00:00:00:00:00:00:00:00:00:00:00:00:00:00:00:00]
05-27 19:07:56.681 29185 29213 D ANWAPI_SECOND: (29185|0x286F7CB0)[BTAPI] A:Rle_paired_storage[2]addr[00:00:00:00:00:00]linkkey[00:00:00:00:00:00:00:00:00:00:00:00:00:00:00:00]
05-27 19:07:56.682 29185 29213 D ANWAPI_SECOND: (29185|0x286F7CB0)[BTAPI] A:Rle_paired_storage[3]addr[00:00:00:00:00:00]linkkey[00:00:00:00:00:00:00:00:00:00:00:00:00:00:00:00]
05-27 19:07:56.682 29185 29213 D ANWAPI_SECOND: (29185|0x286F7CB0)[BTAPI] A:Rle_paired_storage[4]addr[00:00:00:00:00:00]linkkey[00:00:00:00:00:00:00:00:00:00:00:00:00:00:00:00]
05-27 19:07:56.682 29185 29213 D ANWAPI_SECOND: (29185|0x286F7CB0)[BTAPI] A:Rle_paired_storage[5]addr[00:00:00:00:00:00]linkkey[00:00:00:00:00:00:00:00:00:00:00:00:00:00:00:00]
05-27 19:07:56.682 29185 29213 D ANWAPI_SECOND: (29185|0x286F7CB0)[BTAPI] A:Rle_paired_storage[6]addr[00:00:00:00:00:00]linkkey[00:00:00:00:00:00:00:00:00:00:00:00:00:00:00:00]
05-27 19:07:56.682 29185 29213 D ANWAPI_SECOND: (29185|0x286F7CB0)[BTAPI] <<<<AnWBT_EEPROM_Read ret = 0
05-27 19:07:56.682 29185 29213 D ANWAPI_SECOND: (29185|0x286F7CB0)[BTAPI] btsdk_initial_param.flag=0x4000
05-27 19:07:56.682 29185 29213 D ANWAPI_SECOND: (29185|0x286F7CB0)[BTAPI] [Paired DevInf] Storage Write
05-27 19:07:56.683 29185 29213 D ANW_AVRCP_SECOND: AnWBT_WriteStorage =/data/misc/anw//anwbt_storage.bin
05-27 19:07:56.683 29185 29213 D ANW_AVRCP_SECOND: AnWBT_WriteStorage open anwbt_bt_storage success
05-27 19:07:56.683 29185 29213 D ANW_AVRCP_SECOND: 
05-27 19:07:56.683   536   536 D commservice260303: msg.id = 1028,0
05-27 19:07:56.683   536   536 D commservice260303: i = 170, msgid = 8A000404
05-27 19:07:56.683   536   536 D commservice260303: msgid = -1979710460,did=138
05-27 19:07:56.683   536   536 D commservice260303: CommProtocolLibCmdBaseI2C::dataproc {"command":{"id":"imu_status","sub":""},"content":{"TimeStamp":11,"FrameCounter":280862,"GD_X":-0.011147825978696346,"GD_Y":0.0056498548947274685,"GD_Z":0.0018319635419175029,"AD_X":-0.0035776644945144653,"AD_Y":-0.0033060486894100904,"AD_Z":-0.1731739044189453,"TempDsp":0,"Status":0,"CalibState":1,"SigAmpInvalid":0}},-1979710460
05-27 19:07:56.683   536   536 D commservice260303: send2Cluster len:319, 7B22636F6D6D616E64223A7B226964223A22696D755F737461747573222C22737562223A22227D2C22636F6E74656E74223A7B2254696D655374616D70223A31312C224672616D65436F756E746572223A3238303836322C2247445F58223A2D302E3031313134373832353937383639363334362C2247445F59223A302E303035363439383534383934373237343638352C2247445F5A223A302E303031383331393633353431393137353032392C2241445F58223A2D302E303033353737363634343934353134343635332C2241445F59223A2D302E303033333036303438363839343130303930342C2241445F5A223A2D302E313733313733393034343138393435332C2254656D70447370223A302C22537461747573223A302C2243616C69625374617465223A312C22536967416D70496E76616C6964223A307D7D, 138 
05-27 19:07:56.683   536   536 D commservice260303: Push Message into SendPool fn=1603011584
05-27 19:07:56.683   536   536 D commservice260303: ComProtocolLibSend2Cluster::send2ClusterRaw fn=1603011584 , len=335
05-27 19:07:56.683   536   536 D commservice260303: sendCmdToPort :335!!!
05-27 19:07:56.683   536   536 D commservice260303: send Cmd To Port ++++5AA5014B8A0100048C5F6A16D08C7B22636F6D6D616E64223A7B226964223A22696D755F737461747573222C22737562223A22227D2C22636F6E74656E74223A7B2254696D655374616D70223A31312C224672616D65436F756E746572223A3238303836322C2247445F58223A2D302E3031313134373832353937383639363334362C2247445F59223A302E303035363439383534383934373237343638352C2247445F5A223A302E303031383331393633353431393137353032392C2241445F58223A2D302E303033353737363634343934353134343635332C2241445F59223A2D302E303033333036303438363839343130303930342C2241445F5A223A2D302E313733313733393034343138393435332C2254656D70447370223A302C22537461747573223A302C2243616C69625374617465223A312C22536967416D70496E76616C6964223A307D7D8722
05-27 19:07:56.683   536   536 D commservice260303: bufferevent_write retrun value = 0
05-27 19:07:56.683   536   560 D commservice260303: client datas send succeed,send finish
05-27 19:07:56.684 13911 14192 D Sentinelmode_1.2.5.17_sentry: <SentryImuClusterFgeSender>imu_status sent to Linux, frame=280862, tsNs=11943923, tsMs=11, intervalMs=39, ad=(-0.0035776645,-0.0033060487,-0.1731739), gd=(-0.011147826,0.005649855,0.0018319635)
05-27 19:07:56.685 29185 29213 D ANW_AVRCP_SECOND: write storage size=6600
05-27 19:07:56.685 29185 29213 D ANW_AVRCP_SECOND: 
05-27 19:07:56.685 29185 29213 D ANWAPI_SECOND: (29185|0x286F7CB0)[BTAPI] >>>>AnWBT_EEPROM_Read 
05-27 19:07:56.685 29185 29213 D ANWAPI_SECOND: (29185|0x286F7CB0)[BTAPI] B:Rpaired_storage[0]name[]addr[00:00:00:00:00:00]linkkey[00:00:00:00:00:00:00:00:00:00:00:00:00:00:00:00]
05-27 19:07:56.685   581   581 I SpiService: fgesysctrl_getGPIO_status success val=1
05-27 19:07:56.685 29185 29213 D ANWAPI_SECOND: (29185|0x286F7CB0)[BTAPI] B:Rpaired_storage[1]name[]addr[00:00:00:00:00:00]linkkey[00:00:00:00:00:00:00:00:00:00:00:00:00:00:00:00]
05-27 19:07:56.685 29185 29213 D ANWAPI_SECOND: (29185|0x286F7CB0)[BTAPI] B:Rpaired_storage[2]name[]addr[00:00:00:00:00:00]linkkey[00:00:00:00:00:00:00:00:00:00:00:00:00:00:00:00]
05-27 19:07:56.685 29185 29213 D ANWAPI_SECOND: (29185|0x286F7CB0)[BTAPI] B:Rpaired_storage[3]name[]addr[00:00:00:00:00:00]linkkey[00:00:00:00:00:00:00:00:00:00:00:00:00:00:00:00]
05-27 19:07:56.685 29185 29213 D ANWAPI_SECOND: (29185|0x286F7CB0)[BTAPI] B:Rpaired_storage[4]name[]addr[00:00:00:00:00:00]linkkey[00:00:00:00:00:00:00:00:00:00:00:00:00:00:00:00]
05-27 19:07:56.685 29185 29213 D ANWAPI_SECOND: (29185|0x286F7CB0)[BTAPI] B:Rpaired_storage[5]name[]addr[00:00:00:00:00:00]linkkey[00:00:00:00:00:00:00:00:00:00:00:00:00:00:00:00]
05-27 19:07:56.685 29185 29213 D ANWAPI_SECOND: (29185|0x286F7CB0)[BTAPI] B:Rpaired_storage[6]name[]addr[00:00:00:00:00:00]linkkey[00:00:00:00:00:00:00:00:00:00:00:00:00:00:00:00]
05-27 19:07:56.685 29185 29213 D ANWAPI_SECOND: (29185|0x286F7CB0)[BTAPI] B:Rpaired_storage[7]name[]addr[00:00:00:00:00:00]linkkey[00:00:00:00:00:00:00:00:00:00:00:00:00:00:00:00]
05-27 19:07:56.686   283   307 I rvcservice: t.code = 3, t.value = 0
05-27 19:07:56.686 29185 29213 D ANWAPI_SECOND: (29185|0x286F7CB0)[BTAPI] B:Rpaired_storage[8]name[]addr[00:00:00:00:00:00]linkkey[00:00:00:00:00:00:00:00:00:00:00:00:00:00:00:00]
05-27 19:07:56.686 29185 29213 D ANWAPI_SECOND: (29185|0x286F7CB0)[BTAPI] B:Rpaired_storage[9]name[]addr[00:00:00:00:00:00]linkkey[00:00:00:00:00:00:00:00:00:00:00:00:00:00:00:00]
05-27 19:07:56.686 29185 29213 D ANWAPI_SECOND: (29185|0x286F7CB0)[BTAPI] B:Rpaired_storage[10]name[]addr[00:00:00:00:00:00]linkkey[00:00:00:00:00:00:00:00:00:00:00:00:00:00:00:00]
05-27 19:07:56.686 29185 29213 D ANW_AVRCP_SECOND: AnWBT_ReadStorage =/data/misc/anw//anwbt_storage.bin
05-27 19:07:56.686 29185 29213 D ANW_AVRCP_SECOND: AnWBT_ReadStorage open anwbt_bt_storage success
05-27 19:07:56.686 29185 29213 D ANW_AVRCP_SECOND: 
05-27 19:07:56.686 29185 29213 D ANW_AVRCP_SECOND: read storage size=6600
05-27 19:07:56.686 29185 29213 D ANW_AVRCP_SECOND: 
05-27 19:07:56.686 29185 29213 D ANWAPI_SECOND: (29185|0x286F7CB0)[BTAPI] A:Readpaired_storage[0]name[]cod[0]support[0]addr[00:00:00:00:00:00]linkkey[00:00:00:00:00:00:00:00:00:00:00:00:00:00:00:00]
05-27 19:07:56.686 29185 29213 D ANWAPI_SECOND: (29185|0x286F7CB0)[BTAPI] A:Readpaired_storage[1]name[]cod[0]support[0]addr[00:00:00:00:00:00]linkkey[00:00:00:00:00:00:00:00:00:00:00:00:00:00:00:00]
05-27 19:07:56.686 29185 29213 D ANWAPI_SECOND: (29185|0x286F7CB0)[BTAPI] A:Readpaired_storage[2]name[]cod[0]support[0]addr[00:00:00:00:00:00]linkkey[00:00:00:00:00:00:00:00:00:00:00:00:00:00:00:00]
05-27 19:07:56.686 29185 29213 D ANWAPI_SECOND: (29185|0x286F7CB0)[BTAPI] A:Readpaired_storage[3]name[]cod[0]support[0]addr[00:00:00:00:00:00]linkkey[00:00:00:00:00:00:00:00:00:00:00:00:00:00:00:00]
05-27 19:07:56.686 29185 29213 D ANWAPI_SECOND: (29185|0x286F7CB0)[BTAPI] A:Readpaired_storage[4]name[]cod[0]support[0]addr[00:00:00:00:00:00]linkkey[00:00:00:00:00:00:00:00:00:00:00:00:00:00:00:00]
05-27 19:07:56.686 29185 29213 D ANWAPI_SECOND: (29185|0x286F7CB0)[BTAPI] A:Readpaired_storage[5]name[]cod[0]support[0]addr[00:00:00:00:00:00]linkkey[00:00:00:00:00:00:00:00:00:00:00:00:00:00:00:00]
05-27 19:07:56.686 29185 29213 D ANWAPI_SECOND: (29185|0x286F7CB0)[BTAPI] A:Readpaired_storage[6]name[]cod[0]support[0]addr[00:00:00:00:00:00]linkkey[00:00:00:00:00:00:00:00:00:00:00:00:00:00:00:00]
05-27 19:07:56.686 29185 29213 D ANWAPI_SECOND: (29185|0x286F7CB0)[BTAPI] A:Readpaired_storage[7]name[]cod[0]support[0]addr[00:00:00:00:00:00]linkkey[00:00:00:00:00:00:00:00:00:00:00:00:00:00:00:00]
05-27 19:07:56.686 29185 29213 D ANWAPI_SECOND: (29185|0x286F7CB0)[BTAPI] A:Readpaired_storage[8]name[]cod[0]support[0]addr[00:00:00:00:00:00]linkkey[00:00:00:00:00:00:00:00:00:00:00:00:00:00:00:00]
05-27 19:07:56.686 29185 29213 D ANWAPI_SECOND: (29185|0x286F7CB0)[BTAPI] A:Readpaired_storage[9]name[]cod[0]support[0]addr[00:00:00:00:00:00]linkkey[00:00:00:00:00:00:00:00:00:00:00:00:00:00:00:00]
05-27 19:07:56.686 29185 29213 D ANWAPI_SECOND: (29185|0x286F7CB0)[BTAPI] A:Readpaired_storage[10]name[]cod[0]support[0]addr[00:00:00:00:00:00]linkkey[00:00:00:00:00:00:00:00:00:00:00:00:00:00:00:00]
05-27 19:07:56.687 29185 29213 D ANWAPI_SECOND: (29185|0x286F7CB0)[BTAPI] <<<<AnWBT_EEPROM_Read ret = 0
05-27 19:07:56.687 29185 29213 D ANWAPI_SECOND: (29185|0x286F7CB0)[BTAPI] build time = 11:28:38 sdk ver=0x 300002A
05-27 19:07:56.687 29185 29213 D ANWAPI_SECOND: (29185|0x286F7CB0)[BTAPI] creating init task
05-27 19:07:56.687 29185 29215 D ANWAPI_SECOND: (29185|0x284FBCB0)[BTAPI] Enter BTInit_Task stacd=1,676314288
05-27 19:07:56.687 29185 29215 D ANWAPI_SECOND: (29185|0x284FBCB0)[BTAPI] pthread_attr_init
05-27 19:07:56.687 29185 29215 D ANWAPI_SECOND: (29185|0x284FBCB0)[BTAPI] BTHost_Init: min priority 1, max priority 99
05-27 19:07:56.687 29185 29215 D ANWAPI_SECOND: (29185|0x284FBCB0)[BTAPI] Enter BTHost_Init
05-27 19:07:56.688 29185 29215 D ANWAPI_SECOND: (29185|0x284FBCB0)[BTAPI] BTHost_InitMessage
05-27 19:07:56.688 29185 29215 D ANWAPI_SECOND: (29185|0x284FBCB0)[BTAPI] btosal_msg_ff_initial
05-27 19:07:56.688 29185 29215 D ANW_WAVEOUT_SECOND: (29185|0x284FBCB0)[WAVEOUT] [AnWBT WAVE] A2dp_WaveOut_Init
05-27 19:07:56.688 29185 29215 D ANW_WAVEOUT_SECOND: 
05-27 19:07:56.688 29185 29215 D ANWAPI_SECOND: (29185|0x284FBCB0)[BTAPI] Check BTHost_Task status
05-27 19:07:56.688 29185 29217 D ANWAPI_SECOND: (29185|0x282FFCB0)[BTAPI] Enter BTHost_Task
05-27 19:07:56.688 29185 29217 D ANWAPI_SECOND: (29185|0x282FFCB0)[BTAPI] BTHost_Task setpriority(0)(-15)
05-27 19:07:56.690   581   581 I SpiService: fgesysctrl_getGPIO_status success val=1
05-27 19:07:56.696   581   581 I SpiService: fgesysctrl_getGPIO_status success val=1
05-27 08:59:05.660   581   581 D spi_rst_gpio_get_output: GPIO 145 value: 1
05-27 08:59:05.660   581   581 D spidev_ioctl: gpio status=1)
05-27 19:07:56.700 13911 14183 I SentryImuMcuAngleSender: -179.986rollDeg
05-27 19:07:56.700 13911 14183 I SentryImuMcuAngleSender: 1,0,0
05-27 19:07:56.702   581   581 I SpiService: fgesysctrl_getGPIO_status success val=0
05-27 19:07:56.704 30773 30786 I dvr_service_: CameraX 1  audioOK: 45376000,audios:710
05-27 08:59:05.666   581   581 D spi_rst_gpio_get_output: GPIO 145 value: 0
05-27 19:07:56.716   581   581 I SpiService: fgesysctrl_getGPIO_status success val=1
05-27 19:07:56.721 13911 14183 I SentryImuMcuAngleSender: -179.9895rollDeg
05-27 19:07:56.721 13911 14183 I SentryImuMcuAngleSender: 1,0,0
05-27 19:07:56.721   581   581 I SpiService: fgesysctrl_getGPIO_status success val=1
05-27 19:07:56.723   536   536 D commservice260303: msg.id = 1028,0
05-27 19:07:56.723   536   536 D commservice260303: i = 170, msgid = 8A000404
05-27 19:07:56.723   536   536 D commservice260303: msgid = -1979710460,did=138
05-27 19:07:56.723   536   536 D commservice260303: CommProtocolLibCmdBaseI2C::dataproc {"command":{"id":"imu_status","sub":""},"content":{"TimeStamp":11,"FrameCounter":280863,"GD_X":-0.011223767884075642,"GD_Y":0.0051151420921087265,"GD_Z":0.002213752595707774,"AD_X":7.340312004089355E-5,"AD_Y":-0.003888227976858616,"AD_Z":-0.1756134033203125,"TempDsp":0,"Status":0,"CalibState":1,"SigAmpInvalid":0}},-1979710460
05-27 19:07:56.724   536   536 D commservice260303: send2Cluster len:315, 7B22636F6D6D616E64223A7B226964223A22696D755F737461747573222C22737562223A22227D2C22636F6E74656E74223A7B2254696D655374616D70223A31312C224672616D65436F756E746572223A3238303836332C2247445F58223A2D302E3031313232333736373838343037353634322C2247445F59223A302E303035313135313432303932313038373236352C2247445F5A223A302E3030323231333735323539353730373737342C2241445F58223A372E333430333132303034303839333535452D352C2241445F59223A2D302E3030333838383232373937363835383631362C2241445F5A223A2D302E313735363133343033333230333132352C2254656D70447370223A302C22537461747573223A302C2243616C69625374617465223A312C22536967416D70496E76616C6964223A307D7D, 138 
05-27 19:07:56.724   536   536 D commservice260303: Push Message into SendPool fn=1619788800
05-27 19:07:56.724   536   536 D commservice260303: ComProtocolLibSend2Cluster::send2ClusterRaw fn=1619788800 , len=331
05-27 19:07:56.724   536   536 D commservice260303: sendCmdToPort :331!!!
05-27 19:07:56.724   536   536 D commservice260303: send Cmd To Port ++++5AA501478A0100048C606A16D08C7B22636F6D6D616E64223A7B226964223A22696D755F737461747573222C22737562223A22227D2C22636F6E74656E74223A7B2254696D655374616D70223A31312C224672616D65436F756E746572223A3238303836332C2247445F58223A2D302E3031313232333736373838343037353634322C2247445F59223A302E303035313135313432303932313038373236352C2247445F5A223A302E3030323231333735323539353730373737342C2241445F58223A372E333430333132303034303839333535452D352C2241445F59223A2D302E3030333838383232373937363835383631362C2241445F5A223A2D302E313735363133343033333230333132352C2254656D70447370223A302C22537461747573223A302C2243616C69625374617465223A312C22536967416D70496E76616C6964223A307D7D5030
05-27 19:07:56.724   536   536 D commservice260303: bufferevent_write retrun value = 0
05-27 19:07:56.724   536   560 D commservice260303: client datas send succeed,send finish
05-27 19:07:56.724 13911 14192 D Sentinelmode_1.2.5.17_sentry: <SentryImuClusterFgeSender>imu_status sent to Linux, frame=280863, tsNs=11943959, tsMs=11, intervalMs=41, ad=(7.340312E-5,-0.003888228,-0.1756134), gd=(-0.011223768,0.005115142,0.0022137526)
05-27 19:07:56.726   572   622 I Sensors : 230 AccelSensor: x:-0.168360,y:0.000610,z:-9.980821
05-27 19:07:56.727   581   581 I SpiService: fgesysctrl_getGPIO_status success val=1
05-27 19:07:56.732   581   581 I SpiService: fgesysctrl_getGPIO_status success val=1
05-27 19:07:56.738   581   581 I SpiService: fgesysctrl_getGPIO_status success val=1
05-27 19:07:56.742 13911 14183 I SentryImuMcuAngleSender: 179.99649rollDeg
05-27 19:07:56.742 13911 14183 I SentryImuMcuAngleSender: 1,0,0
05-27 19:07:56.743   581   581 I SpiService: fgesysctrl_getGPIO_status success val=0
05-27 19:07:56.750 13911 13911 I Sentinelmode_1.2.5.17_sentry: <SentinelCarServiceManager>sensorType:291504647
05-27 19:07:56.757   581   581 I SpiService: fgesysctrl_getGPIO_status success val=1
05-27 19:07:56.762   581   581 I SpiService: fgesysctrl_getGPIO_status success val=1
05-27 19:07:56.763 13911 14183 I SentryImuMcuAngleSender: 179.986rollDeg
05-27 19:07:56.763 13911 14183 I SentryImuMcuAngleSender: 1,0,0
05-27 19:07:56.764   536   536 D commservice260303: msg.id = 1028,0
05-27 19:07:56.764   536   536 D commservice260303: i = 170, msgid = 8A000404
05-27 19:07:56.764   536   536 D commservice260303: msgid = -1979710460,did=138
05-27 19:07:56.764   536   536 D commservice260303: CommProtocolLibCmdBaseI2C::dataproc {"command":{"id":"imu_status","sub":""},"content":{"TimeStamp":11,"FrameCounter":280864,"GD_X":-0.011759000830352306,"GD_Y":0.0056498548947274685,"GD_Z":0.0018319635419175029,"AD_X":-0.0023781508207321167,"AD_Y":3.8470979779958725E-4,"AD_Z":-0.1750040054321289,"TempDsp":0,"Status":0,"CalibState":1,"SigAmpInvalid":0}},-1979710460
05-27 19:07:56.764   536   536 D commservice260303: send2Cluster len:318, 7B22636F6D6D616E64223A7B226964223A22696D755F737461747573222C22737562223A22227D2C22636F6E74656E74223A7B2254696D655374616D70223A31312C224672616D65436F756E746572223A3238303836342C2247445F58223A2D302E3031313735393030303833303335323330362C2247445F59223A302E303035363439383534383934373237343638352C2247445F5A223A302E303031383331393633353431393137353032392C2241445F58223A2D302E303032333738313530383230373332313136372C2241445F59223A332E38343730393739373739393538373235452D342C2241445F5A223A2D302E313735303034303035343332313238392C2254656D70447370223A302C22537461747573223A302C2243616C69625374617465223A312C22536967416D70496E76616C6964223A307D7D, 138 
05-27 19:07:56.764   536   536 D commservice260303: Push Message into SendPool fn=1636566016
05-27 19:07:56.764   536   536 D commservice260303: ComProtocolLibSend2Cluster::send2ClusterRaw fn=1636566016 , len=334
05-27 19:07:56.764   536   536 D commservice260303: sendCmdToPort :334!!!
05-27 19:07:56.764   536   536 D commservice260303: send Cmd To Port ++++5AA5014A8A0100048C616A16D08C7B22636F6D6D616E64223A7B226964223A22696D755F737461747573222C22737562223A22227D2C22636F6E74656E74223A7B2254696D655374616D70223A31312C224672616D65436F756E746572223A3238303836342C2247445F58223A2D302E3031313735393030303833303335323330362C2247445F59223A302E303035363439383534383934373237343638352C2247445F5A223A302E303031383331393633353431393137353032392C2241445F58223A2D302E303032333738313530383230373332313136372C2241445F59223A332E38343730393739373739393538373235452D342C2241445F5A223A2D302E313735303034303035343332313238392C2254656D70447370223A302C22537461747573223A302C2243616C69625374617465223A312C22536967416D70496E76616C6964223A307D7DC5BA
05-27 19:07:56.764   536   536 D commservice260303: bufferevent_write retrun value = 0
05-27 19:07:56.764   536   560 D commservice260303: client datas send succeed,send finish
05-27 19:07:56.764 13911 14192 D Sentinelmode_1.2.5.17_sentry: <SentryImuClusterFgeSender>imu_status sent to Linux, frame=280864, tsNs=11943995, tsMs=11, intervalMs=40, ad=(-0.0023781508,3.847098E-4,-0.175004), gd=(-0.011759001,0.005649855,0.0018319635)
05-27 19:07:56.767   581   581 I SpiService: fgesysctrl_getGPIO_status success val=1
05-27 19:07:56.773   581   581 I SpiService: fgesysctrl_getGPIO_status success val=1
05-27 19:07:56.778   581   581 I SpiService: fgesysctrl_getGPIO_status success val=1
05-27 19:07:56.782 13911 14183 I SentryImuMcuAngleSender: 179.97198rollDeg
05-27 19:07:56.783 13911 14183 I SentryImuMcuAngleSender: 1,0,0
05-27 19:07:56.783   581   581 I SpiService: fgesysctrl_getGPIO_status success val=0
05-27 19:07:56.786   283   307 I rvcservice: t.code = 0, t.value = 0
05-27 19:07:56.788 29185 29215 D ANWAPI_SECOND: (29185|0x284FBCB0)[BTAPI] set_bluetooth_power : open /sys/class/gpio/gpio142/value
05-27 19:07:56.789 29185 29215 D ANWAPI_SECOND: (29185|0x284FBCB0)[BTAPI] set_bluetooth_power : open(/sys/class/gpio/gpio142/value) for write failed,fd=-1
05-27 19:07:56.789 29185 29215 D ANWAPI_SECOND: (29185|0x284FBCB0)[BTAPI] open set_bluetooth_power : write(No such file or directory) failed,errno = 2
05-27 19:07:56.797   581   581 I SpiService: fgesysctrl_getGPIO_status success val=1
05-27 19:07:56.802   581   581 I SpiService: fgesysctrl_getGPIO_status success val=1
05-27 19:07:56.802 13911 14183 I SentryImuMcuAngleSender: 179.96498rollDeg
05-27 19:07:56.803 13911 14183 I SentryImuMcuAngleSender: 1,0,0
05-27 19:07:56.804   536   536 D commservice260303: msg.id = 1028,0
05-27 19:07:56.804   536   536 D commservice260303: i = 170, msgid = 8A000404
05-27 19:07:56.804   536   536 D commservice260303: msgid = -1979710460,did=138
05-27 19:07:56.804   536   536 D commservice260303: CommProtocolLibCmdBaseI2C::dataproc {"command":{"id":"imu_status","sub":""},"content":{"TimeStamp":11,"FrameCounter":280865,"GD_X":-0.01160607673227787,"GD_Y":0.005573912989348173,"GD_Z":0.0018319635419175029,"AD_X":-0.005420595407485962,"AD_Y":0.004016607068479061,"AD_Z":-0.1743936538696289,"TempDsp":0,"Status":0,"CalibState":1,"SigAmpInvalid":0}},-1979710460
05-27 19:07:56.804   536   536 D commservice260303: send2Cluster len:314, 7B22636F6D6D616E64223A7B226964223A22696D755F737461747573222C22737562223A22227D2C22636F6E74656E74223A7B2254696D655374616D70223A31312C224672616D65436F756E746572223A3238303836352C2247445F58223A2D302E30313136303630373637333232373738372C2247445F59223A302E3030353537333931323938393334383137332C2247445F5A223A302E303031383331393633353431393137353032392C2241445F58223A2D302E3030353432303539353430373438353936322C2241445F59223A302E3030343031363630373036383437393036312C2241445F5A223A2D302E313734333933363533383639363238392C2254656D70447370223A302C22537461747573223A302C2243616C69625374617465223A312C22536967416D70496E76616C6964223A307D7D, 138 
05-27 19:07:56.804   536   536 D commservice260303: Push Message into SendPool fn=1653343232
05-27 19:07:56.804   536   536 D commservice260303: ComProtocolLibSend2Cluster::send2ClusterRaw fn=1653343232 , len=330
05-27 19:07:56.804   536   536 D commservice260303: sendCmdToPort :330!!!
05-27 19:07:56.805   536   536 D commservice260303: send Cmd To Port ++++5AA501468A0100048C626A16D08C7B22636F6D6D616E64223A7B226964223A22696D755F737461747573222C22737562223A22227D2C22636F6E74656E74223A7B2254696D655374616D70223A31312C224672616D65436F756E746572223A3238303836352C2247445F58223A2D302E30313136303630373637333232373738372C2247445F59223A302E3030353537333931323938393334383137332C2247445F5A223A302E303031383331393633353431393137353032392C2241445F58223A2D302E3030353432303539353430373438353936322C2241445F59223A302E3030343031363630373036383437393036312C2241445F5A223A2D302E313734333933363533383639363238392C2254656D70447370223A302C22537461747573223A302C2243616C69625374617465223A312C22536967416D70496E76616C6964223A307D7D07F3
05-27 19:07:56.805   536   536 D commservice260303: bufferevent_write retrun value = 0
05-27 19:07:56.805   536   560 D commservice260303: client datas send succeed,send finish
05-27 19:07:56.805 13911 14192 D Sentinelmode_1.2.5.17_sentry: <SentryImuClusterFgeSender>imu_status sent to Linux, frame=280865, tsNs=11944048, tsMs=11, intervalMs=41, ad=(-0.0054205954,0.004016607,-0.17439365), gd=(-0.011606077,0.005573913,0.0018319635)
05-27 19:07:56.806   566  1171 I gps_hdbd: [gps_upgrade_thread 3506]Enter
05-27 19:07:56.806   566  1171 I gps_hdbd: [gps_upgrade_thread 3535] sys.gps.update:0 ,file:not ,upgrate_ing:0
05-27 19:07:56.807   581   581 I SpiService: fgesysctrl_getGPIO_status success val=1
05-27 19:07:56.813   581   581 I SpiService: fgesysctrl_getGPIO_status success val=1
05-27 19:07:56.815   572   572 I Sensors : 230 GyroSensor: x:-0.011453,y:0.005726,z:0.001832
05-27 19:07:56.816 13549 13549 I ADAYO_LOG_: handleMessage(UsbFunc.java:352)copyQnx = 0
05-27 19:07:56.816 13549 13549 I ADAYO_LOG_: handleMessage(UsbFunc.java:404)copyState = 2
05-27 19:07:56.818   581   581 I SpiService: fgesysctrl_getGPIO_status success val=1
05-27 19:07:56.822 13911 14183 I SentryImuMcuAngleSender: 179.97198rollDeg
05-27 19:07:56.822 13911 14183 I SentryImuMcuAngleSender: 1,0,0
05-27 19:07:56.823   581   581 I SpiService: fgesysctrl_getGPIO_status success val=0
05-27 19:07:56.838   581   581 I SpiService: fgesysctrl_getGPIO_status success val=1
05-27 19:07:56.843 13911 14183 I SentryImuMcuAngleSender: 179.993rollDeg
05-27 19:07:56.843 13911 14183 I SentryImuMcuAngleSender: 1,0,0
05-27 19:07:56.843   581   581 I SpiService: fgesysctrl_getGPIO_status success val=1
05-27 19:07:56.845   536   536 D commservice260303: msg.id = 1028,0
05-27 19:07:56.845   536   536 D commservice260303: i = 170, msgid = 8A000404
05-27 19:07:56.845   536   536 D commservice260303: msgid = -1979710460,did=138
05-27 19:07:56.845   536   536 D commservice260303: CommProtocolLibCmdBaseI2C::dataproc {"command":{"id":"imu_status","sub":""},"content":{"TimeStamp":11,"FrameCounter":280866,"GD_X":-0.011759000830352306,"GD_Y":0.00549693126231432,"GD_Z":0.0023671966046094894,"AD_X":-0.0035786181688308716,"AD_Y":-8.688578382134438E-4,"AD_Z":-0.1768341064453125,"TempDsp":0,"Status":0,"CalibState":1,"SigAmpInvalid":0}},-1979710460
05-27 19:07:56.845   536   536 D commservice260303: send2Cluster len:316, 7B22636F6D6D616E64223A7B226964223A22696D755F737461747573222C22737562223A22227D2C22636F6E74656E74223A7B2254696D655374616D70223A31312C224672616D65436F756E746572223A3238303836362C2247445F58223A2D302E3031313735393030303833303335323330362C2247445F59223A302E30303534393639333132363233313433322C2247445F5A223A302E303032333637313936363034363039343839342C2241445F58223A2D302E303033353738363138313638383330383731362C2241445F59223A2D382E363838353738333832313334343338452D342C2241445F5A223A2D302E313736383334313036343435333132352C2254656D70447370223A302C22537461747573223A302C2243616C69625374617465223A312C22536967416D70496E76616C6964223A307D7D, 138 
05-27 19:07:56.845   536   536 D commservice260303: Push Message into SendPool fn=1670120448
