05-27 19:07:54.540   536   536 D commservice260303: send2Cluster len:316, 7B22636F6D6D616E64223A7B226964223A22696D755F737461747573222C22737562223A22227D2C22636F6E74656E74223A7B2254696D655374616D70223A31312C224672616D65436F756E746572223A3238303830392C2247445F58223A2D302E3031323133393734393731333234323035342C2247445F59223A302E3030353537333931323938393334383137332C2247445F5A223A302E3030323734373934353438373439393233372C2241445F58223A2D302E3030313335383132313633333532393636332C2241445F59223A2D302E303034343137353432383333383334383836362C2241445F5A223A2D302E313731393533323031323933393435332C2254656D70447370223A302C22537461747573223A302C2243616C69625374617465223A312C22536967416D70496E76616C6964223A307D7D, 138 
05-27 19:07:54.540   536   536 D commservice260303: Push Message into SendPool fn=697041920
05-27 19:07:54.540   536   536 D commservice260303: ComProtocolLibSend2Cluster::send2ClusterRaw fn=697041920 , len=332
05-27 19:07:54.540   536   536 D commservice260303: sendCmdToPort :332!!!
05-27 19:07:54.540   536   536 D commservice260303: send Cmd To Port ++++5AA501488A0100048C296A16D08A7B22636F6D6D616E64223A7B226964223A22696D755F737461747573222C22737562223A22227D2C22636F6E74656E74223A7B2254696D655374616D70223A31312C224672616D65436F756E746572223A3238303830392C2247445F58223A2D302E3031323133393734393731333234323035342C2247445F59223A302E3030353537333931323938393334383137332C2247445F5A223A302E3030323734373934353438373439393233372C2241445F58223A2D302E3030313335383132313633333532393636332C2241445F59223A2D302E303034343137353432383333383334383836362C2241445F5A223A2D302E313731393533323031323933393435332C2254656D70447370223A302C22537461747573223A302C2243616C69625374617465223A312C22536967416D70496E76616C6964223A307D7DEAA3
05-27 08:59:03.503   581   581 D spi_rst_gpio_get_output: GPIO 145 value: 0
05-27 19:07:54.540   536   536 D commservice260303: bufferevent_write retrun value = 0
05-27 19:07:54.541   536   560 D commservice260303: client datas send succeed,send finish
05-27 19:07:54.541 13911 14192 D Sentinelmode_1.2.5.17_sentry: <SentryImuClusterFgeSender>imu_status sent to Linux, frame=280809, tsNs=11941784, tsMs=11, intervalMs=40, ad=(-0.0013581216,-0.004417543,-0.1719532), gd=(-0.01213975,0.005573913,0.0027479455)
05-27 08:59:03.503   581   581 D spidev_ioctl: gpio status=0)
05-27 19:07:54.544   536   760 I commservice260303: [mcuCommFunctionTcp::ProtocolCheckConnectTimeOutProc:613] keyID:256,tcpEvent:5,tcpcount:0,heartbeat:1,noHeartBeatNumber:0,endispatch:0,strState:0
05-27 19:07:54.544   536   760 D commservice260303: ProtocolCheckConnectTimeOutProc,629,clear heartbeat
05-27 19:07:54.552   581   581 I SpiService: fgesysctrl_getGPIO_status success val=1
05-27 08:59:03.517   581   581 D spi_rst_gpio_get_output: GPIO 145 value: 1
05-27 08:59:03.517   581   581 D spidev_ioctl: gpio status=1)
05-27 19:07:54.558   581   581 I SpiService: fgesysctrl_getGPIO_status success val=1
05-27 19:07:54.560 13911 14183 I SentryImuMcuAngleSender: 179.993rollDeg
05-27 19:07:54.561 13911 14183 I SentryImuMcuAngleSender: 1,0,0
05-27 08:59:03.522   581   581 D spi_rst_gpio_get_output: GPIO 145 value: 1
05-27 08:59:03.522   581   581 D spidev_ioctl: gpio status=1)
05-27 19:07:54.563   581   581 I SpiService: fgesysctrl_getGPIO_status success val=1
05-27 08:59:03.528   581   581 D spi_rst_gpio_get_output: GPIO 145 value: 1
05-27 08:59:03.528   581   581 D spidev_ioctl: gpio status=1)
05-27 19:07:54.569   581   581 I SpiService: fgesysctrl_getGPIO_status success val=1
05-27 08:59:03.533   581   581 D spi_rst_gpio_get_output: GPIO 145 value: 1
05-27 08:59:03.533   581   581 D spidev_ioctl: gpio status=1)
05-27 19:07:54.570   572   572 I Sensors : 230 AccelSensor: x:-0.169580,y:0.004880,z:-9.977160
05-27 19:07:54.574   581   581 I SpiService: fgesysctrl_getGPIO_status success val=1
05-27 19:07:54.576 15286 24383 D okhttp.TaskRunner: Q10007 scheduled after   0 µs: OkHttp ConnectionPool
05-27 19:07:54.576 15286 20914 D okhttp.TaskRunner: Q10007 starting              : OkHttp ConnectionPool
05-27 19:07:54.576 15286 20914 D okhttp.TaskRunner: Q10007 run again after 175 s : OkHttp ConnectionPool
05-27 19:07:54.576 15286 20914 D okhttp.TaskRunner: Q10007 finished run in 185 µs: OkHttp ConnectionPool
05-27 08:59:03.538   581   581 D spi_rst_gpio_get_output: GPIO 145 value: 1
05-27 08:59:03.538   581   581 D spidev_ioctl: gpio status=1)
05-27 19:07:54.579   581   581 I SpiService: fgesysctrl_getGPIO_status success val=0
05-27 19:07:54.580 13911 14183 I SentryImuMcuAngleSender: 179.97198rollDeg
05-27 19:07:54.581 13911 14183 I SentryImuMcuAngleSender: 1,0,0
05-27 08:59:03.544   581   581 D spi_rst_gpio_get_output: GPIO 145 value: 0
05-27 08:59:03.544   581   581 D spidev_ioctl: gpio status=0)
05-27 19:07:54.581   536   536 D commservice260303: msg.id = 1028,0
05-27 19:07:54.581   536   536 D commservice260303: i = 170, msgid = 8A000404
05-27 19:07:54.581   536   536 D commservice260303: msgid = -1979710460,did=138
05-27 19:07:54.581   536   536 D commservice260303: CommProtocolLibCmdBaseI2C::dataproc {"command":{"id":"imu_status","sub":""},"content":{"TimeStamp":11,"FrameCounter":280810,"GD_X":-0.012063807807862759,"GD_Y":0.005268065724521875,"GD_Z":0.0021378109231591225,"AD_X":-0.001364290714263916,"AD_Y":0.0028952136635780334,"AD_Z":-0.1719532012939453,"TempDsp":0,"Status":0,"CalibState":1,"SigAmpInvalid":0}},-1979710460
05-27 19:07:54.581   536   536 D commservice260303: send2Cluster len:316, 7B22636F6D6D616E64223A7B226964223A22696D755F737461747573222C22737562223A22227D2C22636F6E74656E74223A7B2254696D655374616D70223A31312C224672616D65436F756E746572223A3238303831302C2247445F58223A2D302E3031323036333830373830373836323735392C2247445F59223A302E3030353236383036353732343532313837352C2247445F5A223A302E303032313337383130393233313539313232352C2241445F58223A2D302E3030313336343239303731343236333931362C2241445F59223A302E303032383935323133363633353738303333342C2241445F5A223A2D302E313731393533323031323933393435332C2254656D70447370223A302C22537461747573223A302C2243616C69625374617465223A312C22536967416D70496E76616C6964223A307D7D, 138 
05-27 19:07:54.582   536   536 D commservice260303: Push Message into SendPool fn=713819136
05-27 19:07:54.582   536   536 D commservice260303: ComProtocolLibSend2Cluster::send2ClusterRaw fn=713819136 , len=332
05-27 19:07:54.582   536   536 D commservice260303: sendCmdToPort :332!!!
05-27 19:07:54.582   536   536 D commservice260303: send Cmd To Port ++++5AA501488A0100048C2A6A16D08A7B22636F6D6D616E64223A7B226964223A22696D755F737461747573222C22737562223A22227D2C22636F6E74656E74223A7B2254696D655374616D70223A31312C224672616D65436F756E746572223A3238303831302C2247445F58223A2D302E3031323036333830373830373836323735392C2247445F59223A302E3030353236383036353732343532313837352C2247445F5A223A302E303032313337383130393233313539313232352C2241445F58223A2D302E3030313336343239303731343236333931362C2241445F59223A302E303032383935323133363633353738303333342C2241445F5A223A2D302E313731393533323031323933393435332C2254656D70447370223A302C22537461747573223A302C2243616C69625374617465223A312C22536967416D70496E76616C6964223A307D7DF8F7
05-27 19:07:54.582   536   536 D commservice260303: bufferevent_write retrun value = 0
05-27 19:07:54.582   536   560 D commservice260303: client datas send succeed,send finish
05-27 19:07:54.582   283   307 I rvcservice: t.code = 3, t.value = 0
05-27 19:07:54.582 13911 14192 D Sentinelmode_1.2.5.17_sentry: <SentryImuClusterFgeSender>imu_status sent to Linux, frame=280810, tsNs=11941820, tsMs=11, intervalMs=42, ad=(-0.0013642907,0.0028952137,-0.1719532), gd=(-0.012063808,0.0052680657,0.002137811)
05-27 19:07:54.589   481   598 I mcuc    : rev,n=1,6AA68283C70002090128
05-27 19:07:54.593   581   581 I SpiService: fgesysctrl_getGPIO_status success val=1
05-27 08:59:03.558   581   581 D spi_rst_gpio_get_output: GPIO 145 value: 1
05-27 08:59:03.558   581   581 D spidev_ioctl: gpio status=1)
05-27 19:07:54.598   581   581 I SpiService: fgesysctrl_getGPIO_status success val=1
05-27 19:07:54.600 13911 14183 I SentryImuMcuAngleSender: 179.96497rollDeg
05-27 19:07:54.600 13911 14183 I SentryImuMcuAngleSender: 1,0,0
05-27 08:59:03.563   581   581 D spi_rst_gpio_get_output: GPIO 145 value: 1
05-27 08:59:03.563   581   581 D spidev_ioctl: gpio status=1)
05-27 19:07:54.604   581   581 I SpiService: fgesysctrl_getGPIO_status success val=1
05-27 08:59:03.568   581   581 D spi_rst_gpio_get_output: GPIO 145 value: 1
05-27 08:59:03.568   581   581 D spidev_ioctl: gpio status=1)
05-27 19:07:54.609   581   581 I SpiService: fgesysctrl_getGPIO_status success val=1
05-27 08:59:03.574   581   581 D spi_rst_gpio_get_output: GPIO 145 value: 1
05-27 08:59:03.574   581   581 D spidev_ioctl: gpio status=1)
05-27 19:07:54.614   581   581 I SpiService: fgesysctrl_getGPIO_status success val=1
05-27 08:59:03.579   581   581 D spi_rst_gpio_get_output: GPIO 145 value: 1
05-27 08:59:03.579   581   581 D spidev_ioctl: gpio status=1)
05-27 19:07:54.620   581   581 I SpiService: fgesysctrl_getGPIO_status success val=0
05-27 19:07:54.621 13911 14183 I SentryImuMcuAngleSender: 179.97899rollDeg
05-27 19:07:54.621 13911 14183 I SentryImuMcuAngleSender: 1,0,0
05-27 08:59:03.584   581   581 D spi_rst_gpio_get_output: GPIO 145 value: 0
05-27 08:59:03.584   581   581 D spidev_ioctl: gpio status=0)
05-27 19:07:54.624   536   536 D commservice260303: msg.id = 1028,0
05-27 19:07:54.624   536   536 D commservice260303: i = 170, msgid = 8A000404
05-27 19:07:54.624   536   536 D commservice260303: msgid = -1979710460,did=138
05-27 19:07:54.624   536   536 D commservice260303: CommProtocolLibCmdBaseI2C::dataproc {"command":{"id":"imu_status","sub":""},"content":{"TimeStamp":11,"FrameCounter":280811,"GD_X":-0.01153013575822115,"GD_Y":0.0056498548947274685,"GD_Z":0.0020608289632946253,"AD_X":0.004086315631866455,"AD_Y":0.0016564915422350168,"AD_Z":-0.1707286834716797,"TempDsp":0,"Status":0,"CalibState":1,"SigAmpInvalid":0}},-1979710460
05-27 19:07:54.624   536   536 D commservice260303: send2Cluster len:315, 7B22636F6D6D616E64223A7B226964223A22696D755F737461747573222C22737562223A22227D2C22636F6E74656E74223A7B2254696D655374616D70223A31312C224672616D65436F756E746572223A3238303831312C2247445F58223A2D302E30313135333031333537353832323131352C2247445F59223A302E303035363439383534383934373237343638352C2247445F5A223A302E303032303630383238393633323934363235332C2241445F58223A302E3030343038363331353633313836363435352C2241445F59223A302E303031363536343931353432323335303136382C2241445F5A223A2D302E313730373238363833343731363739372C2254656D70447370223A302C22537461747573223A302C2243616C69625374617465223A312C22536967416D70496E76616C6964223A307D7D, 138 
05-27 19:07:54.624   536   536 D commservice260303: Push Message into SendPool fn=730596352
05-27 19:07:54.624   536   536 D commservice260303: ComProtocolLibSend2Cluster::send2ClusterRaw fn=730596352 , len=331
05-27 19:07:54.624   536   536 D commservice260303: sendCmdToPort :331!!!
05-27 19:07:54.625   536   536 D commservice260303: send Cmd To Port ++++5AA501478A0100048C2B6A16D08A7B22636F6D6D616E64223A7B226964223A22696D755F737461747573222C22737562223A22227D2C22636F6E74656E74223A7B2254696D655374616D70223A31312C224672616D65436F756E746572223A3238303831312C2247445F58223A2D302E30313135333031333537353832323131352C2247445F59223A302E303035363439383534383934373237343638352C2247445F5A223A302E303032303630383238393633323934363235332C2241445F58223A302E3030343038363331353633313836363435352C2241445F59223A302E303031363536343931353432323335303136382C2241445F5A223A2D302E313730373238363833343731363739372C2254656D70447370223A302C22537461747573223A302C2243616C69625374617465223A312C22536967416D70496E76616C6964223A307D7D91D8
05-27 19:07:54.625   536   536 D commservice260303: bufferevent_write retrun value = 0
05-27 19:07:54.625   536   560 D commservice260303: client datas send succeed,send finish
05-27 19:07:54.625 13911 14192 D Sentinelmode_1.2.5.17_sentry: <SentryImuClusterFgeSender>imu_status sent to Linux, frame=280811, tsNs=11941856, tsMs=11, intervalMs=43, ad=(0.0040863156,0.0016564915,-0.17072868), gd=(-0.011530136,0.005649855,0.002060829)
05-27 19:07:54.633   581   581 I SpiService: fgesysctrl_getGPIO_status success val=1
05-27 08:59:03.598   581   581 D spi_rst_gpio_get_output: GPIO 145 value: 1
05-27 08:59:03.598   581   581 D spidev_ioctl: gpio status=1)
05-27 19:07:54.637 15863 16024 D AIN-ExternalMapLocation: MSG_LOCATE
05-27 19:07:54.637 15863 16024 D AIN-CustomMapProxy: sendMsgToCustomMap hascallback : true
05-27 19:07:54.637 15863 16024 D AIN-ServiceHub: getService with: name = service_multi_dhu_control
05-27 19:07:54.637 15863 16024 D AIN-NaviThirdPartyAccessor: hasCallback : true
05-27 19:07:54.637 15863 16024 D AIN-NaviThirdPartyAccessor: sendMsgToCustomMap msg : {"needResponse":true,"protocolFrom":"com.aispeech.lyra.daemon","protocolId":14012,"protocolVersion":"v1","requestCode":"90ae69c0-1aaa-4afd-aef5-6a755f42b0ae"}
05-27 19:07:54.637 17284 17302 D AIN-AiNaviManager: speech send msg to navi : {"needResponse":true,"protocolFrom":"com.aispeech.lyra.daemon","protocolId":14012,"protocolVersion":"v1","requestCode":"90ae69c0-1aaa-4afd-aef5-6a755f42b0ae"}
05-27 19:07:54.638 17284 17302 I AIN-MapAccessLayer: onMessage_with: protocolMsg = [{"needResponse":true,"protocolFrom":"com.aispeech.lyra.daemon","protocolId":14012,"protocolVersion":"v1","requestCode":"90ae69c0-1aaa-4afd-aef5-6a755f42b0ae"}]
05-27 19:07:54.638 17284 17344 D AIN-MapAccessLayer: 请求定位 14012
05-27 19:07:54.638 15863 16024 D AIN-NaviThirdPartyAccessor: callback[navi_com.aispeech.lyra.assistant] is invoked
05-27 19:07:54.638 15863 16024 I AIN-CustomMapProxy: requestCurLocation，requestLocationCount=2273 callTag=toLocate
05-27 19:07:54.638   581   581 I SpiService: fgesysctrl_getGPIO_status success val=1
05-27 08:59:03.603   581   581 D spi_rst_gpio_get_output: GPIO 145 value: 1
05-27 08:59:03.603   581   581 D spidev_ioctl: gpio status=1)
05-27 19:07:54.641 13911 14183 I SentryImuMcuAngleSender: 179.99649rollDeg
05-27 19:07:54.641 13911 14183 I SentryImuMcuAngleSender: 1,0,0
05-27 19:07:54.644   581   581 I SpiService: fgesysctrl_getGPIO_status success val=1
05-27 08:59:03.608   581   581 D spi_rst_gpio_get_output: GPIO 145 value: 1
05-27 08:59:03.608   581   581 D spidev_ioctl: gpio status=1)
05-27 19:07:54.649   581   581 I SpiService: fgesysctrl_getGPIO_status success val=1
05-27 08:59:03.614   581   581 D spi_rst_gpio_get_output: GPIO 145 value: 1
05-27 08:59:03.614   581   581 D spidev_ioctl: gpio status=1)
05-27 19:07:54.655   581   581 I SpiService: fgesysctrl_getGPIO_status success val=1
05-27 08:59:03.619   581   581 D spi_rst_gpio_get_output: GPIO 145 value: 1
05-27 08:59:03.619   581   581 D spidev_ioctl: gpio status=1)
05-27 19:07:54.658   572   622 I Sensors : 230 GyroSensor: x:-0.011224,y:0.005421,z:0.002367
05-27 19:07:54.660   581   581 I SpiService: fgesysctrl_getGPIO_status success val=0
05-27 08:59:03.625   581   581 D spi_rst_gpio_get_output: GPIO 145 value: 0
05-27 08:59:03.625   581   581 D spidev_ioctl: gpio status=0)
05-27 19:07:54.662 13911 14183 I SentryImuMcuAngleSender: 179.993rollDeg
05-27 19:07:54.662 13911 14183 I SentryImuMcuAngleSender: 1,0,0
05-27 19:07:54.665   536   536 D commservice260303: msg.id = 1028,0
05-27 19:07:54.665   536   536 D commservice260303: i = 170, msgid = 8A000404
05-27 19:07:54.665   536   536 D commservice260303: msgid = -1979710460,did=138
05-27 19:07:54.665   536   536 D commservice260303: CommProtocolLibCmdBaseI2C::dataproc {"command":{"id":"imu_status","sub":""},"content":{"TimeStamp":11,"FrameCounter":280812,"GD_X":-0.011223767884075642,"GD_Y":0.005420989356935024,"GD_Z":0.0023671966046094894,"AD_X":-8.340924978256226E-4,"AD_Y":-7.724342867732048E-4,"AD_Z":-0.17316913604736328,"TempDsp":0,"Status":0,"CalibState":1,"SigAmpInvalid":0}},-1979710460
05-27 19:07:54.665   536   536 D commservice260303: send2Cluster len:317, 7B22636F6D6D616E64223A7B226964223A22696D755F737461747573222C22737562223A22227D2C22636F6E74656E74223A7B2254696D655374616D70223A31312C224672616D65436F756E746572223A3238303831322C2247445F58223A2D302E3031313232333736373838343037353634322C2247445F59223A302E3030353432303938393335363933353032342C2247445F5A223A302E303032333637313936363034363039343839342C2241445F58223A2D382E333430393234393738323536323236452D342C2241445F59223A2D372E373234333432383637373332303438452D342C2241445F5A223A2D302E31373331363931333630343733363332382C2254656D70447370223A302C22537461747573223A302C2243616C69625374617465223A312C22536967416D70496E76616C6964223A307D7D, 138 
05-27 19:07:54.665   536   536 D commservice260303: Push Message into SendPool fn=747373568
05-27 19:07:54.665   536   536 D commservice260303: ComProtocolLibSend2Cluster::send2ClusterRaw fn=747373568 , len=333
05-27 19:07:54.665   536   536 D commservice260303: sendCmdToPort :333!!!
05-27 19:07:54.665   536   536 D commservice260303: send Cmd To Port ++++5AA501498A0100048C2C6A16D08A7B22636F6D6D616E64223A7B226964223A22696D755F737461747573222C22737562223A22227D2C22636F6E74656E74223A7B2254696D655374616D70223A31312C224672616D65436F756E746572223A3238303831322C2247445F58223A2D302E3031313232333736373838343037353634322C2247445F59223A302E3030353432303938393335363933353032342C2247445F5A223A302E303032333637313936363034363039343839342C2241445F58223A2D382E333430393234393738323536323236452D342C2241445F59223A2D372E373234333432383637373332303438452D342C2241445F5A223A2D302E31373331363931333630343733363332382C2254656D70447370223A302C22537461747573223A302C2243616C69625374617465223A312C22536967416D70496E76616C6964223A307D7D4340
05-27 19:07:54.665   536   536 D commservice260303: bufferevent_write retrun value = 0
05-27 19:07:54.665   536   560 D commservice260303: client datas send succeed,send finish
05-27 19:07:54.666 13911 14192 D Sentinelmode_1.2.5.17_sentry: <SentryImuClusterFgeSender>imu_status sent to Linux, frame=280812, tsNs=11941909, tsMs=11, intervalMs=40, ad=(-8.340925E-4,-7.724343E-4,-0.17316914), gd=(-0.011223768,0.0054209894,0.0023671966)
05-27 19:07:54.673   481   598 I mcuc    : rev,n=1,6AA681F095000B8300E000000000000000008C
05-27 19:07:54.673   351   373 D automotive.vehicle@2.0-adayo-datacomm-mcu: MCUDatacomm sendMessageFromVehicle prop: 0x83, areaId: 0x0, status: 0x0, timestamp: 0x0
05-27 19:07:54.674   351   373 D automotive.vehicle@2.0-adayo-datacomm-mcu: MCUDatacomm 1sendMessageFromVehicle ---> type = 7 
05-27 19:07:54.674   351   373 I automotive.vehicle@2.0-adayo-func-mcu: MCUFunc :sendMessageFromVehicle  msgBuff[0] = 131 
05-27 19:07:54.674   351   373 I automotive.vehicle@2.0-adayo-func-mcu: MCUFunc :sendMessageFromVehicle  msgBuff[1] = 0 
05-27 19:07:54.674   351   373 I automotive.vehicle@2.0-adayo-func-mcu: MCUFunc :sendMessageFromVehicle  msgBuff[2] = 0 
05-27 19:07:54.674   351   373 I automotive.vehicle@2.0-adayo-func-mcu: MCUFunc :sendMessageFromVehicle  msgBuff[3] = 0 
05-27 19:07:54.674   351   373 I automotive.vehicle@2.0-adayo-func-mcu: MCUFunc :sendMessageFromVehicle  msgBuff[4] = 3 
05-27 19:07:54.674   351   373 I automotive.vehicle@2.0-adayo-func-mcu: MCUFunc :sendMessageFromVehicle  msgBuff[5] = 1 
05-27 19:07:54.674   351   373 I automotive.vehicle@2.0-adayo-func-mcu: MCUFunc :sendMessageFromVehicle  msgBuff[6] = 0 
05-27 19:07:54.674   351   373 I automotive.vehicle@2.0-adayo-func-mcu: MCUFunc :sendMessageFromVehicle  msgBuff[7] = 0 
05-27 19:07:54.674   351   373 I automotive.vehicle@2.0-adayo-func-mcu: MCUFunc :sendMessageFromVehicle  msgBuff[8] = 0 
05-27 19:07:54.674   581   581 I SpiService: fgesysctrl_getGPIO_status success val=1
05-27 19:07:54.674   351   373 I automotive.vehicle@2.0-adayo-func-mcu: MCUFunc :sendMessageFromVehicle  msgBuff[9] = 0 
05-27 19:07:54.674   351   373 I automotive.vehicle@2.0-adayo-func-mcu: MCUFunc :sendMessageFromVehicle  msgBuff[10] = 0 
05-27 19:07:54.674   351   373 I automotive.vehicle@2.0-adayo-func-mcu: MCUFunc :sendMessageFromVehicle  msgBuff[11] = 0 
05-27 19:07:54.674   351   373 I automotive.vehicle@2.0-adayo-func-mcu: MCUFunc :sendMessageFromVehicle  msgBuff[12] = 0 
05-27 19:07:54.674   351   373 I automotive.vehicle@2.0-adayo-func-mcu: MCUFunc :sendMessageFromVehicle  msgBuff[13] = 0 
05-27 19:07:54.674   351   373 I automotive.vehicle@2.0-adayo-func-mcu: MCUFunc :sendMessageFromVehicle  msgBuff[14] = 0 
05-27 19:07:54.674   351   373 I automotive.vehicle@2.0-adayo-func-mcu: MCUFunc :sendMessageFromVehicle  msgBuff[15] = 0 
05-27 19:07:54.674   351   373 I automotive.vehicle@2.0-adayo-func-mcu: MCUFunc :sendMessageFromVehicle  msgBuff[16] = 0 
05-27 19:07:54.676   481   598 I mcuc    : rev,n=2,6AA681F09600038415005D
05-27 08:59:03.638   581   581 D spi_rst_gpio_get_output: GPIO 145 value: 1
05-27 08:59:03.638   581   581 D spidev_ioctl: gpio status=1)
05-27 19:07:54.678   481   598 I mcuc    : rev,n=3,6AA681F097008C8305000055000000B000000000000100010000A7FDD8B1A70F3BD8B3D8A94D67D8B2B15FD8B3B23B80A3BE770400000000040000B3000000000000000000000000000000B44300000000000300000000000000AA000000E40701010000000000000000BB06050507EA051B000008009403CB00CC000000000000000000000000000000B5000000000000000082
05-27 19:07:54.678   351   373 D automotive.vehicle@2.0-adayo-datacomm-mcu: MCUDatacomm sendMessageFromVehicle prop: 0x83, areaId: 0x5, status: 0x0, timestamp: 0x0
05-27 19:07:54.678   351   373 D automotive.vehicle@2.0-adayo-datacomm-mcu: MCUDatacomm 1sendMessageFromVehicle ---> type = 7 
05-27 19:07:54.678   351   373 I automotive.vehicle@2.0-adayo-func-mcu: MCUFunc :sendMessageFromVehicle  msgBuff[0] = 131 
05-27 19:07:54.678   351   373 I automotive.vehicle@2.0-adayo-func-mcu: MCUFunc :sendMessageFromVehicle  msgBuff[1] = 5 
05-27 19:07:54.678   351   373 I automotive.vehicle@2.0-adayo-func-mcu: MCUFunc :sendMessageFromVehicle  msgBuff[2] = 0 
05-27 19:07:54.678   351   373 I automotive.vehicle@2.0-adayo-func-mcu: MCUFunc :sendMessageFromVehicle  msgBuff[3] = 0 
05-27 19:07:54.678   351   373 I automotive.vehicle@2.0-adayo-func-mcu: MCUFunc :sendMessageFromVehicle  msgBuff[4] = 85 
05-27 19:07:54.678   351   373 I automotive.vehicle@2.0-adayo-func-mcu: MCUFunc :sendMessageFromVehicle  msgBuff[5] = 0 
05-27 19:07:54.679   581   581 I SpiService: fgesysctrl_getGPIO_status success val=1
05-27 08:59:03.644   581   581 D spi_rst_gpio_get_output: GPIO 145 value: 1
05-27 08:59:03.644   581   581 D spidev_ioctl: gpio status=1)
05-27 19:07:54.682   283   307 I rvcservice: t.code = 7, t.value = 11941820
05-27 19:07:54.682 13911 14183 I SentryImuMcuAngleSender: 179.97899rollDeg
05-27 19:07:54.683 13911 14183 I SentryImuMcuAngleSender: 1,0,0
05-27 19:07:54.684   581   581 I SpiService: fgesysctrl_getGPIO_status success val=1
05-27 08:59:03.649   581   581 D spi_rst_gpio_get_output: GPIO 145 value: 1
05-27 08:59:03.649   581   581 D spidev_ioctl: gpio status=1)
05-27 19:07:54.690   581   581 I SpiService: fgesysctrl_getGPIO_status success val=1
05-27 08:59:03.654   581   581 D spi_rst_gpio_get_output: GPIO 145 value: 1
05-27 08:59:03.654   581   581 D spidev_ioctl: gpio status=1)
05-27 19:07:54.695   581   581 I SpiService: fgesysctrl_getGPIO_status success val=1
05-27 08:59:03.660   581   581 D spi_rst_gpio_get_output: GPIO 145 value: 1
05-27 08:59:03.660   581   581 D spidev_ioctl: gpio status=1)
05-27 19:07:54.700   581   581 I SpiService: fgesysctrl_getGPIO_status success val=0
05-27 19:07:54.700   481   597 I mcuc    : send SPI:6AA602F09500028300F46AA602F09600028415DD6AA602F09700028305ED
05-27 08:59:03.665   581   581 D spi_rst_gpio_get_output: GPIO 145 value: 0
05-27 08:59:03.665   581   581 D spidev_ioctl: gpio status=0)
05-27 19:07:54.702 13911 14183 I SentryImuMcuAngleSender: 179.97198rollDeg
05-27 19:07:54.702 13911 14183 I SentryImuMcuAngleSender: 1,0,0
05-27 19:07:54.705   536   536 D commservice260303: msg.id = 1028,1
05-27 19:07:54.705   536   536 D commservice260303: i = 170, msgid = 8A000404
05-27 19:07:54.705   536   536 D commservice260303: msgid = -1979710460,did=138
05-27 19:07:54.705   536   536 D commservice260303: CommProtocolLibCmdBaseI2C::dataproc {"command":{"id":"imu_status","sub":""},"content":{"TimeStamp":11,"FrameCounter":280813,"GD_X":-0.01091896090656519,"GD_Y":0.006032164208590984,"GD_Z":0.0023671966046094894,"AD_X":-0.006308421492576599,"AD_Y":0.002872421871870756,"AD_Z":-0.17316913604736328,"TempDsp":0,"Status":0,"CalibState":1,"SigAmpInvalid":0}},-1979710460
05-27 19:07:54.705   536   536 D commservice260303: send2Cluster len:315, 7B22636F6D6D616E64223A7B226964223A22696D755F737461747573222C22737562223A22227D2C22636F6E74656E74223A7B2254696D655374616D70223A31312C224672616D65436F756E746572223A3238303831332C2247445F58223A2D302E30313039313839363039303635363531392C2247445F59223A302E3030363033323136343230383539303938342C2247445F5A223A302E303032333637313936363034363039343839342C2241445F58223A2D302E3030363330383432313439323537363539392C2241445F59223A302E3030323837323432313837313837303735362C2241445F5A223A2D302E31373331363931333630343733363332382C2254656D70447370223A302C22537461747573223A302C2243616C69625374617465223A312C22536967416D70496E76616C6964223A307D7D, 138 
05-27 19:07:54.706   536   536 D commservice260303: Push Message into SendPool fn=764150784
05-27 19:07:54.706   536   536 D commservice260303: ComProtocolLibSend2Cluster::send2ClusterRaw fn=764150784 , len=331
05-27 19:07:54.706   536   536 D commservice260303: sendCmdToPort :331!!!
05-27 19:07:54.706   536   536 D commservice260303: send Cmd To Port ++++5AA501478A0100048C2D6A16D08A7B22636F6D6D616E64223A7B226964223A22696D755F737461747573222C22737562223A22227D2C22636F6E74656E74223A7B2254696D655374616D70223A31312C224672616D65436F756E746572223A3238303831332C2247445F58223A2D302E30313039313839363039303635363531392C2247445F59223A302E3030363033323136343230383539303938342C2247445F5A223A302E303032333637313936363034363039343839342C2241445F58223A2D302E3030363330383432313439323537363539392C2241445F59223A302E3030323837323432313837313837303735362C2241445F5A223A2D302E31373331363931333630343733363332382C2254656D70447370223A302C22537461747573223A302C2243616C69625374617465223A312C22536967416D70496E76616C6964223A307D7DF860
05-27 19:07:54.706   536   536 D commservice260303: bufferevent_write retrun value = 0
05-27 19:07:54.706   536   560 D commservice260303: client datas send succeed,send finish
05-27 19:07:54.706 13911 14192 D Sentinelmode_1.2.5.17_sentry: <SentryImuClusterFgeSender>imu_status sent to Linux, frame=280813, tsNs=11941945, tsMs=11, intervalMs=41, ad=(-0.0063084215,0.0028724219,-0.17316914), gd=(-0.010918961,0.006032164,0.0023671966)
05-27 19:07:54.714   581   581 I SpiService: fgesysctrl_getGPIO_status success val=1
05-27 08:59:03.679   581   581 D spi_rst_gpio_get_output: GPIO 145 value: 1
05-27 08:59:03.679   581   581 D spidev_ioctl: gpio status=1)
05-27 19:07:54.719   581   581 I SpiService: fgesysctrl_getGPIO_status success val=1
05-27 08:59:03.684   581   581 D spi_rst_gpio_get_output: GPIO 145 value: 1
05-27 08:59:03.684   581   581 D spidev_ioctl: gpio status=1)
05-27 19:07:54.722 13911 14183 I SentryImuMcuAngleSender: 179.97548rollDeg
05-27 19:07:54.722 13911 14183 I SentryImuMcuAngleSender: 1,0,0
05-27 19:07:54.723 30773 30786 I dvr_service_: CameraX 0  audioOK: 43456000,audios:680
05-27 19:07:54.725   581   581 I SpiService: fgesysctrl_getGPIO_status success val=1
05-27 08:59:03.689   581   581 D spi_rst_gpio_get_output: GPIO 145 value: 1
05-27 08:59:03.689   581   581 D spidev_ioctl: gpio status=1)
05-27 19:07:54.730   581   581 I SpiService: fgesysctrl_getGPIO_status success val=1
05-27 08:59:03.695   581   581 D spi_rst_gpio_get_output: GPIO 145 value: 1
05-27 08:59:03.695   581   581 D spidev_ioctl: gpio status=1)
05-27 19:07:54.735   581   581 I SpiService: fgesysctrl_getGPIO_status success val=1
05-27 08:59:03.700   581   581 D spi_rst_gpio_get_output: GPIO 145 value: 1
05-27 08:59:03.700   581   581 D spidev_ioctl: gpio status=1)
05-27 19:07:54.740   581   581 I SpiService: fgesysctrl_getGPIO_status success val=0
05-27 08:59:03.705   581   581 D spi_rst_gpio_get_output: GPIO 145 value: 0
05-27 08:59:03.705   581   581 D spidev_ioctl: gpio status=0)
05-27 19:07:54.743 13911 14183 I SentryImuMcuAngleSender: 179.98248rollDeg
05-27 19:07:54.743 13911 14183 I SentryImuMcuAngleSender: 1,0,0
05-27 19:07:54.745   536   536 D commservice260303: msg.id = 1028,1
05-27 19:07:54.745   536   536 D commservice260303: i = 170, msgid = 8A000404
05-27 19:07:54.745   536   536 D commservice260303: msgid = -1979710460,did=138
05-27 19:07:54.745   536   536 D commservice260303: CommProtocolLibCmdBaseI2C::dataproc {"command":{"id":"imu_status","sub":""},"content":{"TimeStamp":11,"FrameCounter":280814,"GD_X":-0.010841978713870049,"GD_Y":0.0056498548947274685,"GD_Z":0.0021378109231591225,"AD_X":-0.005075782537460327,"AD_Y":0.001032617874443531,"AD_Z":-0.17377853393554688,"TempDsp":0,"Status":0,"CalibState":1,"SigAmpInvalid":0}},-1979710460
05-27 19:07:54.746   536   536 D commservice260303: send2Cluster len:317, 7B22636F6D6D616E64223A7B226964223A22696D755F737461747573222C22737562223A22227D2C22636F6E74656E74223A7B2254696D655374616D70223A31312C224672616D65436F756E746572223A3238303831342C2247445F58223A2D302E3031303834313937383731333837303034392C2247445F59223A302E303035363439383534383934373237343638352C2247445F5A223A302E303032313337383130393233313539313232352C2241445F58223A2D302E3030353037353738323533373436303332372C2241445F59223A302E3030313033323631373837343434333533312C2241445F5A223A2D302E31373337373835333339333535343638382C2254656D70447370223A302C22537461747573223A302C2243616C69625374617465223A312C22536967416D70496E76616C6964223A307D7D, 138 
05-27 19:07:54.746   536   536 D commservice260303: Push Message into SendPool fn=780928000
05-27 19:07:54.746   536   536 D commservice260303: ComProtocolLibSend2Cluster::send2ClusterRaw fn=780928000 , len=333
05-27 19:07:54.746   536   536 D commservice260303: sendCmdToPort :333!!!
05-27 19:07:54.746   536   536 D commservice260303: send Cmd To Port ++++5AA501498A0100048C2E6A16D08A7B22636F6D6D616E64223A7B226964223A22696D755F737461747573222C22737562223A22227D2C22636F6E74656E74223A7B2254696D655374616D70223A31312C224672616D65436F756E746572223A3238303831342C2247445F58223A2D302E3031303834313937383731333837303034392C2247445F59223A302E303035363439383534383934373237343638352C2247445F5A223A302E303032313337383130393233313539313232352C2241445F58223A2D302E3030353037353738323533373436303332372C2241445F59223A302E3030313033323631373837343434333533312C2241445F5A223A2D302E31373337373835333339333535343638382C2254656D70447370223A302C22537461747573223A302C2243616C69625374617465223A312C22536967416D70496E76616C6964223A307D7DAE66
05-27 19:07:54.746   536   536 D commservice260303: bufferevent_write retrun value = 0
05-27 19:07:54.746   536   560 D commservice260303: client datas send succeed,send finish
05-27 19:07:54.746 13911 14192 D Sentinelmode_1.2.5.17_sentry: <SentryImuClusterFgeSender>imu_status sent to Linux, frame=280814, tsNs=11941980, tsMs=11, intervalMs=40, ad=(-0.0050757825,0.0010326179,-0.17377853), gd=(-0.010841979,0.005649855,0.002137811)
05-27 19:07:54.755   581   581 I SpiService: fgesysctrl_getGPIO_status success val=1
05-27 08:59:03.719   581   581 D spi_rst_gpio_get_output: GPIO 145 value: 1
05-27 08:59:03.719   581   581 D spidev_ioctl: gpio status=1)
05-27 19:07:54.760   581   581 I SpiService: fgesysctrl_getGPIO_status success val=1
05-27 08:59:03.724   581   581 D spi_rst_gpio_get_output: GPIO 145 value: 1
05-27 08:59:03.725   581   581 D spidev_ioctl: gpio status=1)
05-27 19:07:54.764 13911 14183 I SentryImuMcuAngleSender: 179.99649rollDeg
05-27 19:07:54.764 13911 14183 I SentryImuMcuAngleSender: 1,0,0
05-27 19:07:54.765   581   581 I SpiService: fgesysctrl_getGPIO_status success val=1
05-27 19:07:54.766   572   622 I Sensors : 230 AccelSensor: x:-0.170190,y:-0.001220,z:-9.980210
05-27 08:59:03.730   581   581 D spi_rst_gpio_get_output: GPIO 145 value: 1
05-27 08:59:03.730   581   581 D spidev_ioctl: gpio status=1)
05-27 19:07:54.771   581   581 I SpiService: fgesysctrl_getGPIO_status success val=1
05-27 08:59:03.735   581   581 D spi_rst_gpio_get_output: GPIO 145 value: 1
05-27 08:59:03.735   581   581 D spidev_ioctl: gpio status=1)
05-27 19:07:54.776   581   581 I SpiService: fgesysctrl_getGPIO_status success val=1
05-27 08:59:03.740   581   581 D spi_rst_gpio_get_output: GPIO 145 value: 1
05-27 08:59:03.740   581   581 D spidev_ioctl: gpio status=1)
05-27 19:07:54.781   581   581 I SpiService: fgesysctrl_getGPIO_status success val=1
05-27 19:07:54.782   283   307 I rvcservice: t.code = 3, t.value = 0
05-27 08:59:03.746   581   581 D spi_rst_gpio_get_output: GPIO 145 value: 1
05-27 08:59:03.746   581   581 D spidev_ioctl: gpio status=1)
05-27 19:07:54.784 13911 14183 I SentryImuMcuAngleSender: 179.993rollDeg
05-27 19:07:54.785 30773 30786 I dvr_service_: CameraX 1  audioOK: 43456000,audios:680
05-27 19:07:54.785 13911 14183 I SentryImuMcuAngleSender: 1,0,0
05-27 19:07:54.786   536   536 D commservice260303: msg.id = 1028,0
05-27 19:07:54.786   536   536 D commservice260303: i = 170, msgid = 8A000404
05-27 19:07:54.786   536   536 D commservice260303: msgid = -1979710460,did=138
05-27 19:07:54.786   536   536 D commservice260303: CommProtocolLibCmdBaseI2C::dataproc {"command":{"id":"imu_status","sub":""},"content":{"TimeStamp":11,"FrameCounter":280815,"GD_X":-0.011147825978696346,"GD_Y":0.005268065724521875,"GD_Z":0.0019079053308814764,"AD_X":0.0010138750076293945,"AD_Y":-7.794061675667763E-4,"AD_Z":-0.17438888549804688,"TempDsp":0,"Status":0,"CalibState":1,"SigAmpInvalid":0}},-1979710460
05-27 19:07:54.786   581   581 I SpiService: fgesysctrl_getGPIO_status success val=0
05-27 19:07:54.787   536   536 D commservice260303: send2Cluster len:317, 7B22636F6D6D616E64223A7B226964223A22696D755F737461747573222C22737562223A22227D2C22636F6E74656E74223A7B2254696D655374616D70223A31312C224672616D65436F756E746572223A3238303831352C2247445F58223A2D302E3031313134373832353937383639363334362C2247445F59223A302E3030353236383036353732343532313837352C2247445F5A223A302E303031393037393035333330383831343736342C2241445F58223A302E303031303133383735303037363239333934352C2241445F59223A2D372E373934303631363735363637373633452D342C2241445F5A223A2D302E31373433383838383534393830343638382C2254656D70447370223A302C22537461747573223A302C2243616C69625374617465223A312C22536967416D70496E76616C6964223A307D7D, 138 
05-27 19:07:54.787   536   536 D commservice260303: Push Message into SendPool fn=797705216
05-27 19:07:54.787   536   536 D commservice260303: ComProtocolLibSend2Cluster::send2ClusterRaw fn=797705216 , len=333
05-27 19:07:54.787   536   536 D commservice260303: sendCmdToPort :333!!!
05-27 19:07:54.787   536   536 D commservice260303: send Cmd To Port ++++5AA501498A0100048C2F6A16D08A7B22636F6D6D616E64223A7B226964223A22696D755F737461747573222C22737562223A22227D2C22636F6E74656E74223A7B2254696D655374616D70223A31312C224672616D65436F756E746572223A3238303831352C2247445F58223A2D302E3031313134373832353937383639363334362C2247445F59223A302E3030353236383036353732343532313837352C2247445F5A223A302E303031393037393035333330383831343736342C2241445F58223A302E303031303133383735303037363239333934352C2241445F59223A2D372E373934303631363735363637373633452D342C2241445F5A223A2D302E31373433383838383534393830343638382C2254656D70447370223A302C22537461747573223A302C2243616C69625374617465223A312C22536967416D70496E76616C6964223A307D7D148C
05-27 19:07:54.787   536   536 D commservice260303: bufferevent_write retrun value = 0
05-27 19:07:54.787   536   560 D commservice260303: client datas send succeed,send finish
05-27 19:07:54.787 13911 14192 D Sentinelmode_1.2.5.17_sentry: <SentryImuClusterFgeSender>imu_status sent to Linux, frame=280815, tsNs=11942034, tsMs=11, intervalMs=41, ad=(0.001013875,-7.7940617E-4,-0.17438889), gd=(-0.011147826,0.0052680657,0.0019079053)
05-27 08:59:03.751   581   581 D spi_rst_gpio_get_output: GPIO 145 value: 0
05-27 08:59:03.751   581   581 D spidev_ioctl: gpio status=0)
05-27 19:07:54.800   581   581 I SpiService: fgesysctrl_getGPIO_status success val=1
05-27 08:59:03.765   581   581 D spi_rst_gpio_get_output: GPIO 145 value: 1
05-27 08:59:03.765   581   581 D spidev_ioctl: gpio status=1)
05-27 19:07:54.804 13911 14183 I SentryImuMcuAngleSender: 179.986rollDeg
05-27 19:07:54.805 13911 14183 I SentryImuMcuAngleSender: 1,0,0
05-27 19:07:54.806   581   581 I SpiService: fgesysctrl_getGPIO_status success val=1
05-27 08:59:03.770   581   581 D spi_rst_gpio_get_output: GPIO 145 value: 1
05-27 08:59:03.770   581   581 D spidev_ioctl: gpio status=1)
05-27 19:07:54.811   581   581 I SpiService: fgesysctrl_getGPIO_status success val=1
05-27 08:59:03.775   581   581 D spi_rst_gpio_get_output: GPIO 145 value: 1
05-27 08:59:03.775   581   581 D spidev_ioctl: gpio status=1)
05-27 19:07:54.814 13549 13549 I ADAYO_LOG_: handleMessage(UsbFunc.java:352)copyQnx = 0
05-27 19:07:54.814 13549 13549 I ADAYO_LOG_: handleMessage(UsbFunc.java:404)copyState = 2
05-27 19:07:54.816   581   581 I SpiService: fgesysctrl_getGPIO_status success val=1
05-27 08:59:03.781   581   581 D spi_rst_gpio_get_output: GPIO 145 value: 1
05-27 08:59:03.781   581   581 D spidev_ioctl: gpio status=1)
05-27 19:07:54.821   581   581 I SpiService: fgesysctrl_getGPIO_status success val=0
05-27 19:07:54.824 13911 14183 I SentryImuMcuAngleSender: 179.97899rollDeg
05-27 19:07:54.824 13911 14183 I SentryImuMcuAngleSender: 1,0,0
05-27 08:59:03.786   581   581 D spi_rst_gpio_get_output: GPIO 145 value: 0
05-27 08:59:03.786   581   581 D spidev_ioctl: gpio status=0)
05-27 19:07:54.825   536   536 D commservice260303: msg.id = 1028,0
05-27 19:07:54.825   536   536 D commservice260303: i = 170, msgid = 8A000404
05-27 19:07:54.825   536   536 D commservice260303: msgid = -1979710460,did=138
05-27 19:07:54.825   536   536 D commservice260303: CommProtocolLibCmdBaseI2C::dataproc {"command":{"id":"imu_status","sub":""},"content":{"TimeStamp":11,"FrameCounter":280816,"GD_X":-0.011759000830352306,"GD_Y":0.0056498548947274685,"GD_Z":0.0022902146447449923,"AD_X":0.0022012144327163696,"AD_Y":0.0016527895350009203,"AD_Z":-0.17499923706054688,"TempDsp":0,"Status":0,"CalibState":1,"SigAmpInvalid":0}},-1979710460
05-27 19:07:54.825   536   536 D commservice260303: send2Cluster len:318, 7B22636F6D6D616E64223A7B226964223A22696D755F737461747573222C22737562223A22227D2C22636F6E74656E74223A7B2254696D655374616D70223A31312C224672616D65436F756E746572223A3238303831362C2247445F58223A2D302E3031313735393030303833303335323330362C2247445F59223A302E303035363439383534383934373237343638352C2247445F5A223A302E303032323930323134363434373434393932332C2241445F58223A302E303032323031323134343332373136333639362C2241445F59223A302E303031363532373839353335303030393230332C2241445F5A223A2D302E31373439393932333730363035343638382C2254656D70447370223A302C22537461747573223A302C2243616C69625374617465223A312C22536967416D70496E76616C6964223A307D7D, 138 
05-27 19:07:54.826   536   536 D commservice260303: Push Message into SendPool fn=814482432
05-27 19:07:54.826   536   536 D commservice260303: ComProtocolLibSend2Cluster::send2ClusterRaw fn=814482432 , len=334
05-27 19:07:54.826   536   536 D commservice260303: sendCmdToPort :334!!!
05-27 19:07:54.826   536   536 D commservice260303: send Cmd To Port ++++5AA5014A8A0100048C306A16D08A7B22636F6D6D616E64223A7B226964223A22696D755F737461747573222C22737562223A22227D2C22636F6E74656E74223A7B2254696D655374616D70223A31312C224672616D65436F756E746572223A3238303831362C2247445F58223A2D302E3031313735393030303833303335323330362C2247445F59223A302E303035363439383534383934373237343638352C2247445F5A223A302E303032323930323134363434373434393932332C2241445F58223A302E303032323031323134343332373136333639362C2241445F59223A302E303031363532373839353335303030393230332C2241445F5A223A2D302E31373439393932333730363035343638382C2254656D70447370223A302C22537461747573223A302C2243616C69625374617465223A312C22536967416D70496E76616C6964223A307D7DA834
05-27 19:07:54.826   536   536 D commservice260303: bufferevent_write retrun value = 0
05-27 19:07:54.826   536   560 D commservice260303: client datas send succeed,send finish
05-27 19:07:54.826 13911 14192 D Sentinelmode_1.2.5.17_sentry: <SentryImuClusterFgeSender>imu_status sent to Linux, frame=280816, tsNs=11942069, tsMs=11, intervalMs=39, ad=(0.0022012144,0.0016527895,-0.17499924), gd=(-0.011759001,0.005649855,0.0022902146)
05-27 19:07:54.835   581   581 I SpiService: fgesysctrl_getGPIO_status success val=1
05-27 08:59:03.800   581   581 D spi_rst_gpio_get_output: GPIO 145 value: 1
05-27 08:59:03.800   581   581 D spidev_ioctl: gpio status=1)
05-27 19:07:54.840   581   581 I SpiService: fgesysctrl_getGPIO_status success val=1
05-27 08:59:03.805   581   581 D spi_rst_gpio_get_output: GPIO 145 value: 1
05-27 08:59:03.805   581   581 D spidev_ioctl: gpio status=1)
05-27 19:07:54.844 13911 14183 I SentryImuMcuAngleSender: 179.97198rollDeg
05-27 19:07:54.844 13911 14183 I SentryImuMcuAngleSender: 1,0,0
05-27 19:07:54.846   581   581 I SpiService: fgesysctrl_getGPIO_status success val=1
05-27 08:59:03.810   581   581 D spi_rst_gpio_get_output: GPIO 145 value: 1
05-27 08:59:03.810   581   581 D spidev_ioctl: gpio status=1)
05-27 19:07:54.851   581   581 I SpiService: fgesysctrl_getGPIO_status success val=1
05-27 08:59:03.816   581   581 D spi_rst_gpio_get_output: GPIO 145 value: 1
05-27 19:07:54.854   572   622 I Sensors : 230 GyroSensor: x:-0.010919,y:0.005039,z:0.002138
05-27 08:59:03.816   581   581 D spidev_ioctl: gpio status=1)
05-27 19:07:54.856   581   581 I SpiService: fgesysctrl_getGPIO_status success val=1
05-27 08:59:03.821   581   581 D spi_rst_gpio_get_output: GPIO 145 value: 1
05-27 08:59:03.821   581   581 D spidev_ioctl: gpio status=1)
05-27 19:07:54.862   581   581 I SpiService: fgesysctrl_getGPIO_status success val=0
05-27 19:07:54.865 13911 14183 I SentryImuMcuAngleSender: 179.97198rollDeg
05-27 08:59:03.826   581   581 D spi_rst_gpio_get_output: GPIO 145 value: 0
05-27 19:07:54.865 13911 14183 I SentryImuMcuAngleSender: 1,0,0
05-27 08:59:03.826   581   581 D spidev_ioctl: gpio status=0)
05-27 19:07:54.865   536   536 D commservice260303: msg.id = 1028,0
05-27 19:07:54.865   536   536 D commservice260303: i = 170, msgid = 8A000404
05-27 19:07:54.865   536   536 D commservice260303: msgid = -1979710460,did=138
05-27 19:07:54.865   536   536 D commservice260303: CommProtocolLibCmdBaseI2C::dataproc {"command":{"id":"imu_status","sub":""},"content":{"TimeStamp":11,"FrameCounter":280817,"GD_X":-0.01091896090656519,"GD_Y":0.005039200186729431,"GD_Z":0.0021378109231591225,"AD_X":-0.002684265375137329,"AD_Y":0.0028553095180541277,"AD_Z":-0.17377853393554688,"TempDsp":0,"Status":0,"CalibState":1,"SigAmpInvalid":0}},-1979710460
05-27 19:07:54.866   536   536 D commservice260303: send2Cluster len:316, 7B22636F6D6D616E64223A7B226964223A22696D755F737461747573222C22737562223A22227D2C22636F6E74656E74223A7B2254696D655374616D70223A31312C224672616D65436F756E746572223A3238303831372C2247445F58223A2D302E30313039313839363039303635363531392C2247445F59223A302E3030353033393230303138363732393433312C2247445F5A223A302E303032313337383130393233313539313232352C2241445F58223A2D302E3030323638343236353337353133373332392C2241445F59223A302E303032383535333039353138303534313237372C2241445F5A223A2D302E31373337373835333339333535343638382C2254656D70447370223A302C22537461747573223A302C2243616C69625374617465223A312C22536967416D70496E76616C6964223A307D7D, 138 
05-27 19:07:54.866   536   536 D commservice260303: Push Message into SendPool fn=831259648
05-27 19:07:54.866   536   536 D commservice260303: ComProtocolLibSend2Cluster::send2ClusterRaw fn=831259648 , len=332
05-27 19:07:54.866   536   536 D commservice260303: sendCmdToPort :332!!!
05-27 19:07:54.866   536   536 D commservice260303: send Cmd To Port ++++5AA501488A0100048C316A16D08A7B22636F6D6D616E64223A7B226964223A22696D755F737461747573222C22737562223A22227D2C22636F6E74656E74223A7B2254696D655374616D70223A31312C224672616D65436F756E746572223A3238303831372C2247445F58223A2D302E30313039313839363039303635363531392C2247445F59223A302E3030353033393230303138363732393433312C2247445F5A223A302E303032313337383130393233313539313232352C2241445F58223A2D302E3030323638343236353337353133373332392C2241445F59223A302E303032383535333039353138303534313237372C2241445F5A223A2D302E31373337373835333339333535343638382C2254656D70447370223A302C22537461747573223A302C2243616C69625374617465223A312C22536967416D70496E76616C6964223A307D7D572D
05-27 19:07:54.866   536   536 D commservice260303: bufferevent_write retrun value = 0
05-27 19:07:54.866   536   560 D commservice260303: client datas send succeed,send finish
05-27 19:07:54.866 13911 14192 D Sentinelmode_1.2.5.17_sentry: <SentryImuClusterFgeSender>imu_status sent to Linux, frame=280817, tsNs=11942105, tsMs=11, intervalMs=40, ad=(-0.0026842654,0.0028553095,-0.17377853), gd=(-0.010918961,0.0050392,0.002137811)
05-27 19:07:54.876   581   581 I SpiService: fgesysctrl_getGPIO_status success val=1
05-27 19:07:54.876 11344 11344 E SystemUI_NavBarFragment: SysUIConfig.icCarServiceConnected：false
05-27 08:59:03.840   581   581 D spi_rst_gpio_get_output: GPIO 145 value: 1
05-27 08:59:03.840   581   581 D spidev_ioctl: gpio status=1)
05-27 19:07:54.881   581   581 I SpiService: fgesysctrl_getGPIO_status success val=1
05-27 19:07:54.882   283   307 I rvcservice: t.code = 2, t.value = 9980210
05-27 08:59:03.845   581   581 D spi_rst_gpio_get_output: GPIO 145 value: 1
05-27 19:07:54.885   536   536 W commservice260303: [FgeComService::getAQConnectStatus:378]
05-27 19:07:54.885   536   536 W commservice260303: [mcuCommFunctionTcp::getAQConnectStatus:406] 1
05-27 19:07:54.885   536   536 W commservice260303: [FgeComService::getAQConnectStatus:380] status:1
05-27 19:07:54.885 12246 12246 E ivicomm_CommManager: getA2lConnectStatus aqConnectStatus:1
05-27 19:07:54.885 12246 12246 D ivicomm_ConnectStateManager: notifyState newState=1curState=1
05-27 19:07:54.886 13911 14183 I SentryImuMcuAngleSender: 179.97899rollDeg
05-27 19:07:54.886 13911 14183 I SentryImuMcuAngleSender: 1,0,0
05-27 19:07:54.886   581   581 I SpiService: fgesysctrl_getGPIO_status success val=1
05-27 08:59:03.851   581   581 D spi_rst_gpio_get_output: GPIO 145 value: 1
05-27 08:59:03.851   581   581 D spidev_ioctl: gpio status=1)
05-27 19:07:54.891   581   581 I SpiService: fgesysctrl_getGPIO_status success val=1
05-27 08:59:03.856   581   581 D spi_rst_gpio_get_output: GPIO 145 value: 1
05-27 08:59:03.856   581   581 D spidev_ioctl: gpio status=1)
05-27 19:07:54.897   581   581 I SpiService: fgesysctrl_getGPIO_status success val=1
05-27 08:59:03.861   581   581 D spi_rst_gpio_get_output: GPIO 145 value: 1
05-27 08:59:03.861   581   581 D spidev_ioctl: gpio status=1)
05-27 19:07:54.902   581   581 I SpiService: fgesysctrl_getGPIO_status success val=1
05-27 19:07:54.906 13911 14183 I SentryImuMcuAngleSender: 179.986rollDeg
05-27 19:07:54.906 13911 14183 I SentryImuMcuAngleSender: 1,0,0
05-27 19:07:54.907   536   536 D commservice260303: msg.id = 1028,0
05-27 08:59:03.867   581   581 D spi_rst_gpio_get_output: GPIO 145 value: 1
05-27 19:07:54.907   536   536 D commservice260303: i = 170, msgid = 8A000404
05-27 08:59:03.867   581   581 D spidev_ioctl: gpio status=1)
05-27 19:07:54.907   536   536 D commservice260303: msgid = -1979710460,did=138
05-27 19:07:54.907   536   536 D commservice260303: CommProtocolLibCmdBaseI2C::dataproc {"command":{"id":"imu_status","sub":""},"content":{"TimeStamp":11,"FrameCounter":280818,"GD_X":-0.011910883709788322,"GD_Y":0.005879240110516548,"GD_Z":0.00259606190957129,"AD_X":-0.0020826011896133423,"AD_Y":4.091942682862282E-4,"AD_Z":-0.17194843292236328,"TempDsp":0,"Status":0,"CalibState":1,"SigAmpInvalid":0}},-1979710460
05-27 19:07:54.907   536   536 D commservice260303: send2Cluster len:315, 7B22636F6D6D616E64223A7B226964223A22696D755F737461747573222C22737562223A22227D2C22636F6E74656E74223A7B2254696D655374616D70223A31312C224672616D65436F756E746572223A3238303831382C2247445F58223A2D302E3031313931303838333730393738383332322C2247445F59223A302E3030353837393234303131303531363534382C2247445F5A223A302E30303235393630363139303935373132392C2241445F58223A2D302E303032303832363031313839363133333432332C2241445F59223A342E303931393432363832383632323832452D342C2241445F5A223A2D302E31373139343834333239323233363332382C2254656D70447370223A302C22537461747573223A302C2243616C69625374617465223A312C22536967416D70496E76616C6964223A307D7D, 138 
05-27 19:07:54.907   536   536 D commservice260303: Push Message into SendPool fn=848036864
05-27 19:07:54.907   536   536 D commservice260303: ComProtocolLibSend2Cluster::send2ClusterRaw fn=848036864 , len=331
05-27 19:07:54.907   536   536 D commservice260303: sendCmdToPort :331!!!
05-27 19:07:54.907   536   536 D commservice260303: send Cmd To Port ++++5AA501478A0100048C326A16D08A7B22636F6D6D616E64223A7B226964223A22696D755F737461747573222C22737562223A22227D2C22636F6E74656E74223A7B2254696D655374616D70223A31312C224672616D65436F756E746572223A3238303831382C2247445F58223A2D302E3031313931303838333730393738383332322C2247445F59223A302E3030353837393234303131303531363534382C2247445F5A223A302E30303235393630363139303935373132392C2241445F58223A2D302E303032303832363031313839363133333432332C2241445F59223A342E303931393432363832383632323832452D342C2241445F5A223A2D302E31373139343834333239323233363332382C2254656D70447370223A302C22537461747573223A302C2243616C69625374617465223A312C22536967416D70496E76616C6964223A307D7DAA5D
05-27 19:07:54.907   536   536 D commservice260303: bufferevent_write retrun value = 0
05-27 19:07:54.907   536   560 D commservice260303: client datas send succeed,send finish
05-27 19:07:54.907 13911 14192 D Sentinelmode_1.2.5.17_sentry: <SentryImuClusterFgeSender>imu_status sent to Linux, frame=280818, tsNs=11942141, tsMs=11, intervalMs=41, ad=(-0.0020826012,4.0919427E-4,-0.17194843), gd=(-0.011910884,0.00587924,0.002596062)
05-27 19:07:54.907   581   581 I SpiService: fgesysctrl_getGPIO_status success val=0
