05-27 19:07:51.427   566 11459 D gps_hdbd: hy abnormal deal:hy_fixStatus_fail_count=0
05-27 19:07:51.427   566 11459 I gps_hdbd: Received: '$GNZDA,012342.000,27,05,2026,00,00*48
'
05-27 19:07:51.428 13911 14192 D Sentinelmode_1.2.5.17_sentry: <SentryImuClusterFgeSender>imu_status sent to Linux, frame=280732, tsNs=11938667, tsMs=11, intervalMs=43, ad=(-0.008213162,-0.003953068,-0.17133904), gd=(-0.012370176,0.0052680657,0.0022902146)
05-27 19:07:51.429 28437 28493 D ANWStack: [  11938680][ANWBT] HCI Rx: LE Meta Event, HCI_evLEADVERTISINGREPORT, subevent_code=0x2 Num_Reports=1
05-27 19:07:51.429 28437 28493 D ANWStack: 
05-27 19:07:51.429 28437 28493 D ANWAPI  : (28437|0xFF195CB0)[BTAPI] AnwhciEventCallback 62 2
05-27 19:07:51.429 28437 28493 D ANWAPI  : (28437|0xFF195CB0)[BTAPI] btsdk_le_DiscoveryCallback eventtype[3]
05-27 19:07:51.429 28437 28493 D ANWAPI  : (28437|0xFF195CB0)[BTAPI] anwbt_ble_le_discoveryHandler
05-27 19:07:51.429 28437 28493 D ANWAPI  : 
05-27 19:07:51.429 28437 28493 D ANWAPI  : (28437|0xFF195CB0)[BTAPI] anwbt_ble_le_discoveryHandler newDevice=0xb4000073fd7df39a,status=0,idx=255,scanLen=0,len=31,RSSI[-83]
05-27 19:07:51.429 28437 28493 D ANWAPI  : (28437|0xFF195CB0)[BTAPI] AnWBT_BLE_GetFirstRandomAddr start,btaddr=[0xac:0x53:0x29:0x3e:0x24:0x3b],addrType=1
05-27 19:07:51.429 28437 28493 D ANWAPI  : (28437|0xFF195CB0)[BTAPI] AnWBT_BLE_GetFirstRandomAddr end,btaddr=[0xac:0x53:0x29:0x3e:0x24:0x3b]
05-27 19:07:51.429 28437 28493 D ANWAPI  : (28437|0xFF195CB0)[BTAPI] send_BLE_discoveryHandler_Message event type: 0x3
05-27 19:07:51.429 28437 28493 D ANWAPI  : 
05-27 19:07:51.429 28437 28493 D ANW bt_btif: send_BLE_discoveryHandler_Message cod is 0x000000
05-27 19:07:51.429 28437 28493 D ANW bt_btif: btif_storage_add_remote_device, AnW
05-27 19:07:51.429 28437 28493 D ANW bt_btif: in, bd addr:3b:24:3e:29:53:ac, prop type:255, len:6
05-27 19:07:51.429 28437 28493 D ANW bt_btif: btif_in_fetch_bonded_device, AnW
05-27 19:07:51.429 28437 28493 D ANW bt_btif: btif_in_fetch_bonded_ble_device Found a LE device: 3b:24:3e:29:53:ac
05-27 19:07:51.429 28437 28493 D ANW bt_btif: btif_storage_get_remote_addr_type, AnW
05-27 19:07:51.429 28437 28493 D ANW bt_btif: btif_in_fetch_bonded_ble_device, AnW key_not_found
05-27 19:07:51.429 28437 28493 D ANW bt_btif: Remote device:3b:24:3e:29:53:ac, no link key or ble key found
05-27 19:07:51.430 28437 28493 D ANW bt_btif: in, bd addr:3b:24:3e:29:53:ac, prop type:5, len:4
05-27 19:07:51.430 28437 28493 D ANW bt_btif: btif_in_fetch_bonded_device, AnW
05-27 19:07:51.430 28437 28493 D ANW bt_btif: btif_in_fetch_bonded_ble_device Found a LE device: 3b:24:3e:29:53:ac
05-27 19:07:51.430 28437 28493 D ANW bt_btif: btif_storage_get_remote_addr_type, AnW
05-27 19:07:51.430 28437 28493 D ANW bt_btif: btif_in_fetch_bonded_ble_device, AnW key_not_found
05-27 19:07:51.430 28437 28493 D ANW bt_btif: Remote device:3b:24:3e:29:53:ac, no link key or ble key found
05-27 19:07:51.430 28437 28493 D ANW bt_btif: in, bd addr:3b:24:3e:29:53:ac, prop type:11, len:1
05-27 19:07:51.430 28437 28493 D ANW bt_btif: btif_in_fetch_bonded_device, AnW
05-27 19:07:51.430 28437 28493 D ANW bt_btif: btif_in_fetch_bonded_ble_device Found a LE device: 3b:24:3e:29:53:ac
05-27 19:07:51.430 28437 28493 D ANW bt_btif: btif_storage_get_remote_addr_type, AnW
05-27 19:07:51.430 28437 28493 D ANW bt_btif: btif_in_fetch_bonded_ble_device, AnW key_not_found
05-27 19:07:51.430 28437 28493 D ANW bt_btif: Remote device:3b:24:3e:29:53:ac, no link key or ble key found
05-27 19:07:51.430 28437 28493 D ANW bt_btif: btif_storage_set_remote_addr_type, AnW
05-27 19:07:51.430 28437 28493 I ANW bt_btif: onScanResult, address_type=1, primary_phy= 0, secondary_phy=0, ad size= 31
05-27 19:07:51.430 28437 28493 I ANW bt_btif: onScanResult: HAL bt_gatt_callbacks->scanner->scan_result_cb
05-27 19:07:51.430   581   581 I SpiService: fgesysctrl_getGPIO_status success val=1
05-27 08:59:00.395   581   581 D spi_rst_gpio_get_output: GPIO 145 value: 1
05-27 08:59:00.395   581   581 D spidev_ioctl: gpio status=1)
05-27 19:07:51.435 28437 28493 D ANWStack: [  11938686][ANWBT] HCI Rx: LE Meta Event, HCI_evLEADVERTISINGREPORT, subevent_code=0x2 Num_Reports=1
05-27 19:07:51.435 28437 28493 D ANWStack: 
05-27 19:07:51.435 28437 28493 D ANWAPI  : (28437|0xFF195CB0)[BTAPI] AnwhciEventCallback 62 2
05-27 19:07:51.435 28437 28493 D ANWAPI  : (28437|0xFF195CB0)[BTAPI] btsdk_le_DiscoveryCallback eventtype[3]
05-27 19:07:51.435 28437 28493 D ANWAPI  : (28437|0xFF195CB0)[BTAPI] anwbt_ble_le_discoveryHandler
05-27 19:07:51.435 28437 28493 D ANWAPI  : 
05-27 19:07:51.436 28437 28493 D ANWAPI  : (28437|0xFF195CB0)[BTAPI] anwbt_ble_le_discoveryHandler newDevice=0xb4000073fd7df39a,status=0,idx=255,scanLen=0,len=8,RSSI[-52]
05-27 19:07:51.436   581   581 I SpiService: fgesysctrl_getGPIO_status success val=1
05-27 19:07:51.436 28437 28493 D ANWAPI  : (28437|0xFF195CB0)[BTAPI] AnWBT_BLE_GetFirstRandomAddr start,btaddr=[0x63:0x9f:0xd:0xa5:0x0:0xfd],addrType=1
05-27 19:07:51.436 28437 28493 D ANWAPI  : (28437|0xFF195CB0)[BTAPI] AnWBT_BLE_GetFirstRandomAddr end,btaddr=[0x63:0x9f:0xd:0xa5:0x0:0xfd]
05-27 19:07:51.436 28437 28493 D ANWAPI  : (28437|0xFF195CB0)[BTAPI] send_BLE_discoveryHandler_Message event type: 0x3
05-27 19:07:51.436 28437 28493 D ANWAPI  : 
05-27 19:07:51.436 28437 28493 D ANW bt_btif: send_BLE_discoveryHandler_Message cod is 0x000000
05-27 19:07:51.436 28437 28493 D ANW bt_btif: btif_storage_add_remote_device, AnW
05-27 19:07:51.436 28437 28493 D ANW bt_btif: in, bd addr:fd:00:a5:0d:9f:63, prop type:255, len:6
05-27 19:07:51.436 28437 28493 D ANW bt_btif: btif_in_fetch_bonded_device, AnW
05-27 19:07:51.436 28437 28493 D ANW bt_btif: btif_in_fetch_bonded_ble_device Found a LE device: fd:00:a5:0d:9f:63
05-27 19:07:51.436 28437 28493 D ANW bt_btif: btif_storage_get_remote_addr_type, AnW
05-27 19:07:51.436 28437 28493 D ANW bt_btif: btif_in_fetch_bonded_ble_device, AnW key_not_found
05-27 19:07:51.436 28437 28493 D ANW bt_btif: Remote device:fd:00:a5:0d:9f:63, no link key or ble key found
05-27 19:07:51.436 28437 28493 D ANW bt_btif: in, bd addr:fd:00:a5:0d:9f:63, prop type:5, len:4
05-27 19:07:51.436 28437 28493 D ANW bt_btif: btif_in_fetch_bonded_device, AnW
05-27 19:07:51.436 28437 28493 D ANW bt_btif: btif_in_fetch_bonded_ble_device Found a LE device: fd:00:a5:0d:9f:63
05-27 19:07:51.436 28437 28493 D ANW bt_btif: btif_storage_get_remote_addr_type, AnW
05-27 19:07:51.436 28437 28493 D ANW bt_btif: btif_in_fetch_bonded_ble_device, AnW key_not_found
05-27 19:07:51.436 28437 28493 D ANW bt_btif: Remote device:fd:00:a5:0d:9f:63, no link key or ble key found
05-27 19:07:51.436 28437 28493 D ANW bt_btif: in, bd addr:fd:00:a5:0d:9f:63, prop type:11, len:1
05-27 19:07:51.436 28437 28493 D ANW bt_btif: btif_in_fetch_bonded_device, AnW
05-27 19:07:51.436 28437 28493 D ANW bt_btif: btif_in_fetch_bonded_ble_device Found a LE device: fd:00:a5:0d:9f:63
05-27 19:07:51.436 28437 28493 D ANW bt_btif: btif_storage_get_remote_addr_type, AnW
05-27 19:07:51.437 28437 28493 D ANW bt_btif: btif_in_fetch_bonded_ble_device, AnW key_not_found
05-27 08:59:00.400   581   581 D spi_rst_gpio_get_output: GPIO 145 value: 1
05-27 08:59:00.400   581   581 D spidev_ioctl: gpio status=1)
05-27 19:07:51.437 28437 28493 D ANW bt_btif: Remote device:fd:00:a5:0d:9f:63, no link key or ble key found
05-27 19:07:51.437 28437 28493 D ANW bt_btif: btif_storage_set_remote_addr_type, AnW
05-27 19:07:51.437 28437 28493 I ANW bt_btif: onScanResult, address_type=1, primary_phy= 0, secondary_phy=0, ad size= 8
05-27 19:07:51.437 28437 28493 I ANW bt_btif: onScanResult: HAL bt_gatt_callbacks->scanner->scan_result_cb
05-27 19:07:51.440 13911 14183 I SentryImuMcuAngleSender: -179.986rollDeg
05-27 19:07:51.440 13911 14183 I SentryImuMcuAngleSender: 1,0,0
05-27 19:07:51.441   581   581 I SpiService: fgesysctrl_getGPIO_status success val=1
05-27 08:59:00.406   581   581 D spi_rst_gpio_get_output: GPIO 145 value: 1
05-27 08:59:00.406   581   581 D spidev_ioctl: gpio status=1)
05-27 19:07:51.446   566 11459 I gps_hdbd: Received: '$GNINS,1,1,TYPE,I,V,012342.000,20533000,FUS,-10,0,0,0,MOT,V,1,PATT,0.00,0.00,0.00,VEL,0.000,0.000,0.000,POS,40.0001330924,116.0001570688,84.176,IIA,1,0.00,0.00,0.00,BGA,0.31,-0.66,-0.13,0.000,0.000,0.000,IGA,0,-1,0,0,-2,98,VG,16c2ff1*20
'
05-27 08:59:00.411   581   581 D spi_rst_gpio_get_output: GPIO 145 value: 1
05-27 08:59:00.411   581   581 D spidev_ioctl: gpio status=1)
05-27 19:07:51.447   581   581 I SpiService: fgesysctrl_getGPIO_status success val=1
05-27 19:07:51.450 13911 14183 I SentryImuMcuAngleSender: [4, 18, 1, 0, 0],5
05-27 19:07:51.450 13911 14183 I McuCommManager: mcuCommSendcmd [4, 18, 1, 0, 0]
05-27 19:07:51.451 13911 14183 I SentryImuMcuAngleSender: true
05-27 19:07:51.451 13911 14183 W Sentinelmode_1.2.5.17_sentry: <SentryImuMcuAngleSender>MCU IMU send interval abnormal: 1006ms
05-27 19:07:51.451   566 11459 I gps_hdbd: Received: '$GNINS,CARSPEED,ADR_STATUS,0,Pulse_count,0,1,0,0,20533000,119180,0.000,0.000,0.000*01
'
05-27 19:07:51.452   581   581 I SpiService: fgesysctrl_getGPIO_status success val=1
05-27 08:59:00.417   581   581 D spi_rst_gpio_get_output: GPIO 145 value: 1
05-27 08:59:00.417   581   581 D spidev_ioctl: gpio status=1)
05-27 19:07:51.457   566 11459 I gps_hdbd: Received: '$GNTXT,04,01,04,INS,V,1,,,,FLG,1,000000,1,0,1,0,0,Con,0*71
'
05-27 19:07:51.458   581   581 I SpiService: fgesysctrl_getGPIO_status success val=0
05-27 19:07:51.458   481   597 I mcuc    : send SPI:6AA60083BE00050412010000A3
05-27 19:07:51.460 13911 14183 I SentryImuMcuAngleSender: -179.986rollDeg
05-27 19:07:51.460 13911 14183 I SentryImuMcuAngleSender: 1,0,0
05-27 08:59:00.423   581   581 D spi_rst_gpio_get_output: GPIO 145 value: 0
05-27 08:59:00.423   581   581 D spidev_ioctl: gpio status=0)
05-27 19:07:51.463   566 11459 I gps_hdbd: Received: '$GNTXT,INSTALL,0.00,0.00,0.00,0.00,0.00,0.00,0*20
'
05-27 19:07:51.466   536   536 D commservice260303: msg.id = 1028,1
05-27 19:07:51.461 30773 30773 I auditd  : type=1400 audit(0.0:79162): avc: denied { call } for comm=4E444B204D65646961436F6465635F scontext=u:r:adayo_dvr_service:s0 tcontext=u:r:mediaswcodec:s0 tclass=binder permissive=1
05-27 19:07:51.461 30773 30773 I /system/bin/adayo_dvr_service: type=1400 audit(0.0:79162): avc: denied { call } for comm=4E444B204D65646961436F6465635F scontext=u:r:adayo_dvr_service:s0 tcontext=u:r:mediaswcodec:s0 tclass=binder permissive=1
05-27 19:07:51.466   536   536 D commservice260303: msgid = -1979710460,did=138
05-27 19:07:51.466   536   536 D commservice260303: CommProtocolLibCmdBaseI2C::dataproc {"command":{"id":"imu_status","sub":""},"content":{"TimeStamp":11,"FrameCounter":280733,"GD_X":-0.012370175682008266,"GD_Y":0.005268065724521875,"GD_Z":0.0022902146447449923,"AD_X":-0.008213162422180176,"AD_Y":-0.003953068051487207,"AD_Z":-0.1713390350341797,"TempDsp":0,"Status":0,"CalibState":1,"SigAmpInvalid":0}},-1979710460
05-27 19:07:51.466   536   536 D commservice260303: send2Cluster len:316, 7B22636F6D6D616E64223A7B226964223A22696D755F737461747573222C22737562223A22227D2C22636F6E74656E74223A7B2254696D655374616D70223A31312C224672616D65436F756E746572223A3238303733332C2247445F58223A2D302E3031323337303137353638323030383236362C2247445F59223A302E3030353236383036353732343532313837352C2247445F5A223A302E303032323930323134363434373434393932332C2241445F58223A2D302E3030383231333136323432323138303137362C2241445F59223A2D302E3030333935333036383035313438373230372C2241445F5A223A2D302E313731333339303335303334313739372C2254656D70447370223A302C22537461747573223A302C2243616C69625374617465223A312C22536967416D70496E76616C6964223A307D7D, 138 
05-27 19:07:51.466   536   536 D commservice260303: Push Message into SendPool fn=-611646464
05-27 19:07:51.466   536   536 D commservice260303: ComProtocolLibSend2Cluster::send2ClusterRaw fn=-611646464 , len=332
05-27 19:07:51.466   536   536 D commservice260303: sendCmdToPort :332!!!
05-27 19:07:51.466   536   536 D commservice260303: send Cmd To Port ++++5AA501488A0100048BDB6A16D0877B22636F6D6D616E64223A7B226964223A22696D755F737461747573222C22737562223A22227D2C22636F6E74656E74223A7B2254696D655374616D70223A31312C224672616D65436F756E746572223A3238303733332C2247445F58223A2D302E3031323337303137353638323030383236362C2247445F59223A302E3030353236383036353732343532313837352C2247445F5A223A302E303032323930323134363434373434393932332C2241445F58223A2D302E3030383231333136323432323138303137362C2241445F59223A2D302E3030333935333036383035313438373230372C2241445F5A223A2D302E313731333339303335303334313739372C2254656D70447370223A302C22537461747573223A302C2243616C69625374617465223A312C22536967416D70496E76616C6964223A307D7DC6C4
05-27 19:07:51.467   536   536 D commservice260303: bufferevent_write retrun value = 0
05-27 19:07:51.467   536   560 D commservice260303: client datas send succeed,send finish
05-27 19:07:51.468 13911 14192 D Sentinelmode_1.2.5.17_sentry: <SentryImuClusterFgeSender>imu_status sent to Linux, frame=280733, tsNs=11938667, tsMs=11, intervalMs=41, ad=(-0.008213162,-0.003953068,-0.17133904), gd=(-0.012370176,0.0052680657,0.0022902146)
05-27 19:07:51.469   572   572 I Sensors : 230 AccelSensor: x:-0.176900,y:0.002440,z:-9.977160
05-27 19:07:51.475   283   307 I rvcservice: t.code = 7, t.value = 11938595
05-27 08:59:00.441   581   581 D spi_rst_gpio_get_output: GPIO 145 value: 1
05-27 08:59:00.441   581   581 D spidev_ioctl: gpio status=1)
05-27 19:07:51.476   581   581 I SpiService: fgesysctrl_getGPIO_status success val=1
05-27 19:07:51.477 28437 28493 D ANWStack: [  11938728][ANWBT] HCI Rx: LE Meta Event, HCI_evLEADVERTISINGREPORT, subevent_code=0x2 Num_Reports=1
05-27 19:07:51.477 28437 28493 D ANWStack: 
05-27 19:07:51.477 28437 28493 D ANWAPI  : (28437|0xFF195CB0)[BTAPI] AnwhciEventCallback 62 2
05-27 19:07:51.477 28437 28493 D ANWAPI  : (28437|0xFF195CB0)[BTAPI] btsdk_le_DiscoveryCallback eventtype[3]
05-27 19:07:51.478 28437 28493 D ANWAPI  : (28437|0xFF195CB0)[BTAPI] anwbt_ble_le_discoveryHandler
05-27 19:07:51.478 28437 28493 D ANWAPI  : 
05-27 19:07:51.478 28437 28493 D ANWAPI  : (28437|0xFF195CB0)[BTAPI] anwbt_ble_le_discoveryHandler newDevice=0xb4000073fd7df39a,status=0,idx=255,scanLen=0,len=31,RSSI[-67]
05-27 19:07:51.478 28437 28493 D ANWAPI  : (28437|0xFF195CB0)[BTAPI] AnWBT_BLE_GetFirstRandomAddr start,btaddr=[0x75:0x2c:0xe1:0x8c:0x7f:0x16],addrType=1
05-27 19:07:51.478 28437 28493 D ANWAPI  : (28437|0xFF195CB0)[BTAPI] AnWBT_BLE_GetFirstRandomAddr end,btaddr=[0x75:0x2c:0xe1:0x8c:0x7f:0x16]
05-27 19:07:51.478 28437 28493 D ANWAPI  : (28437|0xFF195CB0)[BTAPI] send_BLE_discoveryHandler_Message event type: 0x3
05-27 19:07:51.478 28437 28493 D ANWAPI  : 
05-27 19:07:51.479 28437 28493 D ANW bt_btif: send_BLE_discoveryHandler_Message cod is 0x000000
05-27 19:07:51.479 28437 28493 D ANW bt_btif: btif_storage_add_remote_device, AnW
05-27 19:07:51.479 28437 28493 D ANW bt_btif: in, bd addr:16:7f:8c:e1:2c:75, prop type:255, len:6
05-27 19:07:51.479 28437 28493 D ANW bt_btif: btif_in_fetch_bonded_device, AnW
05-27 19:07:51.479 28437 28493 D ANW bt_btif: btif_in_fetch_bonded_ble_device Found a LE device: 16:7f:8c:e1:2c:75
05-27 19:07:51.479 28437 28493 D ANW bt_btif: btif_storage_get_remote_addr_type, AnW
05-27 19:07:51.479 28437 28493 D ANW bt_btif: btif_in_fetch_bonded_ble_device, AnW key_not_found
05-27 19:07:51.479 28437 28493 D ANW bt_btif: Remote device:16:7f:8c:e1:2c:75, no link key or ble key found
05-27 19:07:51.479 28437 28493 D ANW bt_btif: in, bd addr:16:7f:8c:e1:2c:75, prop type:5, len:4
05-27 19:07:51.479 28437 28493 D ANW bt_btif: btif_in_fetch_bonded_device, AnW
05-27 19:07:51.480 28437 28493 D ANW bt_btif: btif_in_fetch_bonded_ble_device Found a LE device: 16:7f:8c:e1:2c:75
05-27 19:07:51.480 28437 28493 D ANW bt_btif: btif_storage_get_remote_addr_type, AnW
05-27 19:07:51.480 28437 28493 D ANW bt_btif: btif_in_fetch_bonded_ble_device, AnW key_not_found
05-27 19:07:51.480 28437 28493 D ANW bt_btif: Remote device:16:7f:8c:e1:2c:75, no link key or ble key found
05-27 19:07:51.480 28437 28493 D ANW bt_btif: in, bd addr:16:7f:8c:e1:2c:75, prop type:11, len:1
05-27 19:07:51.480 28437 28493 D ANW bt_btif: btif_in_fetch_bonded_device, AnW
05-27 19:07:51.480 28437 28493 D ANW bt_btif: btif_in_fetch_bonded_ble_device Found a LE device: 16:7f:8c:e1:2c:75
05-27 19:07:51.480 28437 28493 D ANW bt_btif: btif_storage_get_remote_addr_type, AnW
05-27 19:07:51.480 28437 28493 D ANW bt_btif: btif_in_fetch_bonded_ble_device, AnW key_not_found
05-27 19:07:51.480 28437 28493 D ANW bt_btif: Remote device:16:7f:8c:e1:2c:75, no link key or ble key found
05-27 19:07:51.480 13911 14183 I SentryImuMcuAngleSender: 179.9825rollDeg
05-27 19:07:51.480 28437 28493 D ANW bt_btif: btif_storage_set_remote_addr_type, AnW
05-27 19:07:51.480 13911 14183 I SentryImuMcuAngleSender: 1,0,0
05-27 19:07:51.481 28437 28493 I ANW bt_btif: onScanResult, address_type=1, primary_phy= 0, secondary_phy=0, ad size= 31
05-27 19:07:51.481 28437 28493 I ANW bt_btif: onScanResult: HAL bt_gatt_callbacks->scanner->scan_result_cb
05-27 19:07:51.481 28437 28493 D ANWStack: [  11938732][ANWBT] HCI Rx: LE Meta Event, HCI_evLEADVERTISINGREPORT, subevent_code=0x2 Num_Reports=1
05-27 19:07:51.481 28437 28493 D ANWStack: 
05-27 19:07:51.481 28437 28493 D ANWAPI  : (28437|0xFF195CB0)[BTAPI] AnwhciEventCallback 62 2
05-27 19:07:51.482 28437 28493 D ANWAPI  : (28437|0xFF195CB0)[BTAPI] btsdk_le_DiscoveryCallback eventtype[3]
05-27 19:07:51.482 28437 28493 D ANWAPI  : (28437|0xFF195CB0)[BTAPI] anwbt_ble_le_discoveryHandler
05-27 19:07:51.482 28437 28493 D ANWAPI  : 
05-27 19:07:51.482   581   581 I SpiService: fgesysctrl_getGPIO_status success val=1
05-27 19:07:51.482 28437 28493 D ANWAPI  : (28437|0xFF195CB0)[BTAPI] anwbt_ble_le_discoveryHandler newDevice=0xb4000073fd7df39a,status=0,idx=255,scanLen=0,len=31,RSSI[-80]
05-27 19:07:51.482 28437 28493 D ANWAPI  : (28437|0xFF195CB0)[BTAPI] AnWBT_BLE_GetFirstRandomAddr start,btaddr=[0x66:0xb8:0xfd:0x10:0x9a:0x25],addrType=1
05-27 19:07:51.482 28437 28493 D ANWAPI  : (28437|0xFF195CB0)[BTAPI] AnWBT_BLE_GetFirstRandomAddr end,btaddr=[0x66:0xb8:0xfd:0x10:0x9a:0x25]
05-27 19:07:51.482 28437 28493 D ANWAPI  : (28437|0xFF195CB0)[BTAPI] send_BLE_discoveryHandler_Message event type: 0x3
05-27 19:07:51.482 28437 28493 D ANWAPI  : 
05-27 19:07:51.482 28437 28493 D ANW bt_btif: send_BLE_discoveryHandler_Message cod is 0x000000
05-27 19:07:51.483 28437 28493 D ANW bt_btif: btif_storage_add_remote_device, AnW
05-27 19:07:51.483 28437 28493 D ANW bt_btif: in, bd addr:25:9a:10:fd:b8:66, prop type:255, len:6
05-27 19:07:51.483 28437 28493 D ANW bt_btif: btif_in_fetch_bonded_device, AnW
05-27 19:07:51.483 28437 28493 D ANW bt_btif: btif_in_fetch_bonded_ble_device Found a LE device: 25:9a:10:fd:b8:66
05-27 19:07:51.483 28437 28493 D ANW bt_btif: btif_storage_get_remote_addr_type, AnW
05-27 19:07:51.484 28437 28493 D ANW bt_btif: btif_in_fetch_bonded_ble_device, AnW key_not_found
05-27 19:07:51.484 28437 28493 D ANW bt_btif: Remote device:25:9a:10:fd:b8:66, no link key or ble key found
05-27 19:07:51.484 28437 28493 D ANW bt_btif: in, bd addr:25:9a:10:fd:b8:66, prop type:5, len:4
05-27 19:07:51.484 28437 28493 D ANW bt_btif: btif_in_fetch_bonded_device, AnW
05-27 19:07:51.484 28437 28493 D ANW bt_btif: btif_in_fetch_bonded_ble_device Found a LE device: 25:9a:10:fd:b8:66
05-27 19:07:51.484 28437 28493 D ANW bt_btif: btif_storage_get_remote_addr_type, AnW
05-27 19:07:51.484 28437 28493 D ANW bt_btif: btif_in_fetch_bonded_ble_device, AnW key_not_found
05-27 08:59:00.446   581   581 D spi_rst_gpio_get_output: GPIO 145 value: 1
05-27 08:59:00.446   581   581 D spidev_ioctl: gpio status=1)
05-27 19:07:51.484 28437 28493 D ANW bt_btif: Remote device:25:9a:10:fd:b8:66, no link key or ble key found
05-27 19:07:51.485 28437 28493 D ANW bt_btif: in, bd addr:25:9a:10:fd:b8:66, prop type:11, len:1
05-27 19:07:51.485 28437 28493 D ANW bt_btif: btif_in_fetch_bonded_device, AnW
05-27 19:07:51.485 28437 28493 D ANW bt_btif: btif_in_fetch_bonded_ble_device Found a LE device: 25:9a:10:fd:b8:66
05-27 19:07:51.485 28437 28493 D ANW bt_btif: btif_storage_get_remote_addr_type, AnW
05-27 19:07:51.486 28437 28493 D ANW bt_btif: btif_in_fetch_bonded_ble_device, AnW key_not_found
05-27 19:07:51.486 28437 28493 D ANW bt_btif: Remote device:25:9a:10:fd:b8:66, no link key or ble key found
05-27 19:07:51.486 28437 28493 D ANW bt_btif: btif_storage_set_remote_addr_type, AnW
05-27 19:07:51.486 28437 28493 I ANW bt_btif: onScanResult, address_type=1, primary_phy= 0, secondary_phy=0, ad size= 31
05-27 19:07:51.486 28437 28493 I ANW bt_btif: onScanResult: HAL bt_gatt_callbacks->scanner->scan_result_cb
05-27 19:07:51.486 28437 28493 D ANWStack: [  11938737][ANWBT] HCI Rx: LE Meta Event, HCI_evLEADVERTISINGREPORT, subevent_code=0x2 Num_Reports=1
05-27 19:07:51.486 28437 28493 D ANWStack: 
05-27 19:07:51.487 28437 28493 D ANWAPI  : (28437|0xFF195CB0)[BTAPI] AnwhciEventCallback 62 2
05-27 19:07:51.487 28437 28493 D ANWAPI  : (28437|0xFF195CB0)[BTAPI] btsdk_le_DiscoveryCallback eventtype[3]
05-27 19:07:51.487 28437 28493 D ANWAPI  : (28437|0xFF195CB0)[BTAPI] anwbt_ble_le_discoveryHandler
05-27 19:07:51.487 28437 28493 D ANWAPI  : 
05-27 19:07:51.487 28437 28493 D ANWAPI  : (28437|0xFF195CB0)[BTAPI] anwbt_ble_le_discoveryHandler newDevice=0xb4000073fd7df39a,status=0,idx=255,scanLen=0,len=31,RSSI[-79]
05-27 19:07:51.487 28437 28493 D ANWAPI  : (28437|0xFF195CB0)[BTAPI] AnWBT_BLE_GetFirstRandomAddr start,btaddr=[0xea:0xd1:0x45:0x70:0xf8:0x26],addrType=1
05-27 19:07:51.487 28437 28493 D ANWAPI  : (28437|0xFF195CB0)[BTAPI] AnWBT_BLE_GetFirstRandomAddr end,btaddr=[0xea:0xd1:0x45:0x70:0xf8:0x26]
05-27 19:07:51.488   581   581 I SpiService: fgesysctrl_getGPIO_status success val=1
05-27 19:07:51.488 28437 28493 D ANWAPI  : (28437|0xFF195CB0)[BTAPI] send_BLE_discoveryHandler_Message event type: 0x3
05-27 19:07:51.488 28437 28493 D ANWAPI  : 
05-27 08:59:00.452   581   581 D spi_rst_gpio_get_output: GPIO 145 value: 1
05-27 08:59:00.452   581   581 D spidev_ioctl: gpio status=1)
05-27 19:07:51.488 28437 28493 D ANW bt_btif: send_BLE_discoveryHandler_Message cod is 0x000000
05-27 19:07:51.489 28437 28493 D ANW bt_btif: btif_storage_add_remote_device, AnW
05-27 19:07:51.489 28437 28493 D ANW bt_btif: in, bd addr:26:f8:70:45:d1:ea, prop type:255, len:6
05-27 19:07:51.489 28437 28493 D ANW bt_btif: btif_in_fetch_bonded_device, AnW
05-27 19:07:51.489 28437 28493 D ANW bt_btif: btif_in_fetch_bonded_ble_device Found a LE device: 26:f8:70:45:d1:ea
05-27 19:07:51.489 28437 28493 D ANW bt_btif: btif_storage_get_remote_addr_type, AnW
05-27 19:07:51.489 28437 28493 D ANW bt_btif: btif_in_fetch_bonded_ble_device, AnW key_not_found
05-27 19:07:51.489 28437 28493 D ANW bt_btif: Remote device:26:f8:70:45:d1:ea, no link key or ble key found
05-27 19:07:51.489 28437 28493 D ANW bt_btif: in, bd addr:26:f8:70:45:d1:ea, prop type:5, len:4
05-27 19:07:51.489 28437 28493 D ANW bt_btif: btif_in_fetch_bonded_device, AnW
05-27 19:07:51.489 28437 28493 D ANW bt_btif: btif_in_fetch_bonded_ble_device Found a LE device: 26:f8:70:45:d1:ea
05-27 19:07:51.489 28437 28493 D ANW bt_btif: btif_storage_get_remote_addr_type, AnW
05-27 19:07:51.490 28437 28493 D ANW bt_btif: btif_in_fetch_bonded_ble_device, AnW key_not_found
05-27 19:07:51.490 28437 28493 D ANW bt_btif: Remote device:26:f8:70:45:d1:ea, no link key or ble key found
05-27 19:07:51.490 28437 28493 D ANW bt_btif: in, bd addr:26:f8:70:45:d1:ea, prop type:11, len:1
05-27 19:07:51.490 28437 28493 D ANW bt_btif: btif_in_fetch_bonded_device, AnW
05-27 19:07:51.490 28437 28493 D ANW bt_btif: btif_in_fetch_bonded_ble_device Found a LE device: 26:f8:70:45:d1:ea
05-27 19:07:51.490 28437 28493 D ANW bt_btif: btif_storage_get_remote_addr_type, AnW
05-27 19:07:51.490 28437 28493 D ANW bt_btif: btif_in_fetch_bonded_ble_device, AnW key_not_found
05-27 19:07:51.490 28437 28493 D ANW bt_btif: Remote device:26:f8:70:45:d1:ea, no link key or ble key found
05-27 19:07:51.490 28437 28493 D ANW bt_btif: btif_storage_set_remote_addr_type, AnW
05-27 19:07:51.490 28437 28493 I ANW bt_btif: onScanResult, address_type=1, primary_phy= 0, secondary_phy=0, ad size= 31
05-27 19:07:51.491 28437 28493 I ANW bt_btif: onScanResult: HAL bt_gatt_callbacks->scanner->scan_result_cb
05-27 19:07:51.491 28437 28493 D ANWStack: [  11938742][ANWBT] HCI Rx: LE Meta Event, HCI_evLEADVERTISINGREPORT, subevent_code=0x2 Num_Reports=1
05-27 19:07:51.491 28437 28493 D ANWStack: 
05-27 19:07:51.491 28437 28493 D ANWAPI  : (28437|0xFF195CB0)[BTAPI] AnwhciEventCallback 62 2
05-27 19:07:51.491 28437 28493 D ANWAPI  : (28437|0xFF195CB0)[BTAPI] btsdk_le_DiscoveryCallback eventtype[3]
05-27 19:07:51.491 28437 28493 D ANWAPI  : (28437|0xFF195CB0)[BTAPI] anwbt_ble_le_discoveryHandler
05-27 19:07:51.491 28437 28493 D ANWAPI  : 
05-27 19:07:51.491 28437 28493 D ANWAPI  : (28437|0xFF195CB0)[BTAPI] anwbt_ble_le_discoveryHandler newDevice=0xb4000073fd7df39a,status=0,idx=255,scanLen=0,len=31,RSSI[-63]
05-27 19:07:51.491 28437 28493 D ANWAPI  : (28437|0xFF195CB0)[BTAPI] AnWBT_BLE_GetFirstRandomAddr start,btaddr=[0xea:0x1f:0xa8:0xa1:0x1e:0xe],addrType=1
05-27 19:07:51.491 28437 28493 D ANWAPI  : (28437|0xFF195CB0)[BTAPI] AnWBT_BLE_GetFirstRandomAddr end,btaddr=[0xea:0x1f:0xa8:0xa1:0x1e:0xe]
05-27 19:07:51.492 28437 28493 D ANWAPI  : (28437|0xFF195CB0)[BTAPI] send_BLE_discoveryHandler_Message event type: 0x3
05-27 19:07:51.492 28437 28493 D ANWAPI  : 
05-27 19:07:51.492 28437 28493 D ANW bt_btif: send_BLE_discoveryHandler_Message cod is 0x000000
05-27 19:07:51.492 28437 28493 D ANW bt_btif: btif_storage_add_remote_device, AnW
05-27 19:07:51.492 28437 28493 D ANW bt_btif: in, bd addr:0e:1e:a1:a8:1f:ea, prop type:255, len:6
05-27 19:07:51.492 28437 28493 D ANW bt_btif: btif_in_fetch_bonded_device, AnW
05-27 19:07:51.492 28437 28493 D ANW bt_btif: btif_in_fetch_bonded_ble_device Found a LE device: 0e:1e:a1:a8:1f:ea
05-27 19:07:51.492 28437 28493 D ANW bt_btif: btif_storage_get_remote_addr_type, AnW
05-27 19:07:51.493 28437 28493 D ANW bt_btif: btif_in_fetch_bonded_ble_device, AnW key_not_found
05-27 19:07:51.493 28437 28493 D ANW bt_btif: Remote device:0e:1e:a1:a8:1f:ea, no link key or ble key found
05-27 08:59:00.458   581   581 D spi_rst_gpio_get_output: GPIO 145 value: 0
05-27 08:59:00.458   581   581 D spidev_ioctl: gpio status=0)
05-27 19:07:51.501 29010 29010 I auditd  : type=1400 audit(0.0:79163): avc: denied { read write } for comm="BTInit_Task" name="ttyS3" dev="tmpfs" ino=3005 scontext=u:r:system_app:s0 tcontext=u:object_r:serial_device:s0 tclass=chr_file permissive=1
05-27 19:07:51.501 29010 29010 I BTInit_Task: type=1400 audit(0.0:79163): avc: denied { read write } for name="ttyS3" dev="tmpfs" ino=3005 scontext=u:r:system_app:s0 tcontext=u:object_r:serial_device:s0 tclass=chr_file permissive=1
05-27 19:07:51.493 28437 28493 D ANW bt_btif: in, bd addr:0e:1e:a1:a8:1f:ea, prop type:5, len:4
05-27 19:07:51.501 29010 29010 I auditd  : type=1400 audit(0.0:79164): avc: denied { open } for comm="BTInit_Task" path="/dev/ttyS3" dev="tmpfs" ino=3005 scontext=u:r:system_app:s0 tcontext=u:object_r:serial_device:s0 tclass=chr_file permissive=1
05-27 19:07:51.501 29010 29010 I BTInit_Task: type=1400 audit(0.0:79164): avc: denied { open } for path="/dev/ttyS3" dev="tmpfs" ino=3005 scontext=u:r:system_app:s0 tcontext=u:object_r:serial_device:s0 tclass=chr_file permissive=1
05-27 08:59:00.472 29042 29042 E sprd_serial 20230000.serial: request TX DMA channel failed, ret = -19
05-27 08:59:00.472 29042 29042 E sprd_serial 20230000.serial: request RX DMA channel failed, ret = -19
05-27 19:07:51.493 28437 28493 D ANW bt_btif: btif_in_fetch_bonded_device, AnW
05-27 19:07:51.493 28437 28493 D ANW bt_btif: btif_in_fetch_bonded_ble_device Found a LE device: 0e:1e:a1:a8:1f:ea
05-27 19:07:51.493 28437 28493 D ANW bt_btif: btif_storage_get_remote_addr_type, AnW
05-27 19:07:51.493 28437 28493 D ANW bt_btif: btif_in_fetch_bonded_ble_device, AnW key_not_found
05-27 19:07:51.493 28437 28493 D ANW bt_btif: Remote device:0e:1e:a1:a8:1f:ea, no link key or ble key found
05-27 19:07:51.493 28437 28493 D ANW bt_btif: in, bd addr:0e:1e:a1:a8:1f:ea, prop type:11, len:1
05-27 19:07:51.494 28437 28493 D ANW bt_btif: btif_in_fetch_bonded_device, AnW
05-27 19:07:51.494 28437 28493 D ANW bt_btif: btif_in_fetch_bonded_ble_device Found a LE device: 0e:1e:a1:a8:1f:ea
05-27 19:07:51.494   581   581 I SpiService: fgesysctrl_getGPIO_status success val=0
05-27 19:07:51.494 28437 28493 D ANW bt_btif: btif_storage_get_remote_addr_type, AnW
05-27 19:07:51.494 28437 28493 D ANW bt_btif: btif_in_fetch_bonded_ble_device, AnW key_not_found
05-27 19:07:51.494 28437 28493 D ANW bt_btif: Remote device:0e:1e:a1:a8:1f:ea, no link key or ble key found
05-27 19:07:51.494 28437 28493 D ANW bt_btif: btif_storage_set_remote_addr_type, AnW
05-27 19:07:51.494 28437 28493 I ANW bt_btif: onScanResult, address_type=1, primary_phy= 0, secondary_phy=0, ad size= 31
05-27 19:07:51.494 28437 28493 I ANW bt_btif: onScanResult: HAL bt_gatt_callbacks->scanner->scan_result_cb
05-27 19:07:51.494 28437 28493 D ANWStack: [  11938745][ANWBT] HCI Rx: LE Meta Event, HCI_evLEADVERTISINGREPORT, subevent_code=0x2 Num_Reports=1
05-27 19:07:51.494 28437 28493 D ANWStack: 
05-27 19:07:51.495 28437 28493 D ANWAPI  : (28437|0xFF195CB0)[BTAPI] AnwhciEventCallback 62 2
05-27 19:07:51.495 28437 28493 D ANWAPI  : (28437|0xFF195CB0)[BTAPI] btsdk_le_DiscoveryCallback eventtype[3]
05-27 19:07:51.495 28437 28493 D ANWAPI  : (28437|0xFF195CB0)[BTAPI] anwbt_ble_le_discoveryHandler
05-27 19:07:51.495 28437 28493 D ANWAPI  : 
05-27 19:07:51.495 15286 24383 D okhttp.TaskRunner: Q10007 scheduled after   0 µs: OkHttp ConnectionPool
05-27 19:07:51.495 28437 28493 D ANWAPI  : (28437|0xFF195CB0)[BTAPI] anwbt_ble_le_discoveryHandler newDevice=0xb4000073fd7df39a,status=0,idx=255,scanLen=0,len=31,RSSI[-79]
05-27 19:07:51.495 28437 28493 D ANWAPI  : (28437|0xFF195CB0)[BTAPI] AnWBT_BLE_GetFirstRandomAddr start,btaddr=[0xf7:0x79:0xe8:0xab:0x9d:0x8],addrType=1
05-27 19:07:51.495 28437 28493 D ANWAPI  : (28437|0xFF195CB0)[BTAPI] AnWBT_BLE_GetFirstRandomAddr end,btaddr=[0xf7:0x79:0xe8:0xab:0x9d:0x8]
05-27 19:07:51.495 28437 28493 D ANWAPI  : (28437|0xFF195CB0)[BTAPI] send_BLE_discoveryHandler_Message event type: 0x3
05-27 19:07:51.495 28437 28493 D ANWAPI  : 
05-27 19:07:51.495 15286 20914 D okhttp.TaskRunner: Q10007 starting              : OkHttp ConnectionPool
05-27 19:07:51.495 28437 28493 D ANW bt_btif: send_BLE_discoveryHandler_Message cod is 0x000000
05-27 19:07:51.495 28437 28493 D ANW bt_btif: btif_storage_add_remote_device, AnW
05-27 19:07:51.495 15286 20914 D okhttp.TaskRunner: Q10007 run again after 178 s : OkHttp ConnectionPool
05-27 19:07:51.495 28437 28493 D ANW bt_btif: in, bd addr:08:9d:ab:e8:79:f7, prop type:255, len:6
05-27 19:07:51.496 28437 28493 D ANW bt_btif: btif_in_fetch_bonded_device, AnW
05-27 19:07:51.496 15286 20914 D okhttp.TaskRunner: Q10007 finished run in 437 µs: OkHttp ConnectionPool
05-27 19:07:51.496 28437 28493 D ANW bt_btif: btif_in_fetch_bonded_ble_device Found a LE device: 08:9d:ab:e8:79:f7
05-27 19:07:51.496 28437 28493 D ANW bt_btif: btif_storage_get_remote_addr_type, AnW
05-27 19:07:51.496 28437 28493 D ANW bt_btif: btif_in_fetch_bonded_ble_device, AnW key_not_found
05-27 19:07:51.496 28437 28493 D ANW bt_btif: Remote device:08:9d:ab:e8:79:f7, no link key or ble key found
05-27 19:07:51.496 28437 28493 D ANW bt_btif: in, bd addr:08:9d:ab:e8:79:f7, prop type:5, len:4
05-27 19:07:51.496 28437 28493 D ANW bt_btif: btif_in_fetch_bonded_device, AnW
05-27 19:07:51.496 28437 28493 D ANW bt_btif: btif_in_fetch_bonded_ble_device Found a LE device: 08:9d:ab:e8:79:f7
05-27 19:07:51.496 28437 28493 D ANW bt_btif: btif_storage_get_remote_addr_type, AnW
05-27 19:07:51.496 28437 28493 D ANW bt_btif: btif_in_fetch_bonded_ble_device, AnW key_not_found
05-27 19:07:51.496 28437 28493 D ANW bt_btif: Remote device:08:9d:ab:e8:79:f7, no link key or ble key found
05-27 19:07:51.497 28437 28493 D ANW bt_btif: in, bd addr:08:9d:ab:e8:79:f7, prop type:11, len:1
05-27 19:07:51.497 28437 28493 D ANW bt_btif: btif_in_fetch_bonded_device, AnW
05-27 19:07:51.497 28437 28493 D ANW bt_btif: btif_in_fetch_bonded_ble_device Found a LE device: 08:9d:ab:e8:79:f7
05-27 08:59:00.476   581   581 D spi_rst_gpio_get_output: GPIO 145 value: 1
05-27 19:07:51.505 29010 29010 I auditd  : type=1400 audit(0.0:79165): avc: denied { ioctl } for comm="BTInit_Task" path="/dev/ttyS3" dev="tmpfs" ino=3005 ioctlcmd=0x540b scontext=u:r:system_app:s0 tcontext=u:object_r:serial_device:s0 tclass=chr_file permissive=1
05-27 19:07:51.497 28437 28493 D ANW bt_btif: btif_storage_get_remote_addr_type, AnW
05-27 08:59:00.476   581   581 D spidev_ioctl: gpio status=1)
05-27 19:07:51.497 28437 28493 D ANW bt_btif: btif_in_fetch_bonded_ble_device, AnW key_not_found
05-27 19:07:51.497 28437 28493 D ANW bt_btif: Remote device:08:9d:ab:e8:79:f7, no link key or ble key found
05-27 19:07:51.497 28437 28493 D ANW bt_btif: btif_storage_set_remote_addr_type, AnW
05-27 19:07:51.497 28437 28493 I ANW bt_btif: onScanResult, address_type=1, primary_phy= 0, secondary_phy=0, ad size= 31
05-27 19:07:51.497 28437 28493 I ANW bt_btif: onScanResult: HAL bt_gatt_callbacks->scanner->scan_result_cb
05-27 19:07:51.498 28437 28493 D ANWStack: [  11938748][ANWBT] HCI Rx: LE Meta Event, HCI_evLEADVERTISINGREPORT, subevent_code=0x2 Num_Reports=1
05-27 19:07:51.498 28437 28493 D ANWStack: 
05-27 19:07:51.498 28437 28493 D ANWAPI  : (28437|0xFF195CB0)[BTAPI] AnwhciEventCallback 62 2
05-27 19:07:51.498 28437 28493 D ANWAPI  : (28437|0xFF195CB0)[BTAPI] btsdk_le_DiscoveryCallback eventtype[3]
05-27 19:07:51.498 28437 28493 D ANWAPI  : (28437|0xFF195CB0)[BTAPI] anwbt_ble_le_discoveryHandler
05-27 19:07:51.498 28437 28493 D ANWAPI  : 
05-27 19:07:51.498 28437 28493 D ANWAPI  : (28437|0xFF195CB0)[BTAPI] anwbt_ble_le_discoveryHandler newDevice=0xb4000073fd7df39a,status=0,idx=255,scanLen=0,len=31,RSSI[-75]
05-27 19:07:51.498 28437 28493 D ANWAPI  : (28437|0xFF195CB0)[BTAPI] AnWBT_BLE_GetFirstRandomAddr start,btaddr=[0xad:0xb1:0xa:0x18:0x46:0x30],addrType=1
05-27 19:07:51.498 28437 28493 D ANWAPI  : (28437|0xFF195CB0)[BTAPI] AnWBT_BLE_GetFirstRandomAddr end,btaddr=[0xad:0xb1:0xa:0x18:0x46:0x30]
05-27 19:07:51.498 28437 28493 D ANWAPI  : (28437|0xFF195CB0)[BTAPI] send_BLE_discoveryHandler_Message event type: 0x3
05-27 19:07:51.498 28437 28493 D ANWAPI  : 
05-27 19:07:51.498 28437 28493 D ANW bt_btif: send_BLE_discoveryHandler_Message cod is 0x000000
05-27 19:07:51.498 28437 28493 D ANW bt_btif: btif_storage_add_remote_device, AnW
05-27 19:07:51.498 28437 28493 D ANW bt_btif: in, bd addr:30:46:18:0a:b1:ad, prop type:255, len:6
05-27 19:07:51.505 29010 29010 I BTInit_Task: type=1400 audit(0.0:79165): avc: denied { ioctl } for path="/dev/ttyS3" dev="tmpfs" ino=3005 ioctlcmd=0x540b scontext=u:r:system_app:s0 tcontext=u:object_r:serial_device:s0 tclass=chr_file permissive=1
05-27 19:07:51.499 28437 28493 D ANW bt_btif: btif_in_fetch_bonded_device, AnW
05-27 19:07:51.499 28437 28493 D ANW bt_btif: btif_in_fetch_bonded_ble_device Found a LE device: 30:46:18:0a:b1:ad
05-27 19:07:51.499 28437 28493 D ANW bt_btif: btif_storage_get_remote_addr_type, AnW
05-27 19:07:51.499 28437 28493 D ANW bt_btif: btif_in_fetch_bonded_ble_device, AnW key_not_found
05-27 19:07:51.499 28437 28493 D ANW bt_btif: Remote device:30:46:18:0a:b1:ad, no link key or ble key found
05-27 19:07:51.499 28437 28493 D ANW bt_btif: in, bd addr:30:46:18:0a:b1:ad, prop type:5, len:4
05-27 19:07:51.499 28437 28493 D ANW bt_btif: btif_in_fetch_bonded_device, AnW
05-27 19:07:51.499 28437 28493 D ANW bt_btif: btif_in_fetch_bonded_ble_device Found a LE device: 30:46:18:0a:b1:ad
05-27 19:07:51.499 28437 28493 D ANW bt_btif: btif_storage_get_remote_addr_type, AnW
05-27 19:07:51.499 28437 28493 D ANW bt_btif: btif_in_fetch_bonded_ble_device, AnW key_not_found
05-27 19:07:51.500 28437 28493 D ANW bt_btif: Remote device:30:46:18:0a:b1:ad, no link key or ble key found
05-27 19:07:51.500 28437 28493 D ANW bt_btif: in, bd addr:30:46:18:0a:b1:ad, prop type:11, len:1
05-27 19:07:51.500 28437 28493 D ANW bt_btif: btif_in_fetch_bonded_device, AnW
05-27 19:07:51.500 28437 28493 D ANW bt_btif: btif_in_fetch_bonded_ble_device Found a LE device: 30:46:18:0a:b1:ad
05-27 19:07:51.500 28437 28493 D ANW bt_btif: btif_storage_get_remote_addr_type, AnW
05-27 19:07:51.500 28437 28493 D ANW bt_btif: btif_in_fetch_bonded_ble_device, AnW key_not_found
05-27 19:07:51.500 13911 14183 I SentryImuMcuAngleSender: -179.986rollDeg
05-27 19:07:51.500 28437 28493 D ANW bt_btif: Remote device:30:46:18:0a:b1:ad, no link key or ble key found
05-27 19:07:51.500 13911 14183 I SentryImuMcuAngleSender: 1,0,0
05-27 19:07:51.500 28437 28493 D ANW bt_btif: btif_storage_set_remote_addr_type, AnW
05-27 19:07:51.500 28437 28493 I ANW bt_btif: onScanResult, address_type=1, primary_phy= 0, secondary_phy=0, ad size= 31
05-27 19:07:51.500 28437 28493 I ANW bt_btif: onScanResult: HAL bt_gatt_callbacks->scanner->scan_result_cb
05-27 19:07:51.502 28437 28493 D ANWStack: [  11938752][ANWBT] HCI Rx: LE Meta Event, HCI_evLEADVERTISINGREPORT, subevent_code=0x2 Num_Reports=1
05-27 19:07:51.502 28437 28493 D ANWStack: 
05-27 19:07:51.502 28437 28493 D ANWAPI  : (28437|0xFF195CB0)[BTAPI] AnwhciEventCallback 62 2
05-27 19:07:51.502 28437 28493 D ANWAPI  : (28437|0xFF195CB0)[BTAPI] btsdk_le_DiscoveryCallback eventtype[3]
05-27 19:07:51.502 28437 28493 D ANWAPI  : (28437|0xFF195CB0)[BTAPI] anwbt_ble_le_discoveryHandler
05-27 19:07:51.502 28437 28493 D ANWAPI  : 
05-27 19:07:51.502 28437 28493 D ANWAPI  : (28437|0xFF195CB0)[BTAPI] anwbt_ble_le_discoveryHandler newDevice=0xb4000073fd7df39a,status=0,idx=255,scanLen=0,len=31,RSSI[-66]
05-27 19:07:51.502 28437 28493 D ANWAPI  : (28437|0xFF195CB0)[BTAPI] AnWBT_BLE_GetFirstRandomAddr start,btaddr=[0x3d:0x91:0x3:0xe5:0x2b:0x3b],addrType=1
05-27 19:07:51.502 28437 28493 D ANWAPI  : (28437|0xFF195CB0)[BTAPI] AnWBT_BLE_GetFirstRandomAddr end,btaddr=[0x3d:0x91:0x3:0xe5:0x2b:0x3b]
05-27 19:07:51.502 28437 28493 D ANWAPI  : (28437|0xFF195CB0)[BTAPI] send_BLE_discoveryHandler_Message event type: 0x3
05-27 19:07:51.502 28437 28493 D ANWAPI  : 
05-27 19:07:51.502 28437 28493 D ANW bt_btif: send_BLE_discoveryHandler_Message cod is 0x000000
05-27 19:07:51.503 28437 28493 D ANW bt_btif: btif_storage_add_remote_device, AnW
05-27 19:07:51.503 28437 28493 D ANW bt_btif: in, bd addr:3b:2b:e5:03:91:3d, prop type:255, len:6
05-27 19:07:51.503 28437 28493 D ANW bt_btif: btif_in_fetch_bonded_device, AnW
05-27 19:07:51.503 28437 28493 D ANW bt_btif: btif_in_fetch_bonded_ble_device Found a LE device: 3b:2b:e5:03:91:3d
05-27 19:07:51.503 28437 28493 D ANW bt_btif: btif_storage_get_remote_addr_type, AnW
05-27 19:07:51.503 28437 28493 D ANW bt_btif: btif_in_fetch_bonded_ble_device, AnW key_not_found
05-27 19:07:51.503 28437 28493 D ANW bt_btif: Remote device:3b:2b:e5:03:91:3d, no link key or ble key found
05-27 19:07:51.504 28437 28493 D ANW bt_btif: in, bd addr:3b:2b:e5:03:91:3d, prop type:5, len:4
05-27 19:07:51.504 28437 28493 D ANW bt_btif: btif_in_fetch_bonded_device, AnW
05-27 19:07:51.504 28437 28493 D ANW bt_btif: btif_in_fetch_bonded_ble_device Found a LE device: 3b:2b:e5:03:91:3d
05-27 19:07:51.504 28437 28493 D ANW bt_btif: btif_storage_get_remote_addr_type, AnW
05-27 19:07:51.504 28437 28493 D ANW bt_btif: btif_in_fetch_bonded_ble_device, AnW key_not_found
05-27 19:07:51.504 28437 28493 D ANW bt_btif: Remote device:3b:2b:e5:03:91:3d, no link key or ble key found
05-27 19:07:51.504 28437 28493 D ANW bt_btif: in, bd addr:3b:2b:e5:03:91:3d, prop type:11, len:1
05-27 19:07:51.504 28437 28493 D ANW bt_btif: btif_in_fetch_bonded_device, AnW
05-27 19:07:51.504 28437 28493 D ANW bt_btif: btif_in_fetch_bonded_ble_device Found a LE device: 3b:2b:e5:03:91:3d
05-27 19:07:51.505 28437 28493 D ANW bt_btif: btif_storage_get_remote_addr_type, AnW
05-27 19:07:51.505 28437 28493 D ANW bt_btif: btif_in_fetch_bonded_ble_device, AnW key_not_found
05-27 19:07:51.505 28437 28493 D ANW bt_btif: Remote device:3b:2b:e5:03:91:3d, no link key or ble key found
05-27 19:07:51.505 28437 28493 D ANW bt_btif: btif_storage_set_remote_addr_type, AnW
05-27 19:07:51.505 28437 28493 I ANW bt_btif: onScanResult, address_type=1, primary_phy= 0, secondary_phy=0, ad size= 31
05-27 19:07:51.505 28437 28493 I ANW bt_btif: onScanResult: HAL bt_gatt_callbacks->scanner->scan_result_cb
05-27 19:07:51.505 28437 28493 D ANWStack: [  11938756][ANWBT] HCI Rx: LE Meta Event, HCI_evLEADVERTISINGREPORT, subevent_code=0x2 Num_Reports=1
05-27 19:07:51.505 28437 28493 D ANWStack: 
05-27 19:07:51.505 29010 29042 D ANWAPI_SECOND: (29010|0x29625CB0)[BTAPI] run AnWBT_WaitInitFinish
05-27 19:07:51.505 29010 29042 D ANWAPI_SECOND: (29010|0x29625CB0)[BTAPI] bb_vendor(3)hcit_type(3)
05-27 19:07:51.505 29010 29042 D ANWAPI_SECOND: (29010|0x29625CB0)[BTAPI] RTL8761, config_uart_path[/dev/ttyS3], baudrate_init(115200), baudrate_normal(3000000)
05-27 19:07:51.505 28437 28493 D ANWAPI  : (28437|0xFF195CB0)[BTAPI] AnwhciEventCallback 62 2
05-27 19:07:51.506 29010 29042 D ANWAPI_SECOND: (29010|0x29625CB0)[BTAPI] RTL8761, config_BT_ADDR_path[]
05-27 19:07:51.506 29010 29042 D ANWAPI_SECOND: (29010|0x29625CB0)[BTAPI] BTUart_Configure start
05-27 19:07:51.506 28437 28493 D ANWAPI  : (28437|0xFF195CB0)[BTAPI] btsdk_le_DiscoveryCallback eventtype[3]
05-27 19:07:51.506   536   536 D commservice260303: msg.id = 1028,0
05-27 19:07:51.506 28437 28493 D ANWAPI  : (28437|0xFF195CB0)[BTAPI] anwbt_ble_le_discoveryHandler
05-27 19:07:51.506 28437 28493 D ANWAPI  : 
05-27 19:07:51.506 29010 29042 I ANWStack: [  11938756][ANWBT] Device name = /dev/ttyS3,baudrate_init =115200(115200),baudrate =3000000(3000000)
05-27 19:07:51.506 29010 29042 I ANWStack: 
05-27 19:07:51.506   536   536 D commservice260303: i = 170, msgid = 8A000404
05-27 19:07:51.506 29010 29042 I ANWStack: [  11938757][ANWBT] BTUart_StartUp  speed = 115200
05-27 19:07:51.506 29010 29042 I ANWStack: 
05-27 19:07:51.506   536   536 D commservice260303: msgid = -1979710460,did=138
05-27 19:07:51.506 28437 28493 D ANWAPI  : (28437|0xFF195CB0)[BTAPI] anwbt_ble_le_discoveryHandler newDevice=0xb4000073fd7df39a,status=0,idx=255,scanLen=0,len=31,RSSI[-65]
05-27 19:07:51.506   536   536 D commservice260303: CommProtocolLibCmdBaseI2C::dataproc {"command":{"id":"imu_status","sub":""},"content":{"TimeStamp":11,"FrameCounter":280734,"GD_X":-0.011377211660146713,"GD_Y":0.00519212381914258,"GD_Z":0.0023671966046094894,"AD_X":-0.002095520496368408,"AD_Y":-0.0039480943232774734,"AD_Z":-0.17560863494873047,"TempDsp":0,"Status":0,"CalibState":1,"SigAmpInvalid":0}},-1979710460
05-27 19:07:51.506 28437 28493 D ANWAPI  : (28437|0xFF195CB0)[BTAPI] AnWBT_BLE_GetFirstRandomAddr start,btaddr=[0x8c:0x3e:0xeb:0x82:0xc3:0x16],addrType=1
05-27 19:07:51.506 28437 28493 D ANWAPI  : (28437|0xFF195CB0)[BTAPI] AnWBT_BLE_GetFirstRandomAddr end,btaddr=[0x8c:0x3e:0xeb:0x82:0xc3:0x16]
05-27 19:07:51.506 29010 29042 D ANWStack: Mac Address /data/vendor/bluetooth/btmac.txt open fail - No such file or directory
05-27 19:07:51.506   536   536 D commservice260303: send2Cluster len:317, 7B22636F6D6D616E64223A7B226964223A22696D755F737461747573222C22737562223A22227D2C22636F6E74656E74223A7B2254696D655374616D70223A31312C224672616D65436F756E746572223A3238303733342C2247445F58223A2D302E3031313337373231313636303134363731332C2247445F59223A302E30303531393231323338313931343235382C2247445F5A223A302E303032333637313936363034363039343839342C2241445F58223A2D302E3030323039353532303439363336383430382C2241445F59223A2D302E303033393438303934333233323737343733342C2241445F5A223A2D302E31373536303836333439343837333034372C2254656D70447370223A302C22537461747573223A302C2243616C69625374617465223A312C22536967416D70496E76616C6964223A307D7D, 138 
05-27 19:07:51.506 28437 28493 D ANWAPI  : (28437|0xFF195CB0)[BTAPI] send_BLE_discoveryHandler_Message event type: 0x3
05-27 19:07:51.506 28437 28493 D ANWAPI  : 
05-27 08:59:00.481   581   581 D spi_rst_gpio_get_output: GPIO 145 value: 1
05-27 08:59:00.481   581   581 D spidev_ioctl: gpio status=1)
05-27 19:07:51.506   536   536 D commservice260303: Push Message into SendPool fn=-594869248
05-27 19:07:51.506 29010 29042 D ANWStack: Mac Address from file  /data/vendor/bluetooth/btmac.txt -  (1)
05-27 19:07:51.506   536   536 D commservice260303: ComProtocolLibSend2Cluster::send2ClusterRaw fn=-594869248 , len=333
05-27 19:07:51.506 28437 28493 D ANW bt_btif: send_BLE_discoveryHandler_Message cod is 0x000000
05-27 19:07:51.506   536   536 D commservice260303: sendCmdToPort :333!!!
05-27 19:07:51.506 28437 28493 D ANW bt_btif: btif_storage_add_remote_device, AnW
05-27 19:07:51.507 28437 28493 D ANW bt_btif: in, bd addr:16:c3:82:eb:3e:8c, prop type:255, len:6
05-27 19:07:51.507   536   536 D commservice260303: send Cmd To Port ++++5AA501498A0100048BDC6A16D0877B22636F6D6D616E64223A7B226964223A22696D755F737461747573222C22737562223A22227D2C22636F6E74656E74223A7B2254696D655374616D70223A31312C224672616D65436F756E746572223A3238303733342C2247445F58223A2D302E3031313337373231313636303134363731332C2247445F59223A302E30303531393231323338313931343235382C2247445F5A223A302E303032333637313936363034363039343839342C2241445F58223A2D302E3030323039353532303439363336383430382C2241445F59223A2D302E303033393438303934333233323737343733342C2241445F5A223A2D302E31373536303836333439343837333034372C2254656D70447370223A302C22537461747573223A302C2243616C69625374617465223A312C22536967416D70496E76616C6964223A307D7D3ACB
05-27 19:07:51.507 28437 28493 D ANW bt_btif: btif_in_fetch_bonded_device, AnW
05-27 19:07:51.507   536   536 D commservice260303: bufferevent_write retrun value = 0
05-27 19:07:51.507 28437 28493 D ANW bt_btif: btif_in_fetch_bonded_ble_device Found a LE device: 16:c3:82:eb:3e:8c
05-27 19:07:51.507 28437 28493 D ANW bt_btif: btif_storage_get_remote_addr_type, AnW
05-27 19:07:51.507 28437 28493 D ANW bt_btif: btif_in_fetch_bonded_ble_device, AnW key_not_found
05-27 19:07:51.507 28437 28493 D ANW bt_btif: Remote device:16:c3:82:eb:3e:8c, no link key or ble key found
05-27 19:07:51.507 28437 28493 D ANW bt_btif: in, bd addr:16:c3:82:eb:3e:8c, prop type:5, len:4
05-27 19:07:51.507 28437 28493 D ANW bt_btif: btif_in_fetch_bonded_device, AnW
05-27 19:07:51.507 28437 28493 D ANW bt_btif: btif_in_fetch_bonded_ble_device Found a LE device: 16:c3:82:eb:3e:8c
05-27 19:07:51.507 28437 28493 D ANW bt_btif: btif_storage_get_remote_addr_type, AnW
05-27 19:07:51.507 28437 28493 D ANW bt_btif: btif_in_fetch_bonded_ble_device, AnW key_not_found
05-27 19:07:51.508 28437 28493 D ANW bt_btif: Remote device:16:c3:82:eb:3e:8c, no link key or ble key found
05-27 19:07:51.508 28437 28493 D ANW bt_btif: in, bd addr:16:c3:82:eb:3e:8c, prop type:11, len:1
05-27 19:07:51.508 28437 28493 D ANW bt_btif: btif_in_fetch_bonded_device, AnW
05-27 19:07:51.508 28437 28493 D ANW bt_btif: btif_in_fetch_bonded_ble_device Found a LE device: 16:c3:82:eb:3e:8c
05-27 19:07:51.508 28437 28493 D ANW bt_btif: btif_storage_get_remote_addr_type, AnW
05-27 19:07:51.508 28437 28493 D ANW bt_btif: btif_in_fetch_bonded_ble_device, AnW key_not_found
05-27 19:07:51.508   536   560 D commservice260303: client datas send succeed,send finish
05-27 19:07:51.508 28437 28493 D ANW bt_btif: Remote device:16:c3:82:eb:3e:8c, no link key or ble key found
05-27 19:07:51.508 29010 29042 D ANWStack: rtk_8761C_init@1, fd 0x55
05-27 19:07:51.509 28437 28493 D ANW bt_btif: btif_storage_set_remote_addr_type, AnW
05-27 19:07:51.509 28437 28493 I ANW bt_btif: onScanResult, address_type=1, primary_phy= 0, secondary_phy=0, ad size= 31
05-27 19:07:51.509 28437 28493 I ANW bt_btif: onScanResult: HAL bt_gatt_callbacks->scanner->scan_result_cb
05-27 19:07:51.510 13911 14192 D Sentinelmode_1.2.5.17_sentry: <SentryImuClusterFgeSender>imu_status sent to Linux, frame=280734, tsNs=11938736, tsMs=11, intervalMs=42, ad=(-0.0020955205,-0.0039480943,-0.17560863), gd=(-0.011377212,0.005192124,0.0023671966)
05-27 19:07:51.510 29010 29042 D ANWStack: type RTL_8761C, init speed 115200
05-27 19:07:51.511 29010 29042 D ANWStack: rtk_8761C_init@2, fd 0x55
05-27 19:07:51.511 29010 29042 D ANWStack: Realtek Bluetooth init uart with init speed:115200, type:HCI UART H4
05-27 19:07:51.511 29010 29042 D ANWStack: Realtek Bluetooth :Realtek hciattach version 3.1.d5a90fd.20250813-162457 
05-27 19:07:51.511 29010 29042 D ANWStack: 
05-27 19:07:51.511   581   581 I SpiService: fgesysctrl_getGPIO_status success val=1
05-27 19:07:51.511 29010 29042 D ANWStack: Realtek Bluetooth :Use epoll
05-27 19:07:51.511 29010 29042 D ANWStack: Realtek Bluetooth :Realtek H4 IC
05-27 19:07:51.517   581   581 I SpiService: fgesysctrl_getGPIO_status success val=1
05-27 19:07:51.520   572   572 I Sensors : 230 GyroSensor: x:-0.011148,y:0.005039,z:0.002214
05-27 19:07:51.520 13911 14183 I SentryImuMcuAngleSender: -179.97548rollDeg
05-27 19:07:51.520 13911 14183 I SentryImuMcuAngleSender: 1,0,0
05-27 19:07:51.522   581   581 I SpiService: fgesysctrl_getGPIO_status success val=1
05-27 19:07:51.525 30773 30786 I dvr_service_: CameraX 0  audioOK: 40256000,audios:630
05-27 08:59:00.487   581   581 D spi_rst_gpio_get_output: GPIO 145 value: 1
05-27 08:59:00.487   581   581 D spidev_ioctl: gpio status=1)
05-27 08:59:00.492   581   581 D spi_rst_gpio_get_output: GPIO 145 value: 1
05-27 08:59:00.492   581   581 D spidev_ioctl: gpio status=1)
05-27 19:07:51.528   581   581 I SpiService: fgesysctrl_getGPIO_status success val=1
05-27 19:07:51.534   581   581 I SpiService: fgesysctrl_getGPIO_status success val=0
05-27 08:59:00.498   581   581 D spi_rst_gpio_get_output: GPIO 145 value: 0
05-27 08:59:00.498   581   581 D spidev_ioctl: gpio status=0)
05-27 19:07:51.540 28437 28493 D ANWStack: [  11938790][ANWBT] HCI Rx: LE Meta Event, HCI_evLEADVERTISINGREPORT, subevent_code=0x2 Num_Reports=1
05-27 19:07:51.540 28437 28493 D ANWStack: 
