05-27 19:07:51.106 28437 28493 D ANW bt_btif: btif_in_fetch_bonded_ble_device Found a LE device: 08:3d:28:89:8f:b2
05-27 19:07:51.106 28437 28493 D ANW bt_btif: btif_storage_get_remote_addr_type, AnW
05-27 08:59:00.069   581   581 D spi_rst_gpio_get_output: GPIO 145 value: 1
05-27 19:07:51.106 28437 28493 D ANW bt_btif: btif_in_fetch_bonded_ble_device, AnW key_not_found
05-27 19:07:51.106 28437 28493 D ANW bt_btif: Remote device:08:3d:28:89:8f:b2, no link key or ble key found
05-27 19:07:51.106 28437 28493 D ANW bt_btif: in, bd addr:08:3d:28:89:8f:b2, prop type:5, len:4
05-27 19:07:51.106 28437 28493 D ANW bt_btif: btif_in_fetch_bonded_device, AnW
05-27 19:07:51.106 28437 28493 D ANW bt_btif: btif_in_fetch_bonded_ble_device Found a LE device: 08:3d:28:89:8f:b2
05-27 19:07:51.106 28437 28493 D ANW bt_btif: btif_storage_get_remote_addr_type, AnW
05-27 19:07:51.106 28437 28493 D ANW bt_btif: btif_in_fetch_bonded_ble_device, AnW key_not_found
05-27 19:07:51.106 28437 28493 D ANW bt_btif: Remote device:08:3d:28:89:8f:b2, no link key or ble key found
05-27 19:07:51.106 28437 28493 D ANW bt_btif: in, bd addr:08:3d:28:89:8f:b2, prop type:11, len:1
05-27 19:07:51.106 28437 28493 D ANW bt_btif: btif_in_fetch_bonded_device, AnW
05-27 19:07:51.106 28437 28493 D ANW bt_btif: btif_in_fetch_bonded_ble_device Found a LE device: 08:3d:28:89:8f:b2
05-27 19:07:51.106 28437 28493 D ANW bt_btif: btif_storage_get_remote_addr_type, AnW
05-27 08:59:00.069   581   581 D spidev_ioctl: gpio status=1)
05-27 19:07:51.106 28437 28493 D ANW bt_btif: btif_in_fetch_bonded_ble_device, AnW key_not_found
05-27 19:07:51.107 28437 28493 D ANW bt_btif: Remote device:08:3d:28:89:8f:b2, no link key or ble key found
05-27 19:07:51.107 28437 28493 D ANW bt_btif: btif_storage_set_remote_addr_type, AnW
05-27 19:07:51.107 28437 28493 I ANW bt_btif: onScanResult, address_type=1, primary_phy= 0, secondary_phy=0, ad size= 31
05-27 19:07:51.107 28437 28493 I ANW bt_btif: onScanResult: HAL bt_gatt_callbacks->scanner->scan_result_cb
05-27 19:07:51.108 28437 28493 D ANWStack: [  11938359][ANWBT] HCI Rx: LE Meta Event, HCI_evLEADVERTISINGREPORT, subevent_code=0x2 Num_Reports=1
05-27 19:07:51.108 28437 28493 D ANWStack: 
05-27 19:07:51.108 28437 28493 D ANWAPI  : (28437|0xFF195CB0)[BTAPI] AnwhciEventCallback 62 2
05-27 19:07:51.108 28437 28493 D ANWAPI  : (28437|0xFF195CB0)[BTAPI] btsdk_le_DiscoveryCallback eventtype[3]
05-27 19:07:51.108 28437 28493 D ANWAPI  : (28437|0xFF195CB0)[BTAPI] anwbt_ble_le_discoveryHandler
05-27 19:07:51.108 28437 28493 D ANWAPI  : 
05-27 19:07:51.109 28437 28493 D ANWAPI  : (28437|0xFF195CB0)[BTAPI] anwbt_ble_le_discoveryHandler newDevice=0xb4000073fd7df39a,status=0,idx=255,scanLen=0,len=31,RSSI[-68]
05-27 19:07:51.109 28437 28493 D ANWAPI  : (28437|0xFF195CB0)[BTAPI] AnWBT_BLE_GetFirstRandomAddr start,btaddr=[0xa7:0xb:0x48:0x81:0x91:0xe],addrType=1
05-27 19:07:51.109 28437 28493 D ANWAPI  : (28437|0xFF195CB0)[BTAPI] AnWBT_BLE_GetFirstRandomAddr end,btaddr=[0xa7:0xb:0x48:0x81:0x91:0xe]
05-27 19:07:51.109 28437 28493 D ANWAPI  : (28437|0xFF195CB0)[BTAPI] send_BLE_discoveryHandler_Message event type: 0x3
05-27 19:07:51.109 28437 28493 D ANWAPI  : 
05-27 19:07:51.109 28437 28493 D ANW bt_btif: send_BLE_discoveryHandler_Message cod is 0x000000
05-27 19:07:51.109 28437 28493 D ANW bt_btif: btif_storage_add_remote_device, AnW
05-27 19:07:51.109 28437 28493 D ANW bt_btif: in, bd addr:0e:91:81:48:0b:a7, prop type:255, len:6
05-27 19:07:51.109 28437 28493 D ANW bt_btif: btif_in_fetch_bonded_device, AnW
05-27 19:07:51.109 28437 28493 D ANW bt_btif: btif_in_fetch_bonded_ble_device Found a LE device: 0e:91:81:48:0b:a7
05-27 19:07:51.109 28437 28493 D ANW bt_btif: btif_storage_get_remote_addr_type, AnW
05-27 19:07:51.109 28437 28493 D ANW bt_btif: btif_in_fetch_bonded_ble_device, AnW key_not_found
05-27 19:07:51.109 28437 28493 D ANW bt_btif: Remote device:0e:91:81:48:0b:a7, no link key or ble key found
05-27 19:07:51.109 28437 28493 D ANW bt_btif: in, bd addr:0e:91:81:48:0b:a7, prop type:5, len:4
05-27 19:07:51.109 28437 28493 D ANW bt_btif: btif_in_fetch_bonded_device, AnW
05-27 19:07:51.109 28437 28493 D ANW bt_btif: btif_in_fetch_bonded_ble_device Found a LE device: 0e:91:81:48:0b:a7
05-27 19:07:51.109 28437 28493 D ANW bt_btif: btif_storage_get_remote_addr_type, AnW
05-27 19:07:51.109 28437 28493 D ANW bt_btif: btif_in_fetch_bonded_ble_device, AnW key_not_found
05-27 19:07:51.109 28437 28493 D ANW bt_btif: Remote device:0e:91:81:48:0b:a7, no link key or ble key found
05-27 19:07:51.109 28437 28493 D ANW bt_btif: in, bd addr:0e:91:81:48:0b:a7, prop type:11, len:1
05-27 19:07:51.109 28437 28493 D ANW bt_btif: btif_in_fetch_bonded_device, AnW
05-27 19:07:51.109 28437 28493 D ANW bt_btif: btif_in_fetch_bonded_ble_device Found a LE device: 0e:91:81:48:0b:a7
05-27 19:07:51.109 28437 28493 D ANW bt_btif: btif_storage_get_remote_addr_type, AnW
05-27 19:07:51.109 28437 28493 D ANW bt_btif: btif_in_fetch_bonded_ble_device, AnW key_not_found
05-27 19:07:51.109 28437 28493 D ANW bt_btif: Remote device:0e:91:81:48:0b:a7, no link key or ble key found
05-27 19:07:51.109 28437 28493 D ANW bt_btif: btif_storage_set_remote_addr_type, AnW
05-27 19:07:51.109 28437 28493 I ANW bt_btif: onScanResult, address_type=1, primary_phy= 0, secondary_phy=0, ad size= 31
05-27 19:07:51.109 28437 28493 I ANW bt_btif: onScanResult: HAL bt_gatt_callbacks->scanner->scan_result_cb
05-27 19:07:51.110   581   581 I SpiService: fgesysctrl_getGPIO_status success val=1
05-27 19:07:51.111 28437 28493 D ANWStack: [  11938361][ANWBT] HCI Rx: LE Meta Event, HCI_evLEADVERTISINGREPORT, subevent_code=0x2 Num_Reports=1
05-27 19:07:51.111 28437 28493 D ANWStack: 
05-27 19:07:51.111 28437 28493 D ANWAPI  : (28437|0xFF195CB0)[BTAPI] AnwhciEventCallback 62 2
05-27 19:07:51.111 28437 28493 D ANWAPI  : (28437|0xFF195CB0)[BTAPI] btsdk_le_DiscoveryCallback eventtype[3]
05-27 19:07:51.111 28437 28493 D ANWAPI  : (28437|0xFF195CB0)[BTAPI] anwbt_ble_le_discoveryHandler
05-27 19:07:51.111 28437 28493 D ANWAPI  : 
05-27 19:07:51.111 28437 28493 D ANWAPI  : (28437|0xFF195CB0)[BTAPI] anwbt_ble_le_discoveryHandler newDevice=0xb4000073fd7df39a,status=0,idx=255,scanLen=0,len=31,RSSI[-80]
05-27 19:07:51.111 28437 28493 D ANWAPI  : (28437|0xFF195CB0)[BTAPI] AnWBT_BLE_GetFirstRandomAddr start,btaddr=[0xac:0x53:0x29:0x3e:0x24:0x3b],addrType=1
05-27 19:07:51.111 28437 28493 D ANWAPI  : (28437|0xFF195CB0)[BTAPI] AnWBT_BLE_GetFirstRandomAddr end,btaddr=[0xac:0x53:0x29:0x3e:0x24:0x3b]
05-27 19:07:51.111 28437 28493 D ANWAPI  : (28437|0xFF195CB0)[BTAPI] send_BLE_discoveryHandler_Message event type: 0x3
05-27 19:07:51.111 28437 28493 D ANWAPI  : 
05-27 19:07:51.111 28437 28493 D ANW bt_btif: send_BLE_discoveryHandler_Message cod is 0x000000
05-27 19:07:51.111 28437 28493 D ANW bt_btif: btif_storage_add_remote_device, AnW
05-27 19:07:51.111 28437 28493 D ANW bt_btif: in, bd addr:3b:24:3e:29:53:ac, prop type:255, len:6
05-27 19:07:51.111 28437 28493 D ANW bt_btif: btif_in_fetch_bonded_device, AnW
05-27 19:07:51.111 28437 28493 D ANW bt_btif: btif_in_fetch_bonded_ble_device Found a LE device: 3b:24:3e:29:53:ac
05-27 19:07:51.111 28437 28493 D ANW bt_btif: btif_storage_get_remote_addr_type, AnW
05-27 19:07:51.111 28437 28493 D ANW bt_btif: btif_in_fetch_bonded_ble_device, AnW key_not_found
05-27 19:07:51.111 28437 28493 D ANW bt_btif: Remote device:3b:24:3e:29:53:ac, no link key or ble key found
05-27 19:07:51.111 28437 28493 D ANW bt_btif: in, bd addr:3b:24:3e:29:53:ac, prop type:5, len:4
05-27 19:07:51.111 28437 28493 D ANW bt_btif: btif_in_fetch_bonded_device, AnW
05-27 19:07:51.111 28437 28493 D ANW bt_btif: btif_in_fetch_bonded_ble_device Found a LE device: 3b:24:3e:29:53:ac
05-27 19:07:51.111 28437 28493 D ANW bt_btif: btif_storage_get_remote_addr_type, AnW
05-27 19:07:51.111 28437 28493 D ANW bt_btif: btif_in_fetch_bonded_ble_device, AnW key_not_found
05-27 19:07:51.111 28437 28493 D ANW bt_btif: Remote device:3b:24:3e:29:53:ac, no link key or ble key found
05-27 19:07:51.111 28437 28493 D ANW bt_btif: in, bd addr:3b:24:3e:29:53:ac, prop type:11, len:1
05-27 19:07:51.111 28437 28493 D ANW bt_btif: btif_in_fetch_bonded_device, AnW
05-27 19:07:51.111 28437 28493 D ANW bt_btif: btif_in_fetch_bonded_ble_device Found a LE device: 3b:24:3e:29:53:ac
05-27 19:07:51.111 28437 28493 D ANW bt_btif: btif_storage_get_remote_addr_type, AnW
05-27 19:07:51.111 28437 28493 D ANW bt_btif: btif_in_fetch_bonded_ble_device, AnW key_not_found
05-27 19:07:51.111 28437 28493 D ANW bt_btif: Remote device:3b:24:3e:29:53:ac, no link key or ble key found
05-27 19:07:51.111 28437 28493 D ANW bt_btif: btif_storage_set_remote_addr_type, AnW
05-27 19:07:51.111 28437 28493 I ANW bt_btif: onScanResult, address_type=1, primary_phy= 0, secondary_phy=0, ad size= 31
05-27 19:07:51.111 28437 28493 I ANW bt_btif: onScanResult: HAL bt_gatt_callbacks->scanner->scan_result_cb
05-27 19:07:51.112 28437 28493 D ANWStack: [  11938362][ANWBT] HCI Rx: LE Meta Event, HCI_evLEADVERTISINGREPORT, subevent_code=0x2 Num_Reports=1
05-27 19:07:51.112 28437 28493 D ANWStack: 
05-27 19:07:51.112 28437 28493 D ANWAPI  : (28437|0xFF195CB0)[BTAPI] AnwhciEventCallback 62 2
05-27 19:07:51.112 28437 28493 D ANWAPI  : (28437|0xFF195CB0)[BTAPI] btsdk_le_DiscoveryCallback eventtype[3]
05-27 19:07:51.112 28437 28493 D ANWAPI  : (28437|0xFF195CB0)[BTAPI] anwbt_ble_le_discoveryHandler
05-27 19:07:51.112 28437 28493 D ANWAPI  : 
05-27 19:07:51.112 28437 28493 D ANWAPI  : (28437|0xFF195CB0)[BTAPI] anwbt_ble_le_discoveryHandler newDevice=0xb4000073fd7df39a,status=0,idx=255,scanLen=0,len=31,RSSI[-85]
05-27 19:07:51.112 28437 28493 D ANWAPI  : (28437|0xFF195CB0)[BTAPI] AnWBT_BLE_GetFirstRandomAddr start,btaddr=[0xd8:0xcd:0xa9:0x24:0x47:0x19],addrType=1
05-27 19:07:51.112 28437 28493 D ANWAPI  : (28437|0xFF195CB0)[BTAPI] AnWBT_BLE_GetFirstRandomAddr end,btaddr=[0xd8:0xcd:0xa9:0x24:0x47:0x19]
05-27 19:07:51.112 28437 28493 D ANWAPI  : (28437|0xFF195CB0)[BTAPI] send_BLE_discoveryHandler_Message event type: 0x3
05-27 19:07:51.112 28437 28493 D ANWAPI  : 
05-27 19:07:51.112 28437 28493 D ANW bt_btif: send_BLE_discoveryHandler_Message cod is 0x000000
05-27 19:07:51.112 28437 28493 D ANW bt_btif: btif_storage_add_remote_device, AnW
05-27 19:07:51.112 28437 28493 D ANW bt_btif: in, bd addr:19:47:24:a9:cd:d8, prop type:255, len:6
05-27 19:07:51.112 28437 28493 D ANW bt_btif: btif_in_fetch_bonded_device, AnW
05-27 19:07:51.112 28437 28493 D ANW bt_btif: btif_in_fetch_bonded_ble_device Found a LE device: 19:47:24:a9:cd:d8
05-27 19:07:51.112 28437 28493 D ANW bt_btif: btif_storage_get_remote_addr_type, AnW
05-27 19:07:51.112 28437 28493 D ANW bt_btif: btif_in_fetch_bonded_ble_device, AnW key_not_found
05-27 19:07:51.112 28437 28493 D ANW bt_btif: Remote device:19:47:24:a9:cd:d8, no link key or ble key found
05-27 19:07:51.112 28437 28493 D ANW bt_btif: in, bd addr:19:47:24:a9:cd:d8, prop type:5, len:4
05-27 19:07:51.112 28437 28493 D ANW bt_btif: btif_in_fetch_bonded_device, AnW
05-27 19:07:51.112 28437 28493 D ANW bt_btif: btif_in_fetch_bonded_ble_device Found a LE device: 19:47:24:a9:cd:d8
05-27 19:07:51.112 28437 28493 D ANW bt_btif: btif_storage_get_remote_addr_type, AnW
05-27 19:07:51.112 28437 28493 D ANW bt_btif: btif_in_fetch_bonded_ble_device, AnW key_not_found
05-27 19:07:51.112 28437 28493 D ANW bt_btif: Remote device:19:47:24:a9:cd:d8, no link key or ble key found
05-27 19:07:51.112 28437 28493 D ANW bt_btif: in, bd addr:19:47:24:a9:cd:d8, prop type:11, len:1
05-27 19:07:51.112 28437 28493 D ANW bt_btif: btif_in_fetch_bonded_device, AnW
05-27 19:07:51.112 28437 28493 D ANW bt_btif: btif_in_fetch_bonded_ble_device Found a LE device: 19:47:24:a9:cd:d8
05-27 19:07:51.112 28437 28493 D ANW bt_btif: btif_storage_get_remote_addr_type, AnW
05-27 19:07:51.112 28437 28493 D ANW bt_btif: btif_in_fetch_bonded_ble_device, AnW key_not_found
05-27 19:07:51.112 28437 28493 D ANW bt_btif: Remote device:19:47:24:a9:cd:d8, no link key or ble key found
05-27 19:07:51.112 28437 28493 D ANW bt_btif: btif_storage_set_remote_addr_type, AnW
05-27 19:07:51.112 28437 28493 I ANW bt_btif: onScanResult, address_type=1, primary_phy= 0, secondary_phy=0, ad size= 31
05-27 19:07:51.112 13911 14183 I SentryImuMcuAngleSender: 179.98949rollDeg
05-27 19:07:51.113 28437 28493 I ANW bt_btif: onScanResult: HAL bt_gatt_callbacks->scanner->scan_result_cb
05-27 19:07:51.113 13911 14183 I SentryImuMcuAngleSender: 1,0,0
05-27 19:07:51.113 28437 28493 D ANWStack: [  11938363][ANWBT] HCI Rx: LE Meta Event, HCI_evLEADVERTISINGREPORT, subevent_code=0x2 Num_Reports=1
05-27 19:07:51.113 28437 28493 D ANWStack: 
05-27 19:07:51.113 28437 28493 D ANWAPI  : (28437|0xFF195CB0)[BTAPI] AnwhciEventCallback 62 2
05-27 19:07:51.113 28437 28493 D ANWAPI  : (28437|0xFF195CB0)[BTAPI] btsdk_le_DiscoveryCallback eventtype[3]
05-27 19:07:51.113 28437 28493 D ANWAPI  : (28437|0xFF195CB0)[BTAPI] anwbt_ble_le_discoveryHandler
05-27 19:07:51.113 28437 28493 D ANWAPI  : 
05-27 19:07:51.113 28437 28493 D ANWAPI  : (28437|0xFF195CB0)[BTAPI] anwbt_ble_le_discoveryHandler newDevice=0xb4000073fd7df39a,status=0,idx=255,scanLen=0,len=31,RSSI[-80]
05-27 19:07:51.113 28437 28493 D ANWAPI  : (28437|0xFF195CB0)[BTAPI] AnWBT_BLE_GetFirstRandomAddr start,btaddr=[0xaa:0x1b:0x95:0xf8:0xb9:0x30],addrType=1
05-27 19:07:51.113 28437 28493 D ANWAPI  : (28437|0xFF195CB0)[BTAPI] AnWBT_BLE_GetFirstRandomAddr end,btaddr=[0xaa:0x1b:0x95:0xf8:0xb9:0x30]
05-27 19:07:51.113 28437 28493 D ANWAPI  : (28437|0xFF195CB0)[BTAPI] send_BLE_discoveryHandler_Message event type: 0x3
05-27 19:07:51.113 28437 28493 D ANWAPI  : 
05-27 19:07:51.113 28437 28493 D ANW bt_btif: send_BLE_discoveryHandler_Message cod is 0x000000
05-27 19:07:51.113 28437 28493 D ANW bt_btif: btif_storage_add_remote_device, AnW
05-27 19:07:51.113 28437 28493 D ANW bt_btif: in, bd addr:30:b9:f8:95:1b:aa, prop type:255, len:6
05-27 19:07:51.113 28437 28493 D ANW bt_btif: btif_in_fetch_bonded_device, AnW
05-27 19:07:51.113 28437 28493 D ANW bt_btif: btif_in_fetch_bonded_ble_device Found a LE device: 30:b9:f8:95:1b:aa
05-27 19:07:51.113 28437 28493 D ANW bt_btif: btif_storage_get_remote_addr_type, AnW
05-27 19:07:51.113 28437 28493 D ANW bt_btif: btif_in_fetch_bonded_ble_device, AnW key_not_found
05-27 19:07:51.113 28437 28493 D ANW bt_btif: Remote device:30:b9:f8:95:1b:aa, no link key or ble key found
05-27 19:07:51.113 28437 28493 D ANW bt_btif: in, bd addr:30:b9:f8:95:1b:aa, prop type:5, len:4
05-27 19:07:51.113 28437 28493 D ANW bt_btif: btif_in_fetch_bonded_device, AnW
05-27 19:07:51.113 28437 28493 D ANW bt_btif: btif_in_fetch_bonded_ble_device Found a LE device: 30:b9:f8:95:1b:aa
05-27 19:07:51.113 28437 28493 D ANW bt_btif: btif_storage_get_remote_addr_type, AnW
05-27 19:07:51.113 28437 28493 D ANW bt_btif: btif_in_fetch_bonded_ble_device, AnW key_not_found
05-27 19:07:51.113 28437 28493 D ANW bt_btif: Remote device:30:b9:f8:95:1b:aa, no link key or ble key found
05-27 19:07:51.113 28437 28493 D ANW bt_btif: in, bd addr:30:b9:f8:95:1b:aa, prop type:11, len:1
05-27 19:07:51.113 28437 28493 D ANW bt_btif: btif_in_fetch_bonded_device, AnW
05-27 19:07:51.113 28437 28493 D ANW bt_btif: btif_in_fetch_bonded_ble_device Found a LE device: 30:b9:f8:95:1b:aa
05-27 19:07:51.113 28437 28493 D ANW bt_btif: btif_storage_get_remote_addr_type, AnW
05-27 19:07:51.114 28437 28493 D ANW bt_btif: btif_in_fetch_bonded_ble_device, AnW key_not_found
05-27 19:07:51.114 28437 28493 D ANW bt_btif: Remote device:30:b9:f8:95:1b:aa, no link key or ble key found
05-27 19:07:51.114 28437 28493 D ANW bt_btif: btif_storage_set_remote_addr_type, AnW
05-27 19:07:51.114 28437 28493 I ANW bt_btif: onScanResult, address_type=1, primary_phy= 0, secondary_phy=0, ad size= 31
05-27 19:07:51.114 28437 28493 I ANW bt_btif: onScanResult: HAL bt_gatt_callbacks->scanner->scan_result_cb
05-27 19:07:51.114 28437 28493 D ANWStack: [  11938365][ANWBT] HCI Rx: LE Meta Event, HCI_evLEADVERTISINGREPORT, subevent_code=0x2 Num_Reports=1
05-27 19:07:51.114 28437 28493 D ANWStack: 
05-27 19:07:51.114 28437 28493 D ANWAPI  : (28437|0xFF195CB0)[BTAPI] AnwhciEventCallback 62 2
05-27 19:07:51.114 28437 28493 D ANWAPI  : (28437|0xFF195CB0)[BTAPI] btsdk_le_DiscoveryCallback eventtype[3]
05-27 19:07:51.114 28437 28493 D ANWAPI  : (28437|0xFF195CB0)[BTAPI] anwbt_ble_le_discoveryHandler
05-27 19:07:51.114 28437 28493 D ANWAPI  : 
05-27 19:07:51.114 28437 28493 D ANWAPI  : (28437|0xFF195CB0)[BTAPI] anwbt_ble_le_discoveryHandler newDevice=0xb4000073fd7df39a,status=0,idx=255,scanLen=0,len=31,RSSI[-85]
05-27 19:07:51.114 28437 28493 D ANWAPI  : (28437|0xFF195CB0)[BTAPI] AnWBT_BLE_GetFirstRandomAddr start,btaddr=[0xd:0x76:0xef:0x9c:0xba:0x1d],addrType=1
05-27 19:07:51.114 28437 28493 D ANWAPI  : (28437|0xFF195CB0)[BTAPI] AnWBT_BLE_GetFirstRandomAddr end,btaddr=[0xd:0x76:0xef:0x9c:0xba:0x1d]
05-27 19:07:51.114 28437 28493 D ANWAPI  : (28437|0xFF195CB0)[BTAPI] send_BLE_discoveryHandler_Message event type: 0x3
05-27 19:07:51.114 28437 28493 D ANWAPI  : 
05-27 19:07:51.115 28437 28493 D ANW bt_btif: send_BLE_discoveryHandler_Message cod is 0x000000
05-27 19:07:51.115 28437 28493 D ANW bt_btif: btif_storage_add_remote_device, AnW
05-27 19:07:51.115 28437 28493 D ANW bt_btif: in, bd addr:1d:ba:9c:ef:76:0d, prop type:255, len:6
05-27 19:07:51.115 28437 28493 D ANW bt_btif: btif_in_fetch_bonded_device, AnW
05-27 19:07:51.115 28437 28493 D ANW bt_btif: btif_in_fetch_bonded_ble_device Found a LE device: 1d:ba:9c:ef:76:0d
05-27 19:07:51.115 28437 28493 D ANW bt_btif: btif_storage_get_remote_addr_type, AnW
05-27 19:07:51.115 28437 28493 D ANW bt_btif: btif_in_fetch_bonded_ble_device, AnW key_not_found
05-27 19:07:51.115 28437 28493 D ANW bt_btif: Remote device:1d:ba:9c:ef:76:0d, no link key or ble key found
05-27 19:07:51.115 28437 28493 D ANW bt_btif: in, bd addr:1d:ba:9c:ef:76:0d, prop type:5, len:4
05-27 19:07:51.115 28437 28493 D ANW bt_btif: btif_in_fetch_bonded_device, AnW
05-27 19:07:51.115 28437 28493 D ANW bt_btif: btif_in_fetch_bonded_ble_device Found a LE device: 1d:ba:9c:ef:76:0d
05-27 19:07:51.115 28437 28493 D ANW bt_btif: btif_storage_get_remote_addr_type, AnW
05-27 19:07:51.115 28437 28493 D ANW bt_btif: btif_in_fetch_bonded_ble_device, AnW key_not_found
05-27 19:07:51.115 28437 28493 D ANW bt_btif: Remote device:1d:ba:9c:ef:76:0d, no link key or ble key found
05-27 19:07:51.115 28437 28493 D ANW bt_btif: in, bd addr:1d:ba:9c:ef:76:0d, prop type:11, len:1
05-27 19:07:51.115 28437 28493 D ANW bt_btif: btif_in_fetch_bonded_device, AnW
05-27 19:07:51.115 28437 28493 D ANW bt_btif: btif_in_fetch_bonded_ble_device Found a LE device: 1d:ba:9c:ef:76:0d
05-27 19:07:51.115 28437 28493 D ANW bt_btif: btif_storage_get_remote_addr_type, AnW
05-27 19:07:51.115 28437 28493 D ANW bt_btif: btif_in_fetch_bonded_ble_device, AnW key_not_found
05-27 19:07:51.115 28437 28493 D ANW bt_btif: Remote device:1d:ba:9c:ef:76:0d, no link key or ble key found
05-27 19:07:51.115 28437 28493 D ANW bt_btif: btif_storage_set_remote_addr_type, AnW
05-27 19:07:51.115 28437 28493 I ANW bt_btif: onScanResult, address_type=1, primary_phy= 0, secondary_phy=0, ad size= 31
05-27 19:07:51.115 28437 28493 I ANW bt_btif: onScanResult: HAL bt_gatt_callbacks->scanner->scan_result_cb
05-27 19:07:51.115 28437 28493 D ANWStack: [  11938366][ANWBT] HCI Rx: LE Meta Event, HCI_evLEADVERTISINGREPORT, subevent_code=0x2 Num_Reports=1
05-27 19:07:51.115 28437 28493 D ANWStack: 
05-27 19:07:51.116   581   581 I SpiService: fgesysctrl_getGPIO_status success val=1
05-27 19:07:51.117 10188 11505 E SSense.fps: We could not find the file :/sys/class/display/dispc0/frame_count
05-27 19:07:51.116 28437 28493 D ANWAPI  : (28437|0xFF195CB0)[BTAPI] AnwhciEventCallback 62 2
05-27 19:07:51.118 28437 28493 D ANWAPI  : (28437|0xFF195CB0)[BTAPI] btsdk_le_DiscoveryCallback eventtype[3]
05-27 19:07:51.118 28437 28493 D ANWAPI  : (28437|0xFF195CB0)[BTAPI] anwbt_ble_le_discoveryHandler
05-27 19:07:51.118 28437 28493 D ANWAPI  : 
05-27 19:07:51.118 28437 28493 D ANWAPI  : (28437|0xFF195CB0)[BTAPI] anwbt_ble_le_discoveryHandler newDevice=0xb4000073fd7df39a,status=0,idx=255,scanLen=0,len=31,RSSI[-86]
05-27 19:07:51.118 28437 28493 D ANWAPI  : (28437|0xFF195CB0)[BTAPI] AnWBT_BLE_GetFirstRandomAddr start,btaddr=[0x1a:0xc5:0x3:0x99:0xf2:0x37],addrType=1
05-27 19:07:51.118 28437 28493 D ANWAPI  : (28437|0xFF195CB0)[BTAPI] AnWBT_BLE_GetFirstRandomAddr end,btaddr=[0x1a:0xc5:0x3:0x99:0xf2:0x37]
05-27 19:07:51.118 28437 28493 D ANWAPI  : (28437|0xFF195CB0)[BTAPI] send_BLE_discoveryHandler_Message event type: 0x3
05-27 19:07:51.118 28437 28493 D ANWAPI  : 
05-27 19:07:51.118 28437 28493 D ANW bt_btif: send_BLE_discoveryHandler_Message cod is 0x000000
05-27 19:07:51.118 28437 28493 D ANW bt_btif: btif_storage_add_remote_device, AnW
05-27 19:07:51.118 28437 28493 D ANW bt_btif: in, bd addr:37:f2:99:03:c5:1a, prop type:255, len:6
05-27 19:07:51.118 28437 28493 D ANW bt_btif: btif_in_fetch_bonded_device, AnW
05-27 19:07:51.118 28437 28493 D ANW bt_btif: btif_in_fetch_bonded_ble_device Found a LE device: 37:f2:99:03:c5:1a
05-27 19:07:51.118 28437 28493 D ANW bt_btif: btif_storage_get_remote_addr_type, AnW
05-27 19:07:51.118 28437 28493 D ANW bt_btif: btif_in_fetch_bonded_ble_device, AnW key_not_found
05-27 19:07:51.118 28437 28493 D ANW bt_btif: Remote device:37:f2:99:03:c5:1a, no link key or ble key found
05-27 19:07:51.118 28437 28493 D ANW bt_btif: in, bd addr:37:f2:99:03:c5:1a, prop type:5, len:4
05-27 19:07:51.118 28437 28493 D ANW bt_btif: btif_in_fetch_bonded_device, AnW
05-27 19:07:51.118 28437 28493 D ANW bt_btif: btif_in_fetch_bonded_ble_device Found a LE device: 37:f2:99:03:c5:1a
05-27 19:07:51.118 28437 28493 D ANW bt_btif: btif_storage_get_remote_addr_type, AnW
05-27 19:07:51.118 28437 28493 D ANW bt_btif: btif_in_fetch_bonded_ble_device, AnW key_not_found
05-27 19:07:51.118 28437 28493 D ANW bt_btif: Remote device:37:f2:99:03:c5:1a, no link key or ble key found
05-27 19:07:51.118 28437 28493 D ANW bt_btif: in, bd addr:37:f2:99:03:c5:1a, prop type:11, len:1
05-27 19:07:51.118 28437 28493 D ANW bt_btif: btif_in_fetch_bonded_device, AnW
05-27 19:07:51.118 28437 28493 D ANW bt_btif: btif_in_fetch_bonded_ble_device Found a LE device: 37:f2:99:03:c5:1a
05-27 19:07:51.118 28437 28493 D ANW bt_btif: btif_storage_get_remote_addr_type, AnW
05-27 19:07:51.118 28437 28493 D ANW bt_btif: btif_in_fetch_bonded_ble_device, AnW key_not_found
05-27 19:07:51.119 28437 28493 D ANW bt_btif: Remote device:37:f2:99:03:c5:1a, no link key or ble key found
05-27 19:07:51.119 28437 28493 D ANW bt_btif: btif_storage_set_remote_addr_type, AnW
05-27 19:07:51.119 28437 28493 I ANW bt_btif: onScanResult, address_type=1, primary_phy= 0, secondary_phy=0, ad size= 31
05-27 19:07:51.119 28437 28493 I ANW bt_btif: onScanResult: HAL bt_gatt_callbacks->scanner->scan_result_cb
05-27 19:07:51.121   581   581 I SpiService: fgesysctrl_getGPIO_status success val=1
05-27 08:59:00.086   581   581 D spidev_ioctl: gpio status=1)
05-27 19:07:51.127   581   581 I SpiService: fgesysctrl_getGPIO_status success val=0
05-27 19:07:51.128   572   572 I Sensors : 230 GyroSensor: x:-0.010919,y:0.005115,z:0.001985
05-27 19:07:51.132 13911 14183 I SentryImuMcuAngleSender: 179.99649rollDeg
05-27 19:07:51.132 13911 14183 I SentryImuMcuAngleSender: 1,0,0
05-27 19:07:51.140   536   536 D commservice260303: msg.id = 1028,0
05-27 19:07:51.140   536   536 D commservice260303: i = 170, msgid = 8A000404
05-27 19:07:51.140   536   536 D commservice260303: msgid = -1979710460,did=138
05-27 19:07:51.140   536   536 D commservice260303: CommProtocolLibCmdBaseI2C::dataproc {"command":{"id":"imu_status","sub":""},"content":{"TimeStamp":11,"FrameCounter":280725,"GD_X":-0.01091896090656519,"GD_Y":0.0051151420921087265,"GD_Z":0.0019848872907459736,"AD_X":-3.155916929244995E-4,"AD_Y":-9.65758808888495E-4,"AD_Z":-0.17316913604736328,"TempDsp":0,"Status":0,"CalibState":1,"SigAmpInvalid":0}},-1979710460
05-27 19:07:51.140   536   536 D commservice260303: send2Cluster len:316, 7B22636F6D6D616E64223A7B226964223A22696D755F737461747573222C22737562223A22227D2C22636F6E74656E74223A7B2254696D655374616D70223A31312C224672616D65436F756E746572223A3238303732352C2247445F58223A2D302E30313039313839363039303635363531392C2247445F59223A302E303035313135313432303932313038373236352C2247445F5A223A302E303031393834383837323930373435393733362C2241445F58223A2D332E313535393136393239323434393935452D342C2241445F59223A2D392E3635373538383038383838343935452D342C2241445F5A223A2D302E31373331363931333630343733363332382C2254656D70447370223A302C22537461747573223A302C2243616C69625374617465223A312C22536967416D70496E76616C6964223A307D7D, 138 
05-27 19:07:51.140   536   536 D commservice260303: Push Message into SendPool fn=-745864192
05-27 19:07:51.140   536   536 D commservice260303: ComProtocolLibSend2Cluster::send2ClusterRaw fn=-745864192 , len=332
05-27 19:07:51.140   536   536 D commservice260303: sendCmdToPort :332!!!
05-27 19:07:51.141   536   536 D commservice260303: send Cmd To Port ++++5AA501488A0100048BD36A16D0877B22636F6D6D616E64223A7B226964223A22696D755F737461747573222C22737562223A22227D2C22636F6E74656E74223A7B2254696D655374616D70223A31312C224672616D65436F756E746572223A3238303732352C2247445F58223A2D302E30313039313839363039303635363531392C2247445F59223A302E303035313135313432303932313038373236352C2247445F5A223A302E303031393834383837323930373435393733362C2241445F58223A2D332E313535393136393239323434393935452D342C2241445F59223A2D392E3635373538383038383838343935452D342C2241445F5A223A2D302E31373331363931333630343733363332382C2254656D70447370223A302C22537461747573223A302C2243616C69625374617465223A312C22536967416D70496E76616C6964223A307D7DDF1C
05-27 19:07:51.141   581   581 I SpiService: fgesysctrl_getGPIO_status success val=1
05-27 19:07:51.141   536   536 D commservice260303: bufferevent_write retrun value = 0
05-27 19:07:51.142   536   560 D commservice260303: client datas send succeed,send finish
05-27 19:07:51.143 13911 14192 D Sentinelmode_1.2.5.17_sentry: <SentryImuClusterFgeSender>imu_status sent to Linux, frame=280725, tsNs=11938379, tsMs=11, intervalMs=42, ad=(-3.155917E-4,-9.657588E-4,-0.17316914), gd=(-0.010918961,0.005115142,0.0019848873)
05-27 19:07:51.147   581   581 I SpiService: fgesysctrl_getGPIO_status success val=1
05-27 08:59:00.111   581   581 D spi_rst_gpio_get_output: GPIO 145 value: 1
05-27 19:07:51.152 13911 14183 I SentryImuMcuAngleSender: -179.986rollDeg
05-27 19:07:51.152 13911 14183 I SentryImuMcuAngleSender: 1,0,0
05-27 19:07:51.153   581   581 I SpiService: fgesysctrl_getGPIO_status success val=1
05-27 08:59:00.117   581   581 D spi_rst_gpio_get_output: GPIO 145 value: 1
05-27 08:59:00.117   581   581 D spidev_ioctl: gpio status=1)
05-27 19:07:51.158   581   581 I SpiService: fgesysctrl_getGPIO_status success val=1
05-27 08:59:00.123   581   581 D spi_rst_gpio_get_output: GPIO 145 value: 1
05-27 08:59:00.123   581   581 D spidev_ioctl: gpio status=1)
05-27 19:07:51.164   581   581 I SpiService: fgesysctrl_getGPIO_status success val=1
05-27 08:59:00.128   581   581 D spi_rst_gpio_get_output: GPIO 145 value: 1
05-27 08:59:00.128   581   581 D spidev_ioctl: gpio status=1)
05-27 19:07:51.166  1083  1083 I MyAppLog: [2026-05-27 19:07:51.165 I tboxap mcuSendYadiTransfer:196] [Mcu] [mcuYadiSend]: :00 08 FA 04 01 09 81 02 01 01
05-27 19:07:51.169   481   599 I mcuc    : start timer OK = 33725 
05-27 19:07:51.169   581   581 I SpiService: fgesysctrl_getGPIO_status success val=0
05-27 19:07:51.170   481   597 I mcuc    : send SPI:6AA60183BD00F80901FA040109810201010000000000000000000000000000000000000000000000000000000000000000000000000000000000000000000000000000000000000000000000000000000000000000000000000000000000000000000000000000000000000000000000000000000000000000000000000000000000000000000000000000000000000000000000000000000000000000000000000000000000000000000000000000000000000000000000000000000000000000000000000000000000000000000000000000000000000000000000000000000000000000000000000000000000000000000000000000000000000000000030
05-27 19:07:51.172 13911 14183 I SentryImuMcuAngleSender: -179.993rollDeg
05-27 19:07:51.172 13911 14183 I SentryImuMcuAngleSender: 1,0,0
05-27 08:59:00.134   581   581 D spi_rst_gpio_get_output: GPIO 145 value: 0
05-27 08:59:00.134   581   581 D spidev_ioctl: gpio status=0)
05-27 19:07:51.174   283   307 I rvcservice: t.code = 3, t.value = 0
05-27 19:07:51.180   536   536 D commservice260303: msg.id = 1028,0
05-27 19:07:51.180   536   536 D commservice260303: i = 170, msgid = 8A000404
05-27 19:07:51.180   536   536 D commservice260303: msgid = -1979710460,did=138
05-27 19:07:51.180   536   536 D commservice260303: CommProtocolLibCmdBaseI2C::dataproc {"command":{"id":"imu_status","sub":""},"content":{"TimeStamp":11,"FrameCounter":280726,"GD_X":-0.011910883709788322,"GD_Y":0.005879240110516548,"GD_Z":0.0018319635419175029,"AD_X":-0.0015452951192855835,"AD_Y":-0.0027747401036322117,"AD_Z":-0.17499923706054688,"TempDsp":0,"Status":0,"CalibState":1,"SigAmpInvalid":0}},-1979710460
05-27 19:07:51.181   536   536 D commservice260303: send2Cluster len:319, 7B22636F6D6D616E64223A7B226964223A22696D755F737461747573222C22737562223A22227D2C22636F6E74656E74223A7B2254696D655374616D70223A31312C224672616D65436F756E746572223A3238303732362C2247445F58223A2D302E3031313931303838333730393738383332322C2247445F59223A302E3030353837393234303131303531363534382C2247445F5A223A302E303031383331393633353431393137353032392C2241445F58223A2D302E303031353435323935313139323835353833352C2241445F59223A2D302E303032373734373430313033363332323131372C2241445F5A223A2D302E31373439393932333730363035343638382C2254656D70447370223A302C22537461747573223A302C2243616C69625374617465223A312C22536967416D70496E76616C6964223A307D7D, 138 
05-27 19:07:51.181   536   536 D commservice260303: Push Message into SendPool fn=-729086976
05-27 19:07:51.181   536   536 D commservice260303: ComProtocolLibSend2Cluster::send2ClusterRaw fn=-729086976 , len=335
05-27 19:07:51.181   536   536 D commservice260303: sendCmdToPort :335!!!
05-27 19:07:51.181   536   536 D commservice260303: send Cmd To Port ++++5AA5014B8A0100048BD46A16D0877B22636F6D6D616E64223A7B226964223A22696D755F737461747573222C22737562223A22227D2C22636F6E74656E74223A7B2254696D655374616D70223A31312C224672616D65436F756E746572223A3238303732362C2247445F58223A2D302E3031313931303838333730393738383332322C2247445F59223A302E3030353837393234303131303531363534382C2247445F5A223A302E303031383331393633353431393137353032392C2241445F58223A2D302E303031353435323935313139323835353833352C2241445F59223A2D302E303032373734373430313033363332323131372C2241445F5A223A2D302E31373439393932333730363035343638382C2254656D70447370223A302C22537461747573223A302C2243616C69625374617465223A312C22536967416D70496E76616C6964223A307D7D1715
05-27 19:07:51.181   536   536 D commservice260303: bufferevent_write retrun value = 0
05-27 19:07:51.182 13911 14192 D Sentinelmode_1.2.5.17_sentry: <SentryImuClusterFgeSender>imu_status sent to Linux, frame=280726, tsNs=11938417, tsMs=11, intervalMs=39, ad=(-0.0015452951,-0.00277474,-0.17499924), gd=(-0.011910884,0.00587924,0.0018319635)
05-27 19:07:51.182   536   560 D commservice260303: client datas send succeed,send finish
05-27 19:07:51.184   581   581 I SpiService: fgesysctrl_getGPIO_status success val=1
05-27 08:59:00.149   581   581 D spi_rst_gpio_get_output: GPIO 145 value: 1
05-27 08:59:00.149   581   581 D spidev_ioctl: gpio status=1)
05-27 19:07:51.190   581   581 I SpiService: fgesysctrl_getGPIO_status success val=1
05-27 19:07:51.192 13911 14183 I SentryImuMcuAngleSender: 179.9895rollDeg
05-27 19:07:51.192 13911 14183 I SentryImuMcuAngleSender: 1,0,0
05-27 08:59:00.154   581   581 D spi_rst_gpio_get_output: GPIO 145 value: 1
05-27 08:59:00.154   581   581 D spidev_ioctl: gpio status=1)
05-27 19:07:51.194 29100 29100 I ADAYO_LOG_TRACE_KERNEL: execute interrupt
05-27 19:07:51.195   581   581 I SpiService: fgesysctrl_getGPIO_status success val=1
05-27 08:59:00.160   581   581 D spi_rst_gpio_get_output: GPIO 145 value: 1
05-27 08:59:00.160   581   581 D spidev_ioctl: gpio status=1)
05-27 19:07:51.201   581   581 I SpiService: fgesysctrl_getGPIO_status success val=1
05-27 08:59:00.166   581   581 D spi_rst_gpio_get_output: GPIO 145 value: 1
05-27 08:59:00.166   581   581 D spidev_ioctl: gpio status=1)
05-27 19:07:51.207   581   581 I SpiService: fgesysctrl_getGPIO_status success val=0
05-27 08:59:00.171   581   581 D spi_rst_gpio_get_output: GPIO 145 value: 0
05-27 19:07:51.213 13911 14183 I SentryImuMcuAngleSender: 179.972rollDeg
05-27 19:07:51.213 13911 14183 I SentryImuMcuAngleSender: 1,0,0
05-27 08:59:00.171   581   581 D spidev_ioctl: gpio status=0)
05-27 19:07:51.221   481   598 I mcuc    : rev,n=1,6AA68283BD0002090132
05-27 19:07:51.221   581   581 I SpiService: fgesysctrl_getGPIO_status success val=1
05-27 08:59:00.186   581   581 D spi_rst_gpio_get_output: GPIO 145 value: 1
05-27 08:59:00.186   581   581 D spidev_ioctl: gpio status=1)
05-27 19:07:51.227   581   581 I SpiService: fgesysctrl_getGPIO_status success val=1
05-27 19:07:51.227   536   536 D commservice260303: msg.id = 1028,0
05-27 19:07:51.227   536   536 D commservice260303: i = 170, msgid = 8A000404
05-27 19:07:51.227   536   536 D commservice260303: msgid = -1979710460,did=138
05-27 19:07:51.227   536   536 D commservice260303: CommProtocolLibCmdBaseI2C::dataproc {"command":{"id":"imu_status","sub":""},"content":{"TimeStamp":11,"FrameCounter":280727,"GD_X":-0.011147825978696346,"GD_Y":0.00519212381914258,"GD_Z":0.0022902146447449923,"AD_X":-0.008237913250923157,"AD_Y":0.007560972589999437,"AD_Z":-0.17926788330078125,"TempDsp":0,"Status":0,"CalibState":1,"SigAmpInvalid":0}},-1979710460
05-27 19:07:51.227   536   536 D commservice260303: send2Cluster len:315, 7B22636F6D6D616E64223A7B226964223A22696D755F737461747573222C22737562223A22227D2C22636F6E74656E74223A7B2254696D655374616D70223A31312C224672616D65436F756E746572223A3238303732372C2247445F58223A2D302E3031313134373832353937383639363334362C2247445F59223A302E30303531393231323338313931343235382C2247445F5A223A302E303032323930323134363434373434393932332C2241445F58223A2D302E3030383233373931333235303932333135372C2241445F59223A302E3030373536303937323538393939393433372C2241445F5A223A2D302E31373932363738383333303037383132352C2254656D70447370223A302C22537461747573223A302C2243616C69625374617465223A312C22536967416D70496E76616C6964223A307D7D, 138 
05-27 08:59:00.191   581   581 D spidev_ioctl: gpio status=1)
05-27 19:07:51.228   536   536 D commservice260303: Push Message into SendPool fn=-712309760
05-27 19:07:51.228   536   536 D commservice260303: ComProtocolLibSend2Cluster::send2ClusterRaw fn=-712309760 , len=331
05-27 19:07:51.228   536   536 D commservice260303: sendCmdToPort :331!!!
05-27 19:07:51.228   536   536 D commservice260303: send Cmd To Port ++++5AA501478A0100048BD56A16D0877B22636F6D6D616E64223A7B226964223A22696D755F737461747573222C22737562223A22227D2C22636F6E74656E74223A7B2254696D655374616D70223A31312C224672616D65436F756E746572223A3238303732372C2247445F58223A2D302E3031313134373832353937383639363334362C2247445F59223A302E30303531393231323338313931343235382C2247445F5A223A302E303032323930323134363434373434393932332C2241445F58223A2D302E3030383233373931333235303932333135372C2241445F59223A302E3030373536303937323538393939393433372C2241445F5A223A2D302E31373932363738383333303037383132352C2254656D70447370223A302C22537461747573223A302C2243616C69625374617465223A312C22536967416D70496E76616C6964223A307D7D4733
05-27 19:07:51.228   536   536 D commservice260303: bufferevent_write retrun value = 0
05-27 19:07:51.228   536   560 D commservice260303: client datas send succeed,send finish
05-27 19:07:51.229 13911 14192 D Sentinelmode_1.2.5.17_sentry: <SentryImuClusterFgeSender>imu_status sent to Linux, frame=280727, tsNs=11938468, tsMs=11, intervalMs=47, ad=(-0.008237913,0.0075609726,-0.17926788), gd=(-0.011147826,0.005192124,0.0022902146)
05-27 19:07:51.234   581   581 I SpiService: fgesysctrl_getGPIO_status success val=1
05-27 19:07:51.234 13911 14183 I SentryImuMcuAngleSender: 179.9475rollDeg
05-27 19:07:51.234 13911 14183 I SentryImuMcuAngleSender: 1,0,0
05-27 19:07:51.235 29102 29102 I ADAYO_LOG_TRACE_KERNEL: execute end
05-27 19:07:51.235   572   572 I Sensors : 230 AccelSensor: x:-0.175070,y:0.008540,z:-9.981430
05-27 08:59:00.198   581   581 D spi_rst_gpio_get_output: GPIO 145 value: 1
05-27 08:59:00.198   581   581 D spidev_ioctl: gpio status=1)
05-27 08:59:00.204   581   581 D spi_rst_gpio_get_output: GPIO 145 value: 1
05-27 08:59:00.204   581   581 D spidev_ioctl: gpio status=1)
05-27 19:07:51.239   581   581 I SpiService: fgesysctrl_getGPIO_status success val=1
05-27 19:07:51.242 10188  6599 D NetworkPolicy: Blocked state of 10080: {blocked=NONE,allowed=FOREGROUND|TOP|METERED_FOREGROUND,effective=NONE}
05-27 08:59:00.204     1     1 I init    : Service 'trace_kernel' (pid 29053) exited with status 0
05-27 08:59:00.204     1     1 I init    : Sending signal 9 to service 'trace_kernel' (pid 29053) process group...
05-27 08:59:00.204     1     1 I libprocessgroup: Successfully killed process cgroup uid 0 pid 29053 in 0ms
05-27 19:07:51.244   581   581 I SpiService: fgesysctrl_getGPIO_status success val=1
05-27 08:59:00.209   581   581 D spi_rst_gpio_get_output: GPIO 145 value: 1
05-27 08:59:00.209   581   581 D spidev_ioctl: gpio status=1)
05-27 19:07:51.250   581   581 I SpiService: fgesysctrl_getGPIO_status success val=0
05-27 08:59:00.214   581   581 D spi_rst_gpio_get_output: GPIO 145 value: 0
05-27 08:59:00.214   581   581 D spidev_ioctl: gpio status=0)
05-27 19:07:51.255 13911 14183 I SentryImuMcuAngleSender: 179.98248rollDeg
05-27 19:07:51.256 13911 14183 I SentryImuMcuAngleSender: 1,0,0
05-27 19:07:51.260   536   536 D commservice260303: msg.id = 1028,0
05-27 19:07:51.260   536   536 D commservice260303: i = 170, msgid = 8A000404
05-27 19:07:51.260   536   536 D commservice260303: msgid = -1979710460,did=138
05-27 19:07:51.260   536   536 D commservice260303: CommProtocolLibCmdBaseI2C::dataproc {"command":{"id":"imu_status","sub":""},"content":{"TimeStamp":11,"FrameCounter":280728,"GD_X":-0.010613113641738892,"GD_Y":0.00641395291313529,"GD_Z":0.0021378109231591225,"AD_X":-0.00456102192401886,"AD_Y":0.0014345201198011637,"AD_Z":-0.17194843292236328,"TempDsp":0,"Status":0,"CalibState":1,"SigAmpInvalid":0}},-1979710460
05-27 19:07:51.260   536   536 D commservice260303: send2Cluster len:315, 7B22636F6D6D616E64223A7B226964223A22696D755F737461747573222C22737562223A22227D2C22636F6E74656E74223A7B2254696D655374616D70223A31312C224672616D65436F756E746572223A3238303732382C2247445F58223A2D302E3031303631333131333634313733383839322C2247445F59223A302E30303634313339353239313331333532392C2247445F5A223A302E303032313337383130393233313539313232352C2241445F58223A2D302E30303435363130323139323430313838362C2241445F59223A302E303031343334353230313139383031313633372C2241445F5A223A2D302E31373139343834333239323233363332382C2254656D70447370223A302C22537461747573223A302C2243616C69625374617465223A312C22536967416D70496E76616C6964223A307D7D, 138 
05-27 19:07:51.260   536   536 D commservice260303: Push Message into SendPool fn=-695532544
05-27 19:07:51.260   536   536 D commservice260303: ComProtocolLibSend2Cluster::send2ClusterRaw fn=-695532544 , len=331
05-27 19:07:51.260   536   536 D commservice260303: sendCmdToPort :331!!!
05-27 19:07:51.261   536   536 D commservice260303: send Cmd To Port ++++5AA501478A0100048BD66A16D0877B22636F6D6D616E64223A7B226964223A22696D755F737461747573222C22737562223A22227D2C22636F6E74656E74223A7B2254696D655374616D70223A31312C224672616D65436F756E746572223A3238303732382C2247445F58223A2D302E3031303631333131333634313733383839322C2247445F59223A302E30303634313339353239313331333532392C2247445F5A223A302E303032313337383130393233313539313232352C2241445F58223A2D302E30303435363130323139323430313838362C2241445F59223A302E303031343334353230313139383031313633372C2241445F5A223A2D302E31373139343834333239323233363332382C2254656D70447370223A302C22537461747573223A302C2243616C69625374617465223A312C22536967416D70496E76616C6964223A307D7D7BCE
05-27 19:07:51.261   536   536 D commservice260303: bufferevent_write retrun value = 0
05-27 19:07:51.261 28437 28493 D ANWStack: [  11938512][ANWBT] HCI Rx: InquiryComplete event, status=0x00 (Success)
05-27 19:07:51.261 28437 28493 D ANWStack: 
05-27 19:07:51.261   536   560 D commservice260303: client datas send succeed,send finish
05-27 19:07:51.261 28437 28493 D ANWAPI  : (28437|0xFF195CB0)[BTAPI] AnwhciEventCallback 1 0
05-27 19:07:51.261 28437 28493 D ANWAPI  : (28437|0xFF195CB0)[BTAPI] LIB<<HCI:HCI_evINQUIRYCOMPLETE
05-27 19:07:51.261 13911 14192 D Sentinelmode_1.2.5.17_sentry: <SentryImuClusterFgeSender>imu_status sent to Linux, frame=280728, tsNs=11938504, tsMs=11, intervalMs=33, ad=(-0.004561022,0.0014345201,-0.17194843), gd=(-0.010613114,0.006413953,0.002137811)
05-27 19:07:51.261 28437 28493 D ANWAPI  : (28437|0xFF195CB0)[BTAPI] cancel inquiry_complete_timer 0
05-27 19:07:51.261 28437 28493 D ANWStack: [  11938512][ANWBT] HCI_evINQUIRYCOMPLETE............................
05-27 19:07:51.261 28437 28493 D ANWStack: 
05-27 19:07:51.264   581   581 I SpiService: fgesysctrl_getGPIO_status success val=1
05-27 08:59:00.228   581   581 D spi_rst_gpio_get_output: GPIO 145 value: 1
05-27 08:59:00.228   581   581 D spidev_ioctl: gpio status=1)
05-27 19:07:51.269   581   581 I SpiService: fgesysctrl_getGPIO_status success val=1
05-27 08:59:00.234   581   581 D spi_rst_gpio_get_output: GPIO 145 value: 1
05-27 08:59:00.234   581   581 D spidev_ioctl: gpio status=1)
05-27 19:07:51.274   283   307 I rvcservice: t.code = 0, t.value = -1220
05-27 19:07:51.275   581   581 I SpiService: fgesysctrl_getGPIO_status success val=1
05-27 08:59:00.239   581   581 D spi_rst_gpio_get_output: GPIO 145 value: 1
05-27 08:59:00.239   581   581 D spidev_ioctl: gpio status=1)
05-27 19:07:51.277 13911 14183 I SentryImuMcuAngleSender: -179.98598rollDeg
05-27 19:07:51.277 13911 14183 I SentryImuMcuAngleSender: 1,0,0
05-27 19:07:51.280   581   581 I SpiService: fgesysctrl_getGPIO_status success val=1
05-27 08:59:00.245   581   581 D spi_rst_gpio_get_output: GPIO 145 value: 1
05-27 08:59:00.245   581   581 D spidev_ioctl: gpio status=1)
05-27 19:07:51.285   581   581 I SpiService: fgesysctrl_getGPIO_status success val=1
05-27 08:59:00.250   581   581 D spi_rst_gpio_get_output: GPIO 145 value: 1
05-27 08:59:00.250   581   581 D spidev_ioctl: gpio status=1)
05-27 19:07:51.288 28437 28493 D ANWStack: [  11938539][ANWBT] HCI Rx: LE Meta Event, HCI_evLEADVERTISINGREPORT, subevent_code=0x2 Num_Reports=1
05-27 19:07:51.288 28437 28493 D ANWStack: 
05-27 19:07:51.289 28437 28493 D ANWAPI  : (28437|0xFF195CB0)[BTAPI] AnwhciEventCallback 62 2
05-27 19:07:51.289 28437 28493 D ANWAPI  : (28437|0xFF195CB0)[BTAPI] btsdk_le_DiscoveryCallback eventtype[3]
05-27 19:07:51.289 28437 28493 D ANWAPI  : (28437|0xFF195CB0)[BTAPI] anwbt_ble_le_discoveryHandler
05-27 19:07:51.289 28437 28493 D ANWAPI  : 
05-27 19:07:51.289 28437 28493 D ANWAPI  : (28437|0xFF195CB0)[BTAPI] anwbt_ble_le_discoveryHandler newDevice=0xb4000073fd7df39a,status=0,idx=255,scanLen=0,len=31,RSSI[-81]
05-27 19:07:51.289 28437 28493 D ANWAPI  : (28437|0xFF195CB0)[BTAPI] AnWBT_BLE_GetFirstRandomAddr start,btaddr=[0xa3:0xa3:0x95:0xd7:0x52:0x15],addrType=1
05-27 19:07:51.289 28437 28493 D ANWAPI  : (28437|0xFF195CB0)[BTAPI] AnWBT_BLE_GetFirstRandomAddr end,btaddr=[0xa3:0xa3:0x95:0xd7:0x52:0x15]
05-27 19:07:51.289 28437 28493 D ANWAPI  : (28437|0xFF195CB0)[BTAPI] send_BLE_discoveryHandler_Message event type: 0x3
05-27 19:07:51.289 28437 28493 D ANWAPI  : 
05-27 19:07:51.289 28437 28493 D ANW bt_btif: send_BLE_discoveryHandler_Message cod is 0x000000
05-27 19:07:51.289 28437 28493 D ANW bt_btif: btif_storage_add_remote_device, AnW
05-27 19:07:51.289 28437 28493 D ANW bt_btif: in, bd addr:15:52:d7:95:a3:a3, prop type:255, len:6
05-27 19:07:51.289 28437 28493 D ANW bt_btif: btif_in_fetch_bonded_device, AnW
05-27 19:07:51.289 28437 28493 D ANW bt_btif: btif_in_fetch_bonded_ble_device Found a LE device: 15:52:d7:95:a3:a3
05-27 19:07:51.289 28437 28493 D ANW bt_btif: btif_storage_get_remote_addr_type, AnW
05-27 19:07:51.289 28437 28493 D ANW bt_btif: btif_in_fetch_bonded_ble_device, AnW key_not_found
05-27 19:07:51.289 28437 28493 D ANW bt_btif: Remote device:15:52:d7:95:a3:a3, no link key or ble key found
05-27 19:07:51.289 28437 28493 D ANW bt_btif: in, bd addr:15:52:d7:95:a3:a3, prop type:5, len:4
05-27 19:07:51.289 28437 28493 D ANW bt_btif: btif_in_fetch_bonded_device, AnW
05-27 19:07:51.289 28437 28493 D ANW bt_btif: btif_in_fetch_bonded_ble_device Found a LE device: 15:52:d7:95:a3:a3
05-27 19:07:51.289 28437 28493 D ANW bt_btif: btif_storage_get_remote_addr_type, AnW
05-27 19:07:51.289 28437 28493 D ANW bt_btif: btif_in_fetch_bonded_ble_device, AnW key_not_found
05-27 19:07:51.289 28437 28493 D ANW bt_btif: Remote device:15:52:d7:95:a3:a3, no link key or ble key found
05-27 19:07:51.289 28437 28493 D ANW bt_btif: in, bd addr:15:52:d7:95:a3:a3, prop type:11, len:1
05-27 19:07:51.289 28437 28493 D ANW bt_btif: btif_in_fetch_bonded_device, AnW
05-27 19:07:51.289 28437 28493 D ANW bt_btif: btif_in_fetch_bonded_ble_device Found a LE device: 15:52:d7:95:a3:a3
05-27 19:07:51.289 28437 28493 D ANW bt_btif: btif_storage_get_remote_addr_type, AnW
05-27 19:07:51.289 28437 28493 D ANW bt_btif: btif_in_fetch_bonded_ble_device, AnW key_not_found
05-27 19:07:51.289 28437 28493 D ANW bt_btif: Remote device:15:52:d7:95:a3:a3, no link key or ble key found
05-27 19:07:51.289 28437 28493 D ANW bt_btif: btif_storage_set_remote_addr_type, AnW
05-27 19:07:51.289 28437 28493 I ANW bt_btif: onScanResult, address_type=1, primary_phy= 0, secondary_phy=0, ad size= 31
05-27 19:07:51.290 28437 28493 I ANW bt_btif: onScanResult: HAL bt_gatt_callbacks->scanner->scan_result_cb
05-27 19:07:51.290 28437 28493 D ANWStack: [  11938540][ANWBT] HCI Rx: LE Meta Event, HCI_evLEADVERTISINGREPORT, subevent_code=0x2 Num_Reports=1
05-27 19:07:51.290 28437 28493 D ANWStack: 
05-27 19:07:51.290 28437 28493 D ANWAPI  : (28437|0xFF195CB0)[BTAPI] AnwhciEventCallback 62 2
05-27 19:07:51.290 28437 28493 D ANWAPI  : (28437|0xFF195CB0)[BTAPI] btsdk_le_DiscoveryCallback eventtype[3]
05-27 19:07:51.290 28437 28493 D ANWAPI  : (28437|0xFF195CB0)[BTAPI] anwbt_ble_le_discoveryHandler
05-27 19:07:51.290 28437 28493 D ANWAPI  : 
05-27 19:07:51.290 28437 28493 D ANWAPI  : (28437|0xFF195CB0)[BTAPI] anwbt_ble_le_discoveryHandler newDevice=0xb4000073fd7df39a,status=0,idx=255,scanLen=0,len=31,RSSI[-65]
05-27 19:07:51.290 28437 28493 D ANWAPI  : (28437|0xFF195CB0)[BTAPI] AnWBT_BLE_GetFirstRandomAddr start,btaddr=[0x3d:0x91:0x3:0xe5:0x2b:0x3b],addrType=1
05-27 19:07:51.290 28437 28493 D ANWAPI  : (28437|0xFF195CB0)[BTAPI] AnWBT_BLE_GetFirstRandomAddr end,btaddr=[0x3d:0x91:0x3:0xe5:0x2b:0x3b]
05-27 19:07:51.290 28437 28493 D ANWAPI  : (28437|0xFF195CB0)[BTAPI] send_BLE_discoveryHandler_Message event type: 0x3
05-27 19:07:51.290 28437 28493 D ANWAPI  : 
05-27 19:07:51.290 28437 28493 D ANW bt_btif: send_BLE_discoveryHandler_Message cod is 0x000000
05-27 19:07:51.290 28437 28493 D ANW bt_btif: btif_storage_add_remote_device, AnW
05-27 19:07:51.290 28437 28493 D ANW bt_btif: in, bd addr:3b:2b:e5:03:91:3d, prop type:255, len:6
05-27 19:07:51.290 28437 28493 D ANW bt_btif: btif_in_fetch_bonded_device, AnW
05-27 19:07:51.290 28437 28493 D ANW bt_btif: btif_in_fetch_bonded_ble_device Found a LE device: 3b:2b:e5:03:91:3d
05-27 19:07:51.290 28437 28493 D ANW bt_btif: btif_storage_get_remote_addr_type, AnW
05-27 19:07:51.290 28437 28493 D ANW bt_btif: btif_in_fetch_bonded_ble_device, AnW key_not_found
05-27 19:07:51.290 28437 28493 D ANW bt_btif: Remote device:3b:2b:e5:03:91:3d, no link key or ble key found
05-27 19:07:51.290 28437 28493 D ANW bt_btif: in, bd addr:3b:2b:e5:03:91:3d, prop type:5, len:4
05-27 19:07:51.290 28437 28493 D ANW bt_btif: btif_in_fetch_bonded_device, AnW
05-27 19:07:51.290 28437 28493 D ANW bt_btif: btif_in_fetch_bonded_ble_device Found a LE device: 3b:2b:e5:03:91:3d
05-27 19:07:51.290 28437 28493 D ANW bt_btif: btif_storage_get_remote_addr_type, AnW
05-27 19:07:51.290 28437 28493 D ANW bt_btif: btif_in_fetch_bonded_ble_device, AnW key_not_found
05-27 19:07:51.290 28437 28493 D ANW bt_btif: Remote device:3b:2b:e5:03:91:3d, no link key or ble key found
05-27 19:07:51.290 28437 28493 D ANW bt_btif: in, bd addr:3b:2b:e5:03:91:3d, prop type:11, len:1
05-27 19:07:51.290 28437 28493 D ANW bt_btif: btif_in_fetch_bonded_device, AnW
05-27 19:07:51.291 28437 28493 D ANW bt_btif: btif_in_fetch_bonded_ble_device Found a LE device: 3b:2b:e5:03:91:3d
05-27 19:07:51.291 28437 28493 D ANW bt_btif: btif_storage_get_remote_addr_type, AnW
05-27 19:07:51.291 28437 28493 D ANW bt_btif: btif_in_fetch_bonded_ble_device, AnW key_not_found
05-27 19:07:51.291 28437 28493 D ANW bt_btif: Remote device:3b:2b:e5:03:91:3d, no link key or ble key found
05-27 19:07:51.291 28437 28493 D ANW bt_btif: btif_storage_set_remote_addr_type, AnW
05-27 19:07:51.291 28437 28493 I ANW bt_btif: onScanResult, address_type=1, primary_phy= 0, secondary_phy=0, ad size= 31
05-27 19:07:51.291 28437 28493 I ANW bt_btif: onScanResult: HAL bt_gatt_callbacks->scanner->scan_result_cb
05-27 19:07:51.291   581   581 I SpiService: fgesysctrl_getGPIO_status success val=0
05-27 08:59:00.256   581   581 D spi_rst_gpio_get_output: GPIO 145 value: 0
05-27 08:59:00.256   581   581 D spidev_ioctl: gpio status=0)
05-27 19:07:51.294 28437 28493 D ANWStack: [  11938545][ANWBT] HCI Rx: LE Meta Event, HCI_evLEADVERTISINGREPORT, subevent_code=0x2 Num_Reports=1
05-27 19:07:51.294 28437 28493 D ANWStack: 
05-27 19:07:51.294 28437 28493 D ANWAPI  : (28437|0xFF195CB0)[BTAPI] AnwhciEventCallback 62 2
05-27 19:07:51.294 28437 28493 D ANWAPI  : (28437|0xFF195CB0)[BTAPI] btsdk_le_DiscoveryCallback eventtype[3]
05-27 19:07:51.294 28437 28493 D ANWAPI  : (28437|0xFF195CB0)[BTAPI] anwbt_ble_le_discoveryHandler
