05-27 19:07:53.171 28437 28493 I ANW bt_btif: onScanResult: HAL bt_gatt_callbacks->scanner->scan_result_cb
05-27 19:07:53.171 28437 28493 D ANWStack: [  11940422][ANWBT] HCI Rx: LE Meta Event, HCI_evLEADVERTISINGREPORT, subevent_code=0x2 Num_Reports=1
05-27 19:07:53.171 28437 28493 D ANWStack: 
05-27 19:07:53.171 28437 28493 D ANWAPI  : (28437|0xFF195CB0)[BTAPI] AnwhciEventCallback 62 2
05-27 19:07:53.171 28437 28493 D ANWAPI  : (28437|0xFF195CB0)[BTAPI] btsdk_le_DiscoveryCallback eventtype[3]
05-27 19:07:53.171 28437 28493 D ANWAPI  : (28437|0xFF195CB0)[BTAPI] anwbt_ble_le_discoveryHandler
05-27 19:07:53.171 28437 28493 D ANWAPI  : 
05-27 19:07:53.171 28437 28493 D ANWAPI  : (28437|0xFF195CB0)[BTAPI] anwbt_ble_le_discoveryHandler newDevice=0xb4000073fd7df39a,status=0,idx=255,scanLen=0,len=31,RSSI[-84]
05-27 19:07:53.171 28437 28493 D ANWAPI  : (28437|0xFF195CB0)[BTAPI] AnWBT_BLE_GetFirstRandomAddr start,btaddr=[0xad:0xb1:0xa:0x18:0x46:0x30],addrType=1
05-27 19:07:53.171 28437 28493 D ANWAPI  : (28437|0xFF195CB0)[BTAPI] AnWBT_BLE_GetFirstRandomAddr end,btaddr=[0xad:0xb1:0xa:0x18:0x46:0x30]
05-27 19:07:53.171 28437 28493 D ANWAPI  : (28437|0xFF195CB0)[BTAPI] send_BLE_discoveryHandler_Message event type: 0x3
05-27 19:07:53.171 28437 28493 D ANWAPI  : 
05-27 19:07:53.171 28437 28493 D ANW bt_btif: send_BLE_discoveryHandler_Message cod is 0x000000
05-27 19:07:53.171 28437 28493 D ANW bt_btif: btif_storage_add_remote_device, AnW
05-27 19:07:53.171 28437 28493 D ANW bt_btif: in, bd addr:30:46:18:0a:b1:ad, prop type:255, len:6
05-27 19:07:53.171 28437 28493 D ANW bt_btif: btif_in_fetch_bonded_device, AnW
05-27 19:07:53.171 28437 28493 D ANW bt_btif: btif_in_fetch_bonded_ble_device Found a LE device: 30:46:18:0a:b1:ad
05-27 19:07:53.171 28437 28493 D ANW bt_btif: btif_storage_get_remote_addr_type, AnW
05-27 19:07:53.171 28437 28493 D ANW bt_btif: btif_in_fetch_bonded_ble_device, AnW key_not_found
05-27 19:07:53.172 28437 28493 D ANW bt_btif: Remote device:30:46:18:0a:b1:ad, no link key or ble key found
05-27 19:07:53.172 28437 28493 D ANW bt_btif: in, bd addr:30:46:18:0a:b1:ad, prop type:5, len:4
05-27 19:07:53.172 28437 28493 D ANW bt_btif: btif_in_fetch_bonded_device, AnW
05-27 19:07:53.172 28437 28493 D ANW bt_btif: btif_in_fetch_bonded_ble_device Found a LE device: 30:46:18:0a:b1:ad
05-27 19:07:53.172 28437 28493 D ANW bt_btif: btif_storage_get_remote_addr_type, AnW
05-27 19:07:53.172 28437 28493 D ANW bt_btif: btif_in_fetch_bonded_ble_device, AnW key_not_found
05-27 19:07:53.172 28437 28493 D ANW bt_btif: Remote device:30:46:18:0a:b1:ad, no link key or ble key found
05-27 19:07:53.172 28437 28493 D ANW bt_btif: in, bd addr:30:46:18:0a:b1:ad, prop type:11, len:1
05-27 19:07:53.172 28437 28493 D ANW bt_btif: btif_in_fetch_bonded_device, AnW
05-27 19:07:53.172 28437 28493 D ANW bt_btif: btif_in_fetch_bonded_ble_device Found a LE device: 30:46:18:0a:b1:ad
05-27 19:07:53.172 28437 28493 D ANW bt_btif: btif_storage_get_remote_addr_type, AnW
05-27 19:07:53.172 28437 28493 D ANW bt_btif: btif_in_fetch_bonded_ble_device, AnW key_not_found
05-27 19:07:53.172 28437 28493 D ANW bt_btif: Remote device:30:46:18:0a:b1:ad, no link key or ble key found
05-27 19:07:53.172 28437 28493 D ANW bt_btif: btif_storage_set_remote_addr_type, AnW
05-27 19:07:53.172 28437 28493 I ANW bt_btif: onScanResult, address_type=1, primary_phy= 0, secondary_phy=0, ad size= 31
05-27 19:07:53.172 28437 28493 I ANW bt_btif: onScanResult: HAL bt_gatt_callbacks->scanner->scan_result_cb
05-27 19:07:53.172 28437 28493 D ANWStack: [  11940423][ANWBT] HCI Rx: LE Meta Event, HCI_evLEADVERTISINGREPORT, subevent_code=0x2 Num_Reports=1
05-27 19:07:53.172 28437 28493 D ANWStack: 
05-27 19:07:53.172 28437 28493 D ANWAPI  : (28437|0xFF195CB0)[BTAPI] AnwhciEventCallback 62 2
05-27 19:07:53.172 28437 28493 D ANWAPI  : (28437|0xFF195CB0)[BTAPI] btsdk_le_DiscoveryCallback eventtype[0]
05-27 19:07:53.172 28437 28493 D ANWAPI  : (28437|0xFF195CB0)[BTAPI] anwbt_ble_le_discoveryHandler
05-27 19:07:53.172 28437 28493 D ANWAPI  : 
05-27 19:07:53.172 28437 28493 D ANWAPI  : (28437|0xFF195CB0)[BTAPI] anwbt_ble_le_discoveryHandler newDevice=0xb4000073fd7df39a,status=0,idx=255,scanLen=0,len=27,RSSI[-71]
05-27 19:07:53.172 28437 28493 D ANWAPI  : (28437|0xFF195CB0)[BTAPI] AnWBT_BLE_GetFirstRandomAddr start,btaddr=[0xe2:0x8e:0xc1:0xa2:0x9:0xd4],addrType=1
05-27 19:07:53.172 28437 28493 D ANWAPI  : (28437|0xFF195CB0)[BTAPI] AnWBT_BLE_GetFirstRandomAddr end,btaddr=[0xe2:0x8e:0xc1:0xa2:0x9:0xd4]
05-27 19:07:53.173 28437 28493 D ANWAPI  : (28437|0xFF195CB0)[BTAPI] send_BLE_discoveryHandler_Message event type: 0x0
05-27 19:07:53.173 28437 28493 D ANWAPI  : 
05-27 19:07:53.173 28437 28493 D ANW bt_btif: send_BLE_discoveryHandler_Message cod is 0x000000
05-27 19:07:53.173 28437 28493 D ANW bt_btif: btif_storage_add_remote_device, AnW
05-27 19:07:53.173 28437 28493 D ANW bt_btif: in, bd addr:d4:09:a2:c1:8e:e2, prop type:255, len:6
05-27 19:07:53.173 28437 28493 D ANW bt_btif: btif_in_fetch_bonded_device, AnW
05-27 19:07:53.173 28437 28493 D ANW bt_btif: btif_in_fetch_bonded_ble_device, return
05-27 19:07:53.173 28437 28493 D ANW bt_btif: Remote device:d4:09:a2:c1:8e:e2, no link key or ble key found
05-27 19:07:53.173 28437 28493 D ANW bt_btif: in, bd addr:d4:09:a2:c1:8e:e2, prop type:5, len:4
05-27 19:07:53.173 28437 28493 D ANW bt_btif: btif_in_fetch_bonded_device, AnW
05-27 19:07:53.173 28437 28493 D ANW bt_btif: btif_in_fetch_bonded_ble_device Found a LE device: d4:09:a2:c1:8e:e2
05-27 19:07:53.173 28437 28493 D ANW bt_btif: btif_storage_get_remote_addr_type, AnW
05-27 19:07:53.173 28437 28493 D ANW bt_btif: btif_storage_set_remote_addr_type, AnW
05-27 19:07:53.173 28437 28493 D ANW bt_btif: btif_in_fetch_bonded_ble_device, AnW key_not_found
05-27 19:07:53.173 28437 28493 D ANW bt_btif: Remote device:d4:09:a2:c1:8e:e2, no link key or ble key found
05-27 19:07:53.173 28437 28493 D ANW bt_btif: in, bd addr:d4:09:a2:c1:8e:e2, prop type:11, len:1
05-27 19:07:53.173 28437 28493 D ANW bt_btif: btif_in_fetch_bonded_device, AnW
05-27 19:07:53.173 28437 28493 D ANW bt_btif: btif_in_fetch_bonded_ble_device Found a LE device: d4:09:a2:c1:8e:e2
05-27 19:07:53.173 28437 28493 D ANW bt_btif: btif_storage_get_remote_addr_type, AnW
05-27 19:07:53.173 28437 28493 D ANW bt_btif: btif_in_fetch_bonded_ble_device, AnW key_not_found
05-27 19:07:53.173 28437 28493 D ANW bt_btif: Remote device:d4:09:a2:c1:8e:e2, no link key or ble key found
05-27 19:07:53.173 28437 28493 D ANW bt_btif: btif_storage_set_remote_addr_type, AnW
05-27 08:59:02.133   581   581 D spidev_ioctl: gpio status=1)
05-27 08:59:02.139   581   581 D spi_rst_gpio_get_output: GPIO 145 value: 1
05-27 08:59:02.139   581   581 D spidev_ioctl: gpio status=1)
05-27 19:07:53.173 28437 28493 I ANW bt_btif: onScanResult, address_type=1, primary_phy= 0, secondary_phy=0, ad size= 27
05-27 19:07:53.173 28437 28493 I ANW bt_btif: onScanResult: HAL bt_gatt_callbacks->scanner->scan_result_cb
05-27 19:07:53.173 28437 28493 D ANWStack: [  11940424][ANWBT] HCI Rx: LE Meta Event, HCI_evLEADVERTISINGREPORT, subevent_code=0x2 Num_Reports=1
05-27 19:07:53.173 28437 28493 D ANWStack: 
05-27 19:07:53.173 28437 28493 D ANWAPI  : (28437|0xFF195CB0)[BTAPI] AnwhciEventCallback 62 2
05-27 19:07:53.173 28437 28493 D ANWAPI  : (28437|0xFF195CB0)[BTAPI] btsdk_le_DiscoveryCallback eventtype[4]
05-27 19:07:53.173 28437 28493 D ANWAPI  : (28437|0xFF195CB0)[BTAPI] anwbt_ble_le_discoveryHandler
05-27 19:07:53.173 28437 28493 D ANWAPI  : 
05-27 19:07:53.173 28437 28493 D ANWAPI  : (28437|0xFF195CB0)[BTAPI] anwbt_ble_le_discoveryHandler newDevice=0xb4000073fd7df39a,status=0,idx=255,scanLen=0,len=0,RSSI[-71]
05-27 19:07:53.173 28437 28493 D ANWAPI  : (28437|0xFF195CB0)[BTAPI] AnWBT_BLE_GetFirstRandomAddr start,btaddr=[0xe2:0x8e:0xc1:0xa2:0x9:0xd4],addrType=1
05-27 19:07:53.173 28437 28493 D ANWAPI  : (28437|0xFF195CB0)[BTAPI] AnWBT_BLE_GetFirstRandomAddr end,btaddr=[0xe2:0x8e:0xc1:0xa2:0x9:0xd4]
05-27 19:07:53.174 28437 28493 D ANWAPI  : (28437|0xFF195CB0)[BTAPI] send_BLE_discoveryHandler_Message event type: 0x4
05-27 19:07:53.174 28437 28493 D ANWAPI  : 
05-27 19:07:53.174 28437 28493 D ANW bt_btif: send_BLE_discoveryHandler_Message cod is 0x000000
05-27 19:07:53.174 28437 28493 D ANW bt_btif: btif_storage_add_remote_device, AnW
05-27 19:07:53.174 28437 28493 D ANW bt_btif: in, bd addr:d4:09:a2:c1:8e:e2, prop type:255, len:6
05-27 19:07:53.174 28437 28493 D ANW bt_btif: btif_in_fetch_bonded_device, AnW
05-27 19:07:53.174 28437 28493 D ANW bt_btif: btif_in_fetch_bonded_ble_device Found a LE device: d4:09:a2:c1:8e:e2
05-27 19:07:53.174 28437 28493 D ANW bt_btif: btif_storage_get_remote_addr_type, AnW
05-27 19:07:53.174 28437 28493 D ANW bt_btif: btif_in_fetch_bonded_ble_device, AnW key_not_found
05-27 19:07:53.174 28437 28493 D ANW bt_btif: Remote device:d4:09:a2:c1:8e:e2, no link key or ble key found
05-27 19:07:53.174 28437 28493 D ANW bt_btif: in, bd addr:d4:09:a2:c1:8e:e2, prop type:5, len:4
05-27 19:07:53.174 28437 28493 D ANW bt_btif: btif_in_fetch_bonded_device, AnW
05-27 19:07:53.174 28437 28493 D ANW bt_btif: btif_in_fetch_bonded_ble_device Found a LE device: d4:09:a2:c1:8e:e2
05-27 19:07:53.174 28437 28493 D ANW bt_btif: btif_storage_get_remote_addr_type, AnW
05-27 19:07:53.174 28437 28493 D ANW bt_btif: btif_in_fetch_bonded_ble_device, AnW key_not_found
05-27 19:07:53.174 28437 28493 D ANW bt_btif: Remote device:d4:09:a2:c1:8e:e2, no link key or ble key found
05-27 19:07:53.174 28437 28493 D ANW bt_btif: in, bd addr:d4:09:a2:c1:8e:e2, prop type:11, len:1
05-27 19:07:53.174 28437 28493 D ANW bt_btif: btif_in_fetch_bonded_device, AnW
05-27 19:07:53.174 28437 28493 D ANW bt_btif: btif_in_fetch_bonded_ble_device Found a LE device: d4:09:a2:c1:8e:e2
05-27 19:07:53.174 28437 28493 D ANW bt_btif: btif_storage_get_remote_addr_type, AnW
05-27 19:07:53.174 28437 28493 D ANW bt_btif: btif_in_fetch_bonded_ble_device, AnW key_not_found
05-27 19:07:53.174  6212  6256 D VersionPrinter: com.yadea.setting- VersionName:[1.0.012_2026_0526_1408] - append:[] - active:[]
05-27 08:59:02.144   581   581 D spi_rst_gpio_get_output: GPIO 145 value: 1
05-27 08:59:02.144   581   581 D spidev_ioctl: gpio status=1)
05-27 19:07:53.174 28437 28493 D ANW bt_btif: Remote device:d4:09:a2:c1:8e:e2, no link key or ble key found
05-27 19:07:53.174   581   581 I SpiService: fgesysctrl_getGPIO_status success val=1
05-27 19:07:53.174 28437 28493 D ANW bt_btif: btif_storage_set_remote_addr_type, AnW
05-27 19:07:53.174 28437 28493 I ANW bt_btif: onScanResult, address_type=1, primary_phy= 0, secondary_phy=0, ad size= 0
05-27 19:07:53.174 28437 28493 I ANW bt_btif: onScanResult: HAL bt_gatt_callbacks->scanner->scan_result_cb
05-27 19:07:53.175 28437 28493 D ANWStack: [  11940426][ANWBT] HCI Rx: LE Meta Event, HCI_evLEADVERTISINGREPORT, subevent_code=0x2 Num_Reports=1
05-27 19:07:53.175 28437 28493 D ANWStack: 
05-27 19:07:53.176 28437 28493 D ANWAPI  : (28437|0xFF195CB0)[BTAPI] AnwhciEventCallback 62 2
05-27 19:07:53.176 28437 28493 D ANWAPI  : (28437|0xFF195CB0)[BTAPI] btsdk_le_DiscoveryCallback eventtype[3]
05-27 19:07:53.176 28437 28493 D ANWAPI  : (28437|0xFF195CB0)[BTAPI] anwbt_ble_le_discoveryHandler
05-27 19:07:53.176 28437 28493 D ANWAPI  : 
05-27 19:07:53.176 28437 28493 D ANWAPI  : (28437|0xFF195CB0)[BTAPI] anwbt_ble_le_discoveryHandler newDevice=0xb4000073fd7df39a,status=0,idx=255,scanLen=0,len=31,RSSI[-63]
05-27 19:07:53.176 28437 28493 D ANWAPI  : (28437|0xFF195CB0)[BTAPI] AnWBT_BLE_GetFirstRandomAddr start,btaddr=[0xea:0x1f:0xa8:0xa1:0x1e:0xe],addrType=1
05-27 19:07:53.176 28437 28493 D ANWAPI  : (28437|0xFF195CB0)[BTAPI] AnWBT_BLE_GetFirstRandomAddr end,btaddr=[0xea:0x1f:0xa8:0xa1:0x1e:0xe]
05-27 19:07:53.176 28437 28493 D ANWAPI  : (28437|0xFF195CB0)[BTAPI] send_BLE_discoveryHandler_Message event type: 0x3
05-27 19:07:53.176 28437 28493 D ANWAPI  : 
05-27 19:07:53.176 28437 28493 D ANW bt_btif: send_BLE_discoveryHandler_Message cod is 0x000000
05-27 19:07:53.176 28437 28493 D ANW bt_btif: btif_storage_add_remote_device, AnW
05-27 19:07:53.176 28437 28493 D ANW bt_btif: in, bd addr:0e:1e:a1:a8:1f:ea, prop type:255, len:6
05-27 19:07:53.176 28437 28493 D ANW bt_btif: btif_in_fetch_bonded_device, AnW
05-27 19:07:53.176 28437 28493 D ANW bt_btif: btif_in_fetch_bonded_ble_device Found a LE device: 0e:1e:a1:a8:1f:ea
05-27 19:07:53.176 28437 28493 D ANW bt_btif: btif_storage_get_remote_addr_type, AnW
05-27 19:07:53.176 28437 28493 D ANW bt_btif: btif_in_fetch_bonded_ble_device, AnW key_not_found
05-27 19:07:53.176 28437 28493 D ANW bt_btif: Remote device:0e:1e:a1:a8:1f:ea, no link key or ble key found
05-27 19:07:53.176 28437 28493 D ANW bt_btif: in, bd addr:0e:1e:a1:a8:1f:ea, prop type:5, len:4
05-27 19:07:53.176 28437 28493 D ANW bt_btif: btif_in_fetch_bonded_device, AnW
05-27 19:07:53.176 28437 28493 D ANW bt_btif: btif_in_fetch_bonded_ble_device Found a LE device: 0e:1e:a1:a8:1f:ea
05-27 19:07:53.176 28437 28493 D ANW bt_btif: btif_storage_get_remote_addr_type, AnW
05-27 19:07:53.176 28437 28493 D ANW bt_btif: btif_in_fetch_bonded_ble_device, AnW key_not_found
05-27 19:07:53.176 28437 28493 D ANW bt_btif: Remote device:0e:1e:a1:a8:1f:ea, no link key or ble key found
05-27 19:07:53.176 28437 28493 D ANW bt_btif: in, bd addr:0e:1e:a1:a8:1f:ea, prop type:11, len:1
05-27 19:07:53.176 28437 28493 D ANW bt_btif: btif_in_fetch_bonded_device, AnW
05-27 19:07:53.176 28437 28493 D ANW bt_btif: btif_in_fetch_bonded_ble_device Found a LE device: 0e:1e:a1:a8:1f:ea
05-27 19:07:53.176 28437 28493 D ANW bt_btif: btif_storage_get_remote_addr_type, AnW
05-27 19:07:53.176 28437 28493 D ANW bt_btif: btif_in_fetch_bonded_ble_device, AnW key_not_found
05-27 19:07:53.176 28437 28493 D ANW bt_btif: Remote device:0e:1e:a1:a8:1f:ea, no link key or ble key found
05-27 19:07:53.176 28437 28493 D ANW bt_btif: btif_storage_set_remote_addr_type, AnW
05-27 19:07:53.176 28437 28493 I ANW bt_btif: onScanResult, address_type=1, primary_phy= 0, secondary_phy=0, ad size= 31
05-27 19:07:53.176 28437 28493 I ANW bt_btif: onScanResult: HAL bt_gatt_callbacks->scanner->scan_result_cb
05-27 19:07:53.177 28437 28493 D ANWStack: [  11940427][ANWBT] HCI Rx: LE Meta Event, HCI_evLEADVERTISINGREPORT, subevent_code=0x2 Num_Reports=1
05-27 19:07:53.177 28437 28493 D ANWStack: 
05-27 19:07:53.177 28437 28493 D ANWAPI  : (28437|0xFF195CB0)[BTAPI] AnwhciEventCallback 62 2
05-27 19:07:53.177 28437 28493 D ANWAPI  : (28437|0xFF195CB0)[BTAPI] btsdk_le_DiscoveryCallback eventtype[3]
05-27 19:07:53.177 28437 28493 D ANWAPI  : (28437|0xFF195CB0)[BTAPI] anwbt_ble_le_discoveryHandler
05-27 19:07:53.177 28437 28493 D ANWAPI  : 
05-27 19:07:53.177 28437 28493 D ANWAPI  : (28437|0xFF195CB0)[BTAPI] anwbt_ble_le_discoveryHandler newDevice=0xb4000073fd7df39a,status=0,idx=255,scanLen=0,len=31,RSSI[-78]
05-27 19:07:53.177 28437 28493 D ANWAPI  : (28437|0xFF195CB0)[BTAPI] AnWBT_BLE_GetFirstRandomAddr start,btaddr=[0x20:0xcf:0x54:0x35:0x4d:0xb],addrType=1
05-27 19:07:53.177 28437 28493 D ANWAPI  : (28437|0xFF195CB0)[BTAPI] AnWBT_BLE_GetFirstRandomAddr end,btaddr=[0x20:0xcf:0x54:0x35:0x4d:0xb]
05-27 19:07:53.177 28437 28493 D ANWAPI  : (28437|0xFF195CB0)[BTAPI] send_BLE_discoveryHandler_Message event type: 0x3
05-27 19:07:53.177 28437 28493 D ANWAPI  : 
05-27 19:07:53.177 28437 28493 D ANW bt_btif: send_BLE_discoveryHandler_Message cod is 0x000000
05-27 19:07:53.177 28437 28493 D ANW bt_btif: btif_storage_add_remote_device, AnW
05-27 19:07:53.177 28437 28493 D ANW bt_btif: in, bd addr:0b:4d:35:54:cf:20, prop type:255, len:6
05-27 19:07:53.177 28437 28493 D ANW bt_btif: btif_in_fetch_bonded_device, AnW
05-27 19:07:53.177 28437 28493 D ANW bt_btif: btif_in_fetch_bonded_ble_device Found a LE device: 0b:4d:35:54:cf:20
05-27 19:07:53.177 28437 28493 D ANW bt_btif: btif_storage_get_remote_addr_type, AnW
05-27 19:07:53.177 28437 28493 D ANW bt_btif: btif_in_fetch_bonded_ble_device, AnW key_not_found
05-27 19:07:53.177 28437 28493 D ANW bt_btif: Remote device:0b:4d:35:54:cf:20, no link key or ble key found
05-27 19:07:53.177 28437 28493 D ANW bt_btif: in, bd addr:0b:4d:35:54:cf:20, prop type:5, len:4
05-27 19:07:53.177 28437 28493 D ANW bt_btif: btif_in_fetch_bonded_device, AnW
05-27 19:07:53.177 28437 28493 D ANW bt_btif: btif_in_fetch_bonded_ble_device Found a LE device: 0b:4d:35:54:cf:20
05-27 19:07:53.177 28437 28493 D ANW bt_btif: btif_storage_get_remote_addr_type, AnW
05-27 19:07:53.177 28437 28493 D ANW bt_btif: btif_in_fetch_bonded_ble_device, AnW key_not_found
05-27 19:07:53.177 28437 28493 D ANW bt_btif: Remote device:0b:4d:35:54:cf:20, no link key or ble key found
05-27 19:07:53.177 28437 28493 D ANW bt_btif: in, bd addr:0b:4d:35:54:cf:20, prop type:11, len:1
05-27 19:07:53.177 28437 28493 D ANW bt_btif: btif_in_fetch_bonded_device, AnW
05-27 19:07:53.177 28437 28493 D ANW bt_btif: btif_in_fetch_bonded_ble_device Found a LE device: 0b:4d:35:54:cf:20
05-27 19:07:53.177 28437 28493 D ANW bt_btif: btif_storage_get_remote_addr_type, AnW
05-27 19:07:53.177 28437 28493 D ANW bt_btif: btif_in_fetch_bonded_ble_device, AnW key_not_found
05-27 19:07:53.178 28437 28493 D ANW bt_btif: Remote device:0b:4d:35:54:cf:20, no link key or ble key found
05-27 19:07:53.178 28437 28493 D ANW bt_btif: btif_storage_set_remote_addr_type, AnW
05-27 19:07:53.178 28437 28493 I ANW bt_btif: onScanResult, address_type=1, primary_phy= 0, secondary_phy=0, ad size= 31
05-27 19:07:53.178 28437 28493 I ANW bt_btif: onScanResult: HAL bt_gatt_callbacks->scanner->scan_result_cb
05-27 19:07:53.179   283   307 I rvcservice: t.code = 4, t.value = 0
05-27 19:07:53.179   581   581 I SpiService: fgesysctrl_getGPIO_status success val=1
05-27 19:07:53.180 13911 14183 I SentryImuMcuAngleSender: 179.97899rollDeg
05-27 19:07:53.181 13911 14183 I SentryImuMcuAngleSender: 1,0,0
05-27 19:07:53.183 28437 28493 D ANWStack: [  11940434][ANWBT] HCI Rx: LE Meta Event, HCI_evLEADVERTISINGREPORT, subevent_code=0x2 Num_Reports=1
05-27 19:07:53.183 28437 28493 D ANWStack: 
05-27 19:07:53.183 28437 28493 D ANWAPI  : (28437|0xFF195CB0)[BTAPI] AnwhciEventCallback 62 2
05-27 19:07:53.183 28437 28493 D ANWAPI  : (28437|0xFF195CB0)[BTAPI] btsdk_le_DiscoveryCallback eventtype[0]
05-27 19:07:53.183 28437 28493 D ANWAPI  : (28437|0xFF195CB0)[BTAPI] anwbt_ble_le_discoveryHandler
05-27 19:07:53.183 28437 28493 D ANWAPI  : 
05-27 19:07:53.183 28437 28493 D ANWAPI  : (28437|0xFF195CB0)[BTAPI] anwbt_ble_le_discoveryHandler newDevice=0xb4000073fd7de1aa,status=0,idx=255,scanLen=0,len=19,RSSI[-51]
05-27 19:07:53.183 28437 28493 D ANWAPI  : (28437|0xFF195CB0)[BTAPI] AnWBT_BLE_GetFirstRandomAddr start,btaddr=[0x6d:0x3:0xa5:0x2c:0x45:0x7c],addrType=1
05-27 19:07:53.183 28437 28493 D ANWAPI  : (28437|0xFF195CB0)[BTAPI] AnWBT_BLE_GetFirstRandomAddr end,btaddr=[0x6d:0x3:0xa5:0x2c:0x45:0x7c]
05-27 19:07:53.183 28437 28493 D ANWAPI  : (28437|0xFF195CB0)[BTAPI] send_BLE_discoveryHandler_Message event type: 0x0
05-27 19:07:53.183 28437 28493 D ANWAPI  : 
05-27 19:07:53.183 28437 28493 D ANWAPI  : (28437|0xFF195CB0)[BTAPI] Random address, treat device as LE only
05-27 19:07:53.183 28437 28493 D ANWAPI  : 
05-27 19:07:53.183 28437 28493 D ANW bt_btif: send_BLE_discoveryHandler_Message cod is 0x000000
05-27 19:07:53.183 28437 28493 D ANW bt_btif: btif_storage_add_remote_device, AnW
05-27 19:07:53.183 28437 28493 D ANW bt_btif: in, bd addr:7c:45:2c:a5:03:6d, prop type:255, len:6
05-27 19:07:53.183 28437 28493 D ANW bt_btif: btif_in_fetch_bonded_device, AnW
05-27 19:07:53.183 28437 28493 D ANW bt_btif: btif_in_fetch_bonded_ble_device Found a LE device: 7c:45:2c:a5:03:6d
05-27 19:07:53.183 28437 28493 D ANW bt_btif: btif_storage_get_remote_addr_type, AnW
05-27 19:07:53.184 28437 28493 D ANW bt_btif: btif_in_fetch_bonded_ble_device, AnW key_not_found
05-27 19:07:53.184 28437 28493 D ANW bt_btif: Remote device:7c:45:2c:a5:03:6d, no link key or ble key found
05-27 19:07:53.184 28437 28493 D ANW bt_btif: in, bd addr:7c:45:2c:a5:03:6d, prop type:5, len:4
05-27 19:07:53.184 28437 28493 D ANW bt_btif: btif_in_fetch_bonded_device, AnW
05-27 19:07:53.184 28437 28493 D ANW bt_btif: btif_in_fetch_bonded_ble_device Found a LE device: 7c:45:2c:a5:03:6d
05-27 19:07:53.184 28437 28493 D ANW bt_btif: btif_storage_get_remote_addr_type, AnW
05-27 19:07:53.184 28437 28493 D ANW bt_btif: btif_in_fetch_bonded_ble_device, AnW key_not_found
05-27 19:07:53.184 28437 28493 D ANW bt_btif: Remote device:7c:45:2c:a5:03:6d, no link key or ble key found
05-27 19:07:53.184 28437 28493 D ANW bt_btif: in, bd addr:7c:45:2c:a5:03:6d, prop type:11, len:1
05-27 19:07:53.184 28437 28493 D ANW bt_btif: btif_in_fetch_bonded_device, AnW
05-27 19:07:53.184 28437 28493 D ANW bt_btif: btif_in_fetch_bonded_ble_device Found a LE device: 7c:45:2c:a5:03:6d
05-27 19:07:53.184 28437 28493 D ANW bt_btif: btif_storage_get_remote_addr_type, AnW
05-27 19:07:53.184 28437 28493 D ANW bt_btif: btif_in_fetch_bonded_ble_device, AnW key_not_found
05-27 19:07:53.184 28437 28493 D ANW bt_btif: Remote device:7c:45:2c:a5:03:6d, no link key or ble key found
05-27 19:07:53.184 28437 28493 D ANW bt_btif: btif_storage_set_remote_addr_type, AnW
05-27 19:07:53.184 28437 28493 I ANW bt_btif: onScanResult, address_type=1, primary_phy= 0, secondary_phy=0, ad size= 19
05-27 19:07:53.184 28437 28493 I ANW bt_btif: onScanResult: HAL bt_gatt_callbacks->scanner->scan_result_cb
05-27 08:59:02.149   581   581 D spi_rst_gpio_get_output: GPIO 145 value: 0
05-27 08:59:02.149   581   581 D spidev_ioctl: gpio status=0)
05-27 19:07:53.185   581   581 I SpiService: fgesysctrl_getGPIO_status success val=0
05-27 19:07:53.192 13549 13800 I ADAYO_LOG_: startZip(LogcatFunc.java:412)deleteFile:logcat_2026_05_27_19_03_15_046-51.txt,delete:true
05-27 19:07:53.192 13549 13800 I ADAYO_LOG_: startSeparationAndZip(LogcatFunc.java:294)startZip over
05-27 19:07:53.196   572   572 I Sensors : 230 AccelSensor: x:-0.167140,y:0.000000,z:-9.974720
05-27 19:07:53.198   581   581 I SpiService: fgesysctrl_getGPIO_status success val=1
05-27 08:59:02.163   581   581 D spi_rst_gpio_get_output: GPIO 145 value: 1
05-27 08:59:02.163   581   581 D spidev_ioctl: gpio status=1)
05-27 19:07:53.201 13911 14183 I SentryImuMcuAngleSender: 180.0rollDeg
05-27 19:07:53.201 13911 14183 I SentryImuMcuAngleSender: 1,0,0
05-27 19:07:53.204   581   581 I SpiService: fgesysctrl_getGPIO_status success val=1
05-27 08:59:02.168   581   581 D spi_rst_gpio_get_output: GPIO 145 value: 1
05-27 08:59:02.168   581   581 D spidev_ioctl: gpio status=1)
05-27 19:07:53.207   536   536 D commservice260303: msg.id = 1028,0
05-27 19:07:53.207   536   536 D commservice260303: i = 170, msgid = 8A000404
05-27 19:07:53.207   536   536 D commservice260303: msgid = -1979710460,did=138
05-27 19:07:53.207   536   536 D commservice260303: CommProtocolLibCmdBaseI2C::dataproc {"command":{"id":"imu_status","sub":""},"content":{"TimeStamp":11,"FrameCounter":280776,"GD_X":-0.011987865902483463,"GD_Y":0.005345047451555729,"GD_Z":0.002519079949706793,"AD_X":8.981674909591675E-4,"AD_Y":-0.0017717266455292702,"AD_Z":-0.1695089340209961,"TempDsp":0,"Status":0,"CalibState":1,"SigAmpInvalid":0}},-1979710460
05-27 19:07:53.207   536   536 D commservice260303: send2Cluster len:315, 7B22636F6D6D616E64223A7B226964223A22696D755F737461747573222C22737562223A22227D2C22636F6E74656E74223A7B2254696D655374616D70223A31312C224672616D65436F756E746572223A3238303737362C2247445F58223A2D302E3031313938373836353930323438333436332C2247445F59223A302E3030353334353034373435313535353732392C2247445F5A223A302E3030323531393037393934393730363739332C2241445F58223A382E393831363734393039353931363735452D342C2241445F59223A2D302E303031373731373236363435353239323730322C2241445F5A223A2D302E313639353038393334303230393936312C2254656D70447370223A302C22537461747573223A302C2243616C69625374617465223A312C22536967416D70496E76616C6964223A307D7D, 138 
05-27 19:07:53.207   536   536 D commservice260303: Push Message into SendPool fn=126616576
05-27 19:07:53.207   536   536 D commservice260303: ComProtocolLibSend2Cluster::send2ClusterRaw fn=126616576 , len=331
05-27 19:07:53.207   536   536 D commservice260303: sendCmdToPort :331!!!
05-27 19:07:53.207   536   536 D commservice260303: send Cmd To Port ++++5AA501478A0100048C076A16D0897B22636F6D6D616E64223A7B226964223A22696D755F737461747573222C22737562223A22227D2C22636F6E74656E74223A7B2254696D655374616D70223A31312C224672616D65436F756E746572223A3238303737362C2247445F58223A2D302E3031313938373836353930323438333436332C2247445F59223A302E3030353334353034373435313535353732392C2247445F5A223A302E3030323531393037393934393730363739332C2241445F58223A382E393831363734393039353931363735452D342C2241445F59223A2D302E303031373731373236363435353239323730322C2241445F5A223A2D302E313639353038393334303230393936312C2254656D70447370223A302C22537461747573223A302C2243616C69625374617465223A312C22536967416D70496E76616C6964223A307D7D54A6
05-27 19:07:53.207   536   536 D commservice260303: bufferevent_write retrun value = 0
05-27 19:07:53.207   536   560 D commservice260303: client datas send succeed,send finish
05-27 19:07:53.207 13911 14192 D Sentinelmode_1.2.5.17_sentry: <SentryImuClusterFgeSender>imu_status sent to Linux, frame=280776, tsNs=11940447, tsMs=11, intervalMs=37, ad=(8.981675E-4,-0.0017717266,-0.16950893), gd=(-0.011987866,0.0053450475,0.00251908)
05-27 19:07:53.209   581   581 I SpiService: fgesysctrl_getGPIO_status success val=1
05-27 08:59:02.174   581   581 D spi_rst_gpio_get_output: GPIO 145 value: 1
05-27 08:59:02.174   581   581 D spidev_ioctl: gpio status=1)
05-27 19:07:53.215   581   581 I SpiService: fgesysctrl_getGPIO_status success val=1
05-27 08:59:02.179   581   581 D spi_rst_gpio_get_output: GPIO 145 value: 1
05-27 08:59:02.179   581   581 D spidev_ioctl: gpio status=1)
05-27 19:07:53.220   581   581 I SpiService: fgesysctrl_getGPIO_status success val=1
05-27 08:59:02.185   581   581 D spi_rst_gpio_get_output: GPIO 145 value: 1
05-27 08:59:02.185   581   581 D spidev_ioctl: gpio status=1)
05-27 19:07:53.221 13911 14183 I SentryImuMcuAngleSender: -179.99649rollDeg
05-27 19:07:53.221 13911 14183 I SentryImuMcuAngleSender: 1,0,0
05-27 19:07:53.225   581   581 I SpiService: fgesysctrl_getGPIO_status success val=0
05-27 08:59:02.190   581   581 D spi_rst_gpio_get_output: GPIO 145 value: 0
05-27 08:59:02.190   581   581 D spidev_ioctl: gpio status=0)
05-27 19:07:53.236 29114 29142 D ANWAPI_SECOND: (29114|0x27062CB0)[BTAPI] set_bluetooth_power : open /sys/class/gpio/gpio142/value
05-27 19:07:53.237 29114 29142 D ANWAPI_SECOND: (29114|0x27062CB0)[BTAPI] set_bluetooth_power : open(/sys/class/gpio/gpio142/value) for write failed,fd=-1
05-27 19:07:53.237 29114 29142 D ANWAPI_SECOND: (29114|0x27062CB0)[BTAPI] open set_bluetooth_power : write(No such file or directory) failed,errno = 2
05-27 19:07:53.239   581   581 I SpiService: fgesysctrl_getGPIO_status success val=1
05-27 08:59:02.204   581   581 D spi_rst_gpio_get_output: GPIO 145 value: 1
05-27 08:59:02.204   581   581 D spidev_ioctl: gpio status=1)
05-27 19:07:53.242 13911 14183 I SentryImuMcuAngleSender: 179.993rollDeg
05-27 19:07:53.242 13911 14183 I SentryImuMcuAngleSender: 1,0,0
05-27 19:07:53.244   581   581 I SpiService: fgesysctrl_getGPIO_status success val=1
05-27 08:59:02.209   581   581 D spi_rst_gpio_get_output: GPIO 145 value: 1
05-27 08:59:02.209   581   581 D spidev_ioctl: gpio status=1)
05-27 19:07:53.248   536   536 D commservice260303: msg.id = 1028,1
05-27 19:07:53.248   536   536 D commservice260303: i = 170, msgid = 8A000404
05-27 19:07:53.248   536   536 D commservice260303: msgid = -1979710460,did=138
05-27 19:07:53.248   536   536 D commservice260303: CommProtocolLibCmdBaseI2C::dataproc {"command":{"id":"imu_status","sub":""},"content":{"TimeStamp":11,"FrameCounter":280777,"GD_X":-0.011223767884075642,"GD_Y":0.006336971186101437,"GD_Z":0.0019848872907459736,"AD_X":-0.010052919387817383,"AD_Y":-5.416035419330001E-4,"AD_Z":-0.1701192855834961,"TempDsp":0,"Status":0,"CalibState":1,"SigAmpInvalid":0}},-1979710460
05-27 19:07:53.248   536   536 D commservice260303: send2Cluster len:316, 7B22636F6D6D616E64223A7B226964223A22696D755F737461747573222C22737562223A22227D2C22636F6E74656E74223A7B2254696D655374616D70223A31312C224672616D65436F756E746572223A3238303737372C2247445F58223A2D302E3031313232333736373838343037353634322C2247445F59223A302E3030363333363937313138363130313433372C2247445F5A223A302E303031393834383837323930373435393733362C2241445F58223A2D302E3031303035323931393338373831373338332C2241445F59223A2D352E343136303335343139333330303031452D342C2241445F5A223A2D302E313730313139323835353833343936312C2254656D70447370223A302C22537461747573223A302C2243616C69625374617465223A312C22536967416D70496E76616C6964223A307D7D, 138 
05-27 19:07:53.248   536   536 D commservice260303: Push Message into SendPool fn=143393792
05-27 19:07:53.248   536   536 D commservice260303: ComProtocolLibSend2Cluster::send2ClusterRaw fn=143393792 , len=332
05-27 19:07:53.248   536   536 D commservice260303: sendCmdToPort :332!!!
05-27 19:07:53.248   536   536 D commservice260303: send Cmd To Port ++++5AA501488A0100048C086A16D0897B22636F6D6D616E64223A7B226964223A22696D755F737461747573222C22737562223A22227D2C22636F6E74656E74223A7B2254696D655374616D70223A31312C224672616D65436F756E746572223A3238303737372C2247445F58223A2D302E3031313232333736373838343037353634322C2247445F59223A302E3030363333363937313138363130313433372C2247445F5A223A302E303031393834383837323930373435393733362C2241445F58223A2D302E3031303035323931393338373831373338332C2241445F59223A2D352E343136303335343139333330303031452D342C2241445F5A223A2D302E313730313139323835353833343936312C2254656D70447370223A302C22537461747573223A302C2243616C69625374617465223A312C22536967416D70496E76616C6964223A307D7D18C6
05-27 19:07:53.248   536   536 D commservice260303: bufferevent_write retrun value = 0
05-27 19:07:53.248   536   560 D commservice260303: client datas send succeed,send finish
05-27 19:07:53.249 13911 14192 D Sentinelmode_1.2.5.17_sentry: <SentryImuClusterFgeSender>imu_status sent to Linux, frame=280777, tsNs=11940483, tsMs=11, intervalMs=41, ad=(-0.010052919,-5.4160354E-4,-0.17011929), gd=(-0.011223768,0.006336971,0.0019848873)
05-27 19:07:53.250   581   581 I SpiService: fgesysctrl_getGPIO_status success val=1
05-27 08:59:02.214   581   581 D spi_rst_gpio_get_output: GPIO 145 value: 1
05-27 08:59:02.214   581   581 D spidev_ioctl: gpio status=1)
05-27 19:07:53.255   581   581 I SpiService: fgesysctrl_getGPIO_status success val=1
05-27 08:59:02.220   581   581 D spi_rst_gpio_get_output: GPIO 145 value: 1
05-27 08:59:02.220   581   581 D spidev_ioctl: gpio status=1)
05-27 19:07:53.261   581   581 I SpiService: fgesysctrl_getGPIO_status success val=1
05-27 19:07:53.262 13911 14183 I SentryImuMcuAngleSender: 179.97899rollDeg
05-27 19:07:53.262 13911 14183 I SentryImuMcuAngleSender: 1,0,0
05-27 08:59:02.225   581   581 D spi_rst_gpio_get_output: GPIO 145 value: 1
05-27 08:59:02.226   581   581 D spidev_ioctl: gpio status=1)
05-27 19:07:53.267   581   581 I SpiService: fgesysctrl_getGPIO_status success val=0
05-27 08:59:02.231   581   581 D spi_rst_gpio_get_output: GPIO 145 value: 0
05-27 08:59:02.231   581   581 D spidev_ioctl: gpio status=0)
05-27 19:07:53.280   283   307 I rvcservice: t.code = 3, t.value = 0
05-27 19:07:53.281   581   581 I SpiService: fgesysctrl_getGPIO_status success val=1
05-27 19:07:53.282 13911 14183 I SentryImuMcuAngleSender: 179.97899rollDeg
05-27 19:07:53.282 13911 14183 I SentryImuMcuAngleSender: 1,0,0
05-27 08:59:02.246   581   581 D spi_rst_gpio_get_output: GPIO 145 value: 1
05-27 19:07:53.285   572   572 I Sensors : 230 GyroSensor: x:-0.011682,y:0.005192,z:0.001832
05-27 08:59:02.246   581   581 D spidev_ioctl: gpio status=1)
05-27 19:07:53.286   581   581 I SpiService: fgesysctrl_getGPIO_status success val=1
05-27 19:07:53.287   536   536 D commservice260303: msg.id = 1028,1
05-27 19:07:53.287   536   536 D commservice260303: i = 170, msgid = 8A000404
05-27 19:07:53.287   536   536 D commservice260303: msgid = -1979710460,did=138
05-27 19:07:53.287   536   536 D commservice260303: CommProtocolLibCmdBaseI2C::dataproc {"command":{"id":"imu_status","sub":""},"content":{"TimeStamp":11,"FrameCounter":280778,"GD_X":-0.011682018637657166,"GD_Y":0.00519212381914258,"GD_Z":0.0018319635419175029,"AD_X":-0.013583406805992126,"AD_Y":6.63823913782835E-4,"AD_Z":-0.16707420349121094,"TempDsp":0,"Status":0,"CalibState":1,"SigAmpInvalid":0}},-1979710460
05-27 19:07:53.288   536   536 D commservice260303: send2Cluster len:314, 7B22636F6D6D616E64223A7B226964223A22696D755F737461747573222C22737562223A22227D2C22636F6E74656E74223A7B2254696D655374616D70223A31312C224672616D65436F756E746572223A3238303737382C2247445F58223A2D302E3031313638323031383633373635373136362C2247445F59223A302E30303531393231323338313931343235382C2247445F5A223A302E303031383331393633353431393137353032392C2241445F58223A2D302E3031333538333430363830353939323132362C2241445F59223A362E3633383233393133373832383335452D342C2241445F5A223A2D302E31363730373432303334393132313039342C2254656D70447370223A302C22537461747573223A302C2243616C69625374617465223A312C22536967416D70496E76616C6964223A307D7D, 138 
05-27 19:07:53.288   536   536 D commservice260303: Push Message into SendPool fn=160171008
05-27 19:07:53.288   536   536 D commservice260303: ComProtocolLibSend2Cluster::send2ClusterRaw fn=160171008 , len=330
05-27 19:07:53.288   536   536 D commservice260303: sendCmdToPort :330!!!
05-27 19:07:53.288   536   536 D commservice260303: send Cmd To Port ++++5AA501468A0100048C096A16D0897B22636F6D6D616E64223A7B226964223A22696D755F737461747573222C22737562223A22227D2C22636F6E74656E74223A7B2254696D655374616D70223A31312C224672616D65436F756E746572223A3238303737382C2247445F58223A2D302E3031313638323031383633373635373136362C2247445F59223A302E30303531393231323338313931343235382C2247445F5A223A302E303031383331393633353431393137353032392C2241445F58223A2D302E3031333538333430363830353939323132362C2241445F59223A362E3633383233393133373832383335452D342C2241445F5A223A2D302E31363730373432303334393132313039342C2254656D70447370223A302C22537461747573223A302C2243616C69625374617465223A312C22536967416D70496E76616C6964223A307D7D244F
05-27 19:07:53.288   536   536 D commservice260303: bufferevent_write retrun value = 0
05-27 08:59:02.251   581   581 D spi_rst_gpio_get_output: GPIO 145 value: 1
05-27 08:59:02.251   581   581 D spidev_ioctl: gpio status=1)
05-27 19:07:53.289   536   560 D commservice260303: client datas send succeed,send finish
05-27 19:07:53.289 13911 14192 D Sentinelmode_1.2.5.17_sentry: <SentryImuClusterFgeSender>imu_status sent to Linux, frame=280778, tsNs=11940536, tsMs=11, intervalMs=40, ad=(-0.013583407,6.638239E-4,-0.1670742), gd=(-0.011682019,0.005192124,0.0018319635)
05-27 19:07:53.291   581   581 I SpiService: fgesysctrl_getGPIO_status success val=1
05-27 08:59:02.256   581   581 D spi_rst_gpio_get_output: GPIO 145 value: 1
05-27 08:59:02.256   581   581 D spidev_ioctl: gpio status=1)
05-27 19:07:53.297   581   581 I SpiService: fgesysctrl_getGPIO_status success val=1
05-27 08:59:02.261   581   581 D spi_rst_gpio_get_output: GPIO 145 value: 1
05-27 08:59:02.261   581   581 D spidev_ioctl: gpio status=1)
05-27 19:07:53.302   581   581 I SpiService: fgesysctrl_getGPIO_status success val=1
05-27 19:07:53.303 13911 14183 I SentryImuMcuAngleSender: 179.98598rollDeg
05-27 19:07:53.303 13911 14183 I SentryImuMcuAngleSender: 1,0,0
05-27 08:59:02.267   581   581 D spi_rst_gpio_get_output: GPIO 145 value: 1
05-27 08:59:02.267   581   581 D spidev_ioctl: gpio status=1)
05-27 08:59:02.268 30796 30796 W audit   : audit_lost=47074 audit_rate_limit=5 audit_backlog_limit=64
05-27 08:59:02.268 30796 30796 E audit   : rate limit exceeded
05-27 19:07:53.307   581   581 I SpiService: fgesysctrl_getGPIO_status success val=0
05-27 08:59:02.272   581   581 D spi_rst_gpio_get_output: GPIO 145 value: 0
05-27 08:59:02.272   581   581 D spidev_ioctl: gpio status=0)
05-27 19:07:53.321   581   581 I SpiService: fgesysctrl_getGPIO_status success val=1
05-27 19:07:53.323   481   598 I mcuc    : rev,n=1,6AA681F08D003589003D0600030000000000000000640064006410100000000000000000000000000000000000000000000000000000000000000000B2
05-27 19:07:53.323   351   373 D automotive.vehicle@2.0-adayo-datacomm-mcu: MCUDatacomm sendMessageFromVehicle prop: 0x89, areaId: 0x0, status: 0x3d, timestamp: 0x6
05-27 19:07:53.323   351   373 D automotive.vehicle@2.0-adayo-datacomm-mcu: MCUDatacomm 1sendMessageFromVehicle ---> type = 3 
05-27 19:07:53.323   351   373 D automotive.vehicle@2.0-adayo-func-bcm: sendMessageFromVehicle sendMessageFromVehicle
05-27 19:07:53.323   351   516 D automotive.vehicle@2.0-adayo-func-bcm: jjfan1 ______procotolSize :45
05-27 19:07:53.323   351   516 D automotive.vehicle@2.0-adayo-func-bcm: BCMFunc sendMessageFromVehicle_l dataType: 12,mByte=8,propid=0x21600001
05-27 19:07:53.323   351   516 D automotive.vehicle@2.0-adayo-func-bcm: BCMFunc sendMessageFromVehicle_l msgBuff[8]=0x0,start:2,len:11,temp:6,
05-27 19:07:53.323   351   516 D automotive.vehicle@2.0-adayo-func-bcm: BCMFunc sendMessageFromVehicle_l msgBuff[7]=0x0,start:0,len:5,temp:5,
05-27 19:07:53.323   351   516 D automotive.vehicle@2.0-adayo-func-bcm: BCMFunc sendMessageFromVehicle_l prop: 0x21600001 , SPLITE_BIT_DATA_INTEGER1 data:0
05-27 19:07:53.323   351   516 D automotive.vehicle@2.0-adayo-func-bcm: BCMFunc sendMessageFromVehicle_l prop: 0x21600001 , SPLITE_BIT_DATA_INTEGER4 procotol.calc[0]:0.100000,procotol.calc[1]:0.000000
05-27 19:07:53.323   351   516 D automotive.vehicle@2.0-adayo-func-bcm: BCMFunc sendMessageFromVehicle_l prop: 0x21600001 ,areaId: 0x0  SPLITE_BIT_DATA_INTEGER : 0.000000,calc[0]:0.100000,calc[1]:0.000000
05-27 19:07:53.323   351   516 D automotive.vehicle@2.0-adayo-func-bcm: BCMFunc sendMessageFromVehicle_l id:559939585, area:0 not report! 
05-27 19:07:53.323   351   516 D automotive.vehicle@2.0-adayo-func-bcm: BCMFunc sendMessageFromVehicle_l dataType: 12,mByte=9,propid=0x2140004d
05-27 19:07:53.323   351   516 D automotive.vehicle@2.0-adayo-func-bcm: BCMFunc sendMessageFromVehicle_l msgBuff[9]=0x0,start:0,len:3,temp:3,
05-27 19:07:53.323   351   516 D automotive.vehicle@2.0-adayo-func-bcm: BCMFunc sendMessageFromVehicle_l prop: 0x2140004d ,areaId: 0x0  SPLITE_BIT_DATA_INTEGER : 0
05-27 19:07:53.323   351   516 D automotive.vehicle@2.0-adayo-func-bcm: BCMFunc sendMessageFromVehicle_l id:557842509, area:0 not report! 
05-27 19:07:53.323   351   516 D automotive.vehicle@2.0-adayo-func-bcm: BCMFunc sendMessageFromVehicle_l dataType: 12,mByte=10,propid=0x21400009
05-27 19:07:53.323   351   516 D automotive.vehicle@2.0-adayo-func-bcm: BCMFunc sendMessageFromVehicle_l msgBuff[10]=0x0,start:0,len:3,temp:3,
05-27 19:07:53.323   351   516 D automotive.vehicle@2.0-adayo-func-bcm: BCMFunc sendMessageFromVehicle_l prop: 0x21400009 ,areaId: 0x0  SPLITE_BIT_DATA_INTEGER : 0
05-27 19:07:53.324   351   516 D automotive.vehicle@2.0-adayo-func-bcm: BCMFunc sendMessageFromVehicle_l id:557842441, area:0 not report! 
05-27 19:07:53.324   351   516 D automotive.vehicle@2.0-adayo-func-bcm: BCMFunc sendMessageFromVehicle_l dataType: 12,mByte=10,propid=0x2140000a
05-27 19:07:53.324   351   516 D automotive.vehicle@2.0-adayo-func-bcm: BCMFunc sendMessageFromVehicle_l msgBuff[10]=0x0,start:4,len:3,temp:3,
05-27 19:07:53.324   351   516 D automotive.vehicle@2.0-adayo-func-bcm: BCMFunc sendMessageFromVehicle_l prop: 0x2140000a ,areaId: 0x0  SPLITE_BIT_DATA_INTEGER : 0
05-27 19:07:53.324   351   516 D automotive.vehicle@2.0-adayo-func-bcm: BCMFunc sendMessageFromVehicle_l id:557842442, area:0 not report! 
05-27 19:07:53.324   351   516 D automotive.vehicle@2.0-adayo-func-bcm: BCMFunc sendMessageFromVehicle_l dataType: 12,mByte=11,propid=0x21400096
05-27 19:07:53.324   351   516 D automotive.vehicle@2.0-adayo-func-bcm: BCMFunc sendMessageFromVehicle_l msgBuff[11]=0x0,start:0,len:8,temp:8,
05-27 19:07:53.324   351   516 D automotive.vehicle@2.0-adayo-func-bcm: BCMFunc sendMessageFromVehicle_l prop: 0x21400096 ,areaId: 0x0  SPLITE_BIT_DATA_INTEGER : 0
05-27 19:07:53.324   351   516 D automotive.vehicle@2.0-adayo-func-bcm: BCMFunc sendMessageFromVehicle_l id:557842582, area:0 not report! 
05-27 19:07:53.324   351   516 D automotive.vehicle@2.0-adayo-func-bcm: BCMFunc sendMessageFromVehicle_l dataType: 12,mByte=12,propid=0x2140008a
05-27 19:07:53.324   351   516 D automotive.vehicle@2.0-adayo-func-bcm: BCMFunc sendMessageFromVehicle_l msgBuff[12]=0x0,start:0,len:4,temp:4,
05-27 19:07:53.324   351   516 D automotive.vehicle@2.0-adayo-func-bcm: BCMFunc sendMessageFromVehicle_l prop: 0x2140008a ,areaId: 0x0  SPLITE_BIT_DATA_INTEGER : 0
05-27 19:07:53.324   351   516 D automotive.vehicle@2.0-adayo-func-bcm: BCMFunc sendMessageFromVehicle_l id:557842570, area:0 not report! 
05-27 19:07:53.324   351   516 D automotive.vehicle@2.0-adayo-func-bcm: BCMFunc sendMessageFromVehicle_l dataType: 12,mByte=14,propid=0x21400005
05-27 19:07:53.324   351   516 D automotive.vehicle@2.0-adayo-func-bcm: BCMFunc sendMessageFromVehicle_l msgBuff[14]=0x64,start:0,len:10,temp:8,
05-27 19:07:53.324   351   516 D automotive.vehicle@2.0-adayo-func-bcm: BCMFunc sendMessageFromVehicle_l msgBuff[13]=0x0,start:0,len:2,temp:2,
05-27 19:07:53.324   351   516 D automotive.vehicle@2.0-adayo-func-bcm: BCMFunc sendMessageFromVehicle_l prop: 0x21400005 ,areaId: 0x0  SPLITE_BIT_DATA_INTEGER : 100
05-27 19:07:53.324 13911 14183 I SentryImuMcuAngleSender: 180.0rollDeg
05-27 19:07:53.324   351   516 D automotive.vehicle@2.0-adayo-func-bcm: BCMFunc sendMessageFromVehicle_l id:557842437, area:0 not report! 
05-27 08:59:02.286   581   581 D spi_rst_gpio_get_output: GPIO 145 value: 1
05-27 19:07:53.324   351   516 D automotive.vehicle@2.0-adayo-func-bcm: BCMFunc sendMessageFromVehicle_l dataType: 12,mByte=16,propid=0x21600006
05-27 19:07:53.324 13911 14183 I SentryImuMcuAngleSender: 1,0,0
05-27 19:07:53.324   351   516 D automotive.vehicle@2.0-adayo-func-bcm: BCMFunc sendMessageFromVehicle_l msgBuff[16]=0x64,start:0,len:10,temp:8,
05-27 19:07:53.324   351   516 D automotive.vehicle@2.0-adayo-func-bcm: BCMFunc sendMessageFromVehicle_l msgBuff[15]=0x0,start:0,len:2,temp:2,
05-27 19:07:53.324   351   516 D automotive.vehicle@2.0-adayo-func-bcm: BCMFunc sendMessageFromVehicle_l prop: 0x21600006 , SPLITE_BIT_DATA_INTEGER1 data:100
05-27 19:07:53.324   351   516 D automotive.vehicle@2.0-adayo-func-bcm: BCMFunc sendMessageFromVehicle_l prop: 0x21600006 , SPLITE_BIT_DATA_INTEGER4 procotol.calc[0]:0.100000,procotol.calc[1]:0.000000
05-27 19:07:53.324   351   516 D automotive.vehicle@2.0-adayo-func-bcm: BCMFunc sendMessageFromVehicle_l prop: 0x21600006 ,areaId: 0x0  SPLITE_BIT_DATA_INTEGER : 80.000000,calc[0]:0.100000,calc[1]:0.000000
05-27 19:07:53.324   351   516 D automotive.vehicle@2.0-adayo-func-bcm: BCMFunc sendMessageFromVehicle_l id:559939590, area:0 not report! 
05-27 19:07:53.324   351   516 D automotive.vehicle@2.0-adayo-func-bcm: BCMFunc sendMessageFromVehicle_l dataType: 12,mByte=18,propid=0x21600007
05-27 19:07:53.324   351   516 D automotive.vehicle@2.0-adayo-func-bcm: BCMFunc sendMessageFromVehicle_l msgBuff[18]=0x64,start:0,len:10,temp:8,
05-27 19:07:53.324   351   516 D automotive.vehicle@2.0-adayo-func-bcm: BCMFunc sendMessageFromVehicle_l msgBuff[17]=0x0,start:0,len:2,temp:2,
05-27 19:07:53.324   351   516 D automotive.vehicle@2.0-adayo-func-bcm: BCMFunc sendMessageFromVehicle_l prop: 0x21600007 , SPLITE_BIT_DATA_INTEGER1 data:100
05-27 19:07:53.324   351   516 D automotive.vehicle@2.0-adayo-func-bcm: BCMFunc sendMessageFromVehicle_l prop: 0x21600007 , SPLITE_BIT_DATA_INTEGER4 procotol.calc[0]:0.100000,procotol.calc[1]:0.000000
05-27 19:07:53.324   351   516 D automotive.vehicle@2.0-adayo-func-bcm: BCMFunc sendMessageFromVehicle_l prop: 0x21600007 ,areaId: 0x0  SPLITE_BIT_DATA_INTEGER : 70.000000,calc[0]:0.100000,calc[1]:0.000000
05-27 19:07:53.324   351   516 D automotive.vehicle@2.0-adayo-func-bcm: BCMFunc sendMessageFromVehicle_l id:559939591, area:0 not report! 
05-27 19:07:53.324   351   516 D automotive.vehicle@2.0-adayo-func-bcm: BCMFunc sendMessageFromVehicle_l dataType: 12,mByte=19,propid=0x21400087
05-27 19:07:53.324   351   516 D automotive.vehicle@2.0-adayo-func-bcm: BCMFunc sendMessageFromVehicle_l msgBuff[19]=0x10,start:3,len:1,temp:1,
05-27 19:07:53.324   351   516 D automotive.vehicle@2.0-adayo-func-bcm: BCMFunc sendMessageFromVehicle_l prop: 0x21400087 ,areaId: 0x0  SPLITE_BIT_DATA_INTEGER : 0
05-27 19:07:53.324   351   516 D automotive.vehicle@2.0-adayo-func-bcm: BCMFunc sendMessageFromVehicle_l id:557842567, area:0 not report! 
05-27 08:59:02.286   581   581 D spidev_ioctl: gpio status=1)
05-27 19:07:53.324   351   516 D automotive.vehicle@2.0-adayo-func-bcm: BCMFunc sendMessageFromVehicle_l dataType: 12,mByte=19,propid=0x2140004e
05-27 19:07:53.324   351   516 D automotive.vehicle@2.0-adayo-func-bcm: BCMFunc sendMessageFromVehicle_l msgBuff[19]=0x10,start:5,len:1,temp:1,
05-27 19:07:53.325   351   516 D automotive.vehicle@2.0-adayo-func-bcm: BCMFunc sendMessageFromVehicle_l prop: 0x2140004e ,areaId: 0x0  SPLITE_BIT_DATA_INTEGER : 0
05-27 19:07:53.325   351   516 D automotive.vehicle@2.0-adayo-func-bcm: BCMFunc sendMessageFromVehicle_l id:557842510, area:0 not report! 
05-27 19:07:53.325   351   516 D automotive.vehicle@2.0-adayo-func-bcm: BCMFunc sendMessageFromVehicle_l dataType: 12,mByte=19,propid=0x2140004f
05-27 19:07:53.325   351   516 D automotive.vehicle@2.0-adayo-func-bcm: BCMFunc sendMessageFromVehicle_l msgBuff[19]=0x10,start:7,len:1,temp:1,
05-27 19:07:53.325   351   516 D automotive.vehicle@2.0-adayo-func-bcm: BCMFunc sendMessageFromVehicle_l prop: 0x2140004f ,areaId: 0x0  SPLITE_BIT_DATA_INTEGER : 0
05-27 19:07:53.325   351   516 D automotive.vehicle@2.0-adayo-func-bcm: BCMFunc sendMessageFromVehicle_l id:557842511, area:0 not report! 
05-27 19:07:53.325   351   516 D automotive.vehicle@2.0-adayo-func-bcm: BCMFunc sendMessageFromVehicle_l dataType: 12,mByte=20,propid=0x21400031
05-27 19:07:53.325   351   516 D automotive.vehicle@2.0-adayo-func-bcm: BCMFunc sendMessageFromVehicle_l msgBuff[20]=0x10,start:0,len:3,temp:3,
05-27 19:07:53.325   351   516 D automotive.vehicle@2.0-adayo-func-bcm: BCMFunc sendMessageFromVehicle_l prop: 0x21400031 ,areaId: 0x0  SPLITE_BIT_DATA_INTEGER : 0
05-27 19:07:53.325   351   516 D automotive.vehicle@2.0-adayo-func-bcm: BCMFunc sendMessageFromVehicle_l id:557842481, area:0 not report! 
05-27 19:07:53.325   351   516 D automotive.vehicle@2.0-adayo-func-bcm: BCMFunc sendMessageFromVehicle_l dataType: 12,mByte=20,propid=0x2140003a
05-27 19:07:53.325   351   516 D automotive.vehicle@2.0-adayo-func-bcm: BCMFunc sendMessageFromVehicle_l msgBuff[20]=0x10,start:5,len:3,temp:3,
05-27 19:07:53.325   351   516 D automotive.vehicle@2.0-adayo-func-bcm: BCMFunc sendMessageFromVehicle_l prop: 0x2140003a ,areaId: 0x0  SPLITE_BIT_DATA_INTEGER : 0
05-27 19:07:53.325   351   516 D automotive.vehicle@2.0-adayo-func-bcm: BCMFunc sendMessageFromVehicle_l id:557842490, area:0 not report! 
05-27 19:07:53.325   351   516 D automotive.vehicle@2.0-adayo-func-bcm: BCMFunc sendMessageFromVehicle_l dataType: 12,mByte=21,propid=0x2140008b
05-27 19:07:53.325   351   516 D automotive.vehicle@2.0-adayo-func-bcm: BCMFunc sendMessageFromVehicle_l msgBuff[21]=0x0,start:0,len:3,temp:3,
05-27 19:07:53.325   351   516 D automotive.vehicle@2.0-adayo-func-bcm: BCMFunc sendMessageFromVehicle_l prop: 0x2140008b ,areaId: 0x0  SPLITE_BIT_DATA_INTEGER : 0
05-27 19:07:53.325   351   516 D automotive.vehicle@2.0-adayo-func-bcm: BCMFunc sendMessageFromVehicle_l id:557842571, area:0 not report! 
05-27 19:07:53.325   351   516 D automotive.vehicle@2.0-adayo-func-bcm: BCMFunc sendMessageFromVehicle_l dataType: 12,mByte=22,propid=0x2140008c
05-27 19:07:53.325   351   516 D automotive.vehicle@2.0-adayo-func-bcm: BCMFunc sendMessageFromVehicle_l msgBuff[22]=0x0,start:1,len:1,temp:1,
05-27 19:07:53.325   351   516 D automotive.vehicle@2.0-adayo-func-bcm: BCMFunc sendMessageFromVehicle_l prop: 0x2140008c ,areaId: 0x0  SPLITE_BIT_DATA_INTEGER : 0
05-27 19:07:53.325   351   516 D automotive.vehicle@2.0-adayo-func-bcm: BCMFunc sendMessageFromVehicle_l id:557842572, area:0 not report! 
05-27 19:07:53.325   351   516 D automotive.vehicle@2.0-adayo-func-bcm: BCMFunc sendMessageFromVehicle_l dataType: 12,mByte=23,propid=0x2140008e
05-27 19:07:53.325   351   516 D automotive.vehicle@2.0-adayo-func-bcm: BCMFunc sendMessageFromVehicle_l msgBuff[23]=0x0,start:0,len:1,temp:1,
05-27 19:07:53.326   351   516 D automotive.vehicle@2.0-adayo-func-bcm: BCMFunc sendMessageFromVehicle_l prop: 0x2140008e ,areaId: 0x0  SPLITE_BIT_DATA_INTEGER : 0
05-27 19:07:53.326   351   516 D automotive.vehicle@2.0-adayo-func-bcm: BCMFunc sendMessageFromVehicle_l id:557842574, area:0 not report! 
05-27 19:07:53.326   351   516 D automotive.vehicle@2.0-adayo-func-bcm: BCMFunc sendMessageFromVehicle_l dataType: 12,mByte=23,propid=0x2140008f
05-27 19:07:53.326   351   516 D automotive.vehicle@2.0-adayo-func-bcm: BCMFunc sendMessageFromVehicle_l msgBuff[23]=0x0,start:1,len:1,temp:1,
05-27 19:07:53.326   351   516 D automotive.vehicle@2.0-adayo-func-bcm: BCMFunc sendMessageFromVehicle_l prop: 0x2140008f ,areaId: 0x0  SPLITE_BIT_DATA_INTEGER : 0
05-27 19:07:53.326   351   516 D automotive.vehicle@2.0-adayo-func-bcm: BCMFunc sendMessageFromVehicle_l id:557842575, area:0 not report! 
05-27 19:07:53.326   351   516 D automotive.vehicle@2.0-adayo-func-bcm: BCMFunc sendMessageFromVehicle_l dataType: 12,mByte=24,propid=0x2140000b
05-27 19:07:53.326   351   516 D automotive.vehicle@2.0-adayo-func-bcm: BCMFunc sendMessageFromVehicle_l msgBuff[24]=0x0,start:2,len:3,temp:3,
05-27 19:07:53.326   351   516 D automotive.vehicle@2.0-adayo-func-bcm: BCMFunc sendMessageFromVehicle_l prop: 0x2140000b ,areaId: 0x0  SPLITE_BIT_DATA_INTEGER : 0
05-27 19:07:53.326   351   516 D automotive.vehicle@2.0-adayo-func-bcm: BCMFunc sendMessageFromVehicle_l id:557842443, area:0 not report! 
