05-27 19:07:54.218   536   560 D commservice260303: client datas send succeed,send finish
05-27 19:07:54.218 13911 14192 D Sentinelmode_1.2.5.17_sentry: <SentryImuClusterFgeSender>imu_status sent to Linux, frame=280801, tsNs=11941463, tsMs=11, intervalMs=39, ad=(-1.1821091E-4,5.4010586E-4,-0.1756134), gd=(-0.011834943,0.0040462366,0.0024431383)
05-27 19:07:54.221   581   581 I SpiService: fgesysctrl_getGPIO_status success val=1
05-27 08:59:03.186   581   581 D spi_rst_gpio_get_output: GPIO 145 value: 1
05-27 08:59:03.186   581   581 D spidev_ioctl: gpio status=1)
05-27 19:07:54.227   581   581 I SpiService: fgesysctrl_getGPIO_status success val=1
05-27 08:59:03.191   581   581 D spi_rst_gpio_get_output: GPIO 145 value: 1
05-27 08:59:03.191   581   581 D spidev_ioctl: gpio status=1)
05-27 19:07:54.229 13911 14183 I SentryImuMcuAngleSender: 179.986rollDeg
05-27 19:07:54.232   581   581 I SpiService: fgesysctrl_getGPIO_status success val=1
05-27 19:07:54.234 13911 14183 I SentryImuMcuAngleSender: 1,0,0
05-27 08:59:03.197   581   581 D spi_rst_gpio_get_output: GPIO 145 value: 1
05-27 08:59:03.197   581   581 D spidev_ioctl: gpio status=1)
05-27 19:07:54.237 29114 29142 D ANWAPI_SECOND: (29114|0x27062CB0)[BTAPI] set_bluetooth_power : open /sys/class/gpio/gpio142/value
05-27 19:07:54.237 29114 29142 D ANWAPI_SECOND: (29114|0x27062CB0)[BTAPI] set_bluetooth_power : open(/sys/class/gpio/gpio142/value) for write failed,fd=-1
05-27 19:07:54.237 29114 29142 D ANWAPI_SECOND: (29114|0x27062CB0)[BTAPI] open set_bluetooth_power : write(No such file or directory) failed,errno = 2
05-27 19:07:54.239   581   581 I SpiService: fgesysctrl_getGPIO_status success val=1
05-27 08:59:03.203   581   581 D spi_rst_gpio_get_output: GPIO 145 value: 1
05-27 08:59:03.203   581   581 D spidev_ioctl: gpio status=1)
05-27 19:07:54.244   581   581 I SpiService: fgesysctrl_getGPIO_status success val=1
05-27 08:59:03.209   581   581 D spi_rst_gpio_get_output: GPIO 145 value: 1
05-27 08:59:03.209   581   581 D spidev_ioctl: gpio status=1)
05-27 19:07:54.249   581   581 I SpiService: fgesysctrl_getGPIO_status success val=0
05-27 19:07:54.252 30773 30785 I dvr_service_: [EncoderHandler::runMediaThread] runMediaThread started:1,state:1, cam2:started:1,state:1, lastSwitch:1, mIsMuxerStart:1,format:0,is_str_ing:0
05-27 19:07:54.253 13911 14183 I SentryImuMcuAngleSender: 179.986rollDeg
05-27 08:59:03.214   581   581 D spi_rst_gpio_get_output: GPIO 145 value: 0
05-27 19:07:54.253 13911 14183 I SentryImuMcuAngleSender: 1,0,0
05-27 08:59:03.214   581   581 D spidev_ioctl: gpio status=0)
05-27 19:07:54.257   536   536 D commservice260303: msg.id = 1028,0
05-27 19:07:54.257   536   536 D commservice260303: i = 170, msgid = 8A000404
05-27 19:07:54.257   536   536 D commservice260303: msgid = -1979710460,did=138
05-27 19:07:54.257   536   536 D commservice260303: CommProtocolLibCmdBaseI2C::dataproc {"command":{"id":"imu_status","sub":""},"content":{"TimeStamp":11,"FrameCounter":280802,"GD_X":-0.011070843786001205,"GD_Y":0.006185087841004133,"GD_Z":0.002213752595707774,"AD_X":4.7118961811065674E-4,"AD_Y":5.407447461038828E-4,"AD_Z":-0.17316913604736328,"TempDsp":0,"Status":0,"CalibState":1,"SigAmpInvalid":0}},-1979710460
05-27 19:07:54.257   536   536 D commservice260303: send2Cluster len:315, 7B22636F6D6D616E64223A7B226964223A22696D755F737461747573222C22737562223A22227D2C22636F6E74656E74223A7B2254696D655374616D70223A31312C224672616D65436F756E746572223A3238303830322C2247445F58223A2D302E3031313037303834333738363030313230352C2247445F59223A302E3030363138353038373834313030343133332C2247445F5A223A302E3030323231333735323539353730373737342C2241445F58223A342E37313138393631383131303635363734452D342C2241445F59223A352E343037343437343631303338383238452D342C2241445F5A223A2D302E31373331363931333630343733363332382C2254656D70447370223A302C22537461747573223A302C2243616C69625374617465223A312C22536967416D70496E76616C6964223A307D7D, 138 
05-27 19:07:54.257   536   536 D commservice260303: Push Message into SendPool fn=579601408
05-27 19:07:54.257   536   536 D commservice260303: ComProtocolLibSend2Cluster::send2ClusterRaw fn=579601408 , len=331
05-27 19:07:54.257   536   536 D commservice260303: sendCmdToPort :331!!!
05-27 19:07:54.257   536   536 D commservice260303: send Cmd To Port ++++5AA501478A0100048C226A16D08A7B22636F6D6D616E64223A7B226964223A22696D755F737461747573222C22737562223A22227D2C22636F6E74656E74223A7B2254696D655374616D70223A31312C224672616D65436F756E746572223A3238303830322C2247445F58223A2D302E3031313037303834333738363030313230352C2247445F59223A302E3030363138353038373834313030343133332C2247445F5A223A302E3030323231333735323539353730373737342C2241445F58223A342E37313138393631383131303635363734452D342C2241445F59223A352E343037343437343631303338383238452D342C2241445F5A223A2D302E31373331363931333630343733363332382C2254656D70447370223A302C22537461747573223A302C2243616C69625374617465223A312C22536967416D70496E76616C6964223A307D7DEE08
05-27 19:07:54.257   536   536 D commservice260303: bufferevent_write retrun value = 0
05-27 19:07:54.257   536   560 D commservice260303: client datas send succeed,send finish
05-27 19:07:54.258 13911 14192 D Sentinelmode_1.2.5.17_sentry: <SentryImuClusterFgeSender>imu_status sent to Linux, frame=280802, tsNs=11941499, tsMs=11, intervalMs=40, ad=(4.7118962E-4,5.4074475E-4,-0.17316914), gd=(-0.011070844,0.006185088,0.0022137526)
05-27 19:07:54.263   581   581 I SpiService: fgesysctrl_getGPIO_status success val=1
05-27 08:59:03.228   581   581 D spi_rst_gpio_get_output: GPIO 145 value: 1
05-27 08:59:03.228   581   581 D spidev_ioctl: gpio status=1)
05-27 19:07:54.266   572   622 I Sensors : 230 GyroSensor: x:-0.011759,y:0.005650,z:0.001679
05-27 19:07:54.269   581   581 I SpiService: fgesysctrl_getGPIO_status success val=1
05-27 08:59:03.233   581   581 D spi_rst_gpio_get_output: GPIO 145 value: 1
05-27 08:59:03.233   581   581 D spidev_ioctl: gpio status=1)
05-27 19:07:54.274 13911 14183 I SentryImuMcuAngleSender: 179.97899rollDeg
05-27 19:07:54.274 13911 14183 I SentryImuMcuAngleSender: 1,0,0
05-27 19:07:54.274   581   581 I SpiService: fgesysctrl_getGPIO_status success val=1
05-27 08:59:03.239   581   581 D spi_rst_gpio_get_output: GPIO 145 value: 1
05-27 08:59:03.239   581   581 D spidev_ioctl: gpio status=1)
05-27 19:07:54.279   581   581 I SpiService: fgesysctrl_getGPIO_status success val=1
05-27 08:59:03.244   581   581 D spi_rst_gpio_get_output: GPIO 145 value: 1
05-27 08:59:03.244   581   581 D spidev_ioctl: gpio status=1)
05-27 19:07:54.281   283   307 I rvcservice: t.code = 3, t.value = 0
05-27 19:07:54.285   581   581 I SpiService: fgesysctrl_getGPIO_status success val=1
05-27 08:59:03.249   581   581 D spi_rst_gpio_get_output: GPIO 145 value: 1
05-27 08:59:03.249   581   581 D spidev_ioctl: gpio status=1)
05-27 19:07:54.290   581   581 I SpiService: fgesysctrl_getGPIO_status success val=0
05-27 08:59:03.255   581   581 D spi_rst_gpio_get_output: GPIO 145 value: 0
05-27 08:59:03.255   581   581 D spidev_ioctl: gpio status=0)
05-27 19:07:54.294 13911 14183 I SentryImuMcuAngleSender: 179.97198rollDeg
05-27 19:07:54.295 13911 14183 I SentryImuMcuAngleSender: 1,0,0
05-27 19:07:54.298   536   536 D commservice260303: msg.id = 1028,0
05-27 19:07:54.298   536   536 D commservice260303: i = 170, msgid = 8A000404
05-27 19:07:54.298   536   536 D commservice260303: msgid = -1979710460,did=138
05-27 19:07:54.298   536   536 D commservice260303: CommProtocolLibCmdBaseI2C::dataproc {"command":{"id":"imu_status","sub":""},"content":{"TimeStamp":11,"FrameCounter":280803,"GD_X":-0.012370175682008266,"GD_Y":0.00549693126231432,"GD_Z":0.0016030981205403805,"AD_X":4.512220621109009E-4,"AD_Y":0.0029656928963959217,"AD_Z":-0.17316913604736328,"TempDsp":0,"Status":0,"CalibState":1,"SigAmpInvalid":0}},-1979710460
05-27 19:07:54.298   536   536 D commservice260303: send2Cluster len:315, 7B22636F6D6D616E64223A7B226964223A22696D755F737461747573222C22737562223A22227D2C22636F6E74656E74223A7B2254696D655374616D70223A31312C224672616D65436F756E746572223A3238303830332C2247445F58223A2D302E3031323337303137353638323030383236362C2247445F59223A302E30303534393639333132363233313433322C2247445F5A223A302E303031363033303938313230353430333830352C2241445F58223A342E353132323230363231313039303039452D342C2241445F59223A302E303032393635363932383936333935393231372C2241445F5A223A2D302E31373331363931333630343733363332382C2254656D70447370223A302C22537461747573223A302C2243616C69625374617465223A312C22536967416D70496E76616C6964223A307D7D, 138 
05-27 19:07:54.298   536   536 D commservice260303: Push Message into SendPool fn=596378624
05-27 19:07:54.298   536   536 D commservice260303: ComProtocolLibSend2Cluster::send2ClusterRaw fn=596378624 , len=331
05-27 19:07:54.298   536   536 D commservice260303: sendCmdToPort :331!!!
05-27 19:07:54.298   536   536 D commservice260303: send Cmd To Port ++++5AA501478A0100048C236A16D08A7B22636F6D6D616E64223A7B226964223A22696D755F737461747573222C22737562223A22227D2C22636F6E74656E74223A7B2254696D655374616D70223A31312C224672616D65436F756E746572223A3238303830332C2247445F58223A2D302E3031323337303137353638323030383236362C2247445F59223A302E30303534393639333132363233313433322C2247445F5A223A302E303031363033303938313230353430333830352C2241445F58223A342E353132323230363231313039303039452D342C2241445F59223A302E303032393635363932383936333935393231372C2241445F5A223A2D302E31373331363931333630343733363332382C2254656D70447370223A302C22537461747573223A302C2243616C69625374617465223A312C22536967416D70496E76616C6964223A307D7DEB70
05-27 19:07:54.298   536   536 D commservice260303: bufferevent_write retrun value = 0
05-27 19:07:54.298 13911 14192 D Sentinelmode_1.2.5.17_sentry: <SentryImuClusterFgeSender>imu_status sent to Linux, frame=280803, tsNs=11941535, tsMs=11, intervalMs=41, ad=(4.5122206E-4,0.002965693,-0.17316914), gd=(-0.012370176,0.0054969313,0.0016030981)
05-27 19:07:54.298   536   560 D commservice260303: client datas send succeed,send finish
05-27 19:07:54.304   581   581 I SpiService: fgesysctrl_getGPIO_status success val=1
05-27 08:59:03.268   581   581 D spi_rst_gpio_get_output: GPIO 145 value: 1
05-27 08:59:03.268   581   581 D spidev_ioctl: gpio status=1)
05-27 19:07:54.309   581   581 I SpiService: fgesysctrl_getGPIO_status success val=1
05-27 19:07:54.311 15286 15491 D SkinThemeConfigUtils: isDayTheme skinResourceData = SkinPkgInfo{mSkinId=15, mAssetDir=skinres, mSkinName='', mSkinChineseName='夜间'}
05-27 08:59:03.274   581   581 D spi_rst_gpio_get_output: GPIO 145 value: 1
05-27 08:59:03.274   581   581 D spidev_ioctl: gpio status=1)
05-27 19:07:54.314 13911 14183 I SentryImuMcuAngleSender: 179.96497rollDeg
05-27 19:07:54.314 13911 14183 I SentryImuMcuAngleSender: 1,0,0
05-27 19:07:54.314   581   581 I SpiService: fgesysctrl_getGPIO_status success val=1
05-27 08:59:03.279   581   581 D spi_rst_gpio_get_output: GPIO 145 value: 1
05-27 08:59:03.279   581   581 D spidev_ioctl: gpio status=1)
05-27 19:07:54.320   581   581 I SpiService: fgesysctrl_getGPIO_status success val=1
05-27 08:59:03.284   581   581 D spi_rst_gpio_get_output: GPIO 145 value: 1
05-27 08:59:03.284   581   581 D spidev_ioctl: gpio status=1)
05-27 19:07:54.325   581   581 I SpiService: fgesysctrl_getGPIO_status success val=1
05-27 08:59:03.290   581   581 D spi_rst_gpio_get_output: GPIO 145 value: 1
05-27 08:59:03.290   581   581 D spidev_ioctl: gpio status=1)
05-27 19:07:54.330   581   581 I SpiService: fgesysctrl_getGPIO_status success val=0
05-27 08:59:03.295   581   581 D spi_rst_gpio_get_output: GPIO 145 value: 0
05-27 08:59:03.295   581   581 D spidev_ioctl: gpio status=0)
05-27 19:07:54.334 13911 14183 I SentryImuMcuAngleSender: 179.96497rollDeg
05-27 19:07:54.335 13911 14183 I SentryImuMcuAngleSender: 1,0,0
05-27 19:07:54.338   536   536 D commservice260303: msg.id = 1028,1
05-27 19:07:54.338   536   536 D commservice260303: i = 170, msgid = 8A000404
05-27 19:07:54.338   536   536 D commservice260303: msgid = -1979710460,did=138
05-27 19:07:54.338   536   536 D commservice260303: CommProtocolLibCmdBaseI2C::dataproc {"command":{"id":"imu_status","sub":""},"content":{"TimeStamp":11,"FrameCounter":280804,"GD_X":-0.011682018637657166,"GD_Y":0.0056498548947274685,"GD_Z":0.0021378109231591225,"AD_X":-0.002606019377708435,"AD_Y":0.00415966659784317,"AD_Z":-0.1707286834716797,"TempDsp":0,"Status":0,"CalibState":1,"SigAmpInvalid":0}},-1979710460
05-27 19:07:54.338   536   536 D commservice260303: send2Cluster len:315, 7B22636F6D6D616E64223A7B226964223A22696D755F737461747573222C22737562223A22227D2C22636F6E74656E74223A7B2254696D655374616D70223A31312C224672616D65436F756E746572223A3238303830342C2247445F58223A2D302E3031313638323031383633373635373136362C2247445F59223A302E303035363439383534383934373237343638352C2247445F5A223A302E303032313337383130393233313539313232352C2241445F58223A2D302E3030323630363031393337373730383433352C2241445F59223A302E30303431353936363635393738343331372C2241445F5A223A2D302E313730373238363833343731363739372C2254656D70447370223A302C22537461747573223A302C2243616C69625374617465223A312C22536967416D70496E76616C6964223A307D7D, 138 
05-27 19:07:54.338   536   536 D commservice260303: Push Message into SendPool fn=613155840
05-27 19:07:54.338   536   536 D commservice260303: ComProtocolLibSend2Cluster::send2ClusterRaw fn=613155840 , len=331
05-27 19:07:54.338   536   536 D commservice260303: sendCmdToPort :331!!!
05-27 19:07:54.338   536   536 D commservice260303: send Cmd To Port ++++5AA501478A0100048C246A16D08A7B22636F6D6D616E64223A7B226964223A22696D755F737461747573222C22737562223A22227D2C22636F6E74656E74223A7B2254696D655374616D70223A31312C224672616D65436F756E746572223A3238303830342C2247445F58223A2D302E3031313638323031383633373635373136362C2247445F59223A302E303035363439383534383934373237343638352C2247445F5A223A302E303032313337383130393233313539313232352C2241445F58223A2D302E3030323630363031393337373730383433352C2241445F59223A302E30303431353936363635393738343331372C2241445F5A223A2D302E313730373238363833343731363739372C2254656D70447370223A302C22537461747573223A302C2243616C69625374617465223A312C22536967416D70496E76616C6964223A307D7D721A
05-27 19:07:54.338   536   536 D commservice260303: bufferevent_write retrun value = 0
05-27 19:07:54.338   536   560 D commservice260303: client datas send succeed,send finish
05-27 19:07:54.338 13911 14192 D Sentinelmode_1.2.5.17_sentry: <SentryImuClusterFgeSender>imu_status sent to Linux, frame=280804, tsNs=11941570, tsMs=11, intervalMs=40, ad=(-0.0026060194,0.0041596666,-0.17072868), gd=(-0.011682019,0.005649855,0.002137811)
05-27 19:07:54.344   581   581 I SpiService: fgesysctrl_getGPIO_status success val=1
05-27 19:07:54.345   481   598 I mcuc    : rev,n=1,6AA681F093000A890095010409201234560A
05-27 19:07:54.345  1121  1144 I tboxmids_ap: [2026-05-27 19:07:54.345] [MCU RX] src=MCU dst=ZMQ len=10 type=BINARY data=00 08 95 01 04 09 20 12 34 56 
05-27 19:07:54.345   351   373 D automotive.vehicle@2.0-adayo-datacomm-mcu: MCUDatacomm sendMessageFromVehicle prop: 0x89, areaId: 0x0, status: 0x95, timestamp: 0x1
05-27 19:07:54.345   351   373 D automotive.vehicle@2.0-adayo-datacomm-mcu: MCUDatacomm 1sendMessageFromVehicle ---> type = 12 
05-27 19:07:54.345  1083  1083 I MyAppLog: [2026-05-27 19:07:54.345 I tboxap mcuCommTboxmidsRecvCb:97] [Mcu] [mcuCommTboxmidsRecvCb] recv from tboxmids, size:10
05-27 19:07:54.345  1083  1083 I MyAppLog: [2026-05-27 19:07:54.345 I tboxap mcuCommTboxmidsRecvCb:98] [Mcu] [tboxmids -> tboxap]: :00 08 95 01 04 09 20 12 34 56
05-27 19:07:54.345  1083  1083 I MyAppLog: [2026-05-27 19:07:54.345 I tboxap mcuPtlParseData:990] [Mcu] [Mcu  Parse]: (cmd):0920 (param):0920123456
05-27 19:07:54.345  1083  1083 W MyAppLog: [2026-05-27 19:07:54.345 W tboxap mcuParamDataRevPack:918] [Mcu] mcuParamDataRevPack start pack data!!!
05-27 08:59:03.309   581   581 D spi_rst_gpio_get_output: GPIO 145 value: 1
05-27 19:07:54.346  1083  1083 W MyAppLog: [2026-05-27 19:07:54.345 W tboxap mcuHandleTrigAlarmInd:1906] [Mcu] [mcuHandleTrigAlarmInd] trig alarm rpt, msgId:0x0200 alarmType:0x12 12VBatt:0x34
05-27 08:59:03.309   581   581 D spidev_ioctl: gpio status=1)
05-27 19:07:54.346  1083  1083 I MyAppLog: [2026-05-27 19:07:54.345 I tboxap mcuSendYadiTransfer:196] [Mcu] [mcuYadiSend]: :00 06 FD 04 01 09 A0 01
05-27 19:07:54.346  1083  1083 W MyAppLog: [2026-05-27 19:07:54.345 W tboxap tsp_ExternalEvent:109] [Tsp] [tsp_ExternalEvent] recv ExternalEvent = 61, size:4
05-27 19:07:54.346  1083  1083 W MyAppLog: [2026-05-27 19:07:54.345 W tboxap tsp_TrigAlarmFilter:621] [Tsp] [tsp_TrigAlarmFilter] bit[1] check start: isActive:1 wasActive:1 lastReport:1779878995 delta:1079 severeCnt:0 severeDelta:-1
05-27 19:07:54.346  1083  1083 W MyAppLog: [2026-05-27 19:07:54.345 W tboxap tsp_TrigAlarmFilter:668] [Tsp] [tsp_TrigAlarmFilter] bit[1] check done: allow:0 outAlarmType:0x00 outBatt:0x00
05-27 19:07:54.346  1083  1083 W MyAppLog: [2026-05-27 19:07:54.345 W tboxap tsp_TrigAlarmFilter:621] [Tsp] [tsp_TrigAlarmFilter] bit[10] check start: isActive:1 wasActive:1 lastReport:1779878995 delta:1079 severeCnt:0 severeDelta:-1
05-27 19:07:54.346  1083  1083 W MyAppLog: [2026-05-27 19:07:54.345 W tboxap tsp_TrigAlarmFilter:668] [Tsp] [tsp_TrigAlarmFilter] bit[10] check done: allow:0 outAlarmType:0x00 outBatt:0x00
05-27 19:07:54.346  1083  1083 W MyAppLog: [2026-05-27 19:07:54.345 W tboxap tsp_TrigAlarmFilter:677] [Tsp] [tsp_TrigAlarmFilter] input alarmType:0x02 batt:0x04 output alarmType:0x00 batt:0x00 severeCnt:0
05-27 19:07:54.348   481   599 I mcuc    : start timer OK = 33733 
05-27 19:07:54.349   581   581 I SpiService: fgesysctrl_getGPIO_status success val=1
05-27 19:07:54.352 13911 13911 I Sentinelmode_1.2.5.17_sentry: <SentinelCarServiceManager>sensorType:291504647
05-27 08:59:03.314   581   581 D spi_rst_gpio_get_output: GPIO 145 value: 1
05-27 08:59:03.314   581   581 D spidev_ioctl: gpio status=1)
05-27 08:59:03.319   581   581 D spi_rst_gpio_get_output: GPIO 145 value: 1
05-27 08:59:03.319   581   581 D spidev_ioctl: gpio status=1)
05-27 19:07:54.355 13911 14183 I SentryImuMcuAngleSender: 1,0,0
05-27 19:07:54.355   581   581 I SpiService: fgesysctrl_getGPIO_status success val=1
05-27 19:07:54.360   581   581 I SpiService: fgesysctrl_getGPIO_status success val=1
05-27 08:59:03.325   581   581 D spi_rst_gpio_get_output: GPIO 145 value: 1
05-27 08:59:03.325   581   581 D spidev_ioctl: gpio status=1)
05-27 19:07:54.365   581   581 I SpiService: fgesysctrl_getGPIO_status success val=1
05-27 08:59:03.330   581   581 D spi_rst_gpio_get_output: GPIO 145 value: 1
05-27 08:59:03.330   581   581 D spidev_ioctl: gpio status=1)
05-27 19:07:54.371   581   581 I SpiService: fgesysctrl_getGPIO_status success val=1
05-27 08:59:03.335   581   581 D spi_rst_gpio_get_output: GPIO 145 value: 1
05-27 08:59:03.335   581   581 D spidev_ioctl: gpio status=1)
05-27 19:07:54.375 13911 14183 I SentryImuMcuAngleSender: 179.96497rollDeg
05-27 19:07:54.375 13911 14183 I SentryImuMcuAngleSender: 1,0,0
05-27 19:07:54.376   581   581 I SpiService: fgesysctrl_getGPIO_status success val=0
05-27 19:07:54.376   481   597 I mcuc    : send SPI:6AA602F09300028900F06AA60183C500F80901FD040109A00100000000000000000000000000000000000000000000000000000000000000000000000000000000000000000000000000000000000000000000000000000000000000000000000000000000000000000000000000000000000000000000000000000000000000000000000000000000000000000000000000000000000000000000000000000000000000000000000000000000000000000000000000000000000000000000000000000000000000000000000000000000000000000000000000000000000000000000000000000000000000000000000000000000000000000000000000000000000000000000000009
05-27 08:59:03.340   581   581 D spi_rst_gpio_get_output: GPIO 145 value: 0
05-27 08:59:03.341   581   581 D spidev_ioctl: gpio status=0)
05-27 19:07:54.378   536   536 D commservice260303: msg.id = 1028,0
05-27 19:07:54.378   536   536 D commservice260303: i = 170, msgid = 8A000404
05-27 19:07:54.378   536   536 D commservice260303: msgid = -1979710460,did=138
05-27 19:07:54.378   536   536 D commservice260303: CommProtocolLibCmdBaseI2C::dataproc {"command":{"id":"imu_status","sub":""},"content":{"TimeStamp":11,"FrameCounter":280805,"GD_X":-0.012750924564898014,"GD_Y":0.004963258747011423,"GD_Z":0.002443138277158141,"AD_X":-1.8405914306640625E-4,"AD_Y":0.004133443348109722,"AD_Z":-0.17316913604736328,"TempDsp":0,"Status":0,"CalibState":1,"SigAmpInvalid":0}},-1979710460
05-27 19:07:54.378   536   536 D commservice260303: send2Cluster len:316, 7B22636F6D6D616E64223A7B226964223A22696D755F737461747573222C22737562223A22227D2C22636F6E74656E74223A7B2254696D655374616D70223A31312C224672616D65436F756E746572223A3238303830352C2247445F58223A2D302E3031323735303932343536343839383031342C2247445F59223A302E3030343936333235383734373031313432332C2247445F5A223A302E3030323434333133383237373135383134312C2241445F58223A2D312E38343035393134333036363430363235452D342C2241445F59223A302E3030343133333434333334383130393732322C2241445F5A223A2D302E31373331363931333630343733363332382C2254656D70447370223A302C22537461747573223A302C2243616C69625374617465223A312C22536967416D70496E76616C6964223A307D7D, 138 
05-27 19:07:54.378   536   536 D commservice260303: Push Message into SendPool fn=629933056
05-27 19:07:54.378   536   536 D commservice260303: ComProtocolLibSend2Cluster::send2ClusterRaw fn=629933056 , len=332
05-27 19:07:54.378   536   536 D commservice260303: sendCmdToPort :332!!!
05-27 19:07:54.378   536   536 D commservice260303: send Cmd To Port ++++5AA501488A0100048C256A16D08A7B22636F6D6D616E64223A7B226964223A22696D755F737461747573222C22737562223A22227D2C22636F6E74656E74223A7B2254696D655374616D70223A31312C224672616D65436F756E746572223A3238303830352C2247445F58223A2D302E3031323735303932343536343839383031342C2247445F59223A302E3030343936333235383734373031313432332C2247445F5A223A302E3030323434333133383237373135383134312C2241445F58223A2D312E38343035393134333036363430363235452D342C2241445F59223A302E3030343133333434333334383130393732322C2241445F5A223A2D302E31373331363931333630343733363332382C2254656D70447370223A302C22537461747573223A302C2243616C69625374617465223A312C22536967416D70496E76616C6964223A307D7D3F08
05-27 19:07:54.378   536   536 D commservice260303: bufferevent_write retrun value = 0
05-27 19:07:54.379   536   560 D commservice260303: client datas send succeed,send finish
05-27 19:07:54.379 13911 14192 D Sentinelmode_1.2.5.17_sentry: <SentryImuClusterFgeSender>imu_status sent to Linux, frame=280805, tsNs=11941606, tsMs=11, intervalMs=40, ad=(-1.8405914E-4,0.0041334433,-0.17316914), gd=(-0.012750925,0.0049632587,0.0024431383)
05-27 19:07:54.381   283   307 I rvcservice: t.code = 4, t.value = 0
05-27 19:07:54.383   572   622 I Sensors : 230 AccelSensor: x:-0.170800,y:0.006100,z:-9.978380
05-27 19:07:54.389   566 11459 I gps_hdbd: Received: '$GNGGA,012345.000,,,,,0,00,,,M,,M,,*67
'
05-27 19:07:54.389   566 11459 I gps_hdbd: Received: '$GNGSA,A,1,,,,,,,,,,,,,,,,1*1D
'
05-27 19:07:54.390   581   581 I SpiService: fgesysctrl_getGPIO_status success val=1
05-27 08:59:03.354   581   581 D spi_rst_gpio_get_output: GPIO 145 value: 1
05-27 08:59:03.354   581   581 D spidev_ioctl: gpio status=1)
05-27 19:07:54.394   566 11459 I gps_hdbd: Received: '$GNGSA,A,1,,,,,,,,,,,,,,,,3*1F
'
05-27 19:07:54.395   581   581 I SpiService: fgesysctrl_getGPIO_status success val=1
05-27 19:07:54.395 13911 14183 I SentryImuMcuAngleSender: 179.96497rollDeg
05-27 19:07:54.396 13911 14183 I SentryImuMcuAngleSender: 1,0,0
05-27 08:59:03.360   581   581 D spi_rst_gpio_get_output: GPIO 145 value: 1
05-27 08:59:03.360   581   581 D spidev_ioctl: gpio status=1)
05-27 08:59:03.365   581   581 D spi_rst_gpio_get_output: GPIO 145 value: 1
05-27 08:59:03.365   581   581 D spidev_ioctl: gpio status=1)
05-27 19:07:54.401   581   581 I SpiService: fgesysctrl_getGPIO_status success val=1
05-27 19:07:54.401   566 11459 I gps_hdbd: Received: '$BDGSV,1,1,00,1*75
'
05-27 19:07:54.406   581   581 I SpiService: fgesysctrl_getGPIO_status success val=1
05-27 19:07:54.406   566 11459 I gps_hdbd: Received: '$BDGSV,1,1,00,5*71
'
05-27 19:07:54.406   566 11459 I gps_hdbd: Received: '$GPGSV,1,1,02,196,11,168,,199,42,165,,1*62
'
05-27 08:59:03.371   581   581 D spi_rst_gpio_get_output: GPIO 145 value: 1
05-27 08:59:03.371   581   581 D spidev_ioctl: gpio status=1)
05-27 08:59:03.373     0     0 W         : c6 [    C6] Irq_monitor:Irq                                           IPI[1]occur        7797 times interval 1024 ms
05-27 19:07:54.412   581   581 I SpiService: fgesysctrl_getGPIO_status success val=0
05-27 19:07:54.412   566 11459 I gps_hdbd: Received: '$GPGSV,1,1,00,8*6D
'
05-27 08:59:03.377   581   581 D spi_rst_gpio_get_output: GPIO 145 value: 0
05-27 08:59:03.377   581   581 D spidev_ioctl: gpio status=0)
05-27 19:07:54.413   566 11459 I gps_hdbd: Received: '$GAGSV,1,1,00,7*73
'
05-27 19:07:54.415 15863 15863 D AIN-NaviLocationPresenter: ACC is OFF, skip upload location
05-27 19:07:54.416 13911 14183 I SentryImuMcuAngleSender: 179.97899rollDeg
05-27 19:07:54.417 13911 14183 I SentryImuMcuAngleSender: 1,0,0
05-27 19:07:54.418   566 11459 I gps_hdbd: Received: '$GAGSV,1,1,00,1*75
'
05-27 19:07:54.418   536   536 D commservice260303: msg.id = 1028,1
05-27 19:07:54.419   536   536 D commservice260303: i = 170, msgid = 8A000404
05-27 19:07:54.419   536   536 D commservice260303: msgid = -1979710460,did=138
05-27 19:07:54.419   536   536 D commservice260303: CommProtocolLibCmdBaseI2C::dataproc {"command":{"id":"imu_status","sub":""},"content":{"TimeStamp":11,"FrameCounter":280806,"GD_X":-0.011070843786001205,"GD_Y":0.005039200186729431,"GD_Z":0.0022902146447449923,"AD_X":-0.006270915269851685,"AD_Y":0.0016651488840579987,"AD_Z":-0.17438888549804688,"TempDsp":0,"Status":0,"CalibState":1,"SigAmpInvalid":0}},-1979710460
05-27 19:07:54.419   536   536 D commservice260303: send2Cluster len:317, 7B22636F6D6D616E64223A7B226964223A22696D755F737461747573222C22737562223A22227D2C22636F6E74656E74223A7B2254696D655374616D70223A31312C224672616D65436F756E746572223A3238303830362C2247445F58223A2D302E3031313037303834333738363030313230352C2247445F59223A302E3030353033393230303138363732393433312C2247445F5A223A302E303032323930323134363434373434393932332C2241445F58223A2D302E3030363237303931353236393835313638352C2241445F59223A302E303031363635313438383834303537393938372C2241445F5A223A2D302E31373433383838383534393830343638382C2254656D70447370223A302C22537461747573223A302C2243616C69625374617465223A312C22536967416D70496E76616C6964223A307D7D, 138 
05-27 19:07:54.419   536   536 D commservice260303: Push Message into SendPool fn=646710272
05-27 19:07:54.419   536   536 D commservice260303: ComProtocolLibSend2Cluster::send2ClusterRaw fn=646710272 , len=333
05-27 19:07:54.419   536   536 D commservice260303: sendCmdToPort :333!!!
05-27 19:07:54.419   536   536 D commservice260303: send Cmd To Port ++++5AA501498A0100048C266A16D08A7B22636F6D6D616E64223A7B226964223A22696D755F737461747573222C22737562223A22227D2C22636F6E74656E74223A7B2254696D655374616D70223A31312C224672616D65436F756E746572223A3238303830362C2247445F58223A2D302E3031313037303834333738363030313230352C2247445F59223A302E3030353033393230303138363732393433312C2247445F5A223A302E303032323930323134363434373434393932332C2241445F58223A2D302E3030363237303931353236393835313638352C2241445F59223A302E303031363635313438383834303537393938372C2241445F5A223A2D302E31373433383838383534393830343638382C2254656D70447370223A302C22537461747573223A302C2243616C69625374617465223A312C22536967416D70496E76616C6964223A307D7D6F80
05-27 19:07:54.419   536   536 D commservice260303: bufferevent_write retrun value = 0
05-27 19:07:54.419   536   560 D commservice260303: client datas send succeed,send finish
05-27 19:07:54.419 13911 14192 D Sentinelmode_1.2.5.17_sentry: <SentryImuClusterFgeSender>imu_status sent to Linux, frame=280806, tsNs=11941664, tsMs=11, intervalMs=41, ad=(-0.0062709153,0.0016651489,-0.17438889), gd=(-0.011070844,0.0050392,0.0022902146)
05-27 19:07:54.424   566 11459 I gps_hdbd: Received: '$GNRMC,012345.000,V,,,,,,,270526,120.0,E,N,V*44
'
05-27 19:07:54.424   566 11459 I gps_hdbd: RMC : CALL gnss_sv_status_cb, view_in_sat <2>
05-27 19:07:54.424   566 11459 I gps_hdbd: [reportSvStatus]--->PLATFORM_BSP::Enter
05-27 19:07:54.424   566 11459 I gps_hdbd: hy abnormal deal:hy_cnr30_satellite_cnt=0
05-27 19:07:54.424   566 11459 D gps_hdbd: hy abnormal deal:hy_fixStatus_fail_count=0
05-27 19:07:54.425   566 11459 I gps_hdbd: Received: '$GNZDA,012345.000,27,05,2026,00,00*4F
'
05-27 19:07:54.425  1083  1083 W MyAppLog: [2026-05-27 19:07:54.424 W tboxap gpsSyncGpsInfoToDm:361] [Gps] [gpsSyncGpsInfoToDm] fix=0 mode=49 corner:0x01 alt=0.00 sat=0 hdop=0.00 pdop=0.00 vdop=0.00
05-27 19:07:54.427   481   598 I mcuc    : rev,n=1,6AA68283C5000209012A
05-27 19:07:54.428   581   581 I SpiService: fgesysctrl_getGPIO_status success val=1
05-27 08:59:03.392   581   581 D spi_rst_gpio_get_output: GPIO 145 value: 1
05-27 08:59:03.393   581   581 D spidev_ioctl: gpio status=1)
05-27 19:07:54.433   581   581 I SpiService: fgesysctrl_getGPIO_status success val=1
05-27 08:59:03.398   581   581 D spi_rst_gpio_get_output: GPIO 145 value: 1
05-27 08:59:03.398   581   581 D spidev_ioctl: gpio status=1)
05-27 19:07:54.437 13911 14183 I SentryImuMcuAngleSender: 179.97899rollDeg
05-27 19:07:54.437 13911 14183 I SentryImuMcuAngleSender: 1,0,0
05-27 19:07:54.438   581   581 I SpiService: fgesysctrl_getGPIO_status success val=1
05-27 08:59:03.403   581   581 D spi_rst_gpio_get_output: GPIO 145 value: 1
05-27 08:59:03.403   581   581 D spidev_ioctl: gpio status=1)
05-27 19:07:54.444   581   581 I SpiService: fgesysctrl_getGPIO_status success val=1
05-27 08:59:03.408   581   581 D spi_rst_gpio_get_output: GPIO 145 value: 1
05-27 08:59:03.408   581   581 D spidev_ioctl: gpio status=1)
05-27 19:07:54.446   566 11459 I gps_hdbd: Received: '$GNINS,1,1,TYPE,I,V,012345.000,20536000,FUS,-15,0,0,0,MOT,V,1,PATT,0.00,0.00,0.00,VEL,0.000,0.000,0.000,POS,40.0001330924,116.0001570688,84.176,IIA,1,0.00,0.00,0.00,BGA,0.31,-0.66,-0.13,0.000,0.000,0.000,IGA,0,-1,0,0,-2,98,VG,16c2ff1*27
'
05-27 19:07:54.449   581   581 I SpiService: fgesysctrl_getGPIO_status success val=1
05-27 19:07:54.452   566 11459 I gps_hdbd: Received: '$GNINS,CARSPEED,ADR_STATUS,0,Pulse_count,0,1,0,0,20536000,119210,0.000,0.000,0.000*0E
'
05-27 08:59:03.414   581   581 D spi_rst_gpio_get_output: GPIO 145 value: 1
05-27 08:59:03.414   581   581 D spidev_ioctl: gpio status=1)
05-27 19:07:54.454 13911 14183 I SentryImuMcuAngleSender: [4, 18, 1, 0, 0],5
05-27 19:07:54.454   581   581 I SpiService: fgesysctrl_getGPIO_status success val=0
05-27 19:07:54.454 13911 14183 I McuCommManager: mcuCommSendcmd [4, 18, 1, 0, 0]
05-27 19:07:54.457   269   269 D libvintf: HalManifest::getHidlTransport(framework): Cannot find android.hardware.usb@1.0::IUsb/default
05-27 19:07:54.457   269   269 D libvintf: HalManifest::getHidlTransport(device): Cannot find android.hardware.usb@1.0::IUsb/default
05-27 19:07:54.457   269   269 I hwservicemanager: getTransport: Cannot find entry android.hardware.usb@1.0::IUsb/default in either framework or device VINTF manifest.
05-27 19:07:54.458 12348 12448 E ExtUsbManager: UsbHalController: android.hardware.usb.V1_0.IUsb getService failed!
05-27 19:07:54.458 12348 12448 E ExtUsbManager: java.util.NoSuchElementException
05-27 19:07:54.458 12348 12448 E ExtUsbManager: 	at android.os.HwBinder.getService(Native Method)
05-27 19:07:54.458 12348 12448 E ExtUsbManager: 	at android.os.HwBinder.getService(HwBinder.java:81)
05-27 19:07:54.458 12348 12448 E ExtUsbManager: 	at android.hardware.usb.V1_0.IUsb.getService(IUsb.java:74)
05-27 19:07:54.458 12348 12448 E ExtUsbManager: 	at android.hardware.usb.V1_0.IUsb.getService(IUsb.java:84)
05-27 19:07:54.458 12348 12448 E ExtUsbManager: 	at ts.car.usb.UsbHalController.createService(UsbHalController.java:37)
05-27 19:07:54.458 12348 12448 E ExtUsbManager: 	at ts.car.usb.UsbHalController.createService(UsbHalController.java:18)
05-27 19:07:54.458 12348 12448 E ExtUsbManager: 	at ts.car.usb.utils.AutoServiceConnector4Hidl.autoConnect(AutoServiceConnector4Hidl.java:47)
05-27 19:07:54.458 12348 12448 E ExtUsbManager: 	at ts.car.usb.utils.AutoServiceConnector4Hidl$$ExternalSyntheticLambda0.run(Unknown Source:2)
05-27 19:07:54.458 12348 12448 E ExtUsbManager: 	at android.os.Handler.handleCallback(Handler.java:942)
05-27 19:07:54.458 12348 12448 E ExtUsbManager: 	at android.os.Handler.dispatchMessage(Handler.java:99)
05-27 19:07:54.458 12348 12448 E ExtUsbManager: 	at android.os.Looper.loopOnce(Looper.java:201)
05-27 19:07:54.458 12348 12448 E ExtUsbManager: 	at android.os.Looper.loop(Looper.java:288)
05-27 19:07:54.458 12348 12448 E ExtUsbManager: 	at android.os.HandlerThread.run(HandlerThread.java:67)
05-27 08:59:03.419   581   581 D spi_rst_gpio_get_output: GPIO 145 value: 0
05-27 08:59:03.419   581   581 D spidev_ioctl: gpio status=0)
05-27 19:07:54.458   269   269 D libvintf: HalManifest::getHidlTransport(framework): Cannot find vendor.ts.usbext@1.0::IUsbext/default
05-27 19:07:54.458   269   269 D libvintf: HalManifest::getHidlTransport(device): Cannot find vendor.ts.usbext@1.0::IUsbext/default
05-27 19:07:54.458   269   269 I hwservicemanager: getTransport: Cannot find entry vendor.ts.usbext@1.0::IUsbext/default in either framework or device VINTF manifest.
05-27 19:07:54.459 12348 12448 E ExtUsbManager: UsbHalExtController: vendor.ts.usbext.V1_0.IUsbext getService failed!
05-27 19:07:54.459 12348 12448 E ExtUsbManager: java.util.NoSuchElementException
05-27 19:07:54.459 12348 12448 E ExtUsbManager: 	at android.os.HwBinder.getService(Native Method)
05-27 19:07:54.459 12348 12448 E ExtUsbManager: 	at android.os.HwBinder.getService(HwBinder.java:81)
05-27 19:07:54.459 12348 12448 E ExtUsbManager: 	at vendor.ts.usbext.V1_0.IUsbext.getService(IUsbext.java:74)
05-27 19:07:54.459 12348 12448 E ExtUsbManager: 	at vendor.ts.usbext.V1_0.IUsbext.getService(IUsbext.java:84)
05-27 19:07:54.459 12348 12448 E ExtUsbManager: 	at ts.car.usb.UsbHalExtController.createService(UsbHalExtController.java:37)
05-27 19:07:54.459 12348 12448 E ExtUsbManager: 	at ts.car.usb.UsbHalExtController.createService(UsbHalExtController.java:18)
05-27 19:07:54.459 12348 12448 E ExtUsbManager: 	at ts.car.usb.utils.AutoServiceConnector4Hidl.autoConnect(AutoServiceConnector4Hidl.java:47)
05-27 19:07:54.459 12348 12448 E ExtUsbManager: 	at ts.car.usb.utils.AutoServiceConnector4Hidl$$ExternalSyntheticLambda0.run(Unknown Source:2)
05-27 19:07:54.459 12348 12448 E ExtUsbManager: 	at android.os.Handler.handleCallback(Handler.java:942)
05-27 19:07:54.459 12348 12448 E ExtUsbManager: 	at android.os.Handler.dispatchMessage(Handler.java:99)
05-27 19:07:54.459 12348 12448 E ExtUsbManager: 	at android.os.Looper.loopOnce(Looper.java:201)
05-27 19:07:54.459 12348 12448 E ExtUsbManager: 	at android.os.Looper.loop(Looper.java:288)
05-27 19:07:54.459 12348 12448 E ExtUsbManager: 	at android.os.HandlerThread.run(HandlerThread.java:67)
05-27 19:07:54.459 13911 14183 I SentryImuMcuAngleSender: true
05-27 19:07:54.459 13911 14183 W Sentinelmode_1.2.5.17_sentry: <SentryImuMcuAngleSender>MCU IMU send interval abnormal: 1000ms
05-27 19:07:54.459 13911 14183 I SentryImuMcuAngleSender: 179.97899rollDeg
05-27 19:07:54.459 13911 14183 I SentryImuMcuAngleSender: 1,0,0
05-27 19:07:54.459   536   536 D commservice260303: msg.id = 1028,0
05-27 19:07:54.460   536   536 D commservice260303: i = 170, msgid = 8A000404
05-27 19:07:54.460   536   536 D commservice260303: msgid = -1979710460,did=138
05-27 19:07:54.460   536   536 D commservice260303: CommProtocolLibCmdBaseI2C::dataproc {"command":{"id":"imu_status","sub":""},"content":{"TimeStamp":11,"FrameCounter":280807,"GD_X":-0.011070843786001205,"GD_Y":0.005039200186729431,"GD_Z":0.0022902146447449923,"AD_X":-0.006270915269851685,"AD_Y":0.0016651488840579987,"AD_Z":-0.17438888549804688,"TempDsp":0,"Status":0,"CalibState":1,"SigAmpInvalid":0}},-1979710460
05-27 19:07:54.460   269   269 D libvintf: HalManifest::getHidlTransport(framework): Cannot find android.hardware.usb.gadget@1.0::IUsbGadget/default
05-27 19:07:54.460   269   269 D libvintf: HalManifest::getHidlTransport(device): Cannot find android.hardware.usb.gadget@1.0::IUsbGadget/default
05-27 19:07:54.460   536   536 D commservice260303: send2Cluster len:317, 7B22636F6D6D616E64223A7B226964223A22696D755F737461747573222C22737562223A22227D2C22636F6E74656E74223A7B2254696D655374616D70223A31312C224672616D65436F756E746572223A3238303830372C2247445F58223A2D302E3031313037303834333738363030313230352C2247445F59223A302E3030353033393230303138363732393433312C2247445F5A223A302E303032323930323134363434373434393932332C2241445F58223A2D302E3030363237303931353236393835313638352C2241445F59223A302E303031363635313438383834303537393938372C2241445F5A223A2D302E31373433383838383534393830343638382C2254656D70447370223A302C22537461747573223A302C2243616C69625374617465223A312C22536967416D70496E76616C6964223A307D7D, 138 
05-27 19:07:54.460   269   269 I hwservicemanager: getTransport: Cannot find entry android.hardware.usb.gadget@1.0::IUsbGadget/default in either framework or device VINTF manifest.
05-27 19:07:54.460   536   536 D commservice260303: Push Message into SendPool fn=663487488
05-27 19:07:54.460   536   536 D commservice260303: ComProtocolLibSend2Cluster::send2ClusterRaw fn=663487488 , len=333
05-27 19:07:54.460   536   536 D commservice260303: sendCmdToPort :333!!!
05-27 19:07:54.460   536   536 D commservice260303: send Cmd To Port ++++5AA501498A0100048C276A16D08A7B22636F6D6D616E64223A7B226964223A22696D755F737461747573222C22737562223A22227D2C22636F6E74656E74223A7B2254696D655374616D70223A31312C224672616D65436F756E746572223A3238303830372C2247445F58223A2D302E3031313037303834333738363030313230352C2247445F59223A302E3030353033393230303138363732393433312C2247445F5A223A302E303032323930323134363434373434393932332C2241445F58223A2D302E3030363237303931353236393835313638352C2241445F59223A302E303031363635313438383834303537393938372C2241445F5A223A2D302E31373433383838383534393830343638382C2254656D70447370223A302C22537461747573223A302C2243616C69625374617465223A312C22536967416D70496E76616C6964223A307D7D5E84
05-27 19:07:54.460   536   536 D commservice260303: bufferevent_write retrun value = 0
05-27 19:07:54.460   536   560 D commservice260303: client datas send succeed,send finish
05-27 19:07:54.460 13911 14192 D Sentinelmode_1.2.5.17_sentry: <SentryImuClusterFgeSender>imu_status sent to Linux, frame=280807, tsNs=11941664, tsMs=11, intervalMs=41, ad=(-0.0062709153,0.0016651489,-0.17438889), gd=(-0.011070844,0.0050392,0.0022902146)
05-27 19:07:54.460 12348 12448 E ExtUsbManager: UsbGadgetController: android.hardware.usb.gadget.V1_0.IUsbGadget getService failed!
05-27 19:07:54.460 12348 12448 E ExtUsbManager: java.util.NoSuchElementException
05-27 19:07:54.460 12348 12448 E ExtUsbManager: 	at android.os.HwBinder.getService(Native Method)
05-27 19:07:54.460 12348 12448 E ExtUsbManager: 	at android.os.HwBinder.getService(HwBinder.java:81)
05-27 19:07:54.460 12348 12448 E ExtUsbManager: 	at android.hardware.usb.gadget.V1_0.IUsbGadget.getService(IUsbGadget.java:74)
05-27 19:07:54.460 12348 12448 E ExtUsbManager: 	at android.hardware.usb.gadget.V1_0.IUsbGadget.getService(IUsbGadget.java:84)
05-27 19:07:54.460 12348 12448 E ExtUsbManager: 	at ts.car.usb.UsbGadgetController.createService(UsbGadgetController.java:36)
05-27 19:07:54.460 12348 12448 E ExtUsbManager: 	at ts.car.usb.UsbGadgetController.createService(UsbGadgetController.java:17)
05-27 19:07:54.460 12348 12448 E ExtUsbManager: 	at ts.car.usb.utils.AutoServiceConnector4Hidl.autoConnect(AutoServiceConnector4Hidl.java:47)
05-27 19:07:54.460 12348 12448 E ExtUsbManager: 	at ts.car.usb.utils.AutoServiceConnector4Hidl$$ExternalSyntheticLambda0.run(Unknown Source:2)
05-27 19:07:54.460 12348 12448 E ExtUsbManager: 	at android.os.Handler.handleCallback(Handler.java:942)
05-27 19:07:54.460 12348 12448 E ExtUsbManager: 	at android.os.Handler.dispatchMessage(Handler.java:99)
05-27 19:07:54.460 12348 12448 E ExtUsbManager: 	at android.os.Looper.loopOnce(Looper.java:201)
05-27 19:07:54.460 12348 12448 E ExtUsbManager: 	at android.os.Looper.loop(Looper.java:288)
05-27 19:07:54.460 12348 12448 E ExtUsbManager: 	at android.os.HandlerThread.run(HandlerThread.java:67)
05-27 19:07:54.460   566 11459 I gps_hdbd: Received: '$GNTXT,04,01,04,INS,V,1,,,,FLG,1,000000,1,0,1,0,0,Con,0*71
'
05-27 19:07:54.465   566 11459 I gps_hdbd: Received: '$GNTXT,INSTALL,0.00,0.00,0.00,0.00,0.00,0.00,0*20
'
05-27 19:07:54.468   581   581 I SpiService: fgesysctrl_getGPIO_status success val=1
05-27 08:59:03.433   581   581 D spi_rst_gpio_get_output: GPIO 145 value: 1
05-27 08:59:03.433   581   581 D spidev_ioctl: gpio status=1)
05-27 08:59:03.436   303   303 I [Audio:SBLCK] p_tt: 1543913,1543913
05-27 19:07:54.473   581   581 I SpiService: fgesysctrl_getGPIO_status success val=1
05-27 19:07:54.476   566 11459 I gps_hdbd: nmea_cs <0> != calc_cs <b8>, return -1
05-27 19:07:54.476   572   622 I Sensors : 230 GyroSensor: x:-0.011759,y:0.004581,z:0.001985
05-27 08:59:03.438   581   581 D spi_rst_gpio_get_output: GPIO 145 value: 1
05-27 08:59:03.438   581   581 D spidev_ioctl: gpio status=1)
05-27 19:07:54.479   581   581 I SpiService: fgesysctrl_getGPIO_status success val=1
05-27 19:07:54.479 13911 14183 I SentryImuMcuAngleSender: 179.993rollDeg
05-27 19:07:54.479 13911 14183 I SentryImuMcuAngleSender: 1,0,0
05-27 08:59:03.443   581   581 D spi_rst_gpio_get_output: GPIO 145 value: 1
05-27 08:59:03.443   581   581 D spidev_ioctl: gpio status=1)
05-27 19:07:54.482   283   307 I rvcservice: t.code = 3, t.value = 0
05-27 19:07:54.484   581   581 I SpiService: fgesysctrl_getGPIO_status success val=1
05-27 08:59:03.449   581   581 D spi_rst_gpio_get_output: GPIO 145 value: 1
05-27 08:59:03.449   581   581 D spidev_ioctl: gpio status=1)
05-27 19:07:54.489   581   581 I SpiService: fgesysctrl_getGPIO_status success val=1
05-27 08:59:03.454   581   581 D spi_rst_gpio_get_output: GPIO 145 value: 1
05-27 08:59:03.454   581   581 D spidev_ioctl: gpio status=1)
05-27 19:07:54.496   581   581 I SpiService: fgesysctrl_getGPIO_status success val=0
05-27 08:59:03.461   581   581 D spi_rst_gpio_get_output: GPIO 145 value: 0
05-27 19:07:54.496   481   597 I mcuc    : send SPI:6AA60083C6000504120100009B
05-27 08:59:03.461   581   581 D spidev_ioctl: gpio status=0)
05-27 19:07:54.499 13911 14183 I SentryImuMcuAngleSender: 179.986rollDeg
05-27 19:07:54.500 13911 14183 I SentryImuMcuAngleSender: 1,0,0
05-27 19:07:54.500   536   536 D commservice260303: msg.id = 1028,0
05-27 19:07:54.500   536   536 D commservice260303: i = 170, msgid = 8A000404
05-27 19:07:54.500   536   536 D commservice260303: msgid = -1979710460,did=138
05-27 19:07:54.500   536   536 D commservice260303: CommProtocolLibCmdBaseI2C::dataproc {"command":{"id":"imu_status","sub":""},"content":{"TimeStamp":11,"FrameCounter":280808,"GD_X":-0.011910883709788322,"GD_Y":0.005345047451555729,"GD_Z":0.002519079949706793,"AD_X":-0.0056209564208984375,"AD_Y":4.413551650941372E-4,"AD_Z":-0.1731739044189453,"TempDsp":0,"Status":0,"CalibState":1,"SigAmpInvalid":0}},-1979710460
05-27 19:07:54.500   536   536 D commservice260303: send2Cluster len:315, 7B22636F6D6D616E64223A7B226964223A22696D755F737461747573222C22737562223A22227D2C22636F6E74656E74223A7B2254696D655374616D70223A31312C224672616D65436F756E746572223A3238303830382C2247445F58223A2D302E3031313931303838333730393738383332322C2247445F59223A302E3030353334353034373435313535353732392C2247445F5A223A302E3030323531393037393934393730363739332C2241445F58223A2D302E303035363230393536343230383938343337352C2241445F59223A342E343133353531363530393431333732452D342C2241445F5A223A2D302E313733313733393034343138393435332C2254656D70447370223A302C22537461747573223A302C2243616C69625374617465223A312C22536967416D70496E76616C6964223A307D7D, 138 
05-27 19:07:54.500   536   536 D commservice260303: Push Message into SendPool fn=680264704
05-27 19:07:54.500   536   536 D commservice260303: ComProtocolLibSend2Cluster::send2ClusterRaw fn=680264704 , len=331
05-27 19:07:54.500   536   536 D commservice260303: sendCmdToPort :331!!!
05-27 19:07:54.500   536   536 D commservice260303: send Cmd To Port ++++5AA501478A0100048C286A16D08A7B22636F6D6D616E64223A7B226964223A22696D755F737461747573222C22737562223A22227D2C22636F6E74656E74223A7B2254696D655374616D70223A31312C224672616D65436F756E746572223A3238303830382C2247445F58223A2D302E3031313931303838333730393738383332322C2247445F59223A302E3030353334353034373435313535353732392C2247445F5A223A302E3030323531393037393934393730363739332C2241445F58223A2D302E303035363230393536343230383938343337352C2241445F59223A342E343133353531363530393431333732452D342C2241445F5A223A2D302E313733313733393034343138393435332C2254656D70447370223A302C22537461747573223A302C2243616C69625374617465223A312C22536967416D70496E76616C6964223A307D7D76CA
05-27 19:07:54.500   536   536 D commservice260303: bufferevent_write retrun value = 0
05-27 19:07:54.500   536   560 D commservice260303: client datas send succeed,send finish
05-27 19:07:54.500 13911 14192 D Sentinelmode_1.2.5.17_sentry: <SentryImuClusterFgeSender>imu_status sent to Linux, frame=280808, tsNs=11941749, tsMs=11, intervalMs=40, ad=(-0.0056209564,4.4135517E-4,-0.1731739), gd=(-0.011910884,0.0053450475,0.00251908)
05-27 19:07:54.502  1083  1083 I MyAppLog: [2026-05-27 19:07:54.502 I tboxap mcuSendYadiTransfer:196] [Mcu] [mcuYadiSend]: :00 08 FE 04 01 09 81 02 01 01
05-27 19:07:54.505   481   599 I mcuc    : start timer OK = 33735 
05-27 19:07:54.510   581   581 I SpiService: fgesysctrl_getGPIO_status success val=1
05-27 19:07:54.511   481   598 I mcuc    : rev,n=1,6AA681F094000A8900960104090312345625
05-27 19:07:54.512  1121  1144 I tboxmids_ap: [2026-05-27 19:07:54.512] [MCU RX] src=MCU dst=ZMQ len=10 type=BINARY data=00 08 96 01 04 09 03 12 34 56 
05-27 19:07:54.512   351   373 D automotive.vehicle@2.0-adayo-datacomm-mcu: MCUDatacomm sendMessageFromVehicle prop: 0x89, areaId: 0x0, status: 0x96, timestamp: 0x1
05-27 19:07:54.512   351   373 D automotive.vehicle@2.0-adayo-datacomm-mcu: MCUDatacomm 1sendMessageFromVehicle ---> type = 12 
05-27 19:07:54.512  1083  1083 I MyAppLog: [2026-05-27 19:07:54.512 I tboxap mcuCommTboxmidsRecvCb:97] [Mcu] [mcuCommTboxmidsRecvCb] recv from tboxmids, size:10
05-27 19:07:54.512  1083  1083 I MyAppLog: [2026-05-27 19:07:54.512 I tboxap mcuCommTboxmidsRecvCb:98] [Mcu] [tboxmids -> tboxap]: :00 08 96 01 04 09 03 12 34 56
05-27 19:07:54.512  1083  1083 I MyAppLog: [2026-05-27 19:07:54.512 I tboxap mcuPtlParseData:990] [Mcu] [Mcu  Parse]: (cmd):0903 (param):0903123456
05-27 19:07:54.513  1083  1083 W MyAppLog: [2026-05-27 19:07:54.512 W tboxap mcuParamDataRevPack:918] [Mcu] mcuParamDataRevPack start pack data!!!
05-27 19:07:54.513  1083  1083 W MyAppLog: [2026-05-27 19:07:54.512 W tboxap mcuHandlePowerResultInd:1777] [Mcu] [mcuHandlePowerResultInd] recv 0x0903 power result type:0x12 result:0x34
05-27 08:59:03.475   581   581 D spi_rst_gpio_get_output: GPIO 145 value: 1
05-27 08:59:03.475   581   581 D spidev_ioctl: gpio status=1)
05-27 19:07:54.515   581   581 I SpiService: fgesysctrl_getGPIO_status success val=1
05-27 08:59:03.480   581   581 D spi_rst_gpio_get_output: GPIO 145 value: 1
05-27 08:59:03.480   581   581 D spidev_ioctl: gpio status=1)
05-27 19:07:54.519 13911 14183 I SentryImuMcuAngleSender: 180.0rollDeg
05-27 19:07:54.520 13911 14183 I SentryImuMcuAngleSender: 1,0,0
05-27 19:07:54.521   581   581 I SpiService: fgesysctrl_getGPIO_status success val=1
05-27 08:59:03.485   581   581 D spi_rst_gpio_get_output: GPIO 145 value: 1
05-27 08:59:03.485   581   581 D spidev_ioctl: gpio status=1)
05-27 08:59:03.492   581   581 D spi_rst_gpio_get_output: GPIO 145 value: 1
05-27 08:59:03.492   581   581 D spidev_ioctl: gpio status=1)
05-27 08:59:03.498   581   581 D spidev_ioctl: gpio status=1)
05-27 19:07:54.538   581   581 I SpiService: fgesysctrl_getGPIO_status success val=0
05-27 19:07:54.539   481   597 I mcuc    : send SPI:6AA60183C700F80901FE0401098102010100000000000000000000000000000000000000000000000000000000000000000000000000000000000000000000000000000000000000000000000000000000000000000000000000000000000000000000000000000000000000000000000000000000000000000000000000000000000000000000000000000000000000000000000000000000000000000000000000000000000000000000000000000000000000000000000000000000000000000000000000000000000000000000000000000000000000000000000000000000000000000000000000000000000000000000000000000000000000000000226AA602F09400028900EF
05-27 19:07:54.540 13911 14183 I SentryImuMcuAngleSender: -179.986rollDeg
05-27 19:07:54.540 13911 14183 I SentryImuMcuAngleSender: 1,0,0
05-27 19:07:54.540   536   536 D commservice260303: msg.id = 1028,0
05-27 19:07:54.540   536   536 D commservice260303: i = 170, msgid = 8A000404
05-27 19:07:54.540   536   536 D commservice260303: msgid = -1979710460,did=138
05-27 19:07:54.540   536   536 D commservice260303: CommProtocolLibCmdBaseI2C::dataproc {"command":{"id":"imu_status","sub":""},"content":{"TimeStamp":11,"FrameCounter":280809,"GD_X":-0.012139749713242054,"GD_Y":0.005573912989348173,"GD_Z":0.002747945487499237,"AD_X":-0.001358121633529663,"AD_Y":-0.0044175428338348866,"AD_Z":-0.1719532012939453,"TempDsp":0,"Status":0,"CalibState":1,"SigAmpInvalid":0}},-1979710460
