05-27 19:07:56.845   536   536 D commservice260303: ComProtocolLibSend2Cluster::send2ClusterRaw fn=1670120448 , len=332
05-27 19:07:56.846   536   536 D commservice260303: sendCmdToPort :332!!!
05-27 19:07:56.846   536   536 D commservice260303: send Cmd To Port ++++5AA501488A0100048C636A16D08C7B22636F6D6D616E64223A7B226964223A22696D755F737461747573222C22737562223A22227D2C22636F6E74656E74223A7B2254696D655374616D70223A31312C224672616D65436F756E746572223A3238303836362C2247445F58223A2D302E3031313735393030303833303335323330362C2247445F59223A302E30303534393639333132363233313433322C2247445F5A223A302E303032333637313936363034363039343839342C2241445F58223A2D302E303033353738363138313638383330383731362C2241445F59223A2D382E363838353738333832313334343338452D342C2241445F5A223A2D302E313736383334313036343435333132352C2254656D70447370223A302C22537461747573223A302C2243616C69625374617465223A312C22536967416D70496E76616C6964223A307D7D2A28
05-27 19:07:56.846   536   536 D commservice260303: bufferevent_write retrun value = 0
05-27 19:07:56.846   536   560 D commservice260303: client datas send succeed,send finish
05-27 19:07:56.846 13911 14192 D Sentinelmode_1.2.5.17_sentry: <SentryImuClusterFgeSender>imu_status sent to Linux, frame=280866, tsNs=11944084, tsMs=11, intervalMs=41, ad=(-0.0035786182,-8.6885784E-4,-0.1768341), gd=(-0.011759001,0.0054969313,0.0023671966)
05-27 19:07:56.848   581   581 I SpiService: fgesysctrl_getGPIO_status success val=1
05-27 19:07:56.853   581   581 I SpiService: fgesysctrl_getGPIO_status success val=1
05-27 19:07:56.859   581   581 I SpiService: fgesysctrl_getGPIO_status success val=1
05-27 19:07:56.864 13911 14183 I SentryImuMcuAngleSender: -179.993rollDeg
05-27 19:07:56.864 13911 14183 I SentryImuMcuAngleSender: 1,0,0
05-27 19:07:56.864   581   581 I SpiService: fgesysctrl_getGPIO_status success val=1
05-27 19:07:56.869   581   581 I SpiService: fgesysctrl_getGPIO_status success val=0
05-27 19:07:56.878 11344 11344 E SystemUI_NavBarFragment: SysUIConfig.icCarServiceConnected：false
05-27 19:07:56.883   581   581 I SpiService: fgesysctrl_getGPIO_status success val=1
05-27 19:07:56.884   481   598 I mcuc    : rev,n=1,6AA681F09D000A89009B0104090212345618
05-27 19:07:56.884  1121  1144 I tboxmids_ap: [2026-05-27 19:07:56.884] [MCU RX] src=MCU dst=ZMQ len=10 type=BINARY data=00 08 9B 01 04 09 02 12 34 56 
05-27 19:07:56.884   351   373 D automotive.vehicle@2.0-adayo-datacomm-mcu: MCUDatacomm sendMessageFromVehicle prop: 0x89, areaId: 0x0, status: 0x9b, timestamp: 0x1
05-27 19:07:56.884   351   373 D automotive.vehicle@2.0-adayo-datacomm-mcu: MCUDatacomm 1sendMessageFromVehicle ---> type = 12 
05-27 19:07:56.885  1083  1083 I MyAppLog: [2026-05-27 19:07:56.885 I tboxap mcuCommTboxmidsRecvCb:97] [Mcu] [mcuCommTboxmidsRecvCb] recv from tboxmids, size:10
05-27 19:07:56.885 13911 14183 I SentryImuMcuAngleSender: 179.99649rollDeg
05-27 19:07:56.885  1083  1083 I MyAppLog: [2026-05-27 19:07:56.885 I tboxap mcuCommTboxmidsRecvCb:98] [Mcu] [tboxmids -> tboxap]: :00 08 9B 01 04 09 02 12 34 56
05-27 19:07:56.885 13911 14183 I SentryImuMcuAngleSender: 1,0,0
05-27 19:07:56.885  1083  1083 I MyAppLog: [2026-05-27 19:07:56.885 I tboxap mcuPtlParseData:990] [Mcu] [Mcu  Parse]: (cmd):0902 (param):0902123456
05-27 19:07:56.885  1083  1083 W MyAppLog: [2026-05-27 19:07:56.885 W tboxap mcuParamDataRevPack:918] [Mcu] mcuParamDataRevPack start pack data!!!
05-27 19:07:56.885  1083  1083 W MyAppLog: [2026-05-27 19:07:56.885 W tboxap mcuHandlePowerReqInd:1739] [Mcu] [mcuHandlePowerReqInd] recv 0x0902 power req type:0x12
05-27 19:07:56.886   283   307 I rvcservice: t.code = 3, t.value = 0
05-27 19:07:56.887   536   536 D commservice260303: msg.id = 1028,1
05-27 19:07:56.887   536   536 D commservice260303: i = 170, msgid = 8A000404
05-27 19:07:56.887   536   536 D commservice260303: msgid = -1979710460,did=138
05-27 19:07:56.887   536   536 D commservice260303: CommProtocolLibCmdBaseI2C::dataproc {"command":{"id":"imu_status","sub":""},"content":{"TimeStamp":11,"FrameCounter":280867,"GD_X":-0.010994902811944485,"GD_Y":0.005573912989348173,"GD_Z":0.0019079053308814764,"AD_X":6.082653999328613E-5,"AD_Y":-0.0014637972926720977,"AD_Z":-0.1780538558959961,"TempDsp":0,"Status":0,"CalibState":1,"SigAmpInvalid":0}},-1979710460
05-27 19:07:56.887   536   536 D commservice260303: send2Cluster len:316, 7B22636F6D6D616E64223A7B226964223A22696D755F737461747573222C22737562223A22227D2C22636F6E74656E74223A7B2254696D655374616D70223A31312C224672616D65436F756E746572223A3238303836372C2247445F58223A2D302E3031303939343930323831313934343438352C2247445F59223A302E3030353537333931323938393334383137332C2247445F5A223A302E303031393037393035333330383831343736342C2241445F58223A362E303832363533393939333238363133452D352C2241445F59223A2D302E303031343633373937323932363732303937372C2241445F5A223A2D302E313738303533383535383935393936312C2254656D70447370223A302C22537461747573223A302C2243616C69625374617465223A312C22536967416D70496E76616C6964223A307D7D, 138 
05-27 19:07:56.887   536   536 D commservice260303: Push Message into SendPool fn=1686897664
05-27 19:07:56.887   536   536 D commservice260303: ComProtocolLibSend2Cluster::send2ClusterRaw fn=1686897664 , len=332
05-27 19:07:56.887   536   536 D commservice260303: sendCmdToPort :332!!!
05-27 19:07:56.887   536   536 D commservice260303: send Cmd To Port ++++5AA501488A0100048C646A16D08C7B22636F6D6D616E64223A7B226964223A22696D755F737461747573222C22737562223A22227D2C22636F6E74656E74223A7B2254696D655374616D70223A31312C224672616D65436F756E746572223A3238303836372C2247445F58223A2D302E3031303939343930323831313934343438352C2247445F59223A302E3030353537333931323938393334383137332C2247445F5A223A302E303031393037393035333330383831343736342C2241445F58223A362E303832363533393939333238363133452D352C2241445F59223A2D302E303031343633373937323932363732303937372C2241445F5A223A2D302E313738303533383535383935393936312C2254656D70447370223A302C22537461747573223A302C2243616C69625374617465223A312C22536967416D70496E76616C6964223A307D7D38BF
05-27 19:07:56.887   536   536 D commservice260303: bufferevent_write retrun value = 0
05-27 19:07:56.887   536   560 D commservice260303: client datas send succeed,send finish
05-27 19:07:56.887   536   536 W commservice260303: [FgeComService::getAQConnectStatus:378]
05-27 19:07:56.887   536   536 W commservice260303: [mcuCommFunctionTcp::getAQConnectStatus:406] 1
05-27 19:07:56.887   536   536 W commservice260303: [FgeComService::getAQConnectStatus:380] status:1
05-27 19:07:56.887 13911 14192 D Sentinelmode_1.2.5.17_sentry: <SentryImuClusterFgeSender>imu_status sent to Linux, frame=280867, tsNs=11944120, tsMs=11, intervalMs=41, ad=(6.082654E-5,-0.0014637973,-0.17805386), gd=(-0.010994903,0.005573913,0.0019079053)
05-27 19:07:56.887 12246 12246 E ivicomm_CommManager: getA2lConnectStatus aqConnectStatus:1
05-27 19:07:56.888 12246 12246 D ivicomm_ConnectStateManager: notifyState newState=1curState=1
05-27 19:07:56.889   581   581 I SpiService: fgesysctrl_getGPIO_status success val=1
05-27 19:07:56.894   581   581 I SpiService: fgesysctrl_getGPIO_status success val=1
05-27 19:07:56.899   581   581 I SpiService: fgesysctrl_getGPIO_status success val=1
05-27 19:07:56.905   581   581 I SpiService: fgesysctrl_getGPIO_status success val=1
05-27 19:07:56.905 13911 14183 I SentryImuMcuAngleSender: 179.993rollDeg
05-27 19:07:56.905 13911 14183 I SentryImuMcuAngleSender: 1,0,0
05-27 19:07:56.910   581   581 I SpiService: fgesysctrl_getGPIO_status success val=0
05-27 19:07:56.910   481   597 I mcuc    : send SPI:6AA602F09D00028900E6
05-27 19:07:56.922   572   572 I Sensors : 230 AccelSensor: x:-0.170800,y:0.001829,z:-9.978380
05-27 19:07:56.924   581   581 I SpiService: fgesysctrl_getGPIO_status success val=1
05-27 19:07:56.926 13911 14183 I SentryImuMcuAngleSender: 179.9895rollDeg
05-27 19:07:56.926 13911 14183 I SentryImuMcuAngleSender: 1,0,0
05-27 19:07:56.926   536   536 D commservice260303: msg.id = 1028,0
05-27 19:07:56.926   536   536 D commservice260303: i = 170, msgid = 8A000404
05-27 19:07:56.926   536   536 D commservice260303: msgid = -1979710460,did=138
05-27 19:07:56.926   536   536 D commservice260303: CommProtocolLibCmdBaseI2C::dataproc {"command":{"id":"imu_status","sub":""},"content":{"TimeStamp":11,"FrameCounter":280868,"GD_X":-0.011759000830352306,"GD_Y":0.006185087841004133,"GD_Z":0.001679039909504354,"AD_X":-0.0023925602436065674,"AD_Y":-2.3798143956810236E-4,"AD_Z":-0.1731739044189453,"TempDsp":0,"Status":0,"CalibState":1,"SigAmpInvalid":0}},-1979710460
05-27 19:07:56.926   536   536 D commservice260303: send2Cluster len:317, 7B22636F6D6D616E64223A7B226964223A22696D755F737461747573222C22737562223A22227D2C22636F6E74656E74223A7B2254696D655374616D70223A31312C224672616D65436F756E746572223A3238303836382C2247445F58223A2D302E3031313735393030303833303335323330362C2247445F59223A302E3030363138353038373834313030343133332C2247445F5A223A302E3030313637393033393930393530343335342C2241445F58223A2D302E303032333932353630323433363036353637342C2241445F59223A2D322E33373938313433393536383130323336452D342C2241445F5A223A2D302E313733313733393034343138393435332C2254656D70447370223A302C22537461747573223A302C2243616C69625374617465223A312C22536967416D70496E76616C6964223A307D7D, 138 
05-27 19:07:56.927   536   536 D commservice260303: Push Message into SendPool fn=1703674880
05-27 19:07:56.927   536   536 D commservice260303: ComProtocolLibSend2Cluster::send2ClusterRaw fn=1703674880 , len=333
05-27 19:07:56.927   536   536 D commservice260303: sendCmdToPort :333!!!
05-27 19:07:56.927   536   536 D commservice260303: send Cmd To Port ++++5AA501498A0100048C656A16D08C7B22636F6D6D616E64223A7B226964223A22696D755F737461747573222C22737562223A22227D2C22636F6E74656E74223A7B2254696D655374616D70223A31312C224672616D65436F756E746572223A3238303836382C2247445F58223A2D302E3031313735393030303833303335323330362C2247445F59223A302E3030363138353038373834313030343133332C2247445F5A223A302E3030313637393033393930393530343335342C2241445F58223A2D302E303032333932353630323433363036353637342C2241445F59223A2D322E33373938313433393536383130323336452D342C2241445F5A223A2D302E313733313733393034343138393435332C2254656D70447370223A302C22537461747573223A302C2243616C69625374617465223A312C22536967416D70496E76616C6964223A307D7D0E8F
05-27 19:07:56.927   536   536 D commservice260303: bufferevent_write retrun value = 0
05-27 19:07:56.927   536   560 D commservice260303: client datas send succeed,send finish
05-27 19:07:56.927 13911 14192 D Sentinelmode_1.2.5.17_sentry: <SentryImuClusterFgeSender>imu_status sent to Linux, frame=280868, tsNs=11944173, tsMs=11, intervalMs=40, ad=(-0.0023925602,-2.3798144E-4,-0.1731739), gd=(-0.011759001,0.006185088,0.0016790399)
05-27 19:07:56.929   581   581 I SpiService: fgesysctrl_getGPIO_status success val=1
05-27 19:07:56.934   581   581 I SpiService: fgesysctrl_getGPIO_status success val=1
05-27 19:07:56.940   581   581 I SpiService: fgesysctrl_getGPIO_status success val=1
05-27 19:07:56.945   581   581 I SpiService: fgesysctrl_getGPIO_status success val=1
05-27 19:07:56.947 13911 14183 I SentryImuMcuAngleSender: 179.993rollDeg
05-27 19:07:56.947 13911 14183 I SentryImuMcuAngleSender: 1,0,0
05-27 19:07:56.951   581   581 I SpiService: fgesysctrl_getGPIO_status success val=0
05-27 19:07:56.963 30773 30785 I dvr_service_: [EncoderHandler::runMediaThread] runMediaThread started:1,state:1, cam2:started:1,state:1, lastSwitch:1, mIsMuxerStart:1,format:0,is_str_ing:0
05-27 19:07:56.965   581   581 I SpiService: fgesysctrl_getGPIO_status success val=1
05-27 19:07:56.967 13911 14183 I SentryImuMcuAngleSender: 180.0rollDeg
05-27 19:07:56.967 13911 14183 I SentryImuMcuAngleSender: 1,0,0
05-27 19:07:56.967   536   536 D commservice260303: msg.id = 1028,0
05-27 19:07:56.967   536   536 D commservice260303: i = 170, msgid = 8A000404
05-27 19:07:56.967   536   536 D commservice260303: msgid = -1979710460,did=138
05-27 19:07:56.967   536   536 D commservice260303: CommProtocolLibCmdBaseI2C::dataproc {"command":{"id":"imu_status","sub":""},"content":{"TimeStamp":11,"FrameCounter":280869,"GD_X":-0.01160607673227787,"GD_Y":0.005039200186729431,"GD_Z":0.0014501744881272316,"AD_X":-0.0030030161142349243,"AD_Y":-0.0020581248681992292,"AD_Z":-0.1780538558959961,"TempDsp":0,"Status":0,"CalibState":1,"SigAmpInvalid":0}},-1979710460
05-27 19:07:56.967   536   536 D commservice260303: send2Cluster len:317, 7B22636F6D6D616E64223A7B226964223A22696D755F737461747573222C22737562223A22227D2C22636F6E74656E74223A7B2254696D655374616D70223A31312C224672616D65436F756E746572223A3238303836392C2247445F58223A2D302E30313136303630373637333232373738372C2247445F59223A302E3030353033393230303138363732393433312C2247445F5A223A302E303031343530313734343838313237323331362C2241445F58223A2D302E303033303033303136313134323334393234332C2241445F59223A2D302E303032303538313234383638313939323239322C2241445F5A223A2D302E313738303533383535383935393936312C2254656D70447370223A302C22537461747573223A302C2243616C69625374617465223A312C22536967416D70496E76616C6964223A307D7D, 138 
05-27 19:07:56.967   536   536 D commservice260303: Push Message into SendPool fn=1720452096
05-27 19:07:56.967   536   536 D commservice260303: ComProtocolLibSend2Cluster::send2ClusterRaw fn=1720452096 , len=333
05-27 19:07:56.967   536   536 D commservice260303: sendCmdToPort :333!!!
05-27 19:07:56.968   536   536 D commservice260303: send Cmd To Port ++++5AA501498A0100048C666A16D08C7B22636F6D6D616E64223A7B226964223A22696D755F737461747573222C22737562223A22227D2C22636F6E74656E74223A7B2254696D655374616D70223A31312C224672616D65436F756E746572223A3238303836392C2247445F58223A2D302E30313136303630373637333232373738372C2247445F59223A302E3030353033393230303138363732393433312C2247445F5A223A302E303031343530313734343838313237323331362C2241445F58223A2D302E303033303033303136313134323334393234332C2241445F59223A2D302E303032303538313234383638313939323239322C2241445F5A223A2D302E313738303533383535383935393936312C2254656D70447370223A302C22537461747573223A302C2243616C69625374617465223A312C22536967416D70496E76616C6964223A307D7DF17D
05-27 19:07:56.968   536   536 D commservice260303: bufferevent_write retrun value = 0
05-27 19:07:56.968   536   560 D commservice260303: client datas send succeed,send finish
05-27 19:07:56.968 13911 14192 D Sentinelmode_1.2.5.17_sentry: <SentryImuClusterFgeSender>imu_status sent to Linux, frame=280869, tsNs=11944209, tsMs=11, intervalMs=40, ad=(-0.003003016,-0.0020581249,-0.17805386), gd=(-0.011606077,0.0050392,0.0014501745)
05-27 19:07:56.970   581   581 I SpiService: fgesysctrl_getGPIO_status success val=1
05-27 19:07:56.976   581   581 I SpiService: fgesysctrl_getGPIO_status success val=1
05-27 19:07:56.981   581   581 I SpiService: fgesysctrl_getGPIO_status success val=1
05-27 19:07:56.986   283   307 I rvcservice: t.code = 4, t.value = 0
05-27 19:07:56.986   581   581 I SpiService: fgesysctrl_getGPIO_status success val=1
05-27 19:07:56.987 13911 14183 I SentryImuMcuAngleSender: 179.986rollDeg
05-27 19:07:56.987 13911 14183 I SentryImuMcuAngleSender: 1,0,0
05-27 19:07:56.992   581   581 I SpiService: fgesysctrl_getGPIO_status success val=0
05-27 19:07:57.006   581   581 I SpiService: fgesysctrl_getGPIO_status success val=1
05-27 19:07:57.008 13911 14183 I SentryImuMcuAngleSender: 179.96498rollDeg
05-27 19:07:57.008 13911 14183 I SentryImuMcuAngleSender: 1,0,0
05-27 19:07:57.008   536   536 D commservice260303: msg.id = 1028,1
05-27 19:07:57.008   536   536 D commservice260303: i = 170, msgid = 8A000404
05-27 19:07:57.008   536   536 D commservice260303: msgid = -1979710460,did=138
05-27 19:07:57.008   536   536 D commservice260303: CommProtocolLibCmdBaseI2C::dataproc {"command":{"id":"imu_status","sub":""},"content":{"TimeStamp":11,"FrameCounter":280870,"GD_X":-0.011453153565526009,"GD_Y":0.005879240110516548,"GD_Z":0.0019079053308814764,"AD_X":-0.00968247652053833,"AD_Y":0.0040281303226947784,"AD_Z":-0.1737833023071289,"TempDsp":0,"Status":0,"CalibState":1,"SigAmpInvalid":0}},-1979710460
05-27 19:07:57.008   536   536 D commservice260303: send2Cluster len:315, 7B22636F6D6D616E64223A7B226964223A22696D755F737461747573222C22737562223A22227D2C22636F6E74656E74223A7B2254696D655374616D70223A31312C224672616D65436F756E746572223A3238303837302C2247445F58223A2D302E3031313435333135333536353532363030392C2247445F59223A302E3030353837393234303131303531363534382C2247445F5A223A302E303031393037393035333330383831343736342C2241445F58223A2D302E30303936383234373635323035333833332C2241445F59223A302E303034303238313330333232363934373738342C2241445F5A223A2D302E313733373833333032333037313238392C2254656D70447370223A302C22537461747573223A302C2243616C69625374617465223A312C22536967416D70496E76616C6964223A307D7D, 138 
05-27 19:07:57.008   536   536 D commservice260303: Push Message into SendPool fn=1737229312
05-27 19:07:57.008   536   536 D commservice260303: ComProtocolLibSend2Cluster::send2ClusterRaw fn=1737229312 , len=331
05-27 19:07:57.008   536   536 D commservice260303: sendCmdToPort :331!!!
05-27 19:07:57.009   536   536 D commservice260303: send Cmd To Port ++++5AA501478A0100048C676A16D08D7B22636F6D6D616E64223A7B226964223A22696D755F737461747573222C22737562223A22227D2C22636F6E74656E74223A7B2254696D655374616D70223A31312C224672616D65436F756E746572223A3238303837302C2247445F58223A2D302E3031313435333135333536353532363030392C2247445F59223A302E3030353837393234303131303531363534382C2247445F5A223A302E303031393037393035333330383831343736342C2241445F58223A2D302E30303936383234373635323035333833332C2241445F59223A302E303034303238313330333232363934373738342C2241445F5A223A2D302E313733373833333032333037313238392C2254656D70447370223A302C22537461747573223A302C2243616C69625374617465223A312C22536967416D70496E76616C6964223A307D7DD021
05-27 19:07:57.009   536   536 D commservice260303: bufferevent_write retrun value = 0
05-27 19:07:57.009   536   560 D commservice260303: client datas send succeed,send finish
05-27 19:07:57.009 13911 14192 D Sentinelmode_1.2.5.17_sentry: <SentryImuClusterFgeSender>imu_status sent to Linux, frame=280870, tsNs=11944244, tsMs=11, intervalMs=41, ad=(-0.0096824765,0.0040281303,-0.1737833), gd=(-0.011453154,0.00587924,0.0019079053)
05-27 19:07:57.011   572   622 I Sensors : 230 GyroSensor: x:-0.011835,y:0.006108,z:0.002290
05-27 19:07:57.011   581   581 I SpiService: fgesysctrl_getGPIO_status success val=1
05-27 19:07:57.017   581   581 I SpiService: fgesysctrl_getGPIO_status success val=1
05-27 19:07:57.022   581   581 I SpiService: fgesysctrl_getGPIO_status success val=1
05-27 19:07:57.027   581   581 I SpiService: fgesysctrl_getGPIO_status success val=1
05-27 19:07:57.029 13911 14183 I SentryImuMcuAngleSender: 179.97198rollDeg
05-27 19:07:57.029 13911 14183 I SentryImuMcuAngleSender: 1,0,0
05-27 08:59:05.997   581   581 D spidev_ioctl: gpio status=0)
05-27 19:07:57.033   581   581 I SpiService: fgesysctrl_getGPIO_status success val=0
05-27 19:07:57.040 13911 14131 D SVR_MNG_SvrMngProxy: getServer: mSvrManger is null
05-27 19:07:57.041 13911 14131 D SVR_MNG_SvrMngProxy: getNewStub: 
05-27 19:07:57.041 13911 14131 D SVR_MNG_SvrMngProxy: getNewStub: getSvrManagerService start
05-27 19:07:57.041 13911 14131 D SVR_MNG_SvrMngProxy: getNewStub: getSvrManagerService end
05-27 19:07:57.041 13911 14131 D SVR_MNG_SvrMngProxy: getServer: svrMngService doesn't start
05-27 19:07:57.046   581   581 I SpiService: fgesysctrl_getGPIO_status success val=1
05-27 19:07:57.049   536   536 D commservice260303: msg.id = 1028,0
05-27 19:07:57.049   536   536 D commservice260303: i = 170, msgid = 8A000404
05-27 19:07:57.049   536   536 D commservice260303: msgid = -1979710460,did=138
05-27 19:07:57.049   536   536 D commservice260303: CommProtocolLibCmdBaseI2C::dataproc {"command":{"id":"imu_status","sub":""},"content":{"TimeStamp":11,"FrameCounter":280871,"GD_X":-0.01091896090656519,"GD_Y":0.005573912989348173,"GD_Z":0.0019079053308814764,"AD_X":-0.00415453314781189,"AD_Y":0.001568629639223218,"AD_Z":-0.17500877380371094,"TempDsp":0,"Status":0,"CalibState":1,"SigAmpInvalid":0}},-1979710460
05-27 19:07:57.049   536   536 D commservice260303: send2Cluster len:314, 7B22636F6D6D616E64223A7B226964223A22696D755F737461747573222C22737562223A22227D2C22636F6E74656E74223A7B2254696D655374616D70223A31312C224672616D65436F756E746572223A3238303837312C2247445F58223A2D302E30313039313839363039303635363531392C2247445F59223A302E3030353537333931323938393334383137332C2247445F5A223A302E303031393037393035333330383831343736342C2241445F58223A2D302E30303431353435333331343738313138392C2241445F59223A302E3030313536383632393633393232333231382C2241445F5A223A2D302E31373530303837373338303337313039342C2254656D70447370223A302C22537461747573223A302C2243616C69625374617465223A312C22536967416D70496E76616C6964223A307D7D, 138 
05-27 19:07:57.049   536   536 D commservice260303: Push Message into SendPool fn=1754006528
05-27 19:07:57.049   536   536 D commservice260303: ComProtocolLibSend2Cluster::send2ClusterRaw fn=1754006528 , len=330
05-27 19:07:57.049   536   536 D commservice260303: sendCmdToPort :330!!!
05-27 19:07:57.049   536   536 D commservice260303: send Cmd To Port ++++5AA501468A0100048C686A16D08D7B22636F6D6D616E64223A7B226964223A22696D755F737461747573222C22737562223A22227D2C22636F6E74656E74223A7B2254696D655374616D70223A31312C224672616D65436F756E746572223A3238303837312C2247445F58223A2D302E30313039313839363039303635363531392C2247445F59223A302E3030353537333931323938393334383137332C2247445F5A223A302E303031393037393035333330383831343736342C2241445F58223A2D302E30303431353435333331343738313138392C2241445F59223A302E3030313536383632393633393232333231382C2241445F5A223A2D302E31373530303837373338303337313039342C2254656D70447370223A302C22537461747573223A302C2243616C69625374617465223A312C22536967416D70496E76616C6964223A307D7DBDAB
05-27 19:07:57.050   536   536 D commservice260303: bufferevent_write retrun value = 0
05-27 19:07:57.050   536   560 D commservice260303: client datas send succeed,send finish
05-27 19:07:57.050 13911 14183 I SentryImuMcuAngleSender: 179.97899rollDeg
05-27 19:07:57.050 13911 14183 I SentryImuMcuAngleSender: 1,0,0
05-27 19:07:57.050 13911 14192 D Sentinelmode_1.2.5.17_sentry: <SentryImuClusterFgeSender>imu_status sent to Linux, frame=280871, tsNs=11944298, tsMs=11, intervalMs=41, ad=(-0.004154533,0.0015686296,-0.17500877), gd=(-0.010918961,0.005573913,0.0019079053)
05-27 19:07:57.052   581   581 I SpiService: fgesysctrl_getGPIO_status success val=1
05-27 08:59:06.016   581   581 D spi_rst_gpio_get_output: GPIO 145 value: 1
05-27 19:07:57.057   581   581 I SpiService: fgesysctrl_getGPIO_status success val=1
05-27 19:07:57.057  1982  1982 E health_guardian: UID for PID 11579 is 1000
05-27 19:07:57.057  1982  1982 E health_guardian: The 1000 process is system app,I refused to kill it,try next one!
05-27 19:07:57.058  1982  1982 E health_guardian: UID for PID 13435 is 1000
05-27 19:07:57.058  1982  1982 E health_guardian: The 1000 process is system app,I refused to kill it,try next one!
05-27 19:07:57.058  1982  1982 E health_guardian: UID for PID 13911 is 1000
05-27 19:07:57.058  1982  1982 E health_guardian: The 1000 process is system app,I refused to kill it,try next one!
05-27 19:07:57.062   581   581 I SpiService: fgesysctrl_getGPIO_status success val=1
05-27 19:07:57.068   581   581 I SpiService: fgesysctrl_getGPIO_status success val=1
05-27 19:07:57.071 13911 14183 I SentryImuMcuAngleSender: 179.993rollDeg
05-27 19:07:57.071 13911 14183 I SentryImuMcuAngleSender: 1,0,0
05-27 19:07:57.073   581   581 I SpiService: fgesysctrl_getGPIO_status success val=0
05-27 19:07:57.086   283   307 I rvcservice: t.code = 3, t.value = 0
05-27 19:07:57.087   581   581 I SpiService: fgesysctrl_getGPIO_status success val=1
05-27 19:07:57.091   536   536 D commservice260303: msg.id = 1028,1
05-27 19:07:57.091   536   536 D commservice260303: i = 170, msgid = 8A000404
05-27 19:07:57.091   536   536 D commservice260303: msgid = -1979710460,did=138
05-27 19:07:57.091   536   536 D commservice260303: CommProtocolLibCmdBaseI2C::dataproc {"command":{"id":"imu_status","sub":""},"content":{"TimeStamp":11,"FrameCounter":280872,"GD_X":-0.011682018637657166,"GD_Y":0.005879240110516548,"GD_Z":0.0023671966046094894,"AD_X":-0.0011144578456878662,"AD_Y":-0.0026891371235251427,"AD_Z":-0.1731739044189453,"TempDsp":0,"Status":0,"CalibState":1,"SigAmpInvalid":0}},-1979710460
05-27 19:07:57.091   536   536 D commservice260303: send2Cluster len:318, 7B22636F6D6D616E64223A7B226964223A22696D755F737461747573222C22737562223A22227D2C22636F6E74656E74223A7B2254696D655374616D70223A31312C224672616D65436F756E746572223A3238303837322C2247445F58223A2D302E3031313638323031383633373635373136362C2247445F59223A302E3030353837393234303131303531363534382C2247445F5A223A302E303032333637313936363034363039343839342C2241445F58223A2D302E303031313134343537383435363837383636322C2241445F59223A2D302E303032363839313337313233353235313432372C2241445F5A223A2D302E313733313733393034343138393435332C2254656D70447370223A302C22537461747573223A302C2243616C69625374617465223A312C22536967416D70496E76616C6964223A307D7D, 138 
05-27 19:07:57.091   536   536 D commservice260303: Push Message into SendPool fn=1770783744
05-27 19:07:57.091   536   536 D commservice260303: ComProtocolLibSend2Cluster::send2ClusterRaw fn=1770783744 , len=334
05-27 19:07:57.091   536   536 D commservice260303: sendCmdToPort :334!!!
05-27 19:07:57.092   536   536 D commservice260303: send Cmd To Port ++++5AA5014A8A0100048C696A16D08D7B22636F6D6D616E64223A7B226964223A22696D755F737461747573222C22737562223A22227D2C22636F6E74656E74223A7B2254696D655374616D70223A31312C224672616D65436F756E746572223A3238303837322C2247445F58223A2D302E3031313638323031383633373635373136362C2247445F59223A302E3030353837393234303131303531363534382C2247445F5A223A302E303032333637313936363034363039343839342C2241445F58223A2D302E303031313134343537383435363837383636322C2241445F59223A2D302E303032363839313337313233353235313432372C2241445F5A223A2D302E313733313733393034343138393435332C2254656D70447370223A302C22537461747573223A302C2243616C69625374617465223A312C22536967416D70496E76616C6964223A307D7DD7E7
05-27 19:07:57.092   536   536 D commservice260303: bufferevent_write retrun value = 0
05-27 19:07:57.092   536   560 D commservice260303: client datas send succeed,send finish
05-27 19:07:57.092 13911 14183 I SentryImuMcuAngleSender: -179.99649rollDeg
05-27 19:07:57.092 13911 14183 I SentryImuMcuAngleSender: 1,0,0
05-27 19:07:57.092   581   581 I SpiService: fgesysctrl_getGPIO_status success val=1
05-27 19:07:57.093 13911 14192 D Sentinelmode_1.2.5.17_sentry: <SentryImuClusterFgeSender>imu_status sent to Linux, frame=280872, tsNs=11944334, tsMs=11, intervalMs=43, ad=(-0.0011144578,-0.0026891371,-0.1731739), gd=(-0.011682019,0.00587924,0.0023671966)
05-27 19:07:57.097   581   581 I SpiService: fgesysctrl_getGPIO_status success val=1
05-27 19:07:57.103   581   581 I SpiService: fgesysctrl_getGPIO_status success val=1
05-27 19:07:57.108   581   581 I SpiService: fgesysctrl_getGPIO_status success val=1
05-27 19:07:57.112 13911 14183 I SentryImuMcuAngleSender: 180.0rollDeg
05-27 19:07:57.113 13911 14183 I SentryImuMcuAngleSender: 1,0,0
05-27 19:07:57.113   581   581 I SpiService: fgesysctrl_getGPIO_status success val=0
05-27 19:07:57.118   572   622 I Sensors : 230 AccelSensor: x:-0.170800,y:0.000000,z:-9.980821
05-27 19:07:57.127   581   581 I SpiService: fgesysctrl_getGPIO_status success val=1
05-27 19:07:57.128   481   598 I mcuc    : rev,n=1,6AA681F09E000A89009C0104091012345608
05-27 19:07:57.128  1121  1144 I tboxmids_ap: [2026-05-27 19:07:57.128] [MCU RX] src=MCU dst=ZMQ len=10 type=BINARY data=00 08 9C 01 04 09 10 12 34 56 
05-27 19:07:57.128   351   373 D automotive.vehicle@2.0-adayo-datacomm-mcu: MCUDatacomm sendMessageFromVehicle prop: 0x89, areaId: 0x0, status: 0x9c, timestamp: 0x1
05-27 19:07:57.128   351   373 D automotive.vehicle@2.0-adayo-datacomm-mcu: MCUDatacomm 1sendMessageFromVehicle ---> type = 12 
05-27 19:07:57.129  1083  1083 I MyAppLog: [2026-05-27 19:07:57.129 I tboxap mcuCommTboxmidsRecvCb:97] [Mcu] [mcuCommTboxmidsRecvCb] recv from tboxmids, size:10
05-27 19:07:57.129  1083  1083 I MyAppLog: [2026-05-27 19:07:57.129 I tboxap mcuCommTboxmidsRecvCb:98] [Mcu] [tboxmids -> tboxap]: :00 08 9C 01 04 09 10 12 34 56
05-27 19:07:57.129  1083  1083 I MyAppLog: [2026-05-27 19:07:57.129 I tboxap mcuPtlParseData:990] [Mcu] [Mcu  Parse]: (cmd):0910 (param):0910123456
05-27 19:07:57.129  1083  1083 W MyAppLog: [2026-05-27 19:07:57.129 W tboxap mcuParamDataRevPack:918] [Mcu] mcuParamDataRevPack start pack data!!!
05-27 19:07:57.129  1083  1083 I MyAppLog: [2026-05-27 19:07:57.129 I tboxap MCU_BATT_STATIC_DATA_IND_McuInd:515] [Mcu] [MCU_BATT_STATIC_DATA_IND_McuInd] staticData type:0x12 len:5
05-27 19:07:57.130   481   598 I mcuc    : rev,n=2,6AA681F09F001B89003F0600030E3031323334353637383941424344454647004ED9E6
05-27 19:07:57.130   351   373 D automotive.vehicle@2.0-adayo-datacomm-mcu: MCUDatacomm sendMessageFromVehicle prop: 0x89, areaId: 0x0, status: 0x3f, timestamp: 0x6
05-27 19:07:57.131   351   373 D automotive.vehicle@2.0-adayo-datacomm-mcu: MCUDatacomm 1sendMessageFromVehicle ---> type = 3 
05-27 19:07:57.131   351   373 D automotive.vehicle@2.0-adayo-func-bcm: sendMessageFromVehicle sendMessageFromVehicle
05-27 19:07:57.131   351   516 D automotive.vehicle@2.0-adayo-func-bcm: jjfan1 ______procotolSize :1
05-27 19:07:57.131   351   516 D automotive.vehicle@2.0-adayo-func-bcm: BCMFunc sendMessageFromVehicle_l dataType: 13,mByte=7,propid=0x2110001a
05-27 19:07:57.131   351   516 D automotive.vehicle@2.0-adayo-func-bcm: BCMFunc VEHICLE_VIN_CODE111 0x2110001a 
05-27 19:07:57.131   351   516 E automotive.vehicle@2.0-adayo-func-bcm: byteArrayToASCIIString, index 7 hex: 30, ascii: 0
05-27 19:07:57.131   351   516 E automotive.vehicle@2.0-adayo-func-bcm: byteArrayToASCIIString, index 8 hex: 31, ascii: 01
05-27 19:07:57.131   351   516 E automotive.vehicle@2.0-adayo-func-bcm: byteArrayToASCIIString, index 9 hex: 32, ascii: 012
05-27 19:07:57.131   351   516 E automotive.vehicle@2.0-adayo-func-bcm: byteArrayToASCIIString, index 10 hex: 33, ascii: 0123
05-27 19:07:57.131   351   516 E automotive.vehicle@2.0-adayo-func-bcm: byteArrayToASCIIString, index 11 hex: 34, ascii: 01234
05-27 19:07:57.131   351   516 E automotive.vehicle@2.0-adayo-func-bcm: byteArrayToASCIIString, index 12 hex: 35, ascii: 012345
05-27 19:07:57.131   351   516 E automotive.vehicle@2.0-adayo-func-bcm: byteArrayToASCIIString, index 13 hex: 36, ascii: 0123456
05-27 19:07:57.131   351   516 E automotive.vehicle@2.0-adayo-func-bcm: byteArrayToASCIIString, index 14 hex: 37, ascii: 01234567
05-27 19:07:57.131   351   516 E automotive.vehicle@2.0-adayo-func-bcm: byteArrayToASCIIString, index 15 hex: 38, ascii: 012345678
05-27 19:07:57.131   351   516 E automotive.vehicle@2.0-adayo-func-bcm: byteArrayToASCIIString, index 16 hex: 39, ascii: 0123456789
05-27 19:07:57.131   351   516 E automotive.vehicle@2.0-adayo-func-bcm: byteArrayToASCIIString, index 17 hex: 41, ascii: 0123456789A
05-27 19:07:57.131   351   516 E automotive.vehicle@2.0-adayo-func-bcm: byteArrayToASCIIString, index 18 hex: 42, ascii: 0123456789AB
05-27 19:07:57.131   351   516 E automotive.vehicle@2.0-adayo-func-bcm: byteArrayToASCIIString, index 19 hex: 43, ascii: 0123456789ABC
05-27 19:07:57.131   351   516 E automotive.vehicle@2.0-adayo-func-bcm: byteArrayToASCIIString, index 20 hex: 44, ascii: 0123456789ABCD
05-27 19:07:57.131   351   516 E automotive.vehicle@2.0-adayo-func-bcm: byteArrayToASCIIString, index 21 hex: 45, ascii: 0123456789ABCDE
05-27 19:07:57.131   351   516 E automotive.vehicle@2.0-adayo-func-bcm: byteArrayToASCIIString, index 22 hex: 46, ascii: 0123456789ABCDEF
05-27 19:07:57.131   351   516 E automotive.vehicle@2.0-adayo-func-bcm: byteArrayToASCIIString, index 23 hex: 47, ascii: 0123456789ABCDEFG
05-27 19:07:57.131   351   516 D automotive.vehicle@2.0-adayo-func-bcm: BCMFunc VEHICLE_VIN_CODE222 0x2110001a ,value:0123456789ABCDEFG
05-27 19:07:57.131   351   516 D automotive.vehicle@2.0-adayo-func-bcm: BCMFunc sendMessageFromVehicle_l id:554696730, area:0 not report! 
05-27 19:07:57.131   536   536 D commservice260303: msg.id = 1028,0
05-27 19:07:57.131   536   536 D commservice260303: i = 170, msgid = 8A000404
05-27 19:07:57.131   536   536 D commservice260303: msgid = -1979710460,did=138
05-27 19:07:57.131   536   536 D commservice260303: CommProtocolLibCmdBaseI2C::dataproc {"command":{"id":"imu_status","sub":""},"content":{"TimeStamp":11,"FrameCounter":280873,"GD_X":-0.011377211660146713,"GD_Y":0.00549693126231432,"GD_Z":0.002519079949706793,"AD_X":-0.0023418813943862915,"AD_Y":-0.002065489301458001,"AD_Z":-0.1756134033203125,"TempDsp":0,"Status":0,"CalibState":1,"SigAmpInvalid":0}},-1979710460
05-27 19:07:57.131   536   536 D commservice260303: send2Cluster len:315, 7B22636F6D6D616E64223A7B226964223A22696D755F737461747573222C22737562223A22227D2C22636F6E74656E74223A7B2254696D655374616D70223A31312C224672616D65436F756E746572223A3238303837332C2247445F58223A2D302E3031313337373231313636303134363731332C2247445F59223A302E30303534393639333132363233313433322C2247445F5A223A302E3030323531393037393934393730363739332C2241445F58223A2D302E303032333431383831333934333836323931352C2241445F59223A2D302E3030323036353438393330313435383030312C2241445F5A223A2D302E313735363133343033333230333132352C2254656D70447370223A302C22537461747573223A302C2243616C69625374617465223A312C22536967416D70496E76616C6964223A307D7D, 138 
05-27 19:07:57.131   536   536 D commservice260303: Push Message into SendPool fn=1787560960
05-27 19:07:57.131   536   536 D commservice260303: ComProtocolLibSend2Cluster::send2ClusterRaw fn=1787560960 , len=331
05-27 19:07:57.131   536   536 D commservice260303: sendCmdToPort :331!!!
05-27 19:07:57.131   536   536 D commservice260303: send Cmd To Port ++++5AA501478A0100048C6A6A16D08D7B22636F6D6D616E64223A7B226964223A22696D755F737461747573222C22737562223A22227D2C22636F6E74656E74223A7B2254696D655374616D70223A31312C224672616D65436F756E746572223A3238303837332C2247445F58223A2D302E3031313337373231313636303134363731332C2247445F59223A302E30303534393639333132363233313433322C2247445F5A223A302E3030323531393037393934393730363739332C2241445F58223A2D302E303032333431383831333934333836323931352C2241445F59223A2D302E3030323036353438393330313435383030312C2241445F5A223A2D302E313735363133343033333230333132352C2254656D70447370223A302C22537461747573223A302C2243616C69625374617465223A312C22536967416D70496E76616C6964223A307D7D262C
05-27 19:07:57.132   536   536 D commservice260303: bufferevent_write retrun value = 0
05-27 19:07:57.132   536   560 D commservice260303: client datas send succeed,send finish
05-27 19:07:57.132 13911 14192 D Sentinelmode_1.2.5.17_sentry: <SentryImuClusterFgeSender>imu_status sent to Linux, frame=280873, tsNs=11944369, tsMs=11, intervalMs=39, ad=(-0.0023418814,-0.0020654893,-0.1756134), gd=(-0.011377212,0.0054969313,0.00251908)
05-27 19:07:57.132   581   581 I SpiService: fgesysctrl_getGPIO_status success val=1
05-27 19:07:57.133 13911 14183 I SentryImuMcuAngleSender: 180.0rollDeg
05-27 19:07:57.133 13911 14183 I SentryImuMcuAngleSender: 1,0,0
05-27 19:07:57.138   581   581 I SpiService: fgesysctrl_getGPIO_status success val=1
05-27 19:07:57.143   581   581 I SpiService: fgesysctrl_getGPIO_status success val=1
05-27 19:07:57.148   581   581 I SpiService: fgesysctrl_getGPIO_status success val=1
05-27 19:07:57.153   581   581 I SpiService: fgesysctrl_getGPIO_status success val=0
05-27 19:07:57.154 13911 14183 I SentryImuMcuAngleSender: 179.993rollDeg
05-27 19:07:57.154   481   597 I mcuc    : send SPI:6AA602F09E00028900E56AA602F09F00028900E4
05-27 19:07:57.154 13911 14183 I SentryImuMcuAngleSender: 1,0,0
05-27 19:07:57.167   581   581 I SpiService: fgesysctrl_getGPIO_status success val=1
05-27 19:07:57.169   481   598 I mcuc    : rev,n=1,6AA681F0A0000B8300E0000000000000000081
05-27 19:07:57.169   351   373 D automotive.vehicle@2.0-adayo-datacomm-mcu: MCUDatacomm sendMessageFromVehicle prop: 0x83, areaId: 0x0, status: 0x0, timestamp: 0x0
05-27 19:07:57.169   351   373 D automotive.vehicle@2.0-adayo-datacomm-mcu: MCUDatacomm 1sendMessageFromVehicle ---> type = 7 
05-27 19:07:57.169   351   373 I automotive.vehicle@2.0-adayo-func-mcu: MCUFunc :sendMessageFromVehicle  msgBuff[0] = 131 
05-27 19:07:57.169   351   373 I automotive.vehicle@2.0-adayo-func-mcu: MCUFunc :sendMessageFromVehicle  msgBuff[1] = 0 
05-27 19:07:57.169   351   373 I automotive.vehicle@2.0-adayo-func-mcu: MCUFunc :sendMessageFromVehicle  msgBuff[2] = 0 
05-27 19:07:57.169   351   373 I automotive.vehicle@2.0-adayo-func-mcu: MCUFunc :sendMessageFromVehicle  msgBuff[3] = 0 
05-27 19:07:57.169   351   373 I automotive.vehicle@2.0-adayo-func-mcu: MCUFunc :sendMessageFromVehicle  msgBuff[4] = 3 
05-27 19:07:57.169   351   373 I automotive.vehicle@2.0-adayo-func-mcu: MCUFunc :sendMessageFromVehicle  msgBuff[5] = 1 
05-27 19:07:57.169   351   373 I automotive.vehicle@2.0-adayo-func-mcu: MCUFunc :sendMessageFromVehicle  msgBuff[6] = 0 
05-27 19:07:57.169   351   373 I automotive.vehicle@2.0-adayo-func-mcu: MCUFunc :sendMessageFromVehicle  msgBuff[7] = 0 
05-27 19:07:57.169   351   373 I automotive.vehicle@2.0-adayo-func-mcu: MCUFunc :sendMessageFromVehicle  msgBuff[8] = 0 
05-27 19:07:57.169   351   373 I automotive.vehicle@2.0-adayo-func-mcu: MCUFunc :sendMessageFromVehicle  msgBuff[9] = 0 
05-27 19:07:57.169   351   373 I automotive.vehicle@2.0-adayo-func-mcu: MCUFunc :sendMessageFromVehicle  msgBuff[10] = 0 
05-27 19:07:57.169   351   373 I automotive.vehicle@2.0-adayo-func-mcu: MCUFunc :sendMessageFromVehicle  msgBuff[11] = 0 
05-27 19:07:57.169   351   373 I automotive.vehicle@2.0-adayo-func-mcu: MCUFunc :sendMessageFromVehicle  msgBuff[12] = 0 
05-27 19:07:57.170   351   373 I automotive.vehicle@2.0-adayo-func-mcu: MCUFunc :sendMessageFromVehicle  msgBuff[13] = 0 
05-27 19:07:57.170   351   373 I automotive.vehicle@2.0-adayo-func-mcu: MCUFunc :sendMessageFromVehicle  msgBuff[14] = 0 
05-27 19:07:57.170   351   373 I automotive.vehicle@2.0-adayo-func-mcu: MCUFunc :sendMessageFromVehicle  msgBuff[15] = 0 
05-27 19:07:57.170   351   373 I automotive.vehicle@2.0-adayo-func-mcu: MCUFunc :sendMessageFromVehicle  msgBuff[16] = 0 
05-27 19:07:57.171   481   598 I mcuc    : rev,n=2,6AA681F0A1000384150052
05-27 19:07:57.171   536   536 D commservice260303: msg.id = 1028,0
05-27 19:07:57.171   536   536 D commservice260303: i = 170, msgid = 8A000404
05-27 19:07:57.171   536   536 D commservice260303: msgid = -1979710460,did=138
05-27 19:07:57.171   536   536 D commservice260303: CommProtocolLibCmdBaseI2C::dataproc {"command":{"id":"imu_status","sub":""},"content":{"TimeStamp":11,"FrameCounter":280874,"GD_X":-0.011147825978696346,"GD_Y":0.00519212381914258,"GD_Z":0.0022902146447449923,"AD_X":-0.0017429143190383911,"AD_Y":-2.323001390323043E-4,"AD_Z":-0.1762237548828125,"TempDsp":0,"Status":0,"CalibState":1,"SigAmpInvalid":0}},-1979710460
05-27 19:07:57.171   536   536 D commservice260303: send2Cluster len:316, 7B22636F6D6D616E64223A7B226964223A22696D755F737461747573222C22737562223A22227D2C22636F6E74656E74223A7B2254696D655374616D70223A31312C224672616D65436F756E746572223A3238303837342C2247445F58223A2D302E3031313134373832353937383639363334362C2247445F59223A302E30303531393231323338313931343235382C2247445F5A223A302E303032323930323134363434373434393932332C2241445F58223A2D302E303031373432393134333139303338333931312C2241445F59223A2D322E333233303031333930333233303433452D342C2241445F5A223A2D302E313736323233373534383832383132352C2254656D70447370223A302C22537461747573223A302C2243616C69625374617465223A312C22536967416D70496E76616C6964223A307D7D, 138 
05-27 19:07:57.171   536   536 D commservice260303: Push Message into SendPool fn=1804338176
05-27 19:07:57.172   536   536 D commservice260303: ComProtocolLibSend2Cluster::send2ClusterRaw fn=1804338176 , len=332
05-27 19:07:57.172   536   536 D commservice260303: sendCmdToPort :332!!!
05-27 19:07:57.172   536   536 D commservice260303: send Cmd To Port ++++5AA501488A0100048C6B6A16D08D7B22636F6D6D616E64223A7B226964223A22696D755F737461747573222C22737562223A22227D2C22636F6E74656E74223A7B2254696D655374616D70223A31312C224672616D65436F756E746572223A3238303837342C2247445F58223A2D302E3031313134373832353937383639363334362C2247445F59223A302E30303531393231323338313931343235382C2247445F5A223A302E303032323930323134363434373434393932332C2241445F58223A2D302E303031373432393134333139303338333931312C2241445F59223A2D322E333233303031333930333233303433452D342C2241445F5A223A2D302E313736323233373534383832383132352C2254656D70447370223A302C22537461747573223A302C2243616C69625374617465223A312C22536967416D70496E76616C6964223A307D7D84A3
05-27 19:07:57.172   536   536 D commservice260303: bufferevent_write retrun value = 0
05-27 19:07:57.172   536   560 D commservice260303: client datas send succeed,send finish
05-27 19:07:57.173   581   581 I SpiService: fgesysctrl_getGPIO_status success val=1
05-27 19:07:57.173   481   598 I mcuc    : rev,n=3,6AA681F0A2008C8305000055000000B000000000000100010000A818D9B19F0F5DD9A5D99F4D8AD9A4B33FD9A5B2403AA3C2807800000000040000B3000000000000000000000000000000B44300000000000300000000000000AA000000E40701010000000000000000BB06050507EA051B000008009403CB00CC000000000000000000000000000000B500000000000000002B
05-27 19:07:57.173   351   373 D automotive.vehicle@2.0-adayo-datacomm-mcu: MCUDatacomm sendMessageFromVehicle prop: 0x83, areaId: 0x5, status: 0x0, timestamp: 0x0
05-27 19:07:57.173   351   373 D automotive.vehicle@2.0-adayo-datacomm-mcu: MCUDatacomm 1sendMessageFromVehicle ---> type = 7 
05-27 19:07:57.173   351   373 I automotive.vehicle@2.0-adayo-func-mcu: MCUFunc :sendMessageFromVehicle  msgBuff[0] = 131 
05-27 19:07:57.173   351   373 I automotive.vehicle@2.0-adayo-func-mcu: MCUFunc :sendMessageFromVehicle  msgBuff[1] = 5 
05-27 19:07:57.173   351   373 I automotive.vehicle@2.0-adayo-func-mcu: MCUFunc :sendMessageFromVehicle  msgBuff[2] = 0 
05-27 19:07:57.173   351   373 I automotive.vehicle@2.0-adayo-func-mcu: MCUFunc :sendMessageFromVehicle  msgBuff[3] = 0 
05-27 19:07:57.173   351   373 I automotive.vehicle@2.0-adayo-func-mcu: MCUFunc :sendMessageFromVehicle  msgBuff[4] = 85 
05-27 19:07:57.173   351   373 I automotive.vehicle@2.0-adayo-func-mcu: MCUFunc :sendMessageFromVehicle  msgBuff[5] = 0 
05-27 19:07:57.173 13911 14183 I SentryImuMcuAngleSender: 179.9895rollDeg
05-27 19:07:57.174 13911 14183 I SentryImuMcuAngleSender: 1,0,0
05-27 19:07:57.174 13911 14192 D Sentinelmode_1.2.5.17_sentry: <SentryImuClusterFgeSender>imu_status sent to Linux, frame=280874, tsNs=11944405, tsMs=11, intervalMs=41, ad=(-0.0017429143,-2.3230014E-4,-0.17622375), gd=(-0.011147826,0.005192124,0.0022902146)
05-27 19:07:57.175   481   598 I mcuc    : rev,n=4,6AA681F0A3009E8B3002A801020403A0030000030100000100000000002901A100000000003B000202000002020002A208FA29018000028000038000048000A3058000068000070000080000000000A4000000000000000000000101000700A5020000000A0102000200FF0100A6A9DD01010101010000000101010000000A0A0A0000010101040402020000000000000000000000000000000000000000000000000000EEE1
05-27 19:07:57.178   581   581 I SpiService: fgesysctrl_getGPIO_status success val=1
05-27 19:07:57.183   581   581 I SpiService: fgesysctrl_getGPIO_status success val=1
05-27 08:59:06.148   581   581 D spidev_ioctl: gpio status=1)
05-27 19:07:57.186   283   307 I rvcservice: t.code = 1, t.value = -172630
05-27 19:07:57.189   581   581 I SpiService: fgesysctrl_getGPIO_status success val=1
05-27 08:59:06.154   581   581 D spidev_ioctl: gpio status=1)
05-27 19:07:57.194 13911 14183 I SentryImuMcuAngleSender: 179.993rollDeg
05-27 19:07:57.194 13911 14183 I SentryImuMcuAngleSender: 1,0,0
05-27 19:07:57.195   581   581 I SpiService: fgesysctrl_getGPIO_status success val=0
05-27 19:07:57.195   481   597 I mcuc    : send SPI:6AA602F0A000028300E96AA602F0A100028415D26AA602F0A200028305E26AA602F0A300028B30AE
05-27 19:07:57.208   572   572 I Sensors : 230 GyroSensor: x:-0.011835,y:0.005726,z:0.002138
05-27 19:07:57.208   581   581 I SpiService: fgesysctrl_getGPIO_status success val=1
05-27 19:07:57.211   536   536 D commservice260303: msg.id = 1028,0
05-27 19:07:57.211   536   536 D commservice260303: i = 170, msgid = 8A000404
05-27 19:07:57.211   536   536 D commservice260303: msgid = -1979710460,did=138
05-27 19:07:57.211   536   536 D commservice260303: CommProtocolLibCmdBaseI2C::dataproc {"command":{"id":"imu_status","sub":""},"content":{"TimeStamp":11,"FrameCounter":280875,"GD_X":-0.011834942735731602,"GD_Y":0.0057257963344454765,"GD_Z":0.0021378109231591225,"AD_X":-0.005394428968429565,"AD_Y":3.8047716952860355E-4,"AD_Z":-0.17256546020507812,"TempDsp":0,"Status":0,"CalibState":1,"SigAmpInvalid":0}},-1979710460
05-27 19:07:57.211   536   536 D commservice260303: send2Cluster len:318, 7B22636F6D6D616E64223A7B226964223A22696D755F737461747573222C22737562223A22227D2C22636F6E74656E74223A7B2254696D655374616D70223A31312C224672616D65436F756E746572223A3238303837352C2247445F58223A2D302E3031313833343934323733353733313630322C2247445F59223A302E303035373235373936333334343435343736352C2247445F5A223A302E303032313337383130393233313539313232352C2241445F58223A2D302E3030353339343432383936383432393536352C2241445F59223A332E38303437373136393532383630333535452D342C2241445F5A223A2D302E31373235363534363032303530373831322C2254656D70447370223A302C22537461747573223A302C2243616C69625374617465223A312C22536967416D70496E76616C6964223A307D7D, 138 
05-27 19:07:57.211   536   536 D commservice260303: Push Message into SendPool fn=1821115392
05-27 19:07:57.211   536   536 D commservice260303: ComProtocolLibSend2Cluster::send2ClusterRaw fn=1821115392 , len=334
05-27 19:07:57.211   536   536 D commservice260303: sendCmdToPort :334!!!
05-27 19:07:57.212   536   536 D commservice260303: send Cmd To Port ++++5AA5014A8A0100048C6C6A16D08D7B22636F6D6D616E64223A7B226964223A22696D755F737461747573222C22737562223A22227D2C22636F6E74656E74223A7B2254696D655374616D70223A31312C224672616D65436F756E746572223A3238303837352C2247445F58223A2D302E3031313833343934323733353733313630322C2247445F59223A302E303035373235373936333334343435343736352C2247445F5A223A302E303032313337383130393233313539313232352C2241445F58223A2D302E3030353339343432383936383432393536352C2241445F59223A332E38303437373136393532383630333535452D342C2241445F5A223A2D302E31373235363534363032303530373831322C2254656D70447370223A302C22537461747573223A302C2243616C69625374617465223A312C22536967416D70496E76616C6964223A307D7DA4D7
05-27 19:07:57.212   536   536 D commservice260303: bufferevent_write retrun value = 0
05-27 19:07:57.212   536   560 D commservice260303: client datas send succeed,send finish
05-27 19:07:57.212 13911 14192 D Sentinelmode_1.2.5.17_sentry: <SentryImuClusterFgeSender>imu_status sent to Linux, frame=280875, tsNs=11944458, tsMs=11, intervalMs=40, ad=(-0.005394429,3.8047717E-4,-0.17256546), gd=(-0.011834943,0.0057257963,0.002137811)
05-27 19:07:57.214   581   581 I SpiService: fgesysctrl_getGPIO_status success val=1
05-27 19:07:57.214 13911 14183 I SentryImuMcuAngleSender: 179.986rollDeg
05-27 19:07:57.214 13911 14183 I SentryImuMcuAngleSender: 1,0,0
05-27 19:07:57.219   581   581 I SpiService: fgesysctrl_getGPIO_status success val=1
05-27 19:07:57.224   581   581 I SpiService: fgesysctrl_getGPIO_status success val=1
05-27 19:07:57.230   581   581 I SpiService: fgesysctrl_getGPIO_status success val=1
05-27 19:07:57.234 13911 14183 I SentryImuMcuAngleSender: 179.986rollDeg
05-27 19:07:57.234 13911 14183 I SentryImuMcuAngleSender: 1,0,0
05-27 19:07:57.235   581   581 I SpiService: fgesysctrl_getGPIO_status success val=0
05-27 19:07:57.249   581   581 I SpiService: fgesysctrl_getGPIO_status success val=1
05-27 19:07:57.251   536   536 D commservice260303: msg.id = 1028,0
05-27 19:07:57.252   536   536 D commservice260303: i = 170, msgid = 8A000404
05-27 19:07:57.252   536   536 D commservice260303: msgid = -1979710460,did=138
05-27 19:07:57.252   536   536 D commservice260303: CommProtocolLibCmdBaseI2C::dataproc {"command":{"id":"imu_status","sub":""},"content":{"TimeStamp":11,"FrameCounter":280876,"GD_X":-0.011300750076770782,"GD_Y":0.005268065724521875,"GD_Z":0.0019079053308814764,"AD_X":-0.004768937826156616,"AD_Y":3.782904241234064E-4,"AD_Z":-0.17439842224121094,"TempDsp":0,"Status":0,"CalibState":1,"SigAmpInvalid":0}},-1979710460
05-27 19:07:57.252   536   536 D commservice260303: send2Cluster len:316, 7B22636F6D6D616E64223A7B226964223A22696D755F737461747573222C22737562223A22227D2C22636F6E74656E74223A7B2254696D655374616D70223A31312C224672616D65436F756E746572223A3238303837362C2247445F58223A2D302E3031313330303735303037363737303738322C2247445F59223A302E3030353236383036353732343532313837352C2247445F5A223A302E303031393037393035333330383831343736342C2241445F58223A2D302E3030343736383933373832363135363631362C2241445F59223A332E373832393034323431323334303634452D342C2241445F5A223A2D302E31373433393834323232343132313039342C2254656D70447370223A302C22537461747573223A302C2243616C69625374617465223A312C22536967416D70496E76616C6964223A307D7D, 138 
05-27 19:07:57.252   536   536 D commservice260303: Push Message into SendPool fn=1837892608
05-27 19:07:57.252   536   536 D commservice260303: ComProtocolLibSend2Cluster::send2ClusterRaw fn=1837892608 , len=332
05-27 19:07:57.252   536   536 D commservice260303: sendCmdToPort :332!!!
