05-27 19:07:56.059 30773 30785 I dvr_service_: [EncoderHandler::runMediaThread] runMediaThread started:1,state:1, cam2:started:1,state:1, lastSwitch:1, mIsMuxerStart:1,format:0,is_str_ing:0
05-27 19:07:56.065   581   581 I SpiService: fgesysctrl_getGPIO_status success val=1
05-27 19:07:56.065 30773 30786 I dvr_service_: CameraX 1  audioOK: 44736000,audios:700
05-27 19:07:56.070   581   581 I SpiService: fgesysctrl_getGPIO_status success val=1
05-27 19:07:56.071 13911 14183 I SentryImuMcuAngleSender: 180.0rollDeg
05-27 19:07:56.071 13911 14183 I SentryImuMcuAngleSender: 1,0,0
05-27 19:07:56.075   536   536 D commservice260303: msg.id = 1028,0
05-27 19:07:56.075   581   581 I SpiService: fgesysctrl_getGPIO_status success val=1
05-27 19:07:56.075   536   536 D commservice260303: i = 170, msgid = 8A000404
05-27 19:07:56.075   536   536 D commservice260303: msgid = -1979710460,did=138
05-27 19:07:56.075   536   536 D commservice260303: CommProtocolLibCmdBaseI2C::dataproc {"command":{"id":"imu_status","sub":""},"content":{"TimeStamp":11,"FrameCounter":280847,"GD_X":-0.01091896090656519,"GD_Y":0.004580949433147907,"GD_Z":0.002213752595707774,"AD_X":-0.004376605153083801,"AD_Y":-0.0021946383640170097,"AD_Z":-0.17134380340576172,"TempDsp":0,"Status":0,"CalibState":1,"SigAmpInvalid":0}},-1979710460
05-27 19:07:56.075   536   536 D commservice260303: send2Cluster len:316, 7B22636F6D6D616E64223A7B226964223A22696D755F737461747573222C22737562223A22227D2C22636F6E74656E74223A7B2254696D655374616D70223A31312C224672616D65436F756E746572223A3238303834372C2247445F58223A2D302E30313039313839363039303635363531392C2247445F59223A302E3030343538303934393433333134373930372C2247445F5A223A302E3030323231333735323539353730373737342C2241445F58223A2D302E3030343337363630353135333038333830312C2241445F59223A2D302E303032313934363338333634303137303039372C2241445F5A223A2D302E31373133343338303334303537363137322C2254656D70447370223A302C22537461747573223A302C2243616C69625374617465223A312C22536967416D70496E76616C6964223A307D7D, 138 
05-27 19:07:56.075   536   536 D commservice260303: Push Message into SendPool fn=1351353344
05-27 19:07:56.075   536   536 D commservice260303: ComProtocolLibSend2Cluster::send2ClusterRaw fn=1351353344 , len=332
05-27 19:07:56.076   536   536 D commservice260303: sendCmdToPort :332!!!
05-27 19:07:56.076   536   536 D commservice260303: send Cmd To Port ++++5AA501488A0100048C506A16D08C7B22636F6D6D616E64223A7B226964223A22696D755F737461747573222C22737562223A22227D2C22636F6E74656E74223A7B2254696D655374616D70223A31312C224672616D65436F756E746572223A3238303834372C2247445F58223A2D302E30313039313839363039303635363531392C2247445F59223A302E3030343538303934393433333134373930372C2247445F5A223A302E3030323231333735323539353730373737342C2241445F58223A2D302E3030343337363630353135333038333830312C2241445F59223A2D302E303032313934363338333634303137303039372C2241445F5A223A2D302E31373133343338303334303537363137322C2254656D70447370223A302C22537461747573223A302C2243616C69625374617465223A312C22536967416D70496E76616C6964223A307D7DD58F
05-27 19:07:56.076   536   536 D commservice260303: bufferevent_write retrun value = 0
05-27 19:07:56.076   536   560 D commservice260303: client datas send succeed,send finish
05-27 19:07:56.076 13911 14192 D Sentinelmode_1.2.5.17_sentry: <SentryImuClusterFgeSender>imu_status sent to Linux, frame=280847, tsNs=11943318, tsMs=11, intervalMs=41, ad=(-0.004376605,-0.0021946384,-0.1713438), gd=(-0.010918961,0.0045809494,0.0022137526)
05-27 19:07:56.080   581   581 I SpiService: fgesysctrl_getGPIO_status success val=1
05-27 19:07:56.084   283   307 I rvcservice: t.code = 3, t.value = 0
05-27 19:07:56.086   581   581 I SpiService: fgesysctrl_getGPIO_status success val=1
05-27 19:07:56.091   581   581 I SpiService: fgesysctrl_getGPIO_status success val=0
05-27 19:07:56.092 13911 14183 I SentryImuMcuAngleSender: -179.993rollDeg
05-27 19:07:56.092 13911 14183 I SentryImuMcuAngleSender: 1,0,0
05-27 19:07:56.097 15286 20914 D okhttp.TaskRunner: Q10021 starting              : OkHttp WebSocket https://mmapll.map.qq.com/... ping
05-27 19:07:56.098 15286 20914 D okhttp.TaskRunner: Q10021 run again after  60 s : OkHttp WebSocket https://mmapll.map.qq.com/... ping
05-27 19:07:56.098 15286 20914 D okhttp.TaskRunner: Q10021 finished run in 669 µs: OkHttp WebSocket https://mmapll.map.qq.com/... ping
05-27 19:07:56.105   581   581 I SpiService: fgesysctrl_getGPIO_status success val=1
05-27 19:07:56.110   581   581 I SpiService: fgesysctrl_getGPIO_status success val=1
05-27 19:07:56.113 13911 14183 I SentryImuMcuAngleSender: 180.0rollDeg
05-27 19:07:56.113 13911 14183 I SentryImuMcuAngleSender: 1,0,0
05-27 19:07:56.115   536   536 D commservice260303: msg.id = 1028,0
05-27 19:07:56.115   536   536 D commservice260303: i = 170, msgid = 8A000404
05-27 19:07:56.115   536   536 D commservice260303: msgid = -1979710460,did=138
05-27 19:07:56.115   536   536 D commservice260303: CommProtocolLibCmdBaseI2C::dataproc {"command":{"id":"imu_status","sub":""},"content":{"TimeStamp":11,"FrameCounter":280848,"GD_X":-0.010690094903111458,"GD_Y":0.0056498548947274685,"GD_Z":0.0016030981205403805,"AD_X":-0.005579277873039246,"AD_Y":-0.0021765930578112602,"AD_Z":-0.1737833023071289,"TempDsp":0,"Status":0,"CalibState":1,"SigAmpInvalid":0}},-1979710460
05-27 19:07:56.115   581   581 I SpiService: fgesysctrl_getGPIO_status success val=1
05-27 19:07:56.116   536   536 D commservice260303: send2Cluster len:318, 7B22636F6D6D616E64223A7B226964223A22696D755F737461747573222C22737562223A22227D2C22636F6E74656E74223A7B2254696D655374616D70223A31312C224672616D65436F756E746572223A3238303834382C2247445F58223A2D302E3031303639303039343930333131313435382C2247445F59223A302E303035363439383534383934373237343638352C2247445F5A223A302E303031363033303938313230353430333830352C2241445F58223A2D302E3030353537393237373837333033393234362C2241445F59223A2D302E303032313736353933303537383131323630322C2241445F5A223A2D302E313733373833333032333037313238392C2254656D70447370223A302C22537461747573223A302C2243616C69625374617465223A312C22536967416D70496E76616C6964223A307D7D, 138 
05-27 19:07:56.116   536   536 D commservice260303: Push Message into SendPool fn=1368130560
05-27 19:07:56.116   536   536 D commservice260303: ComProtocolLibSend2Cluster::send2ClusterRaw fn=1368130560 , len=334
05-27 19:07:56.116   536   536 D commservice260303: sendCmdToPort :334!!!
05-27 19:07:56.116   536   536 D commservice260303: send Cmd To Port ++++5AA5014A8A0100048C516A16D08C7B22636F6D6D616E64223A7B226964223A22696D755F737461747573222C22737562223A22227D2C22636F6E74656E74223A7B2254696D655374616D70223A31312C224672616D65436F756E746572223A3238303834382C2247445F58223A2D302E3031303639303039343930333131313435382C2247445F59223A302E303035363439383534383934373237343638352C2247445F5A223A302E303031363033303938313230353430333830352C2241445F58223A2D302E3030353537393237373837333033393234362C2241445F59223A2D302E303032313736353933303537383131323630322C2241445F5A223A2D302E313733373833333032333037313238392C2254656D70447370223A302C22537461747573223A302C2243616C69625374617465223A312C22536967416D70496E76616C6964223A307D7D94FB
05-27 19:07:56.116   536   536 D commservice260303: bufferevent_write retrun value = 0
05-27 19:07:56.116   536   560 D commservice260303: client datas send succeed,send finish
05-27 19:07:56.116 13911 14192 D Sentinelmode_1.2.5.17_sentry: <SentryImuClusterFgeSender>imu_status sent to Linux, frame=280848, tsNs=11943353, tsMs=11, intervalMs=40, ad=(-0.005579278,-0.002176593,-0.1737833), gd=(-0.010690095,0.005649855,0.0016030981)
05-27 19:07:56.117 10188 11505 E SSense.fps: We could not find the file :/sys/class/display/dispc0/frame_count
05-27 19:07:56.121   581   581 I SpiService: fgesysctrl_getGPIO_status success val=1
05-27 19:07:56.126   581   581 I SpiService: fgesysctrl_getGPIO_status success val=1
05-27 19:07:56.132   581   581 I SpiService: fgesysctrl_getGPIO_status success val=0
05-27 19:07:56.133 13911 14183 I SentryImuMcuAngleSender: 179.98248rollDeg
05-27 19:07:56.133 13911 14183 I SentryImuMcuAngleSender: 1,0,0
05-27 19:07:56.138   572   572 I Sensors : 230 AccelSensor: x:-0.175680,y:0.004880,z:-9.978990
05-27 19:07:56.145   581   581 I SpiService: fgesysctrl_getGPIO_status success val=1
05-27 19:07:56.151   581   581 I SpiService: fgesysctrl_getGPIO_status success val=1
05-27 19:07:56.154 13911 14183 I SentryImuMcuAngleSender: 179.97198rollDeg
05-27 19:07:56.154 13911 14183 I SentryImuMcuAngleSender: 1,0,0
05-27 19:07:56.156   581   581 I SpiService: fgesysctrl_getGPIO_status success val=1
05-27 19:07:56.158   536   536 D commservice260303: msg.id = 1028,0
05-27 19:07:56.158   536   536 D commservice260303: i = 170, msgid = 8A000404
05-27 19:07:56.158   536   536 D commservice260303: msgid = -1979710460,did=138
05-27 19:07:56.158   536   536 D commservice260303: CommProtocolLibCmdBaseI2C::dataproc {"command":{"id":"imu_status","sub":""},"content":{"TimeStamp":11,"FrameCounter":280849,"GD_X":-0.011223767884075642,"GD_Y":0.00519212381914258,"GD_Z":0.0022902146447449923,"AD_X":-0.007385745644569397,"AD_Y":0.002691879402846098,"AD_Z":-0.1737833023071289,"TempDsp":0,"Status":0,"CalibState":1,"SigAmpInvalid":0}},-1979710460
05-27 19:07:56.158   536   536 D commservice260303: send2Cluster len:314, 7B22636F6D6D616E64223A7B226964223A22696D755F737461747573222C22737562223A22227D2C22636F6E74656E74223A7B2254696D655374616D70223A31312C224672616D65436F756E746572223A3238303834392C2247445F58223A2D302E3031313232333736373838343037353634322C2247445F59223A302E30303531393231323338313931343235382C2247445F5A223A302E303032323930323134363434373434393932332C2241445F58223A2D302E3030373338353734353634343536393339372C2241445F59223A302E3030323639313837393430323834363039382C2241445F5A223A2D302E313733373833333032333037313238392C2254656D70447370223A302C22537461747573223A302C2243616C69625374617465223A312C22536967416D70496E76616C6964223A307D7D, 138 
05-27 19:07:56.158   536   536 D commservice260303: Push Message into SendPool fn=1384907776
05-27 19:07:56.159   536   536 D commservice260303: ComProtocolLibSend2Cluster::send2ClusterRaw fn=1384907776 , len=330
05-27 19:07:56.159   536   536 D commservice260303: sendCmdToPort :330!!!
05-27 19:07:56.160   536   536 D commservice260303: send Cmd To Port ++++5AA501468A0100048C526A16D08C7B22636F6D6D616E64223A7B226964223A22696D755F737461747573222C22737562223A22227D2C22636F6E74656E74223A7B2254696D655374616D70223A31312C224672616D65436F756E746572223A3238303834392C2247445F58223A2D302E3031313232333736373838343037353634322C2247445F59223A302E30303531393231323338313931343235382C2247445F5A223A302E303032323930323134363434373434393932332C2241445F58223A2D302E3030373338353734353634343536393339372C2241445F59223A302E3030323639313837393430323834363039382C2241445F5A223A2D302E313733373833333032333037313238392C2254656D70447370223A302C22537461747573223A302C2243616C69625374617465223A312C22536967416D70496E76616C6964223A307D7D20AD
05-27 19:07:56.161   536   536 D commservice260303: bufferevent_write retrun value = 0
05-27 19:07:56.161   536   560 D commservice260303: client datas send succeed,send finish
05-27 19:07:56.161 13911 14192 D Sentinelmode_1.2.5.17_sentry: <SentryImuClusterFgeSender>imu_status sent to Linux, frame=280849, tsNs=11943389, tsMs=11, intervalMs=45, ad=(-0.0073857456,0.0026918794,-0.1737833), gd=(-0.011223768,0.005192124,0.0022902146)
05-27 19:07:56.161   581   581 I SpiService: fgesysctrl_getGPIO_status success val=1
05-27 19:07:56.166   581   581 I SpiService: fgesysctrl_getGPIO_status success val=1
05-27 19:07:56.172   581   581 I SpiService: fgesysctrl_getGPIO_status success val=0
05-27 19:07:56.175 13911 14183 I SentryImuMcuAngleSender: 179.986rollDeg
05-27 19:07:56.175 13911 14183 I SentryImuMcuAngleSender: 1,0,0
05-27 19:07:56.185   283   307 I rvcservice: t.code = 0, t.value = 0
05-27 19:07:56.186   581   581 I SpiService: fgesysctrl_getGPIO_status success val=1
05-27 19:07:56.191   581   581 I SpiService: fgesysctrl_getGPIO_status success val=1
05-27 19:07:56.196 13911 14183 I SentryImuMcuAngleSender: 179.986rollDeg
05-27 19:07:56.196   581   581 I SpiService: fgesysctrl_getGPIO_status success val=1
05-27 19:07:56.196 13911 14183 I SentryImuMcuAngleSender: 1,0,0
05-27 19:07:56.197   536   536 D commservice260303: msg.id = 1028,0
05-27 19:07:56.197   536   536 D commservice260303: i = 170, msgid = 8A000404
05-27 19:07:56.197   536   536 D commservice260303: msgid = -1979710460,did=138
05-27 19:07:56.197   536   536 D commservice260303: CommProtocolLibCmdBaseI2C::dataproc {"command":{"id":"imu_status","sub":""},"content":{"TimeStamp":11,"FrameCounter":280850,"GD_X":-0.011453153565526009,"GD_Y":0.004505007527768612,"GD_Z":0.0019079053308814764,"AD_X":-0.003698095679283142,"AD_Y":2.423664554953575E-4,"AD_Z":-0.1743936538696289,"TempDsp":0,"Status":0,"CalibState":1,"SigAmpInvalid":0}},-1979710460
05-27 19:07:56.197   536   536 D commservice260303: send2Cluster len:315, 7B22636F6D6D616E64223A7B226964223A22696D755F737461747573222C22737562223A22227D2C22636F6E74656E74223A7B2254696D655374616D70223A31312C224672616D65436F756E746572223A3238303835302C2247445F58223A2D302E3031313435333135333536353532363030392C2247445F59223A302E3030343530353030373532373736383631322C2247445F5A223A302E303031393037393035333330383831343736342C2241445F58223A2D302E3030333639383039353637393238333134322C2241445F59223A322E343233363634353534393533353735452D342C2241445F5A223A2D302E313734333933363533383639363238392C2254656D70447370223A302C22537461747573223A302C2243616C69625374617465223A312C22536967416D70496E76616C6964223A307D7D, 138 
05-27 19:07:56.197   536   536 D commservice260303: Push Message into SendPool fn=1401684992
05-27 19:07:56.197   536   536 D commservice260303: ComProtocolLibSend2Cluster::send2ClusterRaw fn=1401684992 , len=331
05-27 19:07:56.197   536   536 D commservice260303: sendCmdToPort :331!!!
05-27 19:07:56.197   536   536 D commservice260303: send Cmd To Port ++++5AA501478A0100048C536A16D08C7B22636F6D6D616E64223A7B226964223A22696D755F737461747573222C22737562223A22227D2C22636F6E74656E74223A7B2254696D655374616D70223A31312C224672616D65436F756E746572223A3238303835302C2247445F58223A2D302E3031313435333135333536353532363030392C2247445F59223A302E3030343530353030373532373736383631322C2247445F5A223A302E303031393037393035333330383831343736342C2241445F58223A2D302E3030333639383039353637393238333134322C2241445F59223A322E343233363634353534393533353735452D342C2241445F5A223A2D302E313734333933363533383639363238392C2254656D70447370223A302C22537461747573223A302C2243616C69625374617465223A312C22536967416D70496E76616C6964223A307D7DDE6F
05-27 19:07:56.197   536   536 D commservice260303: bufferevent_write retrun value = 0
05-27 19:07:56.197   536   560 D commservice260303: client datas send succeed,send finish
05-27 19:07:56.197 13911 14192 D Sentinelmode_1.2.5.17_sentry: <SentryImuClusterFgeSender>imu_status sent to Linux, frame=280850, tsNs=11943442, tsMs=11, intervalMs=36, ad=(-0.0036980957,2.4236646E-4,-0.17439365), gd=(-0.011453154,0.0045050075,0.0019079053)
05-27 19:07:56.201   581   581 I SpiService: fgesysctrl_getGPIO_status success val=1
05-27 19:07:56.207   581   581 I SpiService: fgesysctrl_getGPIO_status success val=1
05-27 19:07:56.212   581   581 I SpiService: fgesysctrl_getGPIO_status success val=0
05-27 19:07:56.212   481   597 I mcuc    : send SPI:6AA60083CB00020601A9
05-27 19:07:56.216 13911 14183 I SentryImuMcuAngleSender: 179.993rollDeg
05-27 19:07:56.216 13911 14183 I SentryImuMcuAngleSender: 1,0,0
05-27 19:07:56.226   581   581 I SpiService: fgesysctrl_getGPIO_status success val=1
05-27 19:07:56.227   572   622 I Sensors : 230 GyroSensor: x:-0.011453,y:0.004810,z:0.002138
05-27 19:07:56.231   581   581 I SpiService: fgesysctrl_getGPIO_status success val=1
05-27 19:07:56.237   581   581 I SpiService: fgesysctrl_getGPIO_status success val=1
05-27 19:07:56.237 13911 14183 I SentryImuMcuAngleSender: 179.993rollDeg
05-27 19:07:56.237 13911 14183 I SentryImuMcuAngleSender: 1,0,0
05-27 19:07:56.237   536   536 D commservice260303: msg.id = 1028,0
05-27 19:07:56.237   536   536 D commservice260303: i = 170, msgid = 8A000404
05-27 19:07:56.237   536   536 D commservice260303: msgid = -1979710460,did=138
05-27 19:07:56.237   536   536 D commservice260303: CommProtocolLibCmdBaseI2C::dataproc {"command":{"id":"imu_status","sub":""},"content":{"TimeStamp":11,"FrameCounter":280851,"GD_X":-0.011453153565526009,"GD_Y":0.004809814505279064,"GD_Z":0.0021378109231591225,"AD_X":-0.004302754998207092,"AD_Y":-9.704760741442442E-4,"AD_Z":-0.17134380340576172,"TempDsp":0,"Status":0,"CalibState":1,"SigAmpInvalid":0}},-1979710460
05-27 19:07:56.238   536   536 D commservice260303: send2Cluster len:317, 7B22636F6D6D616E64223A7B226964223A22696D755F737461747573222C22737562223A22227D2C22636F6E74656E74223A7B2254696D655374616D70223A31312C224672616D65436F756E746572223A3238303835312C2247445F58223A2D302E3031313435333135333536353532363030392C2247445F59223A302E3030343830393831343530353237393036342C2247445F5A223A302E303032313337383130393233313539313232352C2241445F58223A2D302E3030343330323735343939383230373039322C2241445F59223A2D392E373034373630373431343432343432452D342C2241445F5A223A2D302E31373133343338303334303537363137322C2254656D70447370223A302C22537461747573223A302C2243616C69625374617465223A312C22536967416D70496E76616C6964223A307D7D, 138 
05-27 19:07:56.238   536   536 D commservice260303: Push Message into SendPool fn=1418462208
05-27 19:07:56.238   536   536 D commservice260303: ComProtocolLibSend2Cluster::send2ClusterRaw fn=1418462208 , len=333
05-27 19:07:56.238   536   536 D commservice260303: sendCmdToPort :333!!!
05-27 19:07:56.238   536   536 D commservice260303: send Cmd To Port ++++5AA501498A0100048C546A16D08C7B22636F6D6D616E64223A7B226964223A22696D755F737461747573222C22737562223A22227D2C22636F6E74656E74223A7B2254696D655374616D70223A31312C224672616D65436F756E746572223A3238303835312C2247445F58223A2D302E3031313435333135333536353532363030392C2247445F59223A302E3030343830393831343530353237393036342C2247445F5A223A302E303032313337383130393233313539313232352C2241445F58223A2D302E3030343330323735343939383230373039322C2241445F59223A2D392E373034373630373431343432343432452D342C2241445F5A223A2D302E31373133343338303334303537363137322C2254656D70447370223A302C22537461747573223A302C2243616C69625374617465223A312C22536967416D70496E76616C6964223A307D7DDA3A
05-27 19:07:56.238   536   536 D commservice260303: bufferevent_write retrun value = 0
05-27 19:07:56.238   536   560 D commservice260303: client datas send succeed,send finish
05-27 19:07:56.238 13911 14192 D Sentinelmode_1.2.5.17_sentry: <SentryImuClusterFgeSender>imu_status sent to Linux, frame=280851, tsNs=11943478, tsMs=11, intervalMs=41, ad=(-0.004302755,-9.704761E-4,-0.1713438), gd=(-0.011453154,0.0048098145,0.002137811)
05-27 19:07:56.242   581   581 I SpiService: fgesysctrl_getGPIO_status success val=1
05-27 19:07:56.245 29114 29142 D ANWStack: Realtek Bluetooth :01 01 10 00
05-27 19:07:56.241 29114 29114 I auditd  : type=1400 audit(0.0:79212): avc: denied { ioctl } for comm="BTInit_Task" path="/dev/ttyS3" dev="tmpfs" ino=3005 ioctlcmd=0x540b scontext=u:r:system_app:s0 tcontext=u:object_r:serial_device:s0 tclass=chr_file permissive=1
05-27 19:07:56.241 29114 29114 I BTInit_Task: type=1400 audit(0.0:79212): avc: denied { ioctl } for path="/dev/ttyS3" dev="tmpfs" ino=3005 ioctlcmd=0x540b scontext=u:r:system_app:s0 tcontext=u:object_r:serial_device:s0 tclass=chr_file permissive=1
05-27 19:07:56.247   581   581 I SpiService: fgesysctrl_getGPIO_status success val=1
05-27 19:07:56.253   581   581 I SpiService: fgesysctrl_getGPIO_status success val=1
05-27 19:07:56.258 13911 14183 I SentryImuMcuAngleSender: 179.986rollDeg
05-27 19:07:56.258 13911 14183 I SentryImuMcuAngleSender: 1,0,0
05-27 19:07:56.258   581   581 I SpiService: fgesysctrl_getGPIO_status success val=0
05-27 19:07:56.266 10188  6599 D NetworkPolicy: Blocked state of 10080: {blocked=NONE,allowed=FOREGROUND|TOP|METERED_FOREGROUND,effective=NONE}
05-27 19:07:56.272   581   581 I SpiService: fgesysctrl_getGPIO_status success val=1
05-27 19:07:56.275 15863 15914 W AIN-DaemonApplication: dds kernel success.
05-27 19:07:56.277   581   581 I SpiService: fgesysctrl_getGPIO_status success val=1
05-27 19:07:56.279 13911 14183 I SentryImuMcuAngleSender: 179.993rollDeg
05-27 19:07:56.279 13911 14183 I SentryImuMcuAngleSender: 1,0,0
05-27 19:07:56.279   536   536 D commservice260303: msg.id = 1028,0
05-27 19:07:56.279   536   536 D commservice260303: i = 170, msgid = 8A000404
05-27 19:07:56.279   536   536 D commservice260303: msgid = -1979710460,did=138
05-27 19:07:56.279   536   536 D commservice260303: CommProtocolLibCmdBaseI2C::dataproc {"command":{"id":"imu_status","sub":""},"content":{"TimeStamp":11,"FrameCounter":280852,"GD_X":-0.010841978713870049,"GD_Y":0.00519212381914258,"GD_Z":0.002213752595707774,"AD_X":-4.5046210289001465E-5,"AD_Y":-9.679391514509916E-4,"AD_Z":-0.1731739044189453,"TempDsp":0,"Status":0,"CalibState":1,"SigAmpInvalid":0}},-1979710460
05-27 19:07:56.280   536   536 D commservice260303: send2Cluster len:315, 7B22636F6D6D616E64223A7B226964223A22696D755F737461747573222C22737562223A22227D2C22636F6E74656E74223A7B2254696D655374616D70223A31312C224672616D65436F756E746572223A3238303835322C2247445F58223A2D302E3031303834313937383731333837303034392C2247445F59223A302E30303531393231323338313931343235382C2247445F5A223A302E3030323231333735323539353730373737342C2241445F58223A2D342E35303436323130323839303031343635452D352C2241445F59223A2D392E363739333931353134353039393136452D342C2241445F5A223A2D302E313733313733393034343138393435332C2254656D70447370223A302C22537461747573223A302C2243616C69625374617465223A312C22536967416D70496E76616C6964223A307D7D, 138 
05-27 19:07:56.280   536   536 D commservice260303: Push Message into SendPool fn=1435239424
05-27 19:07:56.280   536   536 D commservice260303: ComProtocolLibSend2Cluster::send2ClusterRaw fn=1435239424 , len=331
05-27 19:07:56.280   536   536 D commservice260303: sendCmdToPort :331!!!
05-27 19:07:56.280   536   536 D commservice260303: send Cmd To Port ++++5AA501478A0100048C556A16D08C7B22636F6D6D616E64223A7B226964223A22696D755F737461747573222C22737562223A22227D2C22636F6E74656E74223A7B2254696D655374616D70223A31312C224672616D65436F756E746572223A3238303835322C2247445F58223A2D302E3031303834313937383731333837303034392C2247445F59223A302E30303531393231323338313931343235382C2247445F5A223A302E3030323231333735323539353730373737342C2241445F58223A2D342E35303436323130323839303031343635452D352C2241445F59223A2D392E363739333931353134353039393136452D342C2241445F5A223A2D302E313733313733393034343138393435332C2254656D70447370223A302C22537461747573223A302C2243616C69625374617465223A312C22536967416D70496E76616C6964223A307D7D01BE
05-27 19:07:56.280   536   536 D commservice260303: bufferevent_write retrun value = 0
05-27 19:07:56.280   536   560 D commservice260303: client datas send succeed,send finish
05-27 19:07:56.280 13911 14192 D Sentinelmode_1.2.5.17_sentry: <SentryImuClusterFgeSender>imu_status sent to Linux, frame=280852, tsNs=11943513, tsMs=11, intervalMs=42, ad=(-4.504621E-5,-9.6793915E-4,-0.1731739), gd=(-0.010841979,0.005192124,0.0022137526)
05-27 19:07:56.282   581   581 I SpiService: fgesysctrl_getGPIO_status success val=1
05-27 08:59:05.247   581   581 D spidev_ioctl: gpio status=1)
05-27 19:07:56.285   283   307 I rvcservice: t.code = 3, t.value = 0
05-27 19:07:56.288   581   581 I SpiService: fgesysctrl_getGPIO_status success val=1
05-27 19:07:56.293   581   581 I SpiService: fgesysctrl_getGPIO_status success val=1
05-27 19:07:56.298   581   581 I SpiService: fgesysctrl_getGPIO_status success val=0
05-27 19:07:56.299 13911 14183 I SentryImuMcuAngleSender: -179.986rollDeg
05-27 19:07:56.300 13911 14183 I SentryImuMcuAngleSender: 1,0,0
05-27 19:07:56.312   581   581 I SpiService: fgesysctrl_getGPIO_status success val=1
05-27 19:07:56.317   581   581 I SpiService: fgesysctrl_getGPIO_status success val=1
05-27 19:07:56.318   536   536 D commservice260303: msg.id = 1028,0
05-27 19:07:56.318   536   536 D commservice260303: i = 170, msgid = 8A000404
05-27 19:07:56.318   536   536 D commservice260303: msgid = -1979710460,did=138
05-27 19:07:56.318   536   536 D commservice260303: CommProtocolLibCmdBaseI2C::dataproc {"command":{"id":"imu_status","sub":""},"content":{"TimeStamp":11,"FrameCounter":280853,"GD_X":-0.011759000830352306,"GD_Y":0.0056498548947274685,"GD_Z":0.002213752595707774,"AD_X":-0.009166941046714783,"AD_Y":-0.004587708041071892,"AD_Z":-0.1743936538696289,"TempDsp":0,"Status":0,"CalibState":1,"SigAmpInvalid":0}},-1979710460
05-27 19:07:56.318   536   536 D commservice260303: send2Cluster len:316, 7B22636F6D6D616E64223A7B226964223A22696D755F737461747573222C22737562223A22227D2C22636F6E74656E74223A7B2254696D655374616D70223A31312C224672616D65436F756E746572223A3238303835332C2247445F58223A2D302E3031313735393030303833303335323330362C2247445F59223A302E303035363439383534383934373237343638352C2247445F5A223A302E3030323231333735323539353730373737342C2241445F58223A2D302E3030393136363934313034363731343738332C2241445F59223A2D302E3030343538373730383034313037313839322C2241445F5A223A2D302E313734333933363533383639363238392C2254656D70447370223A302C22537461747573223A302C2243616C69625374617465223A312C22536967416D70496E76616C6964223A307D7D, 138 
05-27 19:07:56.318   536   536 D commservice260303: Push Message into SendPool fn=1452016640
05-27 19:07:56.318   536   536 D commservice260303: ComProtocolLibSend2Cluster::send2ClusterRaw fn=1452016640 , len=332
05-27 19:07:56.318   536   536 D commservice260303: sendCmdToPort :332!!!
05-27 19:07:56.318   536   536 D commservice260303: send Cmd To Port ++++5AA501488A0100048C566A16D08C7B22636F6D6D616E64223A7B226964223A22696D755F737461747573222C22737562223A22227D2C22636F6E74656E74223A7B2254696D655374616D70223A31312C224672616D65436F756E746572223A3238303835332C2247445F58223A2D302E3031313735393030303833303335323330362C2247445F59223A302E303035363439383534383934373237343638352C2247445F5A223A302E3030323231333735323539353730373737342C2241445F58223A2D302E3030393136363934313034363731343738332C2241445F59223A2D302E3030343538373730383034313037313839322C2241445F5A223A2D302E313734333933363533383639363238392C2254656D70447370223A302C22537461747573223A302C2243616C69625374617465223A312C22536967416D70496E76616C6964223A307D7D5493
05-27 19:07:56.318   536   536 D commservice260303: bufferevent_write retrun value = 0
05-27 19:07:56.319   536   560 D commservice260303: client datas send succeed,send finish
05-27 19:07:56.319 13911 14192 D Sentinelmode_1.2.5.17_sentry: <SentryImuClusterFgeSender>imu_status sent to Linux, frame=280853, tsNs=11943567, tsMs=11, intervalMs=38, ad=(-0.009166941,-0.004587708,-0.17439365), gd=(-0.011759001,0.005649855,0.0022137526)
05-27 19:07:56.321 13911 14183 I SentryImuMcuAngleSender: -179.986rollDeg
05-27 19:07:56.321 13911 14183 I SentryImuMcuAngleSender: 1,0,0
05-27 19:07:56.323   581   581 I SpiService: fgesysctrl_getGPIO_status success val=1
05-27 19:07:56.328   581   581 I SpiService: fgesysctrl_getGPIO_status success val=1
05-27 19:07:56.333   581   581 I SpiService: fgesysctrl_getGPIO_status success val=0
05-27 19:07:56.334   572   622 I Sensors : 230 AccelSensor: x:-0.178730,y:-0.000610,z:-9.978380
05-27 19:07:56.338 10188  7849 I ActivityManager: Death received in com.android.server.am.ActivityManagerService$AppDeathRecipient@a4bf25d for thread android.os.BinderProxy@71cb7d2, proc:ProcessRecord{500ea70 29114:com.anwsdk.service:remote/1000}
05-27 19:07:56.338 13435 13435 D BtManager: onServiceDisconnected
05-27 19:07:56.338 10188  7849 I ActivityManager: Process com.anwsdk.service:remote (pid 29114) has died: cch CACC
05-27 19:07:56.338 10188  7849 I am_proc_died: [0,29114,com.anwsdk.service:remote,900,17]
05-27 19:07:56.339 10188  7849 I ActivityManager: app ProcessRecord{500ea70 29114:com.anwsdk.service:remote/1000} mThread:android.app.IApplicationThread$Stub$Proxy@5a870a3 mDeathRecipient:com.android.server.am.ActivityManagerService$AppDeathRecipient@a4bf25d has been unlinked.
05-27 19:07:56.339 10188 10678 I libprocessgroup: Successfully killed process cgroup uid 1000 pid 29114 in 0ms
05-27 19:07:56.339 10188  7849 W ActivityManager: Scheduling restart of crashed service com.anwsdk.service/.anwbtservice in 0ms for persistent
05-27 19:07:56.339 10188  7849 I am_schedule_service_restart: [0,com.anwsdk.service/.anwbtservice,0]
05-27 19:07:56.339 10188  7849 I ActivityManager: note: ProcessRecord{500ea70 29114:com.anwsdk.service:remote/1000} died, saving the exit info
05-27 19:07:56.339 10188 10680 I ActivityManager: Update process exit info for com.anwsdk.service(29114/u1000)
05-27 19:07:56.339 10188  7849 D ActivityTaskManager: put all activities to cleanup list, wpc=ProcessRecord{500ea70 0:com.anwsdk.service:remote/1000} mHasActivities=false activeActivitySize=0
05-27 19:07:56.340 10041 10041 I Zygote  : Process 29114 exited cleanly (1)
05-27 19:07:56.341 10188 10188 D JobScheduler.Quota: Processing event 31 for <0>com.anwsdk.service
05-27 19:07:56.342 13911 14183 I SentryImuMcuAngleSender: -179.99649rollDeg
05-27 19:07:56.342 13911 14183 I SentryImuMcuAngleSender: 1,0,0
05-27 19:07:56.346 10188 10660 I ActivityManager: com.anwsdk.service is exempt from freezer
05-27 19:07:56.347   581   581 I SpiService: fgesysctrl_getGPIO_status success val=1
05-27 19:07:56.348 10188 10660 D CompatibilityChangeReporter: Compat change id reported: 135634846; UID 1000; state: DISABLED
05-27 19:07:56.348 10188 10660 D CompatibilityChangeReporter: Compat change id reported: 177438394; UID 1000; state: DISABLED
05-27 19:07:56.348 10188 10678 I ActivityManager: Got SIGCHLD from zygote: pid=29114, uid=1000, status=100
05-27 19:07:56.349 10188 10660 D CompatibilityChangeReporter: Compat change id reported: 135772972; UID 1000; state: DISABLED
05-27 19:07:56.349 10188 10680 I ActivityManager: zygote: proc died: pid=29114 uid=1000, status=256
05-27 19:07:56.349 10188 10660 D CompatibilityChangeReporter: Compat change id reported: 135754954; UID 1000; state: ENABLED
05-27 19:07:56.350 10188 10660 D ActivityManager: ProcessRecord{c1bcfa0 0:com.anwsdk.service:remote/1000} setPendingStart=true callers=com.android.server.am.ProcessList.startProcessLocked:1922 com.android.server.am.UnisocProcessList.startProcessLocked:320 com.android.server.am.ProcessList.startProcessLocked:2391 com.android.server.am.ProcessList.startProcessLocked:2534 com.android.server.am.ActivityManagerService.startProcessLocked:2890 com.android.server.am.ActiveServices.bringUpServiceLocked:4326 com.android.server.am.ActiveServices.performServiceRestartLocked:4104 com.android.server.am.ActiveServices$ServiceRestarter.run:3320 android.os.Handler.handleCallback:942 android.os.Handler.dispatchMessage:99 
05-27 19:07:56.350 10188 10660 I ActivityManager: Posting procStart msg for 0:com.anwsdk.service:remote/1000
05-27 19:07:56.350 10188 10661 D ActivityManager: asking zygote to start proc:ProcessRecord{c1bcfa0 0:com.anwsdk.service:remote/1000}
05-27 19:07:56.350 10188 10680 E UnisocStabilityCollection: getKill:true,cur=1,killType=3 ,name=proc_died:1000, reason=proc_died
05-27 19:07:56.350 10188 10680 E UnisocStabilityCollection: getKill sum:4
05-27 19:07:56.350 10188 10661 D Prefork : startResult is empty and running normal execution.
05-27 19:07:56.352   581   581 I SpiService: fgesysctrl_getGPIO_status success val=1
05-27 19:07:56.358   581   581 I SpiService: fgesysctrl_getGPIO_status success val=1
05-27 19:07:56.359   536   536 D commservice260303: msg.id = 1028,0
05-27 19:07:56.359   536   536 D commservice260303: i = 170, msgid = 8A000404
05-27 19:07:56.359   536   536 D commservice260303: msgid = -1979710460,did=138
05-27 19:07:56.359   536   536 D commservice260303: CommProtocolLibCmdBaseI2C::dataproc {"command":{"id":"imu_status","sub":""},"content":{"TimeStamp":11,"FrameCounter":280854,"GD_X":-0.012139749713242054,"GD_Y":0.005420989356935024,"GD_Z":0.0019079053308814764,"AD_X":-0.009732052683830261,"AD_Y":2.999347634613514E-4,"AD_Z":-0.1731739044189453,"TempDsp":0,"Status":0,"CalibState":1,"SigAmpInvalid":0}},-1979710460
05-27 19:07:56.360   536   536 D commservice260303: send2Cluster len:315, 7B22636F6D6D616E64223A7B226964223A22696D755F737461747573222C22737562223A22227D2C22636F6E74656E74223A7B2254696D655374616D70223A31312C224672616D65436F756E746572223A3238303835342C2247445F58223A2D302E3031323133393734393731333234323035342C2247445F59223A302E3030353432303938393335363933353032342C2247445F5A223A302E303031393037393035333330383831343736342C2241445F58223A2D302E3030393733323035323638333833303236312C2241445F59223A322E393939333437363334363133353134452D342C2241445F5A223A2D302E313733313733393034343138393435332C2254656D70447370223A302C22537461747573223A302C2243616C69625374617465223A312C22536967416D70496E76616C6964223A307D7D, 138 
05-27 19:07:56.360   536   536 D commservice260303: Push Message into SendPool fn=1468793856
05-27 19:07:56.360   536   536 D commservice260303: ComProtocolLibSend2Cluster::send2ClusterRaw fn=1468793856 , len=331
05-27 19:07:56.360   536   536 D commservice260303: sendCmdToPort :331!!!
05-27 19:07:56.360   536   536 D commservice260303: send Cmd To Port ++++5AA501478A0100048C576A16D08C7B22636F6D6D616E64223A7B226964223A22696D755F737461747573222C22737562223A22227D2C22636F6E74656E74223A7B2254696D655374616D70223A31312C224672616D65436F756E746572223A3238303835342C2247445F58223A2D302E3031323133393734393731333234323035342C2247445F59223A302E3030353432303938393335363933353032342C2247445F5A223A302E303031393037393035333330383831343736342C2241445F58223A2D302E3030393733323035323638333833303236312C2241445F59223A322E393939333437363334363133353134452D342C2241445F5A223A2D302E313733313733393034343138393435332C2254656D70447370223A302C22537461747573223A302C2243616C69625374617465223A312C22536967416D70496E76616C6964223A307D7DBA12
05-27 19:07:56.360   536   536 D commservice260303: bufferevent_write retrun value = 0
05-27 19:07:56.360   536   560 D commservice260303: client datas send succeed,send finish
05-27 19:07:56.360 13911 14192 D Sentinelmode_1.2.5.17_sentry: <SentryImuClusterFgeSender>imu_status sent to Linux, frame=280854, tsNs=11943603, tsMs=11, intervalMs=42, ad=(-0.009732053,2.9993476E-4,-0.1731739), gd=(-0.01213975,0.0054209894,0.0019079053)
05-27 19:07:56.363 13911 14183 I SentryImuMcuAngleSender: 179.986rollDeg
05-27 19:07:56.363 13911 14183 I SentryImuMcuAngleSender: 1,0,0
05-27 19:07:56.363 10041 10041 D Zygote  : Forked child process 29185
05-27 19:07:56.363   581   581 I SpiService: fgesysctrl_getGPIO_status success val=1
05-27 19:07:56.365 10188 10661 I am_proc_start: [0,29185,1000,com.anwsdk.service:remote,service,{com.anwsdk.service/com.anwsdk.service.anwbtservice}]
05-27 19:07:56.367 10188 10661 I ActivityManager: Start proc 29185:com.anwsdk.service:remote/1000 for service {com.anwsdk.service/com.anwsdk.service.anwbtservice}
05-27 19:07:56.368 10188 10661 D ActivityManager: ProcessRecord{c1bcfa0 29185:com.anwsdk.service:remote/1000} setPendingStart=false callers=com.android.server.am.ProcessList.handleProcessStartedLocked:2646 com.android.server.am.UnisocProcessList.handleProcessStartedLocked:377 com.android.server.am.ProcessList.handleProcessStartedLocked:2585 com.android.server.am.ProcessList.lambda$handleProcessStart$1$com-android-server-am-ProcessList:1993 com.android.server.am.ProcessList$$ExternalSyntheticLambda1.run:22 com.android.server.am.ProcessList.handleProcessStart:2016 com.android.server.am.ProcessList.lambda$startProcessLocked$0$com-android-server-am-ProcessList:1950 com.android.server.am.ProcessList$$ExternalSyntheticLambda5.run:22 android.os.Handler.handleCallback:942 android.os.Handler.dispatchMessage:99 
05-27 19:07:56.369   581   581 I SpiService: fgesysctrl_getGPIO_status success val=1
05-27 19:07:56.371 28437 28493 D ANWStack: [  11943622][ANWBT] HCI Rx: Extended InquiryResult event, numResults=0x01
05-27 19:07:56.371 29185 29185 I Zygote  : seccomp disabled by setenforce 0
05-27 19:07:56.371 28437 28493 D ANWStack: [  11943622][ANWBT] HCI:   inquiry_result[0]: addr=58:B9:65:7C:37:70, pageScanRepetitionMode=0x01, classOfDevice=0x7A020C, clockOffset=0x17A6, rssi=-55
05-27 19:07:56.371 28437 28493 D ANWStack: 
05-27 19:07:56.371 28437 28493 D ANWAPI  : (28437|0xFF195CB0)[BTAPI] AnwhciEventCallback 47 1
05-27 19:07:56.372 28437 28493 D ANWStack: [  11943622][ANWBT] prh_mgr_release_inquiry_entry will be called
05-27 19:07:56.372 28437 28493 D ANWStack: 
05-27 19:07:56.374   581   581 I SpiService: fgesysctrl_getGPIO_status success val=0
05-27 19:07:56.377 29185 29185 I .service:remote: Late-enabling -Xcheck:jni
05-27 19:07:56.373 29184 29184 I auditd  : type=1400 audit(0.0:79213): avc: denied { syslog_mod } for comm="cat" scontext=u:r:toolbox:s0 tcontext=u:r:kernel:s0 tclass=system permissive=1
05-27 19:07:56.373 29184 29184 I cat     : type=1400 audit(0.0:79213): avc: denied { syslog_mod } for scontext=u:r:toolbox:s0 tcontext=u:r:kernel:s0 tclass=system permissive=1
05-27 19:07:56.373 29098 29098 I auditd  : type=1400 audit(0.0:79214): avc: denied { append } for comm="logcat" path="/mnt/log_data/AndroidLog/logcat/logcat_2026_05_27_19_07_49_927-52.txt" dev="vda93" ino=180285 scontext=u:r:logpersist:s0 tcontext=u:object_r:log_data_file:s0 tclass=file permissive=1
05-27 19:07:56.373 29098 29098 I logcat  : type=1400 audit(0.0:79214): avc: denied { append } for path="/mnt/log_data/AndroidLog/logcat/logcat_2026_05_27_19_07_49_927-52.txt" dev="vda93" ino=180285 scontext=u:r:logpersist:s0 tcontext=u:object_r:log_data_file:s0 tclass=file permissive=1
05-27 19:07:56.383 13911 14183 I SentryImuMcuAngleSender: 179.97899rollDeg
05-27 19:07:56.384 13911 14183 I SentryImuMcuAngleSender: 1,0,0
05-27 19:07:56.377 30773 30773 I auditd  : type=1400 audit(0.0:79215): avc: denied { call } for comm=4E444B204D65646961436F6465635F scontext=u:r:adayo_dvr_service:s0 tcontext=u:r:mediaswcodec:s0 tclass=binder permissive=1
05-27 19:07:56.377 30773 30773 I /system/bin/adayo_dvr_service: type=1400 audit(0.0:79215): avc: denied { call } for comm=4E444B204D65646961436F6465635F scontext=u:r:adayo_dvr_service:s0 tcontext=u:r:mediaswcodec:s0 tclass=binder permissive=1
05-27 19:07:56.377  1044  1044 I auditd  : type=1400 audit(0.0:79216): avc: denied { use } for comm="oid.aac.encoder" path="/dmabuf:" dev="dmabuf" ino=776942 scontext=u:r:mediaswcodec:s0 tcontext=u:r:adayo_dvr_service:s0 tclass=fd permissive=1
05-27 19:07:56.377  1044  1044 I oid.aac.encoder: type=1400 audit(0.0:79216): avc: denied { use } for path="/dmabuf:" dev="dmabuf" ino=776942 scontext=u:r:mediaswcodec:s0 tcontext=u:r:adayo_dvr_service:s0 tclass=fd permissive=1
05-27 19:07:56.385   283   307 I rvcservice: t.code = 4, t.value = 0
05-27 19:07:56.387   566 11459 I gps_hdbd: Received: '$GNGGA,012347.000,,,,,0,00,,,M,,M,,*65
'
05-27 19:07:56.388   581   581 I SpiService: fgesysctrl_getGPIO_status success val=1
05-27 19:07:56.393   566 11459 I gps_hdbd: Received: '$GNGSA,A,1,,,,,,,,,,,,,,,,1*1D
'
05-27 19:07:56.393   581   581 I SpiService: fgesysctrl_getGPIO_status success val=1
05-27 19:07:56.398   566 11459 I gps_hdbd: Received: '$GNGSA,A,1,,,,,,,,,,,,,,,,3*1F
'
05-27 19:07:56.399   581   581 I SpiService: fgesysctrl_getGPIO_status success val=1
05-27 19:07:56.399   566 11459 I gps_hdbd: Received: '$GNGSA,A,1,,,,,,,,,,,,,,,,4*18
'
05-27 19:07:56.400   566 11459 I gps_hdbd: Received: '$BDGSV,1,1,00,1*75
'
05-27 08:59:05.363   581   581 D spi_rst_gpio_get_output: GPIO 145 value: 1
05-27 19:07:56.400   536   536 D commservice260303: msg.id = 1028,0
05-27 08:59:05.363   581   581 D spidev_ioctl: gpio status=1)
05-27 19:07:56.400   536   536 D commservice260303: i = 170, msgid = 8A000404
05-27 19:07:56.400   536   536 D commservice260303: msgid = -1979710460,did=138
05-27 19:07:56.401   536   536 D commservice260303: CommProtocolLibCmdBaseI2C::dataproc {"command":{"id":"imu_status","sub":""},"content":{"TimeStamp":11,"FrameCounter":280855,"GD_X":-0.011834942735731602,"GD_Y":0.004580949433147907,"GD_Z":0.0023671966046094894,"AD_X":-0.008471906185150146,"AD_Y":9.026434272527695E-4,"AD_Z":-0.16951370239257812,"TempDsp":0,"Status":0,"CalibState":1,"SigAmpInvalid":0}},-1979710460
05-27 19:07:56.401   536   536 D commservice260303: send2Cluster len:316, 7B22636F6D6D616E64223A7B226964223A22696D755F737461747573222C22737562223A22227D2C22636F6E74656E74223A7B2254696D655374616D70223A31312C224672616D65436F756E746572223A3238303835352C2247445F58223A2D302E3031313833343934323733353733313630322C2247445F59223A302E3030343538303934393433333134373930372C2247445F5A223A302E303032333637313936363034363039343839342C2241445F58223A2D302E3030383437313930363138353135303134362C2241445F59223A392E303236343334323732353237363935452D342C2241445F5A223A2D302E31363935313337303233393235373831322C2254656D70447370223A302C22537461747573223A302C2243616C69625374617465223A312C22536967416D70496E76616C6964223A307D7D, 138 
05-27 19:07:56.401   536   536 D commservice260303: Push Message into SendPool fn=1485571072
05-27 19:07:56.401   536   536 D commservice260303: ComProtocolLibSend2Cluster::send2ClusterRaw fn=1485571072 , len=332
05-27 19:07:56.401   536   536 D commservice260303: sendCmdToPort :332!!!
05-27 19:07:56.401   536   536 D commservice260303: send Cmd To Port ++++5AA501488A0100048C586A16D08C7B22636F6D6D616E64223A7B226964223A22696D755F737461747573222C22737562223A22227D2C22636F6E74656E74223A7B2254696D655374616D70223A31312C224672616D65436F756E746572223A3238303835352C2247445F58223A2D302E3031313833343934323733353733313630322C2247445F59223A302E3030343538303934393433333134373930372C2247445F5A223A302E303032333637313936363034363039343839342C2241445F58223A2D302E3030383437313930363138353135303134362C2241445F59223A392E303236343334323732353237363935452D342C2241445F5A223A2D302E31363935313337303233393235373831322C2254656D70447370223A302C22537461747573223A302C2243616C69625374617465223A312C22536967416D70496E76616C6964223A307D7D3306
05-27 19:07:56.401   536   536 D commservice260303: bufferevent_write retrun value = 0
05-27 19:07:56.401   536   560 D commservice260303: client datas send succeed,send finish
05-27 19:07:56.401 13911 14192 D Sentinelmode_1.2.5.17_sentry: <SentryImuClusterFgeSender>imu_status sent to Linux, frame=280855, tsNs=11943644, tsMs=11, intervalMs=41, ad=(-0.008471906,9.026434E-4,-0.1695137), gd=(-0.011834943,0.0045809494,0.0023671966)
05-27 19:07:56.404 13911 14183 I SentryImuMcuAngleSender: 179.98248rollDeg
05-27 19:07:56.404 13911 14183 I SentryImuMcuAngleSender: 1,0,0
05-27 19:07:56.404   581   581 I SpiService: fgesysctrl_getGPIO_status success val=1
05-27 19:07:56.405   566 11459 I gps_hdbd: Received: '$BDGSV,1,1,00,5*71
'
05-27 19:07:56.405   566 11459 I gps_hdbd: Received: '$GPGSV,1,1,01,199,42,165,,1*60
'
05-27 19:07:56.410   581   581 I SpiService: fgesysctrl_getGPIO_status success val=1
05-27 19:07:56.410   566 11459 I gps_hdbd: Received: '$GPGSV,1,1,00,8*6D
'
05-27 19:07:56.411   566 11459 I gps_hdbd: Received: '$GAGSV,1,1,00,7*73
'
05-27 19:07:56.412  1083  1083 I MyAppLog: [2026-05-27 19:07:56.412 I tboxap mcuSendYadiTransfer:196] [Mcu] [mcuYadiSend]: :00 08 01 04 01 09 81 02 01 01
05-27 19:07:56.415 29185 29185 D .service:remote: Received session metadata: 389165306741033452
05-27 19:07:56.415   581   581 I SpiService: fgesysctrl_getGPIO_status success val=1
05-27 19:07:56.415   481   599 I mcuc    : start timer OK = 33740 
05-27 19:07:56.416   566 11459 I gps_hdbd: Received: '$GAGSV,1,1,00,1*75
'
05-27 08:59:05.380   581   581 D spidev_ioctl: gpio status=1)
05-27 19:07:56.417 15863 15863 D AIN-NaviLocationPresenter: ACC is OFF, skip upload location
05-27 19:07:56.421   581   581 I SpiService: fgesysctrl_getGPIO_status success val=0
05-27 19:07:56.421   481   597 I mcuc    : send SPI:6AA60183CC00F809010104010981020101000000000000000000000000000000000000000000000000000000000000000000000000000000000000000000000000000000000000000000000000000000000000000000000000000000000000000000000000000000000000000000000000000000000000000000000000000000000000000000000000000000000000000000000000000000000000000000000000000000000000000000000000000000000000000000000000000000000000000000000000000000000000000000000000000000000000000000000000000000000000000000000000000000000000000000000000000000000000000000001A
05-27 19:07:56.422   566 11459 I gps_hdbd: Received: '$GNRMC,012347.000,V,,,,,,,270526,120.0,E,N,V*46
'
05-27 19:07:56.422   566 11459 I gps_hdbd: RMC : CALL gnss_sv_status_cb, view_in_sat <1>
05-27 19:07:56.422   566 11459 I gps_hdbd: [reportSvStatus]--->PLATFORM_BSP::Enter
05-27 19:07:56.422   566 11459 I gps_hdbd: hy abnormal deal:hy_cnr30_satellite_cnt=0
05-27 19:07:56.423   566 11459 D gps_hdbd: hy abnormal deal:hy_fixStatus_fail_count=0
05-27 19:07:56.423   566 11459 I gps_hdbd: Received: '$GNZDA,012347.000,27,05,2026,00,00*4D
'
05-27 19:07:56.423  1083  1083 W MyAppLog: [2026-05-27 19:07:56.422 W tboxap gpsSyncGpsInfoToDm:361] [Gps] [gpsSyncGpsInfoToDm] fix=0 mode=49 corner:0x01 alt=0.00 sat=0 hdop=0.00 pdop=0.00 vdop=0.00
05-27 19:07:56.425 13911 14183 I SentryImuMcuAngleSender: 180.0rollDeg
05-27 19:07:56.425 13911 14183 I SentryImuMcuAngleSender: 1,0,0
05-27 19:07:56.427   572   572 I Sensors : 230 GyroSensor: x:-0.011224,y:0.005421,z:0.002290
05-27 19:07:56.431  1116  1135 I adbd    : jdwp connection from 29185
05-27 19:07:56.435   581   581 I SpiService: fgesysctrl_getGPIO_status success val=1
05-27 08:59:05.399   581   581 D spi_rst_gpio_get_output: GPIO 145 value: 1
05-27 19:07:56.440   581   581 I SpiService: fgesysctrl_getGPIO_status success val=1
05-27 08:59:05.404   581   581 D spidev_ioctl: gpio status=1)
05-27 19:07:56.441 29185 29185 W ziparchive: Unable to open '/system_ext/framework/unisoc-framework.dm': No such file or directory
05-27 19:07:56.441 29185 29185 W ziparchive: Unable to open '/system_ext/framework/unisoc-framework.dm': No such file or directory
05-27 19:07:56.441   536   536 D commservice260303: msg.id = 1028,1
05-27 19:07:56.441   536   536 D commservice260303: i = 170, msgid = 8A000404
05-27 19:07:56.441   536   536 D commservice260303: msgid = -1979710460,did=138
05-27 19:07:56.441   536   536 D commservice260303: CommProtocolLibCmdBaseI2C::dataproc {"command":{"id":"imu_status","sub":""},"content":{"TimeStamp":11,"FrameCounter":280856,"GD_X":-0.011223767884075642,"GD_Y":0.005420989356935024,"GD_Z":0.0022902146447449923,"AD_X":-0.001762285828590393,"AD_Y":-0.002133388537913561,"AD_Z":-0.16951370239257812,"TempDsp":0,"Status":0,"CalibState":1,"SigAmpInvalid":0}},-1979710460
05-27 19:07:56.442   536   536 D commservice260303: send2Cluster len:317, 7B22636F6D6D616E64223A7B226964223A22696D755F737461747573222C22737562223A22227D2C22636F6E74656E74223A7B2254696D655374616D70223A31312C224672616D65436F756E746572223A3238303835362C2247445F58223A2D302E3031313232333736373838343037353634322C2247445F59223A302E3030353432303938393335363933353032342C2247445F5A223A302E303032323930323134363434373434393932332C2241445F58223A2D302E3030313736323238353832383539303339332C2241445F59223A2D302E3030323133333338383533373931333536312C2241445F5A223A2D302E31363935313337303233393235373831322C2254656D70447370223A302C22537461747573223A302C2243616C69625374617465223A312C22536967416D70496E76616C6964223A307D7D, 138 
05-27 19:07:56.442   536   536 D commservice260303: Push Message into SendPool fn=1502348288
05-27 19:07:56.442   536   536 D commservice260303: ComProtocolLibSend2Cluster::send2ClusterRaw fn=1502348288 , len=333
05-27 19:07:56.442   536   536 D commservice260303: sendCmdToPort :333!!!
05-27 19:07:56.442   536   536 D commservice260303: send Cmd To Port ++++5AA501498A0100048C596A16D08C7B22636F6D6D616E64223A7B226964223A22696D755F737461747573222C22737562223A22227D2C22636F6E74656E74223A7B2254696D655374616D70223A31312C224672616D65436F756E746572223A3238303835362C2247445F58223A2D302E3031313232333736373838343037353634322C2247445F59223A302E3030353432303938393335363933353032342C2247445F5A223A302E303032323930323134363434373434393932332C2241445F58223A2D302E3030313736323238353832383539303339332C2241445F59223A2D302E3030323133333338383533373931333536312C2241445F5A223A2D302E31363935313337303233393235373831322C2254656D70447370223A302C22537461747573223A302C2243616C69625374617465223A312C22536967416D70496E76616C6964223A307D7DA234
05-27 19:07:56.442   536   536 D commservice260303: bufferevent_write retrun value = 0
05-27 19:07:56.442   536   560 D commservice260303: client datas send succeed,send finish
05-27 19:07:56.442 13911 14192 D Sentinelmode_1.2.5.17_sentry: <SentryImuClusterFgeSender>imu_status sent to Linux, frame=280856, tsNs=11943678, tsMs=11, intervalMs=41, ad=(-0.0017622858,-0.0021333885,-0.1695137), gd=(-0.011223768,0.0054209894,0.0022902146)
05-27 19:07:56.445   566 11459 I gps_hdbd: Received: '$GNINS,1,1,TYPE,I,V,012347.000,20538000,FUS,-18,0,0,0,MOT,V,1,PATT,0.00,0.00,0.00,VEL,0.000,0.000,0.000,POS,40.0001330924,116.0001570688,84.176,IIA,1,0.00,0.00,0.00,BGA,0.31,-0.66,-0.13,0.000,0.000,0.000,IGA,0,-1,0,0,-2,98,VG,16c2ff1*26
'
05-27 19:07:56.445   581   581 I SpiService: fgesysctrl_getGPIO_status success val=1
05-27 19:07:56.445 13911 14183 I SentryImuMcuAngleSender: 180.0rollDeg
05-27 19:07:56.445 13911 14183 I SentryImuMcuAngleSender: 1,0,0
05-27 19:07:56.446 10188  7849 I am_proc_bound: [0,29185,com.anwsdk.service:remote]
05-27 08:59:05.415   581   581 D spi_rst_gpio_get_output: GPIO 145 value: 1
05-27 08:59:05.415   581   581 D spidev_ioctl: gpio status=1)
05-27 19:07:56.448 10188  7849 I am_create_service: [0,208025669,.anwbtservice,1000,29185]
05-27 19:07:56.450   581   581 I SpiService: fgesysctrl_getGPIO_status success val=1
05-27 19:07:56.452 29185 29185 D CompatibilityChangeReporter: Compat change id reported: 171979766; UID 1000; state: ENABLED
05-27 19:07:56.456   581   581 I SpiService: fgesysctrl_getGPIO_status success val=0
05-27 19:07:56.456   566 11459 I gps_hdbd: Received: '$GNINS,CARSPEED,ADR_STATUS,0,Pulse_count,0,1,0,0,20538000,119230,0.000,0.000,0.000*02
'
