05-27 19:07:53.051   581   581 I SpiService: fgesysctrl_getGPIO_status success val=1
05-27 08:59:02.016   581   581 D spi_rst_gpio_get_output: GPIO 145 value: 1
05-27 08:59:02.016   581   581 D spidev_ioctl: gpio status=1)
05-27 19:07:53.054 13911 14183 I SentryImuMcuAngleSender: 179.97198rollDeg
05-27 19:07:53.054 13911 14183 I SentryImuMcuAngleSender: 1,0,0
05-27 19:07:53.056   581   581 I SpiService: fgesysctrl_getGPIO_status success val=1
05-27 19:07:53.057 28437 28493 D ANWStack: [  11940308][ANWBT] HCI Rx: LE Meta Event, HCI_evLEADVERTISINGREPORT, subevent_code=0x2 Num_Reports=1
05-27 19:07:53.057 28437 28493 D ANWStack: 
05-27 08:59:02.021   581   581 D spi_rst_gpio_get_output: GPIO 145 value: 1
05-27 19:07:53.057 28437 28493 D ANWAPI  : (28437|0xFF195CB0)[BTAPI] AnwhciEventCallback 62 2
05-27 08:59:02.021   581   581 D spidev_ioctl: gpio status=1)
05-27 19:07:53.057 28437 28493 D ANWAPI  : (28437|0xFF195CB0)[BTAPI] btsdk_le_DiscoveryCallback eventtype[0]
05-27 19:07:53.057 28437 28493 D ANWAPI  : (28437|0xFF195CB0)[BTAPI] anwbt_ble_le_discoveryHandler
05-27 19:07:53.057 28437 28493 D ANWAPI  : 
05-27 19:07:53.057 28437 28493 D ANWAPI  : (28437|0xFF195CB0)[BTAPI] anwbt_ble_le_discoveryHandler newDevice=0xb4000073fd7df39a,status=0,idx=255,scanLen=0,len=27,RSSI[-62]
05-27 19:07:53.057 28437 28493 D ANWAPI  : (28437|0xFF195CB0)[BTAPI] AnWBT_BLE_GetFirstRandomAddr start,btaddr=[0x2f:0xe1:0x3c:0xff:0x9f:0x54],addrType=1
05-27 19:07:53.057 28437 28493 D ANWAPI  : (28437|0xFF195CB0)[BTAPI] AnWBT_BLE_GetFirstRandomAddr end,btaddr=[0x2f:0xe1:0x3c:0xff:0x9f:0x54]
05-27 19:07:53.057 28437 28493 D ANWAPI  : (28437|0xFF195CB0)[BTAPI] send_BLE_discoveryHandler_Message event type: 0x0
05-27 19:07:53.057 28437 28493 D ANWAPI  : 
05-27 19:07:53.057 28437 28493 D ANWAPI  : (28437|0xFF195CB0)[BTAPI] Random address, treat device as LE only
05-27 19:07:53.057 28437 28493 D ANWAPI  : 
05-27 19:07:53.057 28437 28493 D ANW bt_btif: send_BLE_discoveryHandler_Message cod is 0x000000
05-27 19:07:53.057 28437 28493 D ANW bt_btif: btif_storage_add_remote_device, AnW
05-27 19:07:53.057 28437 28493 D ANW bt_btif: in, bd addr:54:9f:ff:3c:e1:2f, prop type:255, len:6
05-27 19:07:53.057 28437 28493 D ANW bt_btif: btif_in_fetch_bonded_device, AnW
05-27 19:07:53.057 28437 28493 D ANW bt_btif: btif_in_fetch_bonded_ble_device Found a LE device: 54:9f:ff:3c:e1:2f
05-27 19:07:53.057 28437 28493 D ANW bt_btif: btif_storage_get_remote_addr_type, AnW
05-27 19:07:53.058 28437 28493 D ANW bt_btif: btif_in_fetch_bonded_ble_device, AnW key_not_found
05-27 19:07:53.058 28437 28493 D ANW bt_btif: Remote device:54:9f:ff:3c:e1:2f, no link key or ble key found
05-27 19:07:53.058 28437 28493 D ANW bt_btif: in, bd addr:54:9f:ff:3c:e1:2f, prop type:5, len:4
05-27 19:07:53.058 28437 28493 D ANW bt_btif: btif_in_fetch_bonded_device, AnW
05-27 19:07:53.058 28437 28493 D ANW bt_btif: btif_in_fetch_bonded_ble_device Found a LE device: 54:9f:ff:3c:e1:2f
05-27 19:07:53.058 28437 28493 D ANW bt_btif: btif_storage_get_remote_addr_type, AnW
05-27 19:07:53.058 28437 28493 D ANW bt_btif: btif_in_fetch_bonded_ble_device, AnW key_not_found
05-27 19:07:53.058 28437 28493 D ANW bt_btif: Remote device:54:9f:ff:3c:e1:2f, no link key or ble key found
05-27 19:07:53.058 28437 28493 D ANW bt_btif: in, bd addr:54:9f:ff:3c:e1:2f, prop type:11, len:1
05-27 19:07:53.058 28437 28493 D ANW bt_btif: btif_in_fetch_bonded_device, AnW
05-27 19:07:53.058 28437 28493 D ANW bt_btif: btif_in_fetch_bonded_ble_device Found a LE device: 54:9f:ff:3c:e1:2f
05-27 19:07:53.058 28437 28493 D ANW bt_btif: btif_storage_get_remote_addr_type, AnW
05-27 19:07:53.058 28437 28493 D ANW bt_btif: btif_in_fetch_bonded_ble_device, AnW key_not_found
05-27 19:07:53.058 28437 28493 D ANW bt_btif: Remote device:54:9f:ff:3c:e1:2f, no link key or ble key found
05-27 19:07:53.058 28437 28493 D ANW bt_btif: btif_storage_set_remote_addr_type, AnW
05-27 19:07:53.058 28437 28493 I ANW bt_btif: onScanResult, address_type=1, primary_phy= 0, secondary_phy=0, ad size= 27
05-27 19:07:53.058 28437 28493 I ANW bt_btif: onScanResult: HAL bt_gatt_callbacks->scanner->scan_result_cb
05-27 19:07:53.058 28437 28493 D ANWStack: [  11940309][ANWBT] HCI Rx: LE Meta Event, HCI_evLEADVERTISINGREPORT, subevent_code=0x2 Num_Reports=1
05-27 19:07:53.058 28437 28493 D ANWStack: 
05-27 19:07:53.058 28437 28493 D ANWAPI  : (28437|0xFF195CB0)[BTAPI] AnwhciEventCallback 62 2
05-27 19:07:53.058 28437 28493 D ANWAPI  : (28437|0xFF195CB0)[BTAPI] btsdk_le_DiscoveryCallback eventtype[4]
05-27 19:07:53.058 28437 28493 D ANWAPI  : (28437|0xFF195CB0)[BTAPI] anwbt_ble_le_discoveryHandler
05-27 19:07:53.058 28437 28493 D ANWAPI  : 
05-27 19:07:53.058 28437 28493 D ANWAPI  : (28437|0xFF195CB0)[BTAPI] anwbt_ble_le_discoveryHandler newDevice=0xb4000073fd7de1aa,status=0,idx=255,scanLen=0,len=21,RSSI[-64]
05-27 19:07:53.058 28437 28493 D ANWAPI  : (28437|0xFF195CB0)[BTAPI] AnWBT_BLE_GetFirstRandomAddr start,btaddr=[0x2f:0xe1:0x3c:0xff:0x9f:0x54],addrType=1
05-27 19:07:53.058 28437 28493 D ANWAPI  : (28437|0xFF195CB0)[BTAPI] AnWBT_BLE_GetFirstRandomAddr end,btaddr=[0x2f:0xe1:0x3c:0xff:0x9f:0x54]
05-27 19:07:53.059 28437 28493 D ANWAPI  : (28437|0xFF195CB0)[BTAPI] send_BLE_discoveryHandler_Message event type: 0x4
05-27 19:07:53.059 28437 28493 D ANWAPI  : 
05-27 19:07:53.059 28437 28493 D ANW bt_btif: send_BLE_discoveryHandler_Message cod is 0x000000
05-27 19:07:53.059 28437 28493 D ANW bt_btif: btif_storage_add_remote_device, AnW
05-27 19:07:53.059 28437 28493 D ANW bt_btif: in, bd addr:54:9f:ff:3c:e1:2f, prop type:255, len:6
05-27 19:07:53.059 28437 28493 D ANW bt_btif: btif_in_fetch_bonded_device, AnW
05-27 19:07:53.059 28437 28493 D ANW bt_btif: btif_in_fetch_bonded_ble_device Found a LE device: 54:9f:ff:3c:e1:2f
05-27 19:07:53.059 28437 28493 D ANW bt_btif: btif_storage_get_remote_addr_type, AnW
05-27 19:07:53.059 28437 28493 D ANW bt_btif: btif_in_fetch_bonded_ble_device, AnW key_not_found
05-27 19:07:53.059 28437 28493 D ANW bt_btif: Remote device:54:9f:ff:3c:e1:2f, no link key or ble key found
05-27 19:07:53.059 28437 28493 D ANW bt_btif: in, bd addr:54:9f:ff:3c:e1:2f, prop type:5, len:4
05-27 19:07:53.059 28437 28493 D ANW bt_btif: btif_in_fetch_bonded_device, AnW
05-27 19:07:53.059 28437 28493 D ANW bt_btif: btif_in_fetch_bonded_ble_device Found a LE device: 54:9f:ff:3c:e1:2f
05-27 19:07:53.059 28437 28493 D ANW bt_btif: btif_storage_get_remote_addr_type, AnW
05-27 19:07:53.059 28437 28493 D ANW bt_btif: btif_in_fetch_bonded_ble_device, AnW key_not_found
05-27 19:07:53.059 28437 28493 D ANW bt_btif: Remote device:54:9f:ff:3c:e1:2f, no link key or ble key found
05-27 19:07:53.059 28437 28493 D ANW bt_btif: in, bd addr:54:9f:ff:3c:e1:2f, prop type:11, len:1
05-27 19:07:53.059 28437 28493 D ANW bt_btif: btif_in_fetch_bonded_device, AnW
05-27 19:07:53.059 28437 28493 D ANW bt_btif: btif_in_fetch_bonded_ble_device Found a LE device: 54:9f:ff:3c:e1:2f
05-27 19:07:53.059 28437 28493 D ANW bt_btif: btif_storage_get_remote_addr_type, AnW
05-27 19:07:53.059 28437 28493 D ANW bt_btif: btif_in_fetch_bonded_ble_device, AnW key_not_found
05-27 19:07:53.059 28437 28493 D ANW bt_btif: Remote device:54:9f:ff:3c:e1:2f, no link key or ble key found
05-27 19:07:53.059 28437 28493 D ANW bt_btif: btif_storage_set_remote_addr_type, AnW
05-27 19:07:53.059 28437 28493 I ANW bt_btif: onScanResult, address_type=1, primary_phy= 0, secondary_phy=0, ad size= 21
05-27 19:07:53.059 28437 28493 I ANW bt_btif: onScanResult: HAL bt_gatt_callbacks->scanner->scan_result_cb
05-27 19:07:53.060 29114 29114 D AnwSdkService: apk rom size:40.90M
05-27 19:07:53.061 28437 28493 D ANWStack: [  11940312][ANWBT] HCI Rx: LE Meta Event, HCI_evLEADVERTISINGREPORT, subevent_code=0x2 Num_Reports=1
05-27 19:07:53.061 28437 28493 D ANWStack: 
05-27 19:07:53.061 28437 28493 D ANWAPI  : (28437|0xFF195CB0)[BTAPI] AnwhciEventCallback 62 2
05-27 19:07:53.062 28437 28493 D ANWAPI  : (28437|0xFF195CB0)[BTAPI] btsdk_le_DiscoveryCallback eventtype[3]
05-27 19:07:53.062 28437 28493 D ANWAPI  : (28437|0xFF195CB0)[BTAPI] anwbt_ble_le_discoveryHandler
05-27 19:07:53.062 28437 28493 D ANWAPI  : 
05-27 19:07:53.062 28437 28493 D ANWAPI  : (28437|0xFF195CB0)[BTAPI] anwbt_ble_le_discoveryHandler newDevice=0xb4000073fd7df39a,status=0,idx=255,scanLen=0,len=31,RSSI[-64]
05-27 19:07:53.062 28437 28493 D ANWAPI  : (28437|0xFF195CB0)[BTAPI] AnWBT_BLE_GetFirstRandomAddr start,btaddr=[0x8c:0x3e:0xeb:0x82:0xc3:0x16],addrType=1
05-27 19:07:53.062 28437 28493 D ANWAPI  : (28437|0xFF195CB0)[BTAPI] AnWBT_BLE_GetFirstRandomAddr end,btaddr=[0x8c:0x3e:0xeb:0x82:0xc3:0x16]
05-27 19:07:53.062   581   581 I SpiService: fgesysctrl_getGPIO_status success val=0
05-27 19:07:53.062 28437 28493 D ANWAPI  : (28437|0xFF195CB0)[BTAPI] send_BLE_discoveryHandler_Message event type: 0x3
05-27 19:07:53.062 28437 28493 D ANWAPI  : 
05-27 19:07:53.062 28437 28493 D ANW bt_btif: send_BLE_discoveryHandler_Message cod is 0x000000
05-27 19:07:53.062 28437 28493 D ANW bt_btif: btif_storage_add_remote_device, AnW
05-27 19:07:53.062 28437 28493 D ANW bt_btif: in, bd addr:16:c3:82:eb:3e:8c, prop type:255, len:6
05-27 19:07:53.062 28437 28493 D ANW bt_btif: btif_in_fetch_bonded_device, AnW
05-27 19:07:53.062 28437 28493 D ANW bt_btif: btif_in_fetch_bonded_ble_device Found a LE device: 16:c3:82:eb:3e:8c
05-27 19:07:53.062 28437 28493 D ANW bt_btif: btif_storage_get_remote_addr_type, AnW
05-27 19:07:53.062 28437 28493 D ANW bt_btif: btif_in_fetch_bonded_ble_device, AnW key_not_found
05-27 08:59:02.026   581   581 D spi_rst_gpio_get_output: GPIO 145 value: 0
05-27 08:59:02.026   581   581 D spidev_ioctl: gpio status=0)
05-27 19:07:53.062 28437 28493 D ANW bt_btif: in, bd addr:16:c3:82:eb:3e:8c, prop type:5, len:4
05-27 19:07:53.062 28437 28493 D ANW bt_btif: btif_in_fetch_bonded_device, AnW
05-27 19:07:53.062 28437 28493 D ANW bt_btif: btif_in_fetch_bonded_ble_device Found a LE device: 16:c3:82:eb:3e:8c
05-27 19:07:53.062 28437 28493 D ANW bt_btif: btif_storage_get_remote_addr_type, AnW
05-27 19:07:53.063 28437 28493 D ANW bt_btif: btif_in_fetch_bonded_ble_device, AnW key_not_found
05-27 19:07:53.063 28437 28493 D ANW bt_btif: Remote device:16:c3:82:eb:3e:8c, no link key or ble key found
05-27 19:07:53.063 28437 28493 D ANW bt_btif: in, bd addr:16:c3:82:eb:3e:8c, prop type:11, len:1
05-27 19:07:53.063 28437 28493 D ANW bt_btif: btif_in_fetch_bonded_device, AnW
05-27 19:07:53.063 28437 28493 D ANW bt_btif: btif_in_fetch_bonded_ble_device Found a LE device: 16:c3:82:eb:3e:8c
05-27 19:07:53.063 28437 28493 D ANW bt_btif: btif_storage_get_remote_addr_type, AnW
05-27 19:07:53.063 28437 28493 D ANW bt_btif: btif_in_fetch_bonded_ble_device, AnW key_not_found
05-27 19:07:53.063 28437 28493 D ANW bt_btif: Remote device:16:c3:82:eb:3e:8c, no link key or ble key found
05-27 19:07:53.063 28437 28493 D ANW bt_btif: btif_storage_set_remote_addr_type, AnW
05-27 19:07:53.063 28437 28493 I ANW bt_btif: onScanResult, address_type=1, primary_phy= 0, secondary_phy=0, ad size= 31
05-27 19:07:53.063 28437 28493 I ANW bt_btif: onScanResult: HAL bt_gatt_callbacks->scanner->scan_result_cb
05-27 19:07:53.062 29114 29114 D AnwSdkService: [android.permission.READ_EXTERNAL_STORAGE] permision is GRANTED
05-27 19:07:53.067 29114 29114 D AnwSdkService: [android.permission.WRITE_EXTERNAL_STORAGE] permision is GRANTED
05-27 19:07:53.069 28437 28493 D ANWStack: [  11940320][ANWBT] HCI Rx: LE Meta Event, HCI_evLEADVERTISINGREPORT, subevent_code=0x2 Num_Reports=1
05-27 19:07:53.069 28437 28493 D ANWStack: 
05-27 19:07:53.070 28437 28493 D ANWAPI  : (28437|0xFF195CB0)[BTAPI] AnwhciEventCallback 62 2
05-27 19:07:53.070 28437 28493 D ANWAPI  : (28437|0xFF195CB0)[BTAPI] btsdk_le_DiscoveryCallback eventtype[3]
05-27 19:07:53.070 28437 28493 D ANWAPI  : (28437|0xFF195CB0)[BTAPI] anwbt_ble_le_discoveryHandler
05-27 19:07:53.070 28437 28493 D ANWAPI  : 
05-27 19:07:53.070 28437 28493 D ANWAPI  : (28437|0xFF195CB0)[BTAPI] anwbt_ble_le_discoveryHandler newDevice=0xb4000073fd7df39a,status=0,idx=255,scanLen=0,len=31,RSSI[-82]
05-27 19:07:53.070 28437 28493 D ANWAPI  : (28437|0xFF195CB0)[BTAPI] AnWBT_BLE_GetFirstRandomAddr start,btaddr=[0xea:0x1f:0xa8:0xa1:0x1e:0xe],addrType=1
05-27 19:07:53.070 28437 28493 D ANWAPI  : (28437|0xFF195CB0)[BTAPI] AnWBT_BLE_GetFirstRandomAddr end,btaddr=[0xea:0x1f:0xa8:0xa1:0x1e:0xe]
05-27 19:07:53.070 28437 28493 D ANWAPI  : (28437|0xFF195CB0)[BTAPI] send_BLE_discoveryHandler_Message event type: 0x3
05-27 19:07:53.070 28437 28493 D ANWAPI  : 
05-27 19:07:53.070 28437 28493 D ANW bt_btif: send_BLE_discoveryHandler_Message cod is 0x000000
05-27 19:07:53.070 28437 28493 D ANW bt_btif: btif_storage_add_remote_device, AnW
05-27 19:07:53.070 28437 28493 D ANW bt_btif: in, bd addr:0e:1e:a1:a8:1f:ea, prop type:255, len:6
05-27 19:07:53.070 28437 28493 D ANW bt_btif: btif_in_fetch_bonded_device, AnW
05-27 19:07:53.070 28437 28493 D ANW bt_btif: btif_in_fetch_bonded_ble_device Found a LE device: 0e:1e:a1:a8:1f:ea
05-27 19:07:53.070 28437 28493 D ANW bt_btif: btif_storage_get_remote_addr_type, AnW
05-27 19:07:53.070 28437 28493 D ANW bt_btif: btif_in_fetch_bonded_ble_device, AnW key_not_found
05-27 19:07:53.070 28437 28493 D ANW bt_btif: Remote device:0e:1e:a1:a8:1f:ea, no link key or ble key found
05-27 19:07:53.070 28437 28493 D ANW bt_btif: in, bd addr:0e:1e:a1:a8:1f:ea, prop type:5, len:4
05-27 19:07:53.070 28437 28493 D ANW bt_btif: btif_in_fetch_bonded_device, AnW
05-27 19:07:53.070 28437 28493 D ANW bt_btif: btif_in_fetch_bonded_ble_device Found a LE device: 0e:1e:a1:a8:1f:ea
05-27 19:07:53.070 28437 28493 D ANW bt_btif: btif_storage_get_remote_addr_type, AnW
05-27 19:07:53.071 28437 28493 D ANW bt_btif: btif_in_fetch_bonded_ble_device, AnW key_not_found
05-27 19:07:53.071 28437 28493 D ANW bt_btif: Remote device:0e:1e:a1:a8:1f:ea, no link key or ble key found
05-27 19:07:53.071 28437 28493 D ANW bt_btif: in, bd addr:0e:1e:a1:a8:1f:ea, prop type:11, len:1
05-27 19:07:53.071 28437 28493 D ANW bt_btif: btif_in_fetch_bonded_device, AnW
05-27 19:07:53.071 28437 28493 D ANW bt_btif: btif_in_fetch_bonded_ble_device Found a LE device: 0e:1e:a1:a8:1f:ea
05-27 19:07:53.071 28437 28493 D ANW bt_btif: btif_storage_get_remote_addr_type, AnW
05-27 19:07:53.071 28437 28493 D ANW bt_btif: btif_in_fetch_bonded_ble_device, AnW key_not_found
05-27 19:07:53.071 28437 28493 D ANW bt_btif: Remote device:0e:1e:a1:a8:1f:ea, no link key or ble key found
05-27 19:07:53.071 28437 28493 D ANW bt_btif: btif_storage_set_remote_addr_type, AnW
05-27 19:07:53.071 28437 28493 I ANW bt_btif: onScanResult, address_type=1, primary_phy= 0, secondary_phy=0, ad size= 31
05-27 19:07:53.071 28437 28493 I ANW bt_btif: onScanResult: HAL bt_gatt_callbacks->scanner->scan_result_cb
05-27 19:07:53.071 28437 28493 D ANWStack: [  11940322][ANWBT] HCI Rx: LE Meta Event, HCI_evLEADVERTISINGREPORT, subevent_code=0x2 Num_Reports=1
05-27 19:07:53.071 28437 28493 D ANWStack: 
05-27 19:07:53.071 28437 28493 D ANWAPI  : (28437|0xFF195CB0)[BTAPI] AnwhciEventCallback 62 2
05-27 19:07:53.071 28437 28493 D ANWAPI  : (28437|0xFF195CB0)[BTAPI] btsdk_le_DiscoveryCallback eventtype[3]
05-27 19:07:53.071 28437 28493 D ANWAPI  : (28437|0xFF195CB0)[BTAPI] anwbt_ble_le_discoveryHandler
05-27 19:07:53.071 28437 28493 D ANWAPI  : 
05-27 19:07:53.072 28437 28493 D ANWAPI  : (28437|0xFF195CB0)[BTAPI] anwbt_ble_le_discoveryHandler newDevice=0xb4000073fd7df39a,status=0,idx=255,scanLen=0,len=31,RSSI[-84]
05-27 19:07:53.072 28437 28493 D ANWAPI  : (28437|0xFF195CB0)[BTAPI] AnWBT_BLE_GetFirstRandomAddr start,btaddr=[0xf7:0x79:0xe8:0xab:0x9d:0x8],addrType=1
05-27 19:07:53.072 28437 28493 D ANWAPI  : (28437|0xFF195CB0)[BTAPI] AnWBT_BLE_GetFirstRandomAddr end,btaddr=[0xf7:0x79:0xe8:0xab:0x9d:0x8]
05-27 19:07:53.072 28437 28493 D ANWAPI  : (28437|0xFF195CB0)[BTAPI] send_BLE_discoveryHandler_Message event type: 0x3
05-27 19:07:53.072 28437 28493 D ANWAPI  : 
05-27 19:07:53.072 28437 28493 D ANW bt_btif: send_BLE_discoveryHandler_Message cod is 0x000000
05-27 19:07:53.072 28437 28493 D ANW bt_btif: btif_storage_add_remote_device, AnW
05-27 19:07:53.072 28437 28493 D ANW bt_btif: in, bd addr:08:9d:ab:e8:79:f7, prop type:255, len:6
05-27 19:07:53.072 28437 28493 D ANW bt_btif: btif_in_fetch_bonded_device, AnW
05-27 19:07:53.072 28437 28493 D ANW bt_btif: btif_in_fetch_bonded_ble_device Found a LE device: 08:9d:ab:e8:79:f7
05-27 19:07:53.072 28437 28493 D ANW bt_btif: btif_storage_get_remote_addr_type, AnW
05-27 19:07:53.072 28437 28493 D ANW bt_btif: btif_in_fetch_bonded_ble_device, AnW key_not_found
05-27 19:07:53.072 28437 28493 D ANW bt_btif: Remote device:08:9d:ab:e8:79:f7, no link key or ble key found
05-27 19:07:53.072 28437 28493 D ANW bt_btif: in, bd addr:08:9d:ab:e8:79:f7, prop type:5, len:4
05-27 19:07:53.072 28437 28493 D ANW bt_btif: btif_in_fetch_bonded_device, AnW
05-27 19:07:53.073 28437 28493 D ANW bt_btif: btif_in_fetch_bonded_ble_device Found a LE device: 08:9d:ab:e8:79:f7
05-27 19:07:53.073 28437 28493 D ANW bt_btif: btif_storage_get_remote_addr_type, AnW
05-27 19:07:53.073 28437 28493 D ANW bt_btif: btif_in_fetch_bonded_ble_device, AnW key_not_found
05-27 19:07:53.073 28437 28493 D ANW bt_btif: Remote device:08:9d:ab:e8:79:f7, no link key or ble key found
05-27 19:07:53.074 28437 28493 D ANW bt_btif: in, bd addr:08:9d:ab:e8:79:f7, prop type:11, len:1
05-27 19:07:53.074 28437 28493 D ANW bt_btif: btif_in_fetch_bonded_device, AnW
05-27 19:07:53.074 28437 28493 D ANW bt_btif: btif_in_fetch_bonded_ble_device Found a LE device: 08:9d:ab:e8:79:f7
05-27 19:07:53.074 28437 28493 D ANW bt_btif: btif_storage_get_remote_addr_type, AnW
05-27 19:07:53.074 28437 28493 D ANW bt_btif: btif_in_fetch_bonded_ble_device, AnW key_not_found
05-27 19:07:53.074 13911 14183 I SentryImuMcuAngleSender: 179.97897rollDeg
05-27 19:07:53.074 28437 28493 D ANW bt_btif: Remote device:08:9d:ab:e8:79:f7, no link key or ble key found
05-27 19:07:53.074 13911 14183 I SentryImuMcuAngleSender: 1,0,0
05-27 19:07:53.074 28437 28493 D ANW bt_btif: btif_storage_set_remote_addr_type, AnW
05-27 19:07:53.075   581   581 I SpiService: fgesysctrl_getGPIO_status success val=1
05-27 19:07:53.076 28437 28493 I ANW bt_btif: onScanResult, address_type=1, primary_phy= 0, secondary_phy=0, ad size= 31
05-27 19:07:53.076 28437 28493 I ANW bt_btif: onScanResult: HAL bt_gatt_callbacks->scanner->scan_result_cb
05-27 19:07:53.076   481   598 I mcuc    : rev,n=1,6AA681F08B001489003B060003080101010101010101010103FF010E
05-27 19:07:53.077   351   373 D automotive.vehicle@2.0-adayo-datacomm-mcu: MCUDatacomm sendMessageFromVehicle prop: 0x89, areaId: 0x0, status: 0x3b, timestamp: 0x6
05-27 19:07:53.077   351   373 D automotive.vehicle@2.0-adayo-datacomm-mcu: MCUDatacomm 1sendMessageFromVehicle ---> type = 3 
05-27 19:07:53.077   351   373 D automotive.vehicle@2.0-adayo-func-bcm: sendMessageFromVehicle sendMessageFromVehicle
05-27 19:07:53.077   351   516 D automotive.vehicle@2.0-adayo-func-bcm: jjfan1 ______procotolSize :13
05-27 19:07:53.077   351   516 D automotive.vehicle@2.0-adayo-func-bcm: BCMFunc sendMessageFromVehicle_l dataType: 12,mByte=7,propid=0x21400056
05-27 19:07:53.077   351   516 D automotive.vehicle@2.0-adayo-func-bcm: BCMFunc sendMessageFromVehicle_l msgBuff[7]=0x1,start:0,len:8,temp:8,
05-27 19:07:53.077   351   516 D automotive.vehicle@2.0-adayo-func-bcm: BCMFunc sendMessageFromVehicle_l prop: 0x21400056 ,areaId: 0x0  SPLITE_BIT_DATA_INTEGER : 1
05-27 19:07:53.077   351   516 D automotive.vehicle@2.0-adayo-func-bcm: BCMFunc sendMessageFromVehicle_l id:557842518, area:0 not report! 
05-27 19:07:53.077   351   516 D automotive.vehicle@2.0-adayo-func-bcm: BCMFunc sendMessageFromVehicle_l dataType: 12,mByte=8,propid=0x21400057
05-27 19:07:53.077   351   516 D automotive.vehicle@2.0-adayo-func-bcm: BCMFunc sendMessageFromVehicle_l msgBuff[8]=0x1,start:0,len:8,temp:8,
05-27 19:07:53.077   351   516 D automotive.vehicle@2.0-adayo-func-bcm: BCMFunc sendMessageFromVehicle_l prop: 0x21400057 ,areaId: 0x0  SPLITE_BIT_DATA_INTEGER : 1
05-27 19:07:53.077   351   516 D automotive.vehicle@2.0-adayo-func-bcm: BCMFunc sendMessageFromVehicle_l id:557842519, area:0 not report! 
05-27 08:59:02.040   581   581 D spi_rst_gpio_get_output: GPIO 145 value: 1
05-27 08:59:02.040   581   581 D spidev_ioctl: gpio status=1)
05-27 19:07:53.077   351   516 D automotive.vehicle@2.0-adayo-func-bcm: BCMFunc sendMessageFromVehicle_l dataType: 12,mByte=9,propid=0x21400058
05-27 19:07:53.077   351   516 D automotive.vehicle@2.0-adayo-func-bcm: BCMFunc sendMessageFromVehicle_l msgBuff[9]=0x1,start:0,len:8,temp:8,
05-27 19:07:53.077   351   516 D automotive.vehicle@2.0-adayo-func-bcm: BCMFunc sendMessageFromVehicle_l prop: 0x21400058 ,areaId: 0x0  SPLITE_BIT_DATA_INTEGER : 1
05-27 19:07:53.077   351   516 D automotive.vehicle@2.0-adayo-func-bcm: BCMFunc sendMessageFromVehicle_l id:557842520, area:0 not report! 
05-27 19:07:53.077   351   516 D automotive.vehicle@2.0-adayo-func-bcm: BCMFunc sendMessageFromVehicle_l dataType: 12,mByte=10,propid=0x21400059
05-27 19:07:53.077   351   516 D automotive.vehicle@2.0-adayo-func-bcm: BCMFunc sendMessageFromVehicle_l msgBuff[10]=0x1,start:0,len:8,temp:8,
05-27 19:07:53.077   351   516 D automotive.vehicle@2.0-adayo-func-bcm: BCMFunc sendMessageFromVehicle_l prop: 0x21400059 ,areaId: 0x0  SPLITE_BIT_DATA_INTEGER : 1
05-27 19:07:53.077   351   516 D automotive.vehicle@2.0-adayo-func-bcm: BCMFunc sendMessageFromVehicle_l id:557842521, area:0 not report! 
05-27 19:07:53.077   351   516 D automotive.vehicle@2.0-adayo-func-bcm: BCMFunc sendMessageFromVehicle_l dataType: 12,mByte=11,propid=0x2140005a
05-27 19:07:53.077   351   516 D automotive.vehicle@2.0-adayo-func-bcm: BCMFunc sendMessageFromVehicle_l msgBuff[11]=0x1,start:0,len:8,temp:8,
05-27 19:07:53.077   351   516 D automotive.vehicle@2.0-adayo-func-bcm: BCMFunc sendMessageFromVehicle_l prop: 0x2140005a ,areaId: 0x0  SPLITE_BIT_DATA_INTEGER : 1
05-27 19:07:53.077   351   516 D automotive.vehicle@2.0-adayo-func-bcm: BCMFunc sendMessageFromVehicle_l id:557842522, area:0 not report! 
05-27 19:07:53.078   351   516 D automotive.vehicle@2.0-adayo-func-bcm: BCMFunc sendMessageFromVehicle_l dataType: 12,mByte=12,propid=0x2140005b
05-27 19:07:53.078   351   516 D automotive.vehicle@2.0-adayo-func-bcm: BCMFunc sendMessageFromVehicle_l msgBuff[12]=0x1,start:0,len:8,temp:8,
05-27 19:07:53.078   351   516 D automotive.vehicle@2.0-adayo-func-bcm: BCMFunc sendMessageFromVehicle_l prop: 0x2140005b ,areaId: 0x0  SPLITE_BIT_DATA_INTEGER : 1
05-27 19:07:53.078   351   516 D automotive.vehicle@2.0-adayo-func-bcm: BCMFunc sendMessageFromVehicle_l id:557842523, area:0 not report! 
05-27 19:07:53.078 28437 28493 D ANWAPI  : (28437|0xFF195CB0)[BTAPI] testing: step1: send HCI local read infor
05-27 19:07:53.078   351   516 D automotive.vehicle@2.0-adayo-func-bcm: BCMFunc sendMessageFromVehicle_l dataType: 12,mByte=13,propid=0x2140005c
05-27 19:07:53.078   351   516 D automotive.vehicle@2.0-adayo-func-bcm: BCMFunc sendMessageFromVehicle_l msgBuff[13]=0x1,start:0,len:8,temp:8,
05-27 19:07:53.078   351   516 D automotive.vehicle@2.0-adayo-func-bcm: BCMFunc sendMessageFromVehicle_l prop: 0x2140005c ,areaId: 0x0  SPLITE_BIT_DATA_INTEGER : 1
05-27 19:07:53.078 28437 28493 D ANWStack: [  11940328][ANWBT] HCI: Sending HCI_ReadLocalVersionInformation command
05-27 19:07:53.078   351   516 D automotive.vehicle@2.0-adayo-func-bcm: BCMFunc sendMessageFromVehicle_l id:557842524, area:0 not report! 
05-27 19:07:53.078   351   516 D automotive.vehicle@2.0-adayo-func-bcm: BCMFunc sendMessageFromVehicle_l dataType: 12,mByte=14,propid=0x2140005d
05-27 19:07:53.078   351   516 D automotive.vehicle@2.0-adayo-func-bcm: BCMFunc sendMessageFromVehicle_l msgBuff[14]=0x1,start:0,len:8,temp:8,
05-27 19:07:53.078   351   516 D automotive.vehicle@2.0-adayo-func-bcm: BCMFunc sendMessageFromVehicle_l prop: 0x2140005d ,areaId: 0x0  SPLITE_BIT_DATA_INTEGER : 1
05-27 19:07:53.078   351   516 D automotive.vehicle@2.0-adayo-func-bcm: BCMFunc sendMessageFromVehicle_l id:557842525, area:0 not report! 
05-27 19:07:53.078   351   516 D automotive.vehicle@2.0-adayo-func-bcm: BCMFunc sendMessageFromVehicle_l dataType: 12,mByte=15,propid=0x2140005e
05-27 19:07:53.078   351   516 D automotive.vehicle@2.0-adayo-func-bcm: BCMFunc sendMessageFromVehicle_l msgBuff[15]=0x1,start:0,len:8,temp:8,
05-27 19:07:53.078   351   516 D automotive.vehicle@2.0-adayo-func-bcm: BCMFunc sendMessageFromVehicle_l prop: 0x2140005e ,areaId: 0x0  SPLITE_BIT_DATA_INTEGER : 1
05-27 19:07:53.078   351   516 D automotive.vehicle@2.0-adayo-func-bcm: BCMFunc sendMessageFromVehicle_l id:557842526, area:0 not report! 
05-27 19:07:53.078   351   516 D automotive.vehicle@2.0-adayo-func-bcm: BCMFunc sendMessageFromVehicle_l dataType: 12,mByte=16,propid=0x2140005f
05-27 19:07:53.078   351   516 D automotive.vehicle@2.0-adayo-func-bcm: BCMFunc sendMessageFromVehicle_l msgBuff[16]=0x1,start:0,len:8,temp:8,
05-27 19:07:53.078   351   516 D automotive.vehicle@2.0-adayo-func-bcm: BCMFunc sendMessageFromVehicle_l prop: 0x2140005f ,areaId: 0x0  SPLITE_BIT_DATA_INTEGER : 1
05-27 19:07:53.078   351   516 D automotive.vehicle@2.0-adayo-func-bcm: BCMFunc sendMessageFromVehicle_l id:557842527, area:0 not report! 
05-27 19:07:53.078   351   516 D automotive.vehicle@2.0-adayo-func-bcm: BCMFunc sendMessageFromVehicle_l dataType: 12,mByte=17,propid=0x21400060
05-27 19:07:53.078   351   516 D automotive.vehicle@2.0-adayo-func-bcm: BCMFunc sendMessageFromVehicle_l msgBuff[17]=0x3,start:0,len:8,temp:8,
05-27 19:07:53.078   351   516 D automotive.vehicle@2.0-adayo-func-bcm: BCMFunc sendMessageFromVehicle_l prop: 0x21400060 ,areaId: 0x0  SPLITE_BIT_DATA_INTEGER : 3
05-27 19:07:53.078   351   516 D automotive.vehicle@2.0-adayo-func-bcm: BCMFunc sendMessageFromVehicle_l id:557842528, area:0 not report! 
05-27 19:07:53.078   351   516 D automotive.vehicle@2.0-adayo-func-bcm: BCMFunc sendMessageFromVehicle_l dataType: 12,mByte=18,propid=0x21400061
05-27 19:07:53.078   351   516 D automotive.vehicle@2.0-adayo-func-bcm: BCMFunc sendMessageFromVehicle_l msgBuff[18]=0xff,start:0,len:8,temp:8,
05-27 19:07:53.078   351   516 D automotive.vehicle@2.0-adayo-func-bcm: BCMFunc sendMessageFromVehicle_l prop: 0x21400061 ,areaId: 0x0  SPLITE_BIT_DATA_INTEGER : 255
05-27 19:07:53.078   351   516 D automotive.vehicle@2.0-adayo-func-bcm: BCMFunc sendMessageFromVehicle_l id:557842529, area:0 not report! 
05-27 19:07:53.078   351   516 D automotive.vehicle@2.0-adayo-func-bcm: BCMFunc sendMessageFromVehicle_l dataType: 12,mByte=19,propid=0x2140010a
05-27 19:07:53.078   351   516 D automotive.vehicle@2.0-adayo-func-bcm: BCMFunc sendMessageFromVehicle_l msgBuff[19]=0x1,start:0,len:8,temp:8,
05-27 19:07:53.078   351   516 D automotive.vehicle@2.0-adayo-func-bcm: BCMFunc sendMessageFromVehicle_l prop: 0x2140010a ,areaId: 0x0  SPLITE_BIT_DATA_INTEGER : 1
05-27 19:07:53.078   351   516 D automotive.vehicle@2.0-adayo-func-bcm: BCMFunc sendMessageFromVehicle_l id:557842698, area:0 not report! 
05-27 19:07:53.079   283   307 I rvcservice: t.code = 3, t.value = 0
05-27 19:07:53.079 28437 28493 D ANWStack: [  11940329][ANWBT] HCI Rx: CommandComplete event for ReadLocalVersionInformation, numCommandPackets=0x1, status=0x00 (Success)
05-27 19:07:53.079 28437 28493 D ANWStack: 
05-27 19:07:53.079 28437 28493 D ANWStack: [  11940330][ANWBT] HCI Rx:     CommandComplete Parameters: HCIversion=0xD, HCIrevision=0xB, LMP version=0xD, ManufacturerId=0xB3B, LMP subversion=0xB
05-27 19:07:53.079 28437 28493 D ANWStack: 
05-27 19:07:53.079 28437 28493 D ANWAPI  : (28437|0xFF195CB0)[BTAPI] AnwhciEventCallback 14 1
05-27 19:07:53.079 28437 28493 D ANWAPI  : (28437|0xFF195CB0)[BTAPI] btsdk_command_complete_event_handler cmdOpcode = 4097
05-27 19:07:53.080 28437 28493 D ANWAPI  : (28437|0xFF195CB0)[BTAPI] testing: step2: receive complete(1)
05-27 19:07:53.080 28437 28493 D ANWStack: [  11940330][ANWBT] HCI: Host Controller manufacturer ID 0x0B3B
05-27 19:07:53.080 28437 28493 D ANWStack: 
05-27 19:07:53.082   581   581 I SpiService: fgesysctrl_getGPIO_status success val=1
05-27 19:07:53.084 28437 28493 D ANWStack: [  11940335][ANWBT] HCI Rx: LE Meta Event, HCI_evLEADVERTISINGREPORT, subevent_code=0x2 Num_Reports=1
05-27 19:07:53.084 28437 28493 D ANWStack: 
05-27 19:07:53.084 28437 28493 D ANWAPI  : (28437|0xFF195CB0)[BTAPI] AnwhciEventCallback 62 2
05-27 19:07:53.084 28437 28493 D ANWAPI  : (28437|0xFF195CB0)[BTAPI] btsdk_le_DiscoveryCallback eventtype[3]
05-27 19:07:53.084 28437 28493 D ANWAPI  : (28437|0xFF195CB0)[BTAPI] anwbt_ble_le_discoveryHandler
05-27 19:07:53.084 28437 28493 D ANWAPI  : 
05-27 19:07:53.084 28437 28493 D ANWAPI  : (28437|0xFF195CB0)[BTAPI] anwbt_ble_le_discoveryHandler newDevice=0xb4000073fd7df39a,status=0,idx=255,scanLen=0,len=31,RSSI[-58]
05-27 19:07:53.084 28437 28493 D ANWAPI  : (28437|0xFF195CB0)[BTAPI] AnWBT_BLE_GetFirstRandomAddr start,btaddr=[0x31:0x40:0x1f:0xc7:0x33:0x26],addrType=1
05-27 19:07:53.084 28437 28493 D ANWAPI  : (28437|0xFF195CB0)[BTAPI] AnWBT_BLE_GetFirstRandomAddr end,btaddr=[0x31:0x40:0x1f:0xc7:0x33:0x26]
05-27 19:07:53.084 28437 28493 D ANWAPI  : (28437|0xFF195CB0)[BTAPI] send_BLE_discoveryHandler_Message event type: 0x3
05-27 19:07:53.084 28437 28493 D ANWAPI  : 
05-27 19:07:53.084 28437 28493 D ANW bt_btif: send_BLE_discoveryHandler_Message cod is 0x000000
05-27 19:07:53.085 28437 28493 D ANW bt_btif: btif_storage_add_remote_device, AnW
05-27 19:07:53.085 28437 28493 D ANW bt_btif: in, bd addr:26:33:c7:1f:40:31, prop type:255, len:6
05-27 19:07:53.085 28437 28493 D ANW bt_btif: btif_in_fetch_bonded_device, AnW
05-27 19:07:53.085 28437 28493 D ANW bt_btif: btif_in_fetch_bonded_ble_device Found a LE device: 26:33:c7:1f:40:31
05-27 19:07:53.085 28437 28493 D ANW bt_btif: btif_storage_get_remote_addr_type, AnW
05-27 19:07:53.085 28437 28493 D ANW bt_btif: btif_in_fetch_bonded_ble_device, AnW key_not_found
05-27 08:59:02.046   581   581 D spi_rst_gpio_get_output: GPIO 145 value: 1
05-27 08:59:02.046   581   581 D spidev_ioctl: gpio status=1)
05-27 08:59:02.052   581   581 D spi_rst_gpio_get_output: GPIO 145 value: 1
05-27 19:07:53.085 28437 28493 D ANW bt_btif: Remote device:26:33:c7:1f:40:31, no link key or ble key found
05-27 19:07:53.085 28437 28493 D ANW bt_btif: in, bd addr:26:33:c7:1f:40:31, prop type:5, len:4
05-27 19:07:53.085 28437 28493 D ANW bt_btif: btif_in_fetch_bonded_device, AnW
05-27 19:07:53.085 28437 28493 D ANW bt_btif: btif_in_fetch_bonded_ble_device Found a LE device: 26:33:c7:1f:40:31
05-27 19:07:53.085 28437 28493 D ANW bt_btif: btif_storage_get_remote_addr_type, AnW
05-27 19:07:53.085 28437 28493 D ANW bt_btif: btif_in_fetch_bonded_ble_device, AnW key_not_found
05-27 19:07:53.085 28437 28493 D ANW bt_btif: Remote device:26:33:c7:1f:40:31, no link key or ble key found
05-27 19:07:53.085 28437 28493 D ANW bt_btif: in, bd addr:26:33:c7:1f:40:31, prop type:11, len:1
05-27 19:07:53.085 28437 28493 D ANW bt_btif: btif_in_fetch_bonded_device, AnW
05-27 19:07:53.085 28437 28493 D ANW bt_btif: btif_in_fetch_bonded_ble_device Found a LE device: 26:33:c7:1f:40:31
05-27 19:07:53.085 28437 28493 D ANW bt_btif: btif_storage_get_remote_addr_type, AnW
05-27 08:59:02.052   581   581 D spidev_ioctl: gpio status=1)
05-27 19:07:53.085 28437 28493 D ANW bt_btif: btif_in_fetch_bonded_ble_device, AnW key_not_found
05-27 19:07:53.085 28437 28493 D ANW bt_btif: Remote device:26:33:c7:1f:40:31, no link key or ble key found
05-27 19:07:53.085 28437 28493 D ANW bt_btif: btif_storage_set_remote_addr_type, AnW
05-27 19:07:53.085 28437 28493 I ANW bt_btif: onScanResult, address_type=1, primary_phy= 0, secondary_phy=0, ad size= 31
05-27 19:07:53.085 28437 28493 I ANW bt_btif: onScanResult: HAL bt_gatt_callbacks->scanner->scan_result_cb
05-27 19:07:53.085   536   536 D commservice260303: msg.id = 1028,0
05-27 19:07:53.085   536   536 D commservice260303: i = 170, msgid = 8A000404
05-27 19:07:53.085   536   536 D commservice260303: msgid = -1979710460,did=138
05-27 19:07:53.085   536   536 D commservice260303: CommProtocolLibCmdBaseI2C::dataproc {"command":{"id":"imu_status","sub":""},"content":{"TimeStamp":11,"FrameCounter":280773,"GD_X":-0.011453153565526009,"GD_Y":0.00519212381914258,"GD_Z":0.0018319635419175029,"AD_X":-0.010065615177154541,"AD_Y":0.0018800998805090785,"AD_Z":-0.1682901382446289,"TempDsp":0,"Status":0,"CalibState":1,"SigAmpInvalid":0}},-1979710460
05-27 19:07:53.085   536   536 D commservice260303: send2Cluster len:315, 7B22636F6D6D616E64223A7B226964223A22696D755F737461747573222C22737562223A22227D2C22636F6E74656E74223A7B2254696D655374616D70223A31312C224672616D65436F756E746572223A3238303737332C2247445F58223A2D302E3031313435333135333536353532363030392C2247445F59223A302E30303531393231323338313931343235382C2247445F5A223A302E303031383331393633353431393137353032392C2241445F58223A2D302E3031303036353631353137373135343534312C2241445F59223A302E303031383830303939383830353039303738352C2241445F5A223A2D302E313638323930313338323434363238392C2254656D70447370223A302C22537461747573223A302C2243616C69625374617465223A312C22536967416D70496E76616C6964223A307D7D, 138 
05-27 19:07:53.085   536   536 D commservice260303: Push Message into SendPool fn=76284928
05-27 19:07:53.085   536   536 D commservice260303: ComProtocolLibSend2Cluster::send2ClusterRaw fn=76284928 , len=331
05-27 19:07:53.085   536   536 D commservice260303: sendCmdToPort :331!!!
05-27 19:07:53.085 29114 29114 D AnwSdkService: onCreate end
05-27 19:07:53.086   536   536 D commservice260303: send Cmd To Port ++++5AA501478A0100048C046A16D0897B22636F6D6D616E64223A7B226964223A22696D755F737461747573222C22737562223A22227D2C22636F6E74656E74223A7B2254696D655374616D70223A31312C224672616D65436F756E746572223A3238303737332C2247445F58223A2D302E3031313435333135333536353532363030392C2247445F59223A302E30303531393231323338313931343235382C2247445F5A223A302E303031383331393633353431393137353032392C2241445F58223A2D302E3031303036353631353137373135343534312C2241445F59223A302E303031383830303939383830353039303738352C2241445F5A223A2D302E313638323930313338323434363238392C2254656D70447370223A302C22537461747573223A302C2243616C69625374617465223A312C22536967416D70496E76616C6964223A307D7DAE18
05-27 19:07:53.086   536   536 D commservice260303: bufferevent_write retrun value = 0
05-27 19:07:53.086   536   560 D commservice260303: client datas send succeed,send finish
05-27 19:07:53.086 13911 14192 D Sentinelmode_1.2.5.17_sentry: <SentryImuClusterFgeSender>imu_status sent to Linux, frame=280773, tsNs=11940323, tsMs=11, intervalMs=41, ad=(-0.010065615,0.0018800999,-0.16829014), gd=(-0.011453154,0.005192124,0.0018319635)
05-27 19:07:53.086 29114 29114 D AnwSdkService: onBind
05-27 19:07:53.087   581   581 I SpiService: fgesysctrl_getGPIO_status success val=1
05-27 19:07:53.089   572   622 I Sensors : 230 GyroSensor: x:-0.012370,y:0.005192,z:0.001832
05-27 19:07:53.090 13435 13435 D BtManager: onServiceConnected
05-27 19:07:53.090 29114 29129 D AnwSdkService: GetPowerStatus = POWER_OFF
05-27 19:07:53.090 29114 29129 D AnwSdkService: ANWBT_GetBTPowerStatus() POWER_OFF
05-27 19:07:53.090 29114 29129 D AnwSdkService: GetPowerStatus = POWER_OFF
05-27 19:07:53.091 13435 13435 D BtManager: ANWBT_BTPowerOn
05-27 19:07:53.091 13435 13435 D BtManager: ANWBT_GetBTPowerStatus
05-27 19:07:53.091 29114 29129 D AnwSdkService: GetPowerStatus = POWER_OFF
05-27 19:07:53.091 29114 29129 D AnwSdkService: ANWBT_GetBTPowerStatus() POWER_OFF
05-27 19:07:53.092 29114 29129 D AnwSdkService: GetPowerStatus = POWER_OFF
05-27 19:07:53.092   581   581 I SpiService: fgesysctrl_getGPIO_status success val=1
05-27 08:59:02.057   581   581 D spi_rst_gpio_get_output: GPIO 145 value: 1
05-27 08:59:02.057   581   581 D spidev_ioctl: gpio status=1)
05-27 19:07:53.093 29114 29129 D AnwSdkService: anw-update,bt_java_data:20260516
05-27 19:07:53.093 29114 29129 D AnwSdkService: ANWBT_BTPowerOn()
05-27 19:07:53.094 29114 29129 D AnwSdkService: GetPowerStatus = POWER_OFF
05-27 19:07:53.094 29114 29129 D AnwSdkService: SetPowerStatus = POWER_ONING
05-27 19:07:53.095 13911 14183 I SentryImuMcuAngleSender: -179.99298rollDeg
05-27 19:07:53.095 13911 14183 I SentryImuMcuAngleSender: 1,0,0
05-27 19:07:53.095 29114 29139 I ANWJNI_SECOND: anw-update,bt_jni_data: 20260516
05-27 19:07:53.095 29114 29139 D ANWAPI_SECOND: (29114|0x27368CB0)[BTAPI] SDK >>>>AnWBT_Snoop_Open
05-27 19:07:53.096 29114 29139 D ANWJNI_SECOND: (29114|0x27368CB0)[BTAPP] PowOn_Thread
05-27 19:07:53.096 29114 29139 D ANWJNI_SECOND: 
05-27 19:07:53.096 29114 29140 D ANWJNI_SECOND: (29114|0x2725ECB0)[BTAPP] BTPowerOn!!
05-27 19:07:53.096 29114 29140 D ANWJNI_SECOND: (29114|0x2725ECB0)[BTAPP] in thread_power_on_func,getpid()=29114, priority = 10
05-27 19:07:53.096 29114 29140 D ANWJNI_SECOND: 
05-27 19:07:53.096 29114 29140 D ANWJNI_SECOND: (29114|0x2725ECB0)[BTAPP] doPowerOn_Timeout_Thread_Create
05-27 19:07:53.096 29114 29140 D ANWJNI_SECOND: 
05-27 19:07:53.097 29114 29140 D ANWJNI_SECOND: (29114|0x2725ECB0)[BTAPP] AnWBT_SetInitialValue(hfphf:0)(hfpag:2)(pbap:0)(map:0)(a2dpsink:0)(a2dpsource:2)(avrcpct:0)(avrcttg:2)
05-27 19:07:53.097 29114 29140 D ANWJNI_SECOND: 
05-27 19:07:53.097 29114 29140 D ANWAPI_SECOND: (29114|0x2725ECB0)[BTAPI] SDK >>>>AnWBT_SetInitialValue devclass: 0x3c020c
05-27 19:07:53.097 13435 13435 I BtManager: ANWBT_BTPowerOn result = 0
05-27 19:07:53.097 29114 29140 D ANWAPI_SECOND: (29114|0x2725ECB0)[BTAPI] AnWBT_SetInitialValue avrcp_tg_attribute=6
05-27 19:07:53.097 13435 13435 D BtManager: ret = 2
05-27 19:07:53.097 29114 29140 D ANWAPI_SECOND: (29114|0x2725ECB0)[BTAPI] SDK <<<<AnWBT_SetInitialValue 0x0
05-27 19:07:53.097 29114 29140 D ANWAPI_SECOND: (29114|0x2725ECB0)[BTAPI] SDK >>>>AnWBT_HFP_Enable_WBS 1
05-27 19:07:53.097 29114 29140 D ANWAPI_SECOND: (29114|0x2725ECB0)[BTAPI] SDK <<<<AnWBT_HFP_Enable_WBS 0
05-27 19:07:53.097 29114 29140 D ANW_WAVEOUT_SECOND: (29114|0x2725ECB0)[WAVEOUT] init Audio PCM Thread Mute(800)(101)
05-27 19:07:53.097 29114 29140 D ANW_WAVEOUT_SECOND: 
05-27 19:07:53.098   581   581 I SpiService: fgesysctrl_getGPIO_status success val=1
05-27 19:07:53.098 29114 29140 D ANWAPI_SECOND: (29114|0x2725ECB0)[BTAPI] anw-update,bt_sdk_data:20260516-not_supportLea
05-27 19:07:53.098 29114 29140 D ANWAPI_SECOND: (29114|0x2725ECB0)[BTAPI] SDK >>>>AnWBT_Init
05-27 19:07:53.098 29114 29140 D ANWAPI_SECOND: (29114|0x2725ECB0)[BTAPI] AnWBTSDK_Version=0x0300002a
05-27 19:07:53.099 29114 29140 D ANWAPI_SECOND: (29114|0x2725ECB0)[BTAPI] >>>>AnWBT_EEPROM_Read 
05-27 19:07:53.099 29114 29140 D ANWAPI_SECOND: (29114|0x2725ECB0)[BTAPI] B:Rpaired_storage[0]name[]addr[00:00:00:00:00:00]linkkey[00:00:00:00:00:00:00:00:00:00:00:00:00:00:00:00]
05-27 19:07:53.099 29114 29140 D ANWAPI_SECOND: (29114|0x2725ECB0)[BTAPI] B:Rpaired_storage[1]name[]addr[00:00:00:00:00:00]linkkey[00:00:00:00:00:00:00:00:00:00:00:00:00:00:00:00]
05-27 19:07:53.099 29114 29140 D ANWAPI_SECOND: (29114|0x2725ECB0)[BTAPI] B:Rpaired_storage[2]name[]addr[00:00:00:00:00:00]linkkey[00:00:00:00:00:00:00:00:00:00:00:00:00:00:00:00]
05-27 19:07:53.099 29114 29140 D ANWAPI_SECOND: (29114|0x2725ECB0)[BTAPI] B:Rpaired_storage[3]name[]addr[00:00:00:00:00:00]linkkey[00:00:00:00:00:00:00:00:00:00:00:00:00:00:00:00]
05-27 19:07:53.099 29114 29140 D ANWAPI_SECOND: (29114|0x2725ECB0)[BTAPI] B:Rpaired_storage[4]name[]addr[00:00:00:00:00:00]linkkey[00:00:00:00:00:00:00:00:00:00:00:00:00:00:00:00]
05-27 19:07:53.099 29114 29140 D ANWAPI_SECOND: (29114|0x2725ECB0)[BTAPI] B:Rpaired_storage[5]name[]addr[00:00:00:00:00:00]linkkey[00:00:00:00:00:00:00:00:00:00:00:00:00:00:00:00]
05-27 19:07:53.100 29114 29140 D ANWAPI_SECOND: (29114|0x2725ECB0)[BTAPI] B:Rpaired_storage[6]name[]addr[00:00:00:00:00:00]linkkey[00:00:00:00:00:00:00:00:00:00:00:00:00:00:00:00]
05-27 19:07:53.100 29114 29140 D ANWAPI_SECOND: (29114|0x2725ECB0)[BTAPI] B:Rpaired_storage[7]name[]addr[00:00:00:00:00:00]linkkey[00:00:00:00:00:00:00:00:00:00:00:00:00:00:00:00]
05-27 19:07:53.100 29114 29140 D ANWAPI_SECOND: (29114|0x2725ECB0)[BTAPI] B:Rpaired_storage[8]name[]addr[00:00:00:00:00:00]linkkey[00:00:00:00:00:00:00:00:00:00:00:00:00:00:00:00]
05-27 19:07:53.100 29114 29140 D ANWAPI_SECOND: (29114|0x2725ECB0)[BTAPI] B:Rpaired_storage[9]name[]addr[00:00:00:00:00:00]linkkey[00:00:00:00:00:00:00:00:00:00:00:00:00:00:00:00]
05-27 19:07:53.100 29114 29140 D ANWAPI_SECOND: (29114|0x2725ECB0)[BTAPI] B:Rpaired_storage[10]name[]addr[00:00:00:00:00:00]linkkey[00:00:00:00:00:00:00:00:00:00:00:00:00:00:00:00]
05-27 19:07:53.100 29114 29140 D ANW_AVRCP_SECOND: AnWBT_ReadStorage =/data/misc/anw//anwbt_storage.bin
05-27 19:07:53.101 29114 29140 D ANW_AVRCP_SECOND: AnWBT_ReadStorage open anwbt_bt_storage success
05-27 19:07:53.101 29114 29140 D ANW_AVRCP_SECOND: 
05-27 19:07:53.101 29114 29140 D ANW_AVRCP_SECOND: read storage size=6600
05-27 19:07:53.101 29114 29140 D ANW_AVRCP_SECOND: 
05-27 19:07:53.101 29114 29140 D ANWAPI_SECOND: (29114|0x2725ECB0)[BTAPI] A:Readpaired_storage[0]name[]cod[0]support[0]addr[00:00:00:00:00:00]linkkey[00:00:00:00:00:00:00:00:00:00:00:00:00:00:00:00]
05-27 19:07:53.101 29114 29140 D ANWAPI_SECOND: (29114|0x2725ECB0)[BTAPI] A:Readpaired_storage[1]name[]cod[0]support[0]addr[00:00:00:00:00:00]linkkey[00:00:00:00:00:00:00:00:00:00:00:00:00:00:00:00]
05-27 19:07:53.101 29114 29140 D ANWAPI_SECOND: (29114|0x2725ECB0)[BTAPI] A:Readpaired_storage[2]name[]cod[0]support[0]addr[00:00:00:00:00:00]linkkey[00:00:00:00:00:00:00:00:00:00:00:00:00:00:00:00]
05-27 19:07:53.102 29114 29140 D ANWAPI_SECOND: (29114|0x2725ECB0)[BTAPI] A:Readpaired_storage[3]name[]cod[0]support[0]addr[00:00:00:00:00:00]linkkey[00:00:00:00:00:00:00:00:00:00:00:00:00:00:00:00]
05-27 19:07:53.102 29114 29140 D ANWAPI_SECOND: (29114|0x2725ECB0)[BTAPI] A:Readpaired_storage[4]name[]cod[0]support[0]addr[00:00:00:00:00:00]linkkey[00:00:00:00:00:00:00:00:00:00:00:00:00:00:00:00]
05-27 19:07:53.102 29114 29140 D ANWAPI_SECOND: (29114|0x2725ECB0)[BTAPI] A:Readpaired_storage[5]name[]cod[0]support[0]addr[00:00:00:00:00:00]linkkey[00:00:00:00:00:00:00:00:00:00:00:00:00:00:00:00]
05-27 19:07:53.102 29114 29140 D ANWAPI_SECOND: (29114|0x2725ECB0)[BTAPI] A:Readpaired_storage[6]name[]cod[0]support[0]addr[00:00:00:00:00:00]linkkey[00:00:00:00:00:00:00:00:00:00:00:00:00:00:00:00]
05-27 19:07:53.102 29114 29140 D ANWAPI_SECOND: (29114|0x2725ECB0)[BTAPI] A:Readpaired_storage[7]name[]cod[0]support[0]addr[00:00:00:00:00:00]linkkey[00:00:00:00:00:00:00:00:00:00:00:00:00:00:00:00]
05-27 19:07:53.102 29114 29140 D ANWAPI_SECOND: (29114|0x2725ECB0)[BTAPI] A:Readpaired_storage[8]name[]cod[0]support[0]addr[00:00:00:00:00:00]linkkey[00:00:00:00:00:00:00:00:00:00:00:00:00:00:00:00]
05-27 19:07:53.102 29114 29140 D ANWAPI_SECOND: (29114|0x2725ECB0)[BTAPI] A:Readpaired_storage[9]name[]cod[0]support[0]addr[00:00:00:00:00:00]linkkey[00:00:00:00:00:00:00:00:00:00:00:00:00:00:00:00]
05-27 19:07:53.102 29114 29140 D ANWAPI_SECOND: (29114|0x2725ECB0)[BTAPI] A:Readpaired_storage[10]name[]cod[0]support[0]addr[00:00:00:00:00:00]linkkey[00:00:00:00:00:00:00:00:00:00:00:00:00:00:00:00]
05-27 19:07:53.102 29114 29140 D ANWAPI_SECOND: (29114|0x2725ECB0)[BTAPI] <<<<AnWBT_EEPROM_Read ret = 0
05-27 08:59:02.062   581   581 D spi_rst_gpio_get_output: GPIO 145 value: 1
05-27 08:59:02.062   581   581 D spidev_ioctl: gpio status=1)
05-27 19:07:53.102 29114 29140 D ANWAPI_SECOND: (29114|0x2725ECB0)[BTAPI] local_name_set=0
05-27 19:07:53.103 29114 29140 D ANWAPI_SECOND: (29114|0x2725ECB0)[BTAPI] [Paired DevInf] Storage Write
05-27 19:07:53.103 29114 29141 D ANWJNI_SECOND: (29114|0x27160CB0)[BTAPP] doPowerOn_Timeout_Thread
05-27 19:07:53.103 29114 29141 D ANWJNI_SECOND: 
05-27 19:07:53.103 29114 29140 D ANW_AVRCP_SECOND: AnWBT_WriteStorage =/data/misc/anw//anwbt_storage.bin
05-27 19:07:53.103 29114 29140 D ANW_AVRCP_SECOND: AnWBT_WriteStorage open anwbt_bt_storage success
05-27 19:07:53.103 29114 29140 D ANW_AVRCP_SECOND: 
05-27 19:07:53.104   581   581 I SpiService: fgesysctrl_getGPIO_status success val=0
05-27 19:07:53.104   481   597 I mcuc    : send SPI:6AA602F08B00028900F8
05-27 08:59:02.068   581   581 D spi_rst_gpio_get_output: GPIO 145 value: 0
05-27 08:59:02.068   581   581 D spidev_ioctl: gpio status=0)
05-27 19:07:53.115   481   598 I mcuc    : rev,n=1,6AA681F08C002489003C060003070101010101010101010101010100010101010101010101010101010101EE
05-27 19:07:53.115   351   373 D automotive.vehicle@2.0-adayo-datacomm-mcu: MCUDatacomm sendMessageFromVehicle prop: 0x89, areaId: 0x0, status: 0x3c, timestamp: 0x6
05-27 19:07:53.115   351   373 D automotive.vehicle@2.0-adayo-datacomm-mcu: MCUDatacomm 1sendMessageFromVehicle ---> type = 3 
05-27 19:07:53.115   351   373 D automotive.vehicle@2.0-adayo-func-bcm: sendMessageFromVehicle sendMessageFromVehicle
05-27 19:07:53.115   351   516 D automotive.vehicle@2.0-adayo-func-bcm: jjfan1 ______procotolSize :29
05-27 19:07:53.115   351   516 D automotive.vehicle@2.0-adayo-func-bcm: BCMFunc sendMessageFromVehicle_l dataType: 12,mByte=7,propid=0x21400084
05-27 19:07:53.115   351   516 D automotive.vehicle@2.0-adayo-func-bcm: BCMFunc sendMessageFromVehicle_l msgBuff[7]=0x1,start:0,len:8,temp:8,
05-27 19:07:53.115   351   516 D automotive.vehicle@2.0-adayo-func-bcm: BCMFunc sendMessageFromVehicle_l prop: 0x21400084 ,areaId: 0x0  SPLITE_BIT_DATA_INTEGER : 1
05-27 19:07:53.115   351   516 D automotive.vehicle@2.0-adayo-func-bcm: BCMFunc sendMessageFromVehicle_l id:557842564, area:0 not report! 
05-27 19:07:53.115   351   516 D automotive.vehicle@2.0-adayo-func-bcm: BCMFunc sendMessageFromVehicle_l dataType: 12,mByte=8,propid=0x21400085
05-27 19:07:53.115   351   516 D automotive.vehicle@2.0-adayo-func-bcm: BCMFunc sendMessageFromVehicle_l msgBuff[8]=0x1,start:0,len:8,temp:8,
05-27 19:07:53.115   351   516 D automotive.vehicle@2.0-adayo-func-bcm: BCMFunc sendMessageFromVehicle_l prop: 0x21400085 ,areaId: 0x0  SPLITE_BIT_DATA_INTEGER : 1
05-27 19:07:53.115   351   516 D automotive.vehicle@2.0-adayo-func-bcm: BCMFunc sendMessageFromVehicle_l id:557842565, area:0 not report! 
05-27 19:07:53.115   351   516 D automotive.vehicle@2.0-adayo-func-bcm: BCMFunc sendMessageFromVehicle_l dataType: 12,mByte=9,propid=0x214000a1
05-27 19:07:53.115   351   516 D automotive.vehicle@2.0-adayo-func-bcm: BCMFunc sendMessageFromVehicle_l msgBuff[9]=0x1,start:0,len:8,temp:8,
05-27 19:07:53.115   351   516 D automotive.vehicle@2.0-adayo-func-bcm: BCMFunc sendMessageFromVehicle_l prop: 0x214000a1 ,areaId: 0x0  SPLITE_BIT_DATA_INTEGER : 1
05-27 19:07:53.115   351   516 D automotive.vehicle@2.0-adayo-func-bcm: BCMFunc sendMessageFromVehicle_l id:557842593, area:0 not report! 
05-27 19:07:53.115   351   516 D automotive.vehicle@2.0-adayo-func-bcm: BCMFunc sendMessageFromVehicle_l dataType: 12,mByte=10,propid=0x214000a2
05-27 19:07:53.115   351   516 D automotive.vehicle@2.0-adayo-func-bcm: BCMFunc sendMessageFromVehicle_l msgBuff[10]=0x1,start:0,len:8,temp:8,
05-27 19:07:53.115   351   516 D automotive.vehicle@2.0-adayo-func-bcm: BCMFunc sendMessageFromVehicle_l prop: 0x214000a2 ,areaId: 0x0  SPLITE_BIT_DATA_INTEGER : 1
05-27 19:07:53.115   351   516 D automotive.vehicle@2.0-adayo-func-bcm: BCMFunc sendMessageFromVehicle_l id:557842594, area:0 not report! 
05-27 19:07:53.116   351   516 D automotive.vehicle@2.0-adayo-func-bcm: BCMFunc sendMessageFromVehicle_l dataType: 12,mByte=11,propid=0x21400080
05-27 19:07:53.116   351   516 D automotive.vehicle@2.0-adayo-func-bcm: BCMFunc sendMessageFromVehicle_l msgBuff[11]=0x1,start:0,len:8,temp:8,
05-27 19:07:53.116   351   516 D automotive.vehicle@2.0-adayo-func-bcm: BCMFunc sendMessageFromVehicle_l prop: 0x21400080 ,areaId: 0x0  SPLITE_BIT_DATA_INTEGER : 1
05-27 19:07:53.116   351   516 D automotive.vehicle@2.0-adayo-func-bcm: BCMFunc sendMessageFromVehicle_l id:557842560, area:0 not report! 
05-27 19:07:53.116   351   516 D automotive.vehicle@2.0-adayo-func-bcm: BCMFunc sendMessageFromVehicle_l dataType: 12,mByte=12,propid=0x214000b0
05-27 19:07:53.116   351   516 D automotive.vehicle@2.0-adayo-func-bcm: BCMFunc sendMessageFromVehicle_l msgBuff[12]=0x1,start:0,len:8,temp:8,
05-27 19:07:53.116   351   516 D automotive.vehicle@2.0-adayo-func-bcm: BCMFunc sendMessageFromVehicle_l prop: 0x214000b0 ,areaId: 0x0  SPLITE_BIT_DATA_INTEGER : 1
05-27 19:07:53.116   351   516 D automotive.vehicle@2.0-adayo-func-bcm: BCMFunc sendMessageFromVehicle_l id:557842608, area:0 not report! 
05-27 19:07:53.116   351   516 D automotive.vehicle@2.0-adayo-func-bcm: BCMFunc sendMessageFromVehicle_l dataType: 12,mByte=13,propid=0x2140007b
05-27 19:07:53.116   351   516 D automotive.vehicle@2.0-adayo-func-bcm: BCMFunc sendMessageFromVehicle_l msgBuff[13]=0x1,start:0,len:8,temp:8,
05-27 19:07:53.116   351   516 D automotive.vehicle@2.0-adayo-func-bcm: BCMFunc sendMessageFromVehicle_l prop: 0x2140007b ,areaId: 0x0  SPLITE_BIT_DATA_INTEGER : 1
05-27 19:07:53.116   351   516 D automotive.vehicle@2.0-adayo-func-bcm: BCMFunc sendMessageFromVehicle_l id:557842555, area:0 not report! 
05-27 19:07:53.116   351   516 D automotive.vehicle@2.0-adayo-func-bcm: BCMFunc sendMessageFromVehicle_l dataType: 12,mByte=14,propid=0x2140007c
05-27 19:07:53.116   351   516 D automotive.vehicle@2.0-adayo-func-bcm: BCMFunc sendMessageFromVehicle_l msgBuff[14]=0x1,start:0,len:8,temp:8,
05-27 19:07:53.116   351   516 D automotive.vehicle@2.0-adayo-func-bcm: BCMFunc sendMessageFromVehicle_l prop: 0x2140007c ,areaId: 0x0  SPLITE_BIT_DATA_INTEGER : 1
05-27 19:07:53.116   351   516 D automotive.vehicle@2.0-adayo-func-bcm: BCMFunc sendMessageFromVehicle_l id:557842556, area:0 not report! 
05-27 19:07:53.116   351   516 D automotive.vehicle@2.0-adayo-func-bcm: BCMFunc sendMessageFromVehicle_l dataType: 12,mByte=15,propid=0x21400081
05-27 19:07:53.116   351   516 D automotive.vehicle@2.0-adayo-func-bcm: BCMFunc sendMessageFromVehicle_l msgBuff[15]=0x1,start:0,len:8,temp:8,
