05-27 19:07:51.354 28437 28493 D ANW bt_btif: btif_in_fetch_bonded_ble_device, AnW key_not_found
05-27 19:07:51.354 28437 28493 D ANW bt_btif: Remote device:0b:4d:35:54:cf:20, no link key or ble key found
05-27 19:07:51.354 28437 28493 D ANW bt_btif: btif_storage_set_remote_addr_type, AnW
05-27 19:07:51.355 28437 28493 I ANW bt_btif: onScanResult, address_type=1, primary_phy= 0, secondary_phy=0, ad size= 31
05-27 19:07:51.355 28437 28493 I ANW bt_btif: onScanResult: HAL bt_gatt_callbacks->scanner->scan_result_cb
05-27 19:07:51.357   581   581 I SpiService: fgesysctrl_getGPIO_status success val=1
05-27 19:07:51.357 28437 28493 D ANWStack: [  11938608][ANWBT] HCI Rx: LE Meta Event, HCI_evLEADVERTISINGREPORT, subevent_code=0x2 Num_Reports=1
05-27 19:07:51.357 28437 28493 D ANWStack: 
05-27 08:59:00.321   581   581 D spi_rst_gpio_get_output: GPIO 145 value: 1
05-27 08:59:00.321   581   581 D spidev_ioctl: gpio status=1)
05-27 19:07:51.357 28437 28493 D ANWAPI  : (28437|0xFF195CB0)[BTAPI] AnwhciEventCallback 62 2
05-27 19:07:51.357 28437 28493 D ANWAPI  : (28437|0xFF195CB0)[BTAPI] btsdk_le_DiscoveryCallback eventtype[3]
05-27 19:07:51.357 28437 28493 D ANWAPI  : (28437|0xFF195CB0)[BTAPI] anwbt_ble_le_discoveryHandler
05-27 19:07:51.357 28437 28493 D ANWAPI  : 
05-27 19:07:51.357 28437 28493 D ANWAPI  : (28437|0xFF195CB0)[BTAPI] anwbt_ble_le_discoveryHandler newDevice=0xb4000073fd7df39a,status=0,idx=255,scanLen=0,len=31,RSSI[-67]
05-27 19:07:51.357 28437 28493 D ANWAPI  : (28437|0xFF195CB0)[BTAPI] AnWBT_BLE_GetFirstRandomAddr start,btaddr=[0xcf:0x3e:0x8c:0x69:0x7b:0x1f],addrType=1
05-27 19:07:51.357 28437 28493 D ANWAPI  : (28437|0xFF195CB0)[BTAPI] AnWBT_BLE_GetFirstRandomAddr end,btaddr=[0xcf:0x3e:0x8c:0x69:0x7b:0x1f]
05-27 19:07:51.357 28437 28493 D ANWAPI  : (28437|0xFF195CB0)[BTAPI] send_BLE_discoveryHandler_Message event type: 0x3
05-27 19:07:51.357 28437 28493 D ANWAPI  : 
05-27 19:07:51.358 28437 28493 D ANW bt_btif: send_BLE_discoveryHandler_Message cod is 0x000000
05-27 19:07:51.358 28437 28493 D ANW bt_btif: btif_storage_add_remote_device, AnW
05-27 19:07:51.358 28437 28493 D ANW bt_btif: in, bd addr:1f:7b:69:8c:3e:cf, prop type:255, len:6
05-27 19:07:51.358 28437 28493 D ANW bt_btif: btif_in_fetch_bonded_device, AnW
05-27 19:07:51.358 28437 28493 D ANW bt_btif: btif_in_fetch_bonded_ble_device Found a LE device: 1f:7b:69:8c:3e:cf
05-27 19:07:51.358 28437 28493 D ANW bt_btif: btif_storage_get_remote_addr_type, AnW
05-27 19:07:51.358 28437 28493 D ANW bt_btif: btif_in_fetch_bonded_ble_device, AnW key_not_found
05-27 19:07:51.358 28437 28493 D ANW bt_btif: Remote device:1f:7b:69:8c:3e:cf, no link key or ble key found
05-27 19:07:51.358 28437 28493 D ANW bt_btif: in, bd addr:1f:7b:69:8c:3e:cf, prop type:5, len:4
05-27 19:07:51.358 28437 28493 D ANW bt_btif: btif_in_fetch_bonded_device, AnW
05-27 19:07:51.358 28437 28493 D ANW bt_btif: btif_in_fetch_bonded_ble_device Found a LE device: 1f:7b:69:8c:3e:cf
05-27 19:07:51.358 28437 28493 D ANW bt_btif: btif_storage_get_remote_addr_type, AnW
05-27 19:07:51.358 28437 28493 D ANW bt_btif: btif_in_fetch_bonded_ble_device, AnW key_not_found
05-27 19:07:51.358 28437 28493 D ANW bt_btif: Remote device:1f:7b:69:8c:3e:cf, no link key or ble key found
05-27 19:07:51.358 28437 28493 D ANW bt_btif: in, bd addr:1f:7b:69:8c:3e:cf, prop type:11, len:1
05-27 19:07:51.358 28437 28493 D ANW bt_btif: btif_in_fetch_bonded_device, AnW
05-27 19:07:51.358 28437 28493 D ANW bt_btif: btif_in_fetch_bonded_ble_device Found a LE device: 1f:7b:69:8c:3e:cf
05-27 19:07:51.358 28437 28493 D ANW bt_btif: btif_storage_get_remote_addr_type, AnW
05-27 19:07:51.358 28437 28493 D ANW bt_btif: btif_in_fetch_bonded_ble_device, AnW key_not_found
05-27 19:07:51.358 28437 28493 D ANW bt_btif: Remote device:1f:7b:69:8c:3e:cf, no link key or ble key found
05-27 19:07:51.358 28437 28493 D ANW bt_btif: btif_storage_set_remote_addr_type, AnW
05-27 19:07:51.358 28437 28493 I ANW bt_btif: onScanResult, address_type=1, primary_phy= 0, secondary_phy=0, ad size= 31
05-27 19:07:51.358 28437 28493 I ANW bt_btif: onScanResult: HAL bt_gatt_callbacks->scanner->scan_result_cb
05-27 19:07:51.358 13911 14183 I SentryImuMcuAngleSender: 179.993rollDeg
05-27 19:07:51.359 13911 14183 I SentryImuMcuAngleSender: 1,0,0
05-27 19:07:51.359 28437 28493 D ANWStack: [  11938610][ANWBT] HCI Rx: LE Meta Event, HCI_evLEADVERTISINGREPORT, subevent_code=0x2 Num_Reports=1
05-27 19:07:51.359 28437 28493 D ANWStack: 
05-27 19:07:51.359 28437 28493 D ANWAPI  : (28437|0xFF195CB0)[BTAPI] AnwhciEventCallback 62 2
05-27 19:07:51.359 28437 28493 D ANWAPI  : (28437|0xFF195CB0)[BTAPI] btsdk_le_DiscoveryCallback eventtype[0]
05-27 19:07:51.359 28437 28493 D ANWAPI  : (28437|0xFF195CB0)[BTAPI] anwbt_ble_le_discoveryHandler
05-27 19:07:51.359 28437 28493 D ANWAPI  : 
05-27 19:07:51.359 28437 28493 D ANWAPI  : (28437|0xFF195CB0)[BTAPI] anwbt_ble_le_discoveryHandler newDevice=0xb4000073fd7df39a,status=0,idx=255,scanLen=0,len=31,RSSI[-87]
05-27 19:07:51.359 28437 28493 D ANWAPI  : (28437|0xFF195CB0)[BTAPI] nameLen:8,devicename[D1538947]
05-27 19:07:51.359 28437 28493 D ANWAPI  : 
05-27 19:07:51.359 28437 28493 D ANWAPI  : (28437|0xFF195CB0)[BTAPI] AnWBT_BLE_GetFirstRandomAddr start,btaddr=[0x21:0x64:0x3c:0x50:0xa0:0x0],addrType=0
05-27 19:07:51.360 28437 28493 D ANWAPI  : (28437|0xFF195CB0)[BTAPI] AnWBT_BLE_GetFirstRandomAddr end,btaddr=[0x21:0x64:0x3c:0x50:0xa0:0x0]
05-27 19:07:51.360 28437 28493 D ANWAPI  : (28437|0xFF195CB0)[BTAPI] send_BLE_discoveryHandler_Message event type: 0x0
05-27 19:07:51.360 28437 28493 D ANWAPI  : 
05-27 19:07:51.360 28437 28493 D ANWAPI  : (28437|0xFF195CB0)[BTAPI] NOT_BR/EDR support bit set, treat device as LE only
05-27 19:07:51.360 28437 28493 D ANWAPI  : 
05-27 19:07:51.360 28437 28493 D ANW bt_btif: send_BLE_discoveryHandler_Message cod is 0x000000
05-27 19:07:51.360 28437 28493 D ANW bt_btif: btif_storage_add_remote_device, AnW
05-27 19:07:51.360 28437 28493 D ANW bt_btif: in, bd addr:00:a0:50:3c:64:21, prop type:255, len:6
05-27 19:07:51.360 28437 28493 D ANW bt_btif: btif_in_fetch_bonded_device, AnW
05-27 19:07:51.360 28437 28493 D ANW bt_btif: btif_in_fetch_bonded_ble_device Found a LE device: 00:a0:50:3c:64:21
05-27 19:07:51.360 28437 28493 D ANW bt_btif: btif_storage_get_remote_addr_type, AnW
05-27 19:07:51.360 28437 28493 D ANW bt_btif: btif_in_fetch_bonded_ble_device, AnW key_not_found
05-27 19:07:51.360 28437 28493 D ANW bt_btif: Remote device:00:a0:50:3c:64:21, no link key or ble key found
05-27 19:07:51.360 28437 28493 D ANW bt_btif: in, bd addr:00:a0:50:3c:64:21, prop type:1, len:8
05-27 19:07:51.360 28437 28493 D ANW bt_btif: btif_in_fetch_bonded_device, AnW
05-27 19:07:51.360 28437 28493 D ANW bt_btif: btif_in_fetch_bonded_ble_device Found a LE device: 00:a0:50:3c:64:21
05-27 19:07:51.360 28437 28493 D ANW bt_btif: btif_storage_get_remote_addr_type, AnW
05-27 19:07:51.360 28437 28493 D ANW bt_btif: btif_in_fetch_bonded_ble_device, AnW key_not_found
05-27 19:07:51.360 28437 28493 D ANW bt_btif: Remote device:00:a0:50:3c:64:21, no link key or ble key found
05-27 19:07:51.360 28437 28493 D ANW bt_btif: in, bd addr:00:a0:50:3c:64:21, prop type:5, len:4
05-27 19:07:51.360 28437 28493 D ANW bt_btif: btif_in_fetch_bonded_device, AnW
05-27 19:07:51.360 28437 28493 D ANW bt_btif: btif_in_fetch_bonded_ble_device Found a LE device: 00:a0:50:3c:64:21
05-27 19:07:51.360 28437 28493 D ANW bt_btif: btif_storage_get_remote_addr_type, AnW
05-27 19:07:51.360 28437 28493 D ANW bt_btif: btif_in_fetch_bonded_ble_device, AnW key_not_found
05-27 19:07:51.360 28437 28493 D ANW bt_btif: Remote device:00:a0:50:3c:64:21, no link key or ble key found
05-27 19:07:51.360 28437 28493 D ANW bt_btif: in, bd addr:00:a0:50:3c:64:21, prop type:11, len:1
05-27 19:07:51.360 28437 28493 D ANW bt_btif: btif_in_fetch_bonded_device, AnW
05-27 19:07:51.360 28437 28493 D ANW bt_btif: btif_in_fetch_bonded_ble_device Found a LE device: 00:a0:50:3c:64:21
05-27 19:07:51.360 28437 28493 D ANW bt_btif: btif_storage_get_remote_addr_type, AnW
05-27 19:07:51.360 28437 28493 D ANW bt_btif: btif_in_fetch_bonded_ble_device, AnW key_not_found
05-27 19:07:51.360 28437 28493 D ANW bt_btif: Remote device:00:a0:50:3c:64:21, no link key or ble key found
05-27 19:07:51.360 28437 28493 D ANW bt_btif: btif_storage_set_remote_addr_type, AnW
05-27 19:07:51.361 28437 28493 I ANW bt_btif: send_BLE_discoveryHandler_Message: HAL bt_hal_cbacks->device_found_cb
05-27 19:07:51.361 28437 28493 D BluetoothRemoteDevices: Property type: 2
05-27 19:07:51.361 28437 28493 D BluetoothRemoteDevices: Remote Address is:00:A0:50:3C:64:21
05-27 19:07:51.361 28437 28493 D BluetoothRemoteDevices: Property type: 1
05-27 19:07:51.361 28437 28493 D BluetoothRemoteDevices: Skip name update for 00:A0:50:3C:64:21
05-27 19:07:51.361 28437 28493 D BluetoothRemoteDevices: Property type: 5
05-27 19:07:51.361 28437 28493 D BluetoothRemoteDevices: Property type: 11
05-27 19:07:51.361 28437 28493 D BluetoothRemoteDevices: deviceFoundCallback: Remote Address is:00:A0:50:3C:64:21
05-27 19:07:51.362 10188  6599 D BroadcastQueue: Add broadcast <BroadcastRecord{b7cd296 u0 android.bluetooth.device.action.FOUND}> into [parallel | background], pending size 0
05-27 19:07:51.362   581   581 I SpiService: fgesysctrl_getGPIO_status success val=1
05-27 19:07:51.362 28437 28493 I ANW bt_btif: onScanResult, address_type=0, primary_phy= 0, secondary_phy=0, ad size= 31
05-27 19:07:51.362 28437 28493 I ANW bt_btif: onScanResult: HAL bt_gatt_callbacks->scanner->scan_result_cb
05-27 19:07:51.362 28437 28493 D ANWStack: [  11938613][ANWBT] HCI Rx: LE Meta Event, HCI_evLEADVERTISINGREPORT, subevent_code=0x2 Num_Reports=1
05-27 19:07:51.362 28437 28493 D ANWStack: 
05-27 19:07:51.362 28437 28493 D ANWAPI  : (28437|0xFF195CB0)[BTAPI] AnwhciEventCallback 62 2
05-27 08:59:00.326   581   581 D spi_rst_gpio_get_output: GPIO 145 value: 1
05-27 08:59:00.326   581   581 D spidev_ioctl: gpio status=1)
05-27 19:07:51.362 28437 28493 D ANWAPI  : (28437|0xFF195CB0)[BTAPI] btsdk_le_DiscoveryCallback eventtype[4]
05-27 19:07:51.362 28437 28493 D ANWAPI  : (28437|0xFF195CB0)[BTAPI] anwbt_ble_le_discoveryHandler
05-27 19:07:51.362 28437 28493 D ANWAPI  : 
05-27 19:07:51.362 28437 28493 D ANWAPI  : (28437|0xFF195CB0)[BTAPI] anwbt_ble_le_discoveryHandler newDevice=0xb4000073fd7df39a,status=0,idx=255,scanLen=0,len=0,RSSI[-88]
05-27 19:07:51.362 28437 28493 D ANWAPI  : (28437|0xFF195CB0)[BTAPI] AnWBT_BLE_GetFirstRandomAddr start,btaddr=[0x21:0x64:0x3c:0x50:0xa0:0x0],addrType=0
05-27 19:07:51.362 28437 28493 D ANWAPI  : (28437|0xFF195CB0)[BTAPI] AnWBT_BLE_GetFirstRandomAddr end,btaddr=[0x21:0x64:0x3c:0x50:0xa0:0x0]
05-27 19:07:51.363 28437 28493 D ANWAPI  : (28437|0xFF195CB0)[BTAPI] send_BLE_discoveryHandler_Message event type: 0x4
05-27 19:07:51.363 28437 28493 D ANWAPI  : 
05-27 19:07:51.363 28437 28493 D ANW bt_btif: send_BLE_discoveryHandler_Message cod is 0x000000
05-27 19:07:51.363 28437 28493 D ANW bt_btif: btif_storage_add_remote_device, AnW
05-27 19:07:51.363 10188 10660 D BroadcastQueue: Done with parallel broadcast [background] [BroadcastRecord{b7cd296 u0 android.bluetooth.device.action.FOUND}]
05-27 19:07:51.363 28437 28493 D ANW bt_btif: in, bd addr:00:a0:50:3c:64:21, prop type:255, len:6
05-27 19:07:51.363 28437 28493 D ANW bt_btif: btif_in_fetch_bonded_device, AnW
05-27 19:07:51.363 28437 28493 D ANW bt_btif: btif_in_fetch_bonded_ble_device Found a LE device: 00:a0:50:3c:64:21
05-27 19:07:51.363 28437 28493 D ANW bt_btif: btif_storage_get_remote_addr_type, AnW
05-27 19:07:51.363 28437 28493 D ANW bt_btif: btif_in_fetch_bonded_ble_device, AnW key_not_found
05-27 19:07:51.363 28437 28493 D ANW bt_btif: Remote device:00:a0:50:3c:64:21, no link key or ble key found
05-27 19:07:51.363 28437 28493 D ANW bt_btif: in, bd addr:00:a0:50:3c:64:21, prop type:5, len:4
05-27 19:07:51.363 28437 28493 D ANW bt_btif: btif_in_fetch_bonded_device, AnW
05-27 19:07:51.363 28437 28493 D ANW bt_btif: btif_in_fetch_bonded_ble_device Found a LE device: 00:a0:50:3c:64:21
05-27 19:07:51.363 28437 28493 D ANW bt_btif: btif_storage_get_remote_addr_type, AnW
05-27 19:07:51.363 28437 28493 D ANW bt_btif: btif_in_fetch_bonded_ble_device, AnW key_not_found
05-27 19:07:51.363 28437 28493 D ANW bt_btif: Remote device:00:a0:50:3c:64:21, no link key or ble key found
05-27 19:07:51.363 28437 28493 D ANW bt_btif: in, bd addr:00:a0:50:3c:64:21, prop type:11, len:1
05-27 19:07:51.363 28437 28493 D ANW bt_btif: btif_in_fetch_bonded_device, AnW
05-27 19:07:51.363 28437 28493 D ANW bt_btif: btif_in_fetch_bonded_ble_device Found a LE device: 00:a0:50:3c:64:21
05-27 19:07:51.363 28437 28493 D ANW bt_btif: btif_storage_get_remote_addr_type, AnW
05-27 19:07:51.363 28437 28493 D ANW bt_btif: btif_in_fetch_bonded_ble_device, AnW key_not_found
05-27 19:07:51.363 28437 28493 D ANW bt_btif: Remote device:00:a0:50:3c:64:21, no link key or ble key found
05-27 19:07:51.363 28437 28493 D ANW bt_btif: btif_storage_set_remote_addr_type, AnW
05-27 19:07:51.363 28437 28493 I ANW bt_btif: onScanResult, address_type=0, primary_phy= 0, secondary_phy=0, ad size= 0
05-27 19:07:51.363 28437 28493 I ANW bt_btif: onScanResult: HAL bt_gatt_callbacks->scanner->scan_result_cb
05-27 19:07:51.364 28437 28493 D ANWStack: [  11938614][ANWBT] HCI Rx: LE Meta Event, HCI_evLEADVERTISINGREPORT, subevent_code=0x2 Num_Reports=1
05-27 19:07:51.364 28437 28493 D ANWStack: 
05-27 19:07:51.364 28437 28493 D ANWAPI  : (28437|0xFF195CB0)[BTAPI] AnwhciEventCallback 62 2
05-27 19:07:51.364 28437 28493 D ANWAPI  : (28437|0xFF195CB0)[BTAPI] btsdk_le_DiscoveryCallback eventtype[0]
05-27 19:07:51.364 28437 28493 D ANWAPI  : (28437|0xFF195CB0)[BTAPI] anwbt_ble_le_discoveryHandler
05-27 19:07:51.364 28437 28493 D ANWAPI  : 
05-27 19:07:51.364 28437 28493 D ANWAPI  : (28437|0xFF195CB0)[BTAPI] anwbt_ble_le_discoveryHandler newDevice=0xb4000073fd7de1aa,status=0,idx=255,scanLen=0,len=22,RSSI[-78]
05-27 19:07:51.364 28437 28493 D ANWAPI  : (28437|0xFF195CB0)[BTAPI] AnWBT_BLE_GetFirstRandomAddr start,btaddr=[0x2b:0x9:0x5:0x3:0x2:0xd1],addrType=0
05-27 19:07:51.364 28437 28493 D ANWAPI  : (28437|0xFF195CB0)[BTAPI] AnWBT_BLE_GetFirstRandomAddr end,btaddr=[0x2b:0x9:0x5:0x3:0x2:0xd1]
05-27 19:07:51.364 28437 28493 D ANWAPI  : (28437|0xFF195CB0)[BTAPI] send_BLE_discoveryHandler_Message event type: 0x0
05-27 19:07:51.364 28437 28493 D ANWAPI  : 
05-27 19:07:51.364 28437 28493 D ANWAPI  : (28437|0xFF195CB0)[BTAPI] NOT_BR_EDR support bit not set, treat device as DUMO
05-27 19:07:51.364 28437 28493 D ANWAPI  : 
05-27 19:07:51.364 28437 28493 D ANW bt_btif: send_BLE_discoveryHandler_Message cod is 0x000000
05-27 19:07:51.364 28437 28493 D ANW bt_btif: btif_storage_add_remote_device, AnW
05-27 19:07:51.364 28437 28493 D ANW bt_btif: in, bd addr:d1:02:03:05:09:2b, prop type:255, len:6
05-27 19:07:51.364 28437 28493 D ANW bt_btif: btif_in_fetch_bonded_device, AnW
05-27 19:07:51.364 28437 28493 D ANW bt_btif: btif_in_fetch_bonded_ble_device Found a LE device: d1:02:03:05:09:2b
05-27 19:07:51.364 28437 28493 D ANW bt_btif: btif_storage_get_remote_addr_type, AnW
05-27 19:07:51.364 28437 28493 D ANW bt_btif: btif_in_fetch_bonded_ble_device, AnW key_not_found
05-27 19:07:51.364 28437 28493 D ANW bt_btif: Remote device:d1:02:03:05:09:2b, no link key or ble key found
05-27 19:07:51.364 28437 28493 D ANW bt_btif: in, bd addr:d1:02:03:05:09:2b, prop type:5, len:4
05-27 19:07:51.364 28437 28493 D ANW bt_btif: btif_in_fetch_bonded_device, AnW
05-27 19:07:51.364 28437 28493 D ANW bt_btif: btif_in_fetch_bonded_ble_device Found a LE device: d1:02:03:05:09:2b
05-27 19:07:51.364 28437 28493 D ANW bt_btif: btif_storage_get_remote_addr_type, AnW
05-27 19:07:51.364 28437 28493 D ANW bt_btif: btif_in_fetch_bonded_ble_device, AnW key_not_found
05-27 19:07:51.364 28437 28493 D ANW bt_btif: Remote device:d1:02:03:05:09:2b, no link key or ble key found
05-27 19:07:51.364 28437 28493 D ANW bt_btif: in, bd addr:d1:02:03:05:09:2b, prop type:11, len:1
05-27 19:07:51.364 28437 28493 D ANW bt_btif: btif_in_fetch_bonded_device, AnW
05-27 19:07:51.364 28437 28493 D ANW bt_btif: btif_in_fetch_bonded_ble_device Found a LE device: d1:02:03:05:09:2b
05-27 19:07:51.364 28437 28493 D ANW bt_btif: btif_storage_get_remote_addr_type, AnW
05-27 19:07:51.365 28437 28493 D ANW bt_btif: btif_in_fetch_bonded_ble_device, AnW key_not_found
05-27 19:07:51.365 28437 28493 D ANW bt_btif: Remote device:d1:02:03:05:09:2b, no link key or ble key found
05-27 19:07:51.365 28437 28493 D ANW bt_btif: btif_storage_set_remote_addr_type, AnW
05-27 19:07:51.365 28437 28493 I ANW bt_btif: onScanResult, address_type=0, primary_phy= 0, secondary_phy=0, ad size= 22
05-27 19:07:51.365 28437 28493 I ANW bt_btif: onScanResult: HAL bt_gatt_callbacks->scanner->scan_result_cb
05-27 19:07:51.365 28437 28493 D ANWStack: [  11938616][ANWBT] HCI Rx: LE Meta Event, HCI_evLEADVERTISINGREPORT, subevent_code=0x2 Num_Reports=1
05-27 19:07:51.365 28437 28493 D ANWStack: 
05-27 19:07:51.365 28437 28493 D ANWAPI  : (28437|0xFF195CB0)[BTAPI] AnwhciEventCallback 62 2
05-27 19:07:51.365 28437 28493 D ANWAPI  : (28437|0xFF195CB0)[BTAPI] btsdk_le_DiscoveryCallback eventtype[4]
05-27 19:07:51.365 28437 28493 D ANWAPI  : (28437|0xFF195CB0)[BTAPI] anwbt_ble_le_discoveryHandler
05-27 19:07:51.365 28437 28493 D ANWAPI  : 
05-27 19:07:51.365 28437 28493 D ANWAPI  : (28437|0xFF195CB0)[BTAPI] anwbt_ble_le_discoveryHandler newDevice=0xb4000073fd7df39a,status=0,idx=255,scanLen=0,len=0,RSSI[-78]
05-27 19:07:51.365 28437 28493 D ANWAPI  : (28437|0xFF195CB0)[BTAPI] AnWBT_BLE_GetFirstRandomAddr start,btaddr=[0x2b:0x9:0x5:0x3:0x2:0xd1],addrType=0
05-27 19:07:51.365 28437 28493 D ANWAPI  : (28437|0xFF195CB0)[BTAPI] AnWBT_BLE_GetFirstRandomAddr end,btaddr=[0x2b:0x9:0x5:0x3:0x2:0xd1]
05-27 19:07:51.365 28437 28493 D ANWAPI  : (28437|0xFF195CB0)[BTAPI] send_BLE_discoveryHandler_Message event type: 0x4
05-27 19:07:51.365 28437 28493 D ANWAPI  : 
05-27 19:07:51.365 28437 28493 D ANW bt_btif: send_BLE_discoveryHandler_Message cod is 0x000000
05-27 19:07:51.365 28437 28493 D ANW bt_btif: btif_storage_add_remote_device, AnW
05-27 19:07:51.365 28437 28493 D ANW bt_btif: in, bd addr:d1:02:03:05:09:2b, prop type:255, len:6
05-27 19:07:51.365 28437 28493 D ANW bt_btif: btif_in_fetch_bonded_device, AnW
05-27 19:07:51.365 28437 28493 D ANW bt_btif: btif_in_fetch_bonded_ble_device Found a LE device: d1:02:03:05:09:2b
05-27 19:07:51.365 28437 28493 D ANW bt_btif: btif_storage_get_remote_addr_type, AnW
05-27 19:07:51.365 28437 28493 D ANW bt_btif: btif_in_fetch_bonded_ble_device, AnW key_not_found
05-27 19:07:51.365 28437 28493 D ANW bt_btif: Remote device:d1:02:03:05:09:2b, no link key or ble key found
05-27 19:07:51.365 28437 28493 D ANW bt_btif: in, bd addr:d1:02:03:05:09:2b, prop type:5, len:4
05-27 19:07:51.365 28437 28493 D ANW bt_btif: btif_in_fetch_bonded_device, AnW
05-27 19:07:51.365 28437 28493 D ANW bt_btif: btif_in_fetch_bonded_ble_device Found a LE device: d1:02:03:05:09:2b
05-27 19:07:51.365 28437 28493 D ANW bt_btif: btif_storage_get_remote_addr_type, AnW
05-27 19:07:51.365 28437 28493 D ANW bt_btif: btif_in_fetch_bonded_ble_device, AnW key_not_found
05-27 19:07:51.366 28437 28493 D ANW bt_btif: Remote device:d1:02:03:05:09:2b, no link key or ble key found
05-27 19:07:51.366 28437 28493 D ANW bt_btif: in, bd addr:d1:02:03:05:09:2b, prop type:11, len:1
05-27 19:07:51.366 28437 28493 D ANW bt_btif: btif_in_fetch_bonded_device, AnW
05-27 19:07:51.366 28437 28493 D ANW bt_btif: btif_in_fetch_bonded_ble_device Found a LE device: d1:02:03:05:09:2b
05-27 19:07:51.366 28437 28493 D ANW bt_btif: btif_storage_get_remote_addr_type, AnW
05-27 19:07:51.366 28437 28493 D ANW bt_btif: btif_in_fetch_bonded_ble_device, AnW key_not_found
05-27 19:07:51.366 28437 28493 D ANW bt_btif: Remote device:d1:02:03:05:09:2b, no link key or ble key found
05-27 19:07:51.366 28437 28493 D ANW bt_btif: btif_storage_set_remote_addr_type, AnW
05-27 19:07:51.366 28437 28493 I ANW bt_btif: onScanResult, address_type=0, primary_phy= 0, secondary_phy=0, ad size= 0
05-27 19:07:51.366 28437 28493 I ANW bt_btif: onScanResult: HAL bt_gatt_callbacks->scanner->scan_result_cb
05-27 19:07:51.367   581   581 I SpiService: fgesysctrl_getGPIO_status success val=1
05-27 08:59:00.332   581   581 D spi_rst_gpio_get_output: GPIO 145 value: 1
05-27 08:59:00.332   581   581 D spidev_ioctl: gpio status=1)
05-27 19:07:51.373   581   581 I SpiService: fgesysctrl_getGPIO_status success val=0
05-27 19:07:51.374 28437 28493 D ANWStack: [  11938625][ANWBT] HCI Rx: LE Meta Event, HCI_evLEADVERTISINGREPORT, subevent_code=0x2 Num_Reports=1
05-27 19:07:51.374 28437 28493 D ANWStack: 
05-27 19:07:51.374 28437 28493 D ANWAPI  : (28437|0xFF195CB0)[BTAPI] AnwhciEventCallback 62 2
05-27 19:07:51.374 28437 28493 D ANWAPI  : (28437|0xFF195CB0)[BTAPI] btsdk_le_DiscoveryCallback eventtype[3]
05-27 19:07:51.374 28437 28493 D ANWAPI  : (28437|0xFF195CB0)[BTAPI] anwbt_ble_le_discoveryHandler
05-27 19:07:51.374 28437 28493 D ANWAPI  : 
05-27 19:07:51.374 28437 28493 D ANWAPI  : (28437|0xFF195CB0)[BTAPI] anwbt_ble_le_discoveryHandler newDevice=0xb4000073fd7df39a,status=0,idx=255,scanLen=0,len=31,RSSI[-72]
05-27 19:07:51.374 28437 28493 D ANWAPI  : (28437|0xFF195CB0)[BTAPI] AnWBT_BLE_GetFirstRandomAddr start,btaddr=[0x66:0xb8:0xfd:0x10:0x9a:0x25],addrType=1
05-27 19:07:51.374 28437 28493 D ANWAPI  : (28437|0xFF195CB0)[BTAPI] AnWBT_BLE_GetFirstRandomAddr end,btaddr=[0x66:0xb8:0xfd:0x10:0x9a:0x25]
05-27 19:07:51.374 28437 28493 D ANWAPI  : (28437|0xFF195CB0)[BTAPI] send_BLE_discoveryHandler_Message event type: 0x3
05-27 19:07:51.374 28437 28493 D ANWAPI  : 
05-27 19:07:51.374 28437 28493 D ANW bt_btif: send_BLE_discoveryHandler_Message cod is 0x000000
05-27 19:07:51.374 28437 28493 D ANW bt_btif: btif_storage_add_remote_device, AnW
05-27 19:07:51.374 28437 28493 D ANW bt_btif: in, bd addr:25:9a:10:fd:b8:66, prop type:255, len:6
05-27 19:07:51.374 28437 28493 D ANW bt_btif: btif_in_fetch_bonded_device, AnW
05-27 19:07:51.374 28437 28493 D ANW bt_btif: btif_in_fetch_bonded_ble_device Found a LE device: 25:9a:10:fd:b8:66
05-27 19:07:51.375   283   307 I rvcservice: t.code = 3, t.value = 0
05-27 19:07:51.375 28437 28493 D ANW bt_btif: btif_storage_get_remote_addr_type, AnW
05-27 19:07:51.375 28437 28493 D ANW bt_btif: btif_in_fetch_bonded_ble_device, AnW key_not_found
05-27 19:07:51.375 28437 28493 D ANW bt_btif: Remote device:25:9a:10:fd:b8:66, no link key or ble key found
05-27 19:07:51.375 28437 28493 D ANW bt_btif: in, bd addr:25:9a:10:fd:b8:66, prop type:5, len:4
05-27 19:07:51.375 28437 28493 D ANW bt_btif: btif_in_fetch_bonded_device, AnW
05-27 19:07:51.375 28437 28493 D ANW bt_btif: btif_in_fetch_bonded_ble_device Found a LE device: 25:9a:10:fd:b8:66
05-27 19:07:51.375 28437 28493 D ANW bt_btif: btif_storage_get_remote_addr_type, AnW
05-27 19:07:51.375 28437 28493 D ANW bt_btif: btif_in_fetch_bonded_ble_device, AnW key_not_found
05-27 19:07:51.375 28437 28493 D ANW bt_btif: Remote device:25:9a:10:fd:b8:66, no link key or ble key found
05-27 19:07:51.375 28437 28493 D ANW bt_btif: in, bd addr:25:9a:10:fd:b8:66, prop type:11, len:1
05-27 19:07:51.375 28437 28493 D ANW bt_btif: btif_in_fetch_bonded_device, AnW
05-27 19:07:51.375 28437 28493 D ANW bt_btif: btif_in_fetch_bonded_ble_device Found a LE device: 25:9a:10:fd:b8:66
05-27 19:07:51.375 28437 28493 D ANW bt_btif: btif_storage_get_remote_addr_type, AnW
05-27 19:07:51.375 28437 28493 D ANW bt_btif: btif_in_fetch_bonded_ble_device, AnW key_not_found
05-27 19:07:51.375 28437 28493 D ANW bt_btif: Remote device:25:9a:10:fd:b8:66, no link key or ble key found
05-27 19:07:51.375 28437 28493 D ANW bt_btif: btif_storage_set_remote_addr_type, AnW
05-27 19:07:51.375 28437 28493 I ANW bt_btif: onScanResult, address_type=1, primary_phy= 0, secondary_phy=0, ad size= 31
05-27 19:07:51.375 28437 28493 I ANW bt_btif: onScanResult: HAL bt_gatt_callbacks->scanner->scan_result_cb
05-27 19:07:51.379 13911 14183 I SentryImuMcuAngleSender: -179.993rollDeg
05-27 19:07:51.379 13911 14183 I SentryImuMcuAngleSender: 1,0,0
05-27 08:59:00.337   581   581 D spi_rst_gpio_get_output: GPIO 145 value: 0
05-27 08:59:00.337   581   581 D spidev_ioctl: gpio status=0)
05-27 19:07:51.382   536   536 D commservice260303: msg.id = 1028,0
05-27 19:07:51.383   536   536 D commservice260303: i = 170, msgid = 8A000404
05-27 19:07:51.383   536   536 D commservice260303: msgid = -1979710460,did=138
05-27 19:07:51.383   536   536 D commservice260303: CommProtocolLibCmdBaseI2C::dataproc {"command":{"id":"imu_status","sub":""},"content":{"TimeStamp":11,"FrameCounter":280731,"GD_X":-0.012293193489313126,"GD_Y":0.005573912989348173,"GD_Z":0.0019079053308814764,"AD_X":-0.003965467214584351,"AD_Y":-0.0027931444346904755,"AD_Z":-0.17804908752441406,"TempDsp":0,"Status":0,"CalibState":1,"SigAmpInvalid":0}},-1979710460
05-27 19:07:51.383   536   536 D commservice260303: send2Cluster len:318, 7B22636F6D6D616E64223A7B226964223A22696D755F737461747573222C22737562223A22227D2C22636F6E74656E74223A7B2254696D655374616D70223A31312C224672616D65436F756E746572223A3238303733312C2247445F58223A2D302E3031323239333139333438393331333132362C2247445F59223A302E3030353537333931323938393334383137332C2247445F5A223A302E303031393037393035333330383831343736342C2241445F58223A2D302E3030333936353436373231343538343335312C2241445F59223A2D302E303032373933313434343334363930343735352C2241445F5A223A2D302E31373830343930383735323434313430362C2254656D70447370223A302C22537461747573223A302C2243616C69625374617465223A312C22536967416D70496E76616C6964223A307D7D, 138 
05-27 19:07:51.383   536   536 D commservice260303: Push Message into SendPool fn=-645200896
05-27 19:07:51.383   536   536 D commservice260303: ComProtocolLibSend2Cluster::send2ClusterRaw fn=-645200896 , len=334
05-27 19:07:51.383   536   536 D commservice260303: sendCmdToPort :334!!!
05-27 19:07:51.383   536   536 D commservice260303: send Cmd To Port ++++5AA5014A8A0100048BD96A16D0877B22636F6D6D616E64223A7B226964223A22696D755F737461747573222C22737562223A22227D2C22636F6E74656E74223A7B2254696D655374616D70223A31312C224672616D65436F756E746572223A3238303733312C2247445F58223A2D302E3031323239333139333438393331333132362C2247445F59223A302E3030353537333931323938393334383137332C2247445F5A223A302E303031393037393035333330383831343736342C2241445F58223A2D302E3030333936353436373231343538343335312C2241445F59223A2D302E303032373933313434343334363930343735352C2241445F5A223A2D302E31373830343930383735323434313430362C2254656D70447370223A302C22537461747573223A302C2243616C69625374617465223A312C22536967416D70496E76616C6964223A307D7DE047
05-27 19:07:51.383   536   536 D commservice260303: bufferevent_write retrun value = 0
05-27 19:07:51.384   536   560 D commservice260303: client datas send succeed,send finish
05-27 19:07:51.384 13911 14192 D Sentinelmode_1.2.5.17_sentry: <SentryImuClusterFgeSender>imu_status sent to Linux, frame=280731, tsNs=11938611, tsMs=11, intervalMs=41, ad=(-0.003965467,-0.0027931444,-0.17804909), gd=(-0.0122931935,0.005573913,0.0019079053)
05-27 19:07:51.388   566 11459 I gps_hdbd: Received: '$GNGGA,012342.000,,,,,0,00,,,M,,M,,*60
'
05-27 19:07:51.388   581   581 I SpiService: fgesysctrl_getGPIO_status success val=1
05-27 08:59:00.353   581   581 D spi_rst_gpio_get_output: GPIO 145 value: 1
05-27 08:59:00.353   581   581 D spidev_ioctl: gpio status=1)
05-27 19:07:51.394   581   581 I SpiService: fgesysctrl_getGPIO_status success val=1
05-27 19:07:51.394   566 11459 I gps_hdbd: Received: '$GNGSA,A,1,,,,,,,,,,,,,,,,1*1D
'
05-27 19:07:51.395   566 11459 I gps_hdbd: Received: '$GNGSA,A,1,,,,,,,,,,,,,,,,3*1F
'
05-27 08:59:00.358   581   581 D spi_rst_gpio_get_output: GPIO 145 value: 1
05-27 08:59:00.358   581   581 D spidev_ioctl: gpio status=1)
05-27 19:07:51.399   581   581 I SpiService: fgesysctrl_getGPIO_status success val=1
05-27 19:07:51.399 13911 14183 I SentryImuMcuAngleSender: -179.972rollDeg
05-27 19:07:51.399 13911 14183 I SentryImuMcuAngleSender: 1,0,0
05-27 19:07:51.400   566 11459 I gps_hdbd: Received: '$GNGSA,A,1,,,,,,,,,,,,,,,,4*18
'
05-27 19:07:51.400   566 11459 I gps_hdbd: Received: '$BDGSV,1,1,00,1*75
'
05-27 08:59:00.364   581   581 D spi_rst_gpio_get_output: GPIO 145 value: 1
05-27 08:59:00.364   581   581 D spidev_ioctl: gpio status=1)
05-27 08:59:00.369   581   581 D spi_rst_gpio_get_output: GPIO 145 value: 1
05-27 19:07:51.405   581   581 I SpiService: fgesysctrl_getGPIO_status success val=1
05-27 08:59:00.369   581   581 D spidev_ioctl: gpio status=1)
05-27 19:07:51.405   566 11459 I gps_hdbd: Received: '$BDGSV,1,1,00,5*71
'
05-27 19:07:51.405   566 11459 I gps_hdbd: Received: '$GPGSV,1,1,02,199,42,165,,196,11,168,,1*62
'
05-27 19:07:51.410   581   581 I SpiService: fgesysctrl_getGPIO_status success val=1
05-27 19:07:51.411   566 11459 I gps_hdbd: Received: '$GPGSV,1,1,00,8*6D
'
05-27 19:07:51.411   566 11459 I gps_hdbd: Received: '$GAGSV,1,1,00,7*73
'
05-27 19:07:51.412   566 11459 I gps_hdbd: Received: '$GAGSV,1,1,00,1*75
'
05-27 08:59:00.375   581   581 D spi_rst_gpio_get_output: GPIO 145 value: 1
05-27 08:59:00.375   581   581 D spidev_ioctl: gpio status=1)
05-27 19:07:51.414 28437 28493 D ANWStack: [  11938665][ANWBT] HCI Rx: LE Meta Event, HCI_evLEADVERTISINGREPORT, subevent_code=0x2 Num_Reports=1
05-27 19:07:51.414 28437 28493 D ANWStack: 
05-27 19:07:51.414 28437 28493 D ANWAPI  : (28437|0xFF195CB0)[BTAPI] AnwhciEventCallback 62 2
05-27 19:07:51.414 28437 28493 D ANWAPI  : (28437|0xFF195CB0)[BTAPI] btsdk_le_DiscoveryCallback eventtype[0]
05-27 19:07:51.414 28437 28493 D ANWAPI  : (28437|0xFF195CB0)[BTAPI] anwbt_ble_le_discoveryHandler
05-27 19:07:51.414 28437 28493 D ANWAPI  : 
05-27 19:07:51.414 28437 28493 D ANWAPI  : (28437|0xFF195CB0)[BTAPI] anwbt_ble_le_discoveryHandler newDevice=0xb4000073fd7de1aa,status=0,idx=255,scanLen=0,len=17,RSSI[-84]
05-27 19:07:51.415 28437 28493 D ANWAPI  : (28437|0xFF195CB0)[BTAPI] AnWBT_BLE_GetFirstRandomAddr start,btaddr=[0x11:0xe1:0x37:0x13:0xdc:0x5a],addrType=1
05-27 19:07:51.415 28437 28493 D ANWAPI  : (28437|0xFF195CB0)[BTAPI] AnWBT_BLE_GetFirstRandomAddr end,btaddr=[0x11:0xe1:0x37:0x13:0xdc:0x5a]
05-27 19:07:51.415 28437 28493 D ANWAPI  : (28437|0xFF195CB0)[BTAPI] send_BLE_discoveryHandler_Message event type: 0x0
05-27 19:07:51.415 28437 28493 D ANWAPI  : 
05-27 19:07:51.415 28437 28493 D ANWAPI  : (28437|0xFF195CB0)[BTAPI] Random address, treat device as LE only
05-27 19:07:51.415 28437 28493 D ANWAPI  : 
05-27 19:07:51.415 28437 28493 D ANW bt_btif: send_BLE_discoveryHandler_Message cod is 0x000000
05-27 19:07:51.415 28437 28493 D ANW bt_btif: btif_storage_add_remote_device, AnW
05-27 19:07:51.415 28437 28493 D ANW bt_btif: in, bd addr:5a:dc:13:37:e1:11, prop type:255, len:6
05-27 19:07:51.415 28437 28493 D ANW bt_btif: btif_in_fetch_bonded_device, AnW
05-27 19:07:51.415 28437 28493 D ANW bt_btif: btif_in_fetch_bonded_ble_device Found a LE device: 5a:dc:13:37:e1:11
05-27 19:07:51.415 28437 28493 D ANW bt_btif: btif_storage_get_remote_addr_type, AnW
05-27 19:07:51.415 28437 28493 D ANW bt_btif: btif_in_fetch_bonded_ble_device, AnW key_not_found
05-27 19:07:51.415 28437 28493 D ANW bt_btif: Remote device:5a:dc:13:37:e1:11, no link key or ble key found
05-27 19:07:51.415   581   581 I SpiService: fgesysctrl_getGPIO_status success val=0
05-27 19:07:51.415 28437 28493 D ANW bt_btif: in, bd addr:5a:dc:13:37:e1:11, prop type:5, len:4
05-27 19:07:51.415 28437 28493 D ANW bt_btif: btif_in_fetch_bonded_device, AnW
05-27 19:07:51.416 28437 28493 D ANW bt_btif: btif_in_fetch_bonded_ble_device Found a LE device: 5a:dc:13:37:e1:11
05-27 19:07:51.416 28437 28493 D ANW bt_btif: btif_storage_get_remote_addr_type, AnW
05-27 19:07:51.416 28437 28493 D ANW bt_btif: btif_in_fetch_bonded_ble_device, AnW key_not_found
05-27 19:07:51.416 28437 28493 D ANW bt_btif: Remote device:5a:dc:13:37:e1:11, no link key or ble key found
05-27 19:07:51.416 28437 28493 D ANW bt_btif: in, bd addr:5a:dc:13:37:e1:11, prop type:11, len:1
05-27 19:07:51.416 28437 28493 D ANW bt_btif: btif_in_fetch_bonded_device, AnW
05-27 19:07:51.416 28437 28493 D ANW bt_btif: btif_in_fetch_bonded_ble_device Found a LE device: 5a:dc:13:37:e1:11
05-27 19:07:51.416 28437 28493 D ANW bt_btif: btif_storage_get_remote_addr_type, AnW
05-27 19:07:51.416 28437 28493 D ANW bt_btif: btif_in_fetch_bonded_ble_device, AnW key_not_found
05-27 19:07:51.416 28437 28493 D ANW bt_btif: Remote device:5a:dc:13:37:e1:11, no link key or ble key found
05-27 19:07:51.416 28437 28493 D ANW bt_btif: btif_storage_set_remote_addr_type, AnW
05-27 19:07:51.416 28437 28493 I ANW bt_btif: onScanResult, address_type=1, primary_phy= 0, secondary_phy=0, ad size= 17
05-27 19:07:51.416 28437 28493 I ANW bt_btif: onScanResult: HAL bt_gatt_callbacks->scanner->scan_result_cb
05-27 08:59:00.380   581   581 D spi_rst_gpio_get_output: GPIO 145 value: 0
05-27 08:59:00.380   581   581 D spidev_ioctl: gpio status=0)
05-27 19:07:51.418 28437 28493 D ANWStack: [  11938669][ANWBT] HCI Rx: LE Meta Event, HCI_evLEADVERTISINGREPORT, subevent_code=0x2 Num_Reports=1
05-27 19:07:51.418 28437 28493 D ANWStack: 
05-27 19:07:51.418 28437 28493 D ANWAPI  : (28437|0xFF195CB0)[BTAPI] AnwhciEventCallback 62 2
05-27 19:07:51.418 28437 28493 D ANWAPI  : (28437|0xFF195CB0)[BTAPI] btsdk_le_DiscoveryCallback eventtype[3]
05-27 19:07:51.418 28437 28493 D ANWAPI  : (28437|0xFF195CB0)[BTAPI] anwbt_ble_le_discoveryHandler
05-27 19:07:51.418 28437 28493 D ANWAPI  : 
05-27 19:07:51.418 28437 28493 D ANWAPI  : (28437|0xFF195CB0)[BTAPI] anwbt_ble_le_discoveryHandler newDevice=0xb4000073fd7df39a,status=0,idx=255,scanLen=0,len=31,RSSI[-83]
05-27 19:07:51.418 28437 28493 D ANWAPI  : (28437|0xFF195CB0)[BTAPI] AnWBT_BLE_GetFirstRandomAddr start,btaddr=[0xd8:0xcd:0xa9:0x24:0x47:0x19],addrType=1
05-27 19:07:51.418 28437 28493 D ANWAPI  : (28437|0xFF195CB0)[BTAPI] AnWBT_BLE_GetFirstRandomAddr end,btaddr=[0xd8:0xcd:0xa9:0x24:0x47:0x19]
05-27 19:07:51.418 28437 28493 D ANWAPI  : (28437|0xFF195CB0)[BTAPI] send_BLE_discoveryHandler_Message event type: 0x3
05-27 19:07:51.418 28437 28493 D ANWAPI  : 
05-27 19:07:51.418 28437 28493 D ANW bt_btif: send_BLE_discoveryHandler_Message cod is 0x000000
05-27 19:07:51.418 28437 28493 D ANW bt_btif: btif_storage_add_remote_device, AnW
05-27 19:07:51.418 28437 28493 D ANW bt_btif: in, bd addr:19:47:24:a9:cd:d8, prop type:255, len:6
05-27 19:07:51.418 28437 28493 D ANW bt_btif: btif_in_fetch_bonded_device, AnW
05-27 19:07:51.418 28437 28493 D ANW bt_btif: btif_in_fetch_bonded_ble_device Found a LE device: 19:47:24:a9:cd:d8
05-27 19:07:51.418 28437 28493 D ANW bt_btif: btif_storage_get_remote_addr_type, AnW
05-27 19:07:51.419 28437 28493 D ANW bt_btif: btif_in_fetch_bonded_ble_device, AnW key_not_found
05-27 19:07:51.419 28437 28493 D ANW bt_btif: Remote device:19:47:24:a9:cd:d8, no link key or ble key found
05-27 19:07:51.419 28437 28493 D ANW bt_btif: in, bd addr:19:47:24:a9:cd:d8, prop type:5, len:4
05-27 19:07:51.419 28437 28493 D ANW bt_btif: btif_in_fetch_bonded_device, AnW
05-27 19:07:51.419 28437 28493 D ANW bt_btif: btif_in_fetch_bonded_ble_device Found a LE device: 19:47:24:a9:cd:d8
05-27 19:07:51.419 28437 28493 D ANW bt_btif: btif_storage_get_remote_addr_type, AnW
05-27 19:07:51.419 28437 28493 D ANW bt_btif: btif_in_fetch_bonded_ble_device, AnW key_not_found
05-27 19:07:51.419 28437 28493 D ANW bt_btif: Remote device:19:47:24:a9:cd:d8, no link key or ble key found
05-27 19:07:51.419 28437 28493 D ANW bt_btif: in, bd addr:19:47:24:a9:cd:d8, prop type:11, len:1
05-27 19:07:51.419 28437 28493 D ANW bt_btif: btif_in_fetch_bonded_device, AnW
05-27 19:07:51.419 28437 28493 D ANW bt_btif: btif_in_fetch_bonded_ble_device Found a LE device: 19:47:24:a9:cd:d8
05-27 19:07:51.419 28437 28493 D ANW bt_btif: btif_storage_get_remote_addr_type, AnW
05-27 19:07:51.419 28437 28493 D ANW bt_btif: btif_in_fetch_bonded_ble_device, AnW key_not_found
05-27 19:07:51.419 28437 28493 D ANW bt_btif: Remote device:19:47:24:a9:cd:d8, no link key or ble key found
05-27 19:07:51.419 28437 28493 D ANW bt_btif: btif_storage_set_remote_addr_type, AnW
05-27 19:07:51.419 28437 28493 I ANW bt_btif: onScanResult, address_type=1, primary_phy= 0, secondary_phy=0, ad size= 31
05-27 19:07:51.419 13911 14183 I SentryImuMcuAngleSender: -179.986rollDeg
05-27 19:07:51.419 28437 28493 I ANW bt_btif: onScanResult: HAL bt_gatt_callbacks->scanner->scan_result_cb
05-27 19:07:51.419 13911 14183 I SentryImuMcuAngleSender: 1,0,0
05-27 19:07:51.419 28437 28493 D ANWStack: [  11938670][ANWBT] HCI Rx: LE Meta Event, HCI_evLEADVERTISINGREPORT, subevent_code=0x2 Num_Reports=1
05-27 19:07:51.419 28437 28493 D ANWStack: 
05-27 19:07:51.419 28437 28493 D ANWAPI  : (28437|0xFF195CB0)[BTAPI] AnwhciEventCallback 62 2
05-27 19:07:51.419 28437 28493 D ANWAPI  : (28437|0xFF195CB0)[BTAPI] btsdk_le_DiscoveryCallback eventtype[3]
05-27 19:07:51.419 28437 28493 D ANWAPI  : (28437|0xFF195CB0)[BTAPI] anwbt_ble_le_discoveryHandler
05-27 19:07:51.419 28437 28493 D ANWAPI  : 
05-27 19:07:51.420 28437 28493 D ANWAPI  : (28437|0xFF195CB0)[BTAPI] anwbt_ble_le_discoveryHandler newDevice=0xb4000073fd7de1aa,status=0,idx=255,scanLen=0,len=17,RSSI[-52]
05-27 19:07:51.420 28437 28493 D ANWAPI  : (28437|0xFF195CB0)[BTAPI] AnWBT_BLE_GetFirstRandomAddr start,btaddr=[0xe7:0xcd:0xda:0x3d:0xa2:0x6b],addrType=1
05-27 19:07:51.420 28437 28493 D ANWAPI  : (28437|0xFF195CB0)[BTAPI] AnWBT_BLE_GetFirstRandomAddr end,btaddr=[0xe7:0xcd:0xda:0x3d:0xa2:0x6b]
05-27 19:07:51.420 28437 28493 D ANWAPI  : (28437|0xFF195CB0)[BTAPI] send_BLE_discoveryHandler_Message event type: 0x3
05-27 19:07:51.420 28437 28493 D ANWAPI  : 
05-27 19:07:51.420 28437 28493 D ANWAPI  : (28437|0xFF195CB0)[BTAPI] Random address, treat device as LE only
05-27 19:07:51.420 28437 28493 D ANWAPI  : 
05-27 19:07:51.420 28437 28493 D ANW bt_btif: send_BLE_discoveryHandler_Message cod is 0x000000
05-27 19:07:51.420 28437 28493 D ANW bt_btif: btif_storage_add_remote_device, AnW
05-27 19:07:51.420 28437 28493 D ANW bt_btif: in, bd addr:6b:a2:3d:da:cd:e7, prop type:255, len:6
05-27 19:07:51.420 28437 28493 D ANW bt_btif: btif_in_fetch_bonded_device, AnW
05-27 19:07:51.420 28437 28493 D ANW bt_btif: btif_in_fetch_bonded_ble_device, return
05-27 19:07:51.420 28437 28493 D ANW bt_btif: Remote device:6b:a2:3d:da:cd:e7, no link key or ble key found
05-27 19:07:51.420 28437 28493 D ANW bt_btif: in, bd addr:6b:a2:3d:da:cd:e7, prop type:5, len:4
05-27 19:07:51.420 28437 28493 D ANW bt_btif: btif_in_fetch_bonded_device, AnW
05-27 19:07:51.420 28437 28493 D ANW bt_btif: btif_in_fetch_bonded_ble_device Found a LE device: 6b:a2:3d:da:cd:e7
05-27 19:07:51.420 28437 28493 D ANW bt_btif: btif_storage_get_remote_addr_type, AnW
05-27 19:07:51.420 28437 28493 D ANW bt_btif: btif_storage_set_remote_addr_type, AnW
05-27 19:07:51.420 28437 28493 D ANW bt_btif: btif_in_fetch_bonded_ble_device, AnW key_not_found
05-27 19:07:51.420 28437 28493 D ANW bt_btif: Remote device:6b:a2:3d:da:cd:e7, no link key or ble key found
05-27 19:07:51.420 28437 28493 D ANW bt_btif: in, bd addr:6b:a2:3d:da:cd:e7, prop type:11, len:1
05-27 19:07:51.420 28437 28493 D ANW bt_btif: btif_in_fetch_bonded_device, AnW
05-27 19:07:51.420 28437 28493 D ANW bt_btif: btif_in_fetch_bonded_ble_device Found a LE device: 6b:a2:3d:da:cd:e7
05-27 19:07:51.420 28437 28493 D ANW bt_btif: btif_storage_get_remote_addr_type, AnW
05-27 19:07:51.420 28437 28493 D ANW bt_btif: btif_in_fetch_bonded_ble_device, AnW key_not_found
05-27 19:07:51.420 28437 28493 D ANW bt_btif: Remote device:6b:a2:3d:da:cd:e7, no link key or ble key found
05-27 19:07:51.420 28437 28493 D ANW bt_btif: btif_storage_set_remote_addr_type, AnW
05-27 19:07:51.420 28437 28493 I ANW bt_btif: onScanResult, address_type=1, primary_phy= 0, secondary_phy=0, ad size= 17
05-27 19:07:51.420 28437 28493 I ANW bt_btif: onScanResult: HAL bt_gatt_callbacks->scanner->scan_result_cb
05-27 19:07:51.421 28437 28493 D ANWStack: [  11938671][ANWBT] HCI Rx: LE Meta Event, HCI_evLEADVERTISINGREPORT, subevent_code=0x2 Num_Reports=1
05-27 19:07:51.421 28437 28493 D ANWStack: 
05-27 19:07:51.421 28437 28493 D ANWAPI  : (28437|0xFF195CB0)[BTAPI] AnwhciEventCallback 62 2
05-27 19:07:51.421 28437 28493 D ANWAPI  : (28437|0xFF195CB0)[BTAPI] btsdk_le_DiscoveryCallback eventtype[3]
05-27 19:07:51.421 28437 28493 D ANWAPI  : (28437|0xFF195CB0)[BTAPI] anwbt_ble_le_discoveryHandler
05-27 19:07:51.421 28437 28493 D ANWAPI  : 
05-27 19:07:51.421 28437 28493 D ANWAPI  : (28437|0xFF195CB0)[BTAPI] anwbt_ble_le_discoveryHandler newDevice=0xb4000073fd7df39a,status=0,idx=255,scanLen=0,len=31,RSSI[-72]
05-27 19:07:51.421 28437 28493 D ANWAPI  : (28437|0xFF195CB0)[BTAPI] AnWBT_BLE_GetFirstRandomAddr start,btaddr=[0xb2:0x8f:0x89:0x28:0x3d:0x8],addrType=1
05-27 19:07:51.421 28437 28493 D ANWAPI  : (28437|0xFF195CB0)[BTAPI] AnWBT_BLE_GetFirstRandomAddr end,btaddr=[0xb2:0x8f:0x89:0x28:0x3d:0x8]
05-27 19:07:51.421 28437 28493 D ANWAPI  : (28437|0xFF195CB0)[BTAPI] send_BLE_discoveryHandler_Message event type: 0x3
05-27 19:07:51.421 28437 28493 D ANWAPI  : 
05-27 19:07:51.421 28437 28493 D ANW bt_btif: send_BLE_discoveryHandler_Message cod is 0x000000
05-27 19:07:51.421 28437 28493 D ANW bt_btif: btif_storage_add_remote_device, AnW
05-27 19:07:51.421 28437 28493 D ANW bt_btif: in, bd addr:08:3d:28:89:8f:b2, prop type:255, len:6
05-27 19:07:51.421 28437 28493 D ANW bt_btif: btif_in_fetch_bonded_device, AnW
05-27 19:07:51.421 28437 28493 D ANW bt_btif: btif_in_fetch_bonded_ble_device Found a LE device: 08:3d:28:89:8f:b2
05-27 19:07:51.421 28437 28493 D ANW bt_btif: btif_storage_get_remote_addr_type, AnW
05-27 19:07:51.421 28437 28493 D ANW bt_btif: btif_in_fetch_bonded_ble_device, AnW key_not_found
05-27 19:07:51.421 28437 28493 D ANW bt_btif: Remote device:08:3d:28:89:8f:b2, no link key or ble key found
05-27 19:07:51.421 28437 28493 D ANW bt_btif: in, bd addr:08:3d:28:89:8f:b2, prop type:5, len:4
05-27 19:07:51.421 28437 28493 D ANW bt_btif: btif_in_fetch_bonded_device, AnW
05-27 19:07:51.421 28437 28493 D ANW bt_btif: btif_in_fetch_bonded_ble_device Found a LE device: 08:3d:28:89:8f:b2
05-27 19:07:51.422 28437 28493 D ANW bt_btif: btif_storage_get_remote_addr_type, AnW
05-27 19:07:51.422 28437 28493 D ANW bt_btif: btif_in_fetch_bonded_ble_device, AnW key_not_found
05-27 19:07:51.422 28437 28493 D ANW bt_btif: Remote device:08:3d:28:89:8f:b2, no link key or ble key found
05-27 19:07:51.422 28437 28493 D ANW bt_btif: in, bd addr:08:3d:28:89:8f:b2, prop type:11, len:1
05-27 19:07:51.422 28437 28493 D ANW bt_btif: btif_in_fetch_bonded_device, AnW
05-27 19:07:51.422 28437 28493 D ANW bt_btif: btif_in_fetch_bonded_ble_device Found a LE device: 08:3d:28:89:8f:b2
05-27 19:07:51.422 28437 28493 D ANW bt_btif: btif_storage_get_remote_addr_type, AnW
05-27 19:07:51.422 28437 28493 D ANW bt_btif: btif_in_fetch_bonded_ble_device, AnW key_not_found
05-27 19:07:51.422 28437 28493 D ANW bt_btif: Remote device:08:3d:28:89:8f:b2, no link key or ble key found
05-27 19:07:51.422 28437 28493 D ANW bt_btif: btif_storage_set_remote_addr_type, AnW
05-27 19:07:51.422 28437 28493 I ANW bt_btif: onScanResult, address_type=1, primary_phy= 0, secondary_phy=0, ad size= 31
05-27 19:07:51.422 28437 28493 I ANW bt_btif: onScanResult: HAL bt_gatt_callbacks->scanner->scan_result_cb
05-27 19:07:51.423   566 11459 I gps_hdbd: Received: '$GNRMC,012342.000,V,,,,,,,270526,120.0,E,N,V*43
'
05-27 19:07:51.423   566 11459 I gps_hdbd: RMC : CALL gnss_sv_status_cb, view_in_sat <2>
05-27 19:07:51.423   566 11459 I gps_hdbd: [reportSvStatus]--->PLATFORM_BSP::Enter
05-27 19:07:51.423  1083  1083 W MyAppLog: [2026-05-27 19:07:51.423 W tboxap gpsSyncGpsInfoToDm:361] [Gps] [gpsSyncGpsInfoToDm] fix=0 mode=49 corner:0x01 alt=0.00 sat=0 hdop=0.00 pdop=0.00 vdop=0.00
05-27 19:07:51.424 28437 28493 D ANWStack: [  11938675][ANWBT] HCI Rx: LE Meta Event, HCI_evLEADVERTISINGREPORT, subevent_code=0x2 Num_Reports=1
05-27 19:07:51.424 28437 28493 D ANWStack: 
05-27 19:07:51.424   536   536 D commservice260303: msg.id = 1028,0
05-27 19:07:51.424 28437 28493 D ANWAPI  : (28437|0xFF195CB0)[BTAPI] AnwhciEventCallback 62 2
05-27 19:07:51.424 28437 28493 D ANWAPI  : (28437|0xFF195CB0)[BTAPI] btsdk_le_DiscoveryCallback eventtype[3]
05-27 19:07:51.424   536   536 D commservice260303: i = 170, msgid = 8A000404
05-27 19:07:51.424 28437 28493 D ANWAPI  : (28437|0xFF195CB0)[BTAPI] anwbt_ble_le_discoveryHandler
05-27 19:07:51.424 28437 28493 D ANWAPI  : 
05-27 19:07:51.424   536   536 D commservice260303: msgid = -1979710460,did=138
05-27 19:07:51.424 28437 28493 D ANWAPI  : (28437|0xFF195CB0)[BTAPI] anwbt_ble_le_discoveryHandler newDevice=0xb4000073fd7df39a,status=0,idx=255,scanLen=0,len=31,RSSI[-51]
05-27 19:07:51.424   536   536 D commservice260303: CommProtocolLibCmdBaseI2C::dataproc {"command":{"id":"imu_status","sub":""},"content":{"TimeStamp":11,"FrameCounter":280732,"GD_X":-0.012370175682008266,"GD_Y":0.005268065724521875,"GD_Z":0.0022902146447449923,"AD_X":-0.008213162422180176,"AD_Y":-0.003953068051487207,"AD_Z":-0.1713390350341797,"TempDsp":0,"Status":0,"CalibState":1,"SigAmpInvalid":0}},-1979710460
05-27 19:07:51.424 28437 28493 D ANWAPI  : (28437|0xFF195CB0)[BTAPI] AnWBT_BLE_GetFirstRandomAddr start,btaddr=[0xd2:0xd:0x82:0x4f:0x79:0x25],addrType=1
05-27 19:07:51.424   566 11459 I gps_hdbd: hy abnormal deal:hy_cnr30_satellite_cnt=0
05-27 19:07:51.424 28437 28493 D ANWAPI  : (28437|0xFF195CB0)[BTAPI] AnWBT_BLE_GetFirstRandomAddr end,btaddr=[0xd2:0xd:0x82:0x4f:0x79:0x25]
05-27 19:07:51.424 28437 28493 D ANWAPI  : (28437|0xFF195CB0)[BTAPI] send_BLE_discoveryHandler_Message event type: 0x3
05-27 19:07:51.424 28437 28493 D ANWAPI  : 
05-27 19:07:51.424   536   536 D commservice260303: send2Cluster len:316, 7B22636F6D6D616E64223A7B226964223A22696D755F737461747573222C22737562223A22227D2C22636F6E74656E74223A7B2254696D655374616D70223A31312C224672616D65436F756E746572223A3238303733322C2247445F58223A2D302E3031323337303137353638323030383236362C2247445F59223A302E3030353236383036353732343532313837352C2247445F5A223A302E303032323930323134363434373434393932332C2241445F58223A2D302E3030383231333136323432323138303137362C2241445F59223A2D302E3030333935333036383035313438373230372C2241445F5A223A2D302E313731333339303335303334313739372C2254656D70447370223A302C22537461747573223A302C2243616C69625374617465223A312C22536967416D70496E76616C6964223A307D7D, 138 
05-27 19:07:51.424 28437 28493 D ANW bt_btif: send_BLE_discoveryHandler_Message cod is 0x000000
05-27 19:07:51.424   536   536 D commservice260303: Push Message into SendPool fn=-628423680
05-27 19:07:51.424 28437 28493 D ANW bt_btif: btif_storage_add_remote_device, AnW
05-27 19:07:51.425   536   536 D commservice260303: ComProtocolLibSend2Cluster::send2ClusterRaw fn=-628423680 , len=332
05-27 19:07:51.425 28437 28493 D ANW bt_btif: in, bd addr:25:79:4f:82:0d:d2, prop type:255, len:6
05-27 19:07:51.425 28437 28493 D ANW bt_btif: btif_in_fetch_bonded_device, AnW
05-27 19:07:51.425   536   536 D commservice260303: sendCmdToPort :332!!!
05-27 19:07:51.425 28437 28493 D ANW bt_btif: btif_in_fetch_bonded_ble_device Found a LE device: 25:79:4f:82:0d:d2
05-27 19:07:51.425 28437 28493 D ANW bt_btif: btif_storage_get_remote_addr_type, AnW
05-27 19:07:51.425   536   536 D commservice260303: send Cmd To Port ++++5AA501488A0100048BDA6A16D0877B22636F6D6D616E64223A7B226964223A22696D755F737461747573222C22737562223A22227D2C22636F6E74656E74223A7B2254696D655374616D70223A31312C224672616D65436F756E746572223A3238303733322C2247445F58223A2D302E3031323337303137353638323030383236362C2247445F59223A302E3030353236383036353732343532313837352C2247445F5A223A302E303032323930323134363434373434393932332C2241445F58223A2D302E3030383231333136323432323138303137362C2241445F59223A2D302E3030333935333036383035313438373230372C2241445F5A223A2D302E313731333339303335303334313739372C2254656D70447370223A302C22537461747573223A302C2243616C69625374617465223A312C22536967416D70496E76616C6964223A307D7D4AA5
05-27 19:07:51.425 28437 28493 D ANW bt_btif: btif_in_fetch_bonded_ble_device, AnW key_not_found
05-27 19:07:51.425 28437 28493 D ANW bt_btif: Remote device:25:79:4f:82:0d:d2, no link key or ble key found
05-27 19:07:51.425   536   536 D commservice260303: bufferevent_write retrun value = 0
05-27 19:07:51.425 28437 28493 D ANW bt_btif: in, bd addr:25:79:4f:82:0d:d2, prop type:5, len:4
05-27 19:07:51.425 28437 28493 D ANW bt_btif: btif_in_fetch_bonded_device, AnW
05-27 19:07:51.425  1122  1122 I auditd  : type=1400 audit(0.0:79161): avc: denied { dac_read_search } for comm="tbox_ap" capability=2 scontext=u:r:tboxd:s0 tcontext=u:r:tboxd:s0 tclass=capability permissive=1
05-27 19:07:51.425  1122  1122 I tbox_ap : type=1400 audit(0.0:79161): avc: denied { dac_read_search } for capability=2 scontext=u:r:tboxd:s0 tcontext=u:r:tboxd:s0 tclass=capability permissive=1
05-27 19:07:51.425 28437 28493 D ANW bt_btif: btif_in_fetch_bonded_ble_device, AnW key_not_found
05-27 19:07:51.425 28437 28493 D ANW bt_btif: Remote device:25:79:4f:82:0d:d2, no link key or ble key found
05-27 19:07:51.425 28437 28493 D ANW bt_btif: in, bd addr:25:79:4f:82:0d:d2, prop type:11, len:1
05-27 19:07:51.425 28437 28493 D ANW bt_btif: btif_in_fetch_bonded_device, AnW
05-27 19:07:51.425 28437 28493 D ANW bt_btif: btif_in_fetch_bonded_ble_device Found a LE device: 25:79:4f:82:0d:d2
05-27 19:07:51.425 28437 28493 D ANW bt_btif: btif_storage_get_remote_addr_type, AnW
05-27 19:07:51.425 28437 28493 D ANW bt_btif: btif_in_fetch_bonded_ble_device, AnW key_not_found
05-27 19:07:51.425 28437 28493 D ANW bt_btif: Remote device:25:79:4f:82:0d:d2, no link key or ble key found
05-27 19:07:51.426 28437 28493 D ANW bt_btif: btif_storage_set_remote_addr_type, AnW
05-27 19:07:51.426 28437 28493 I ANW bt_btif: onScanResult, address_type=1, primary_phy= 0, secondary_phy=0, ad size= 31
05-27 19:07:51.426 28437 28493 I ANW bt_btif: onScanResult: HAL bt_gatt_callbacks->scanner->scan_result_cb
05-27 19:07:51.427   536   560 D commservice260303: client datas send succeed,send finish
