05-27 19:07:50.036   536   536 D commservice260303: send2Cluster len:313, 7B22636F6D6D616E64223A7B226964223A22696D755F737461747573222C22737562223A22227D2C22636F6E74656E74223A7B2254696D655374616D70223A31312C224672616D65436F756E746572223A3238303639382C2247445F58223A2D302E3031313435333135333536353532363030392C2247445F59223A302E3030353334353034373435313535353732392C2247445F5A223A302E3030323531393037393934393730363739332C2241445F58223A302E3030333339323833303439313036353937392C2241445F59223A302E3030353437353334343630323031383539352C2241445F5A223A2D302E313639353038393334303230393936312C2254656D70447370223A302C22537461747573223A302C2243616C69625374617465223A312C22536967416D70496E76616C6964223A307D7D, 138 
05-27 19:07:50.036   536   536 D commservice260303: Push Message into SendPool fn=-1198849024
05-27 19:07:50.036   536   536 D commservice260303: ComProtocolLibSend2Cluster::send2ClusterRaw fn=-1198849024 , len=329
05-27 19:07:50.036   536   536 D commservice260303: sendCmdToPort :329!!!
05-27 19:07:50.036   536   536 D commservice260303: send Cmd To Port ++++5AA501458A0100048BB86A16D0867B22636F6D6D616E64223A7B226964223A22696D755F737461747573222C22737562223A22227D2C22636F6E74656E74223A7B2254696D655374616D70223A31312C224672616D65436F756E746572223A3238303639382C2247445F58223A2D302E3031313435333135333536353532363030392C2247445F59223A302E3030353334353034373435313535353732392C2247445F5A223A302E3030323531393037393934393730363739332C2241445F58223A302E3030333339323833303439313036353937392C2241445F59223A302E3030353437353334343630323031383539352C2241445F5A223A2D302E313639353038393334303230393936312C2254656D70447370223A302C22537461747573223A302C2243616C69625374617465223A312C22536967416D70496E76616C6964223A307D7DDA94
05-27 19:07:50.037   536   536 D commservice260303: bufferevent_write retrun value = 0
05-27 19:07:50.037   536   560 D commservice260303: client datas send succeed,send finish
05-27 08:58:59.467   581   581 D spi_rst_gpio_get_output: GPIO 145 value: 1
05-27 08:58:59.467   581   581 D spidev_ioctl: gpio status=1)
05-27 08:58:59.469 11060 11060 E Time_printk_thread: 2026-05-27 19:07:50
05-27 19:07:50.037 13911 14192 D Sentinelmode_1.2.5.17_sentry: <SentryImuClusterFgeSender>imu_status sent to Linux, frame=280698, tsNs=11937274, tsMs=11, intervalMs=39, ad=(0.0033928305,0.0054753446,-0.16950893), gd=(-0.011453154,0.0053450475,0.00251908)
05-27 19:07:50.039   581   581 I SpiService: fgesysctrl_getGPIO_status success val=1
05-27 19:07:50.044 13911 14183 I SentryImuMcuAngleSender: 179.993rollDeg
05-27 19:07:50.044 13911 14183 I SentryImuMcuAngleSender: 1,0,0
05-27 19:07:50.045   581   581 I SpiService: fgesysctrl_getGPIO_status success val=1
05-27 19:07:50.050   581   581 I SpiService: fgesysctrl_getGPIO_status success val=1
05-27 19:07:50.055   581   581 I SpiService: fgesysctrl_getGPIO_status success val=1
05-27 19:07:50.055  1083  1083 I MyAppLog: [2026-05-27 19:07:50.055 I tboxap mcuMainPeriodic100msTask:914] [Mcu] [mcuMainPeriodic100msTask] MCU version not ready, send 0x0981 item 0x01 retry:1
05-27 19:07:50.056  1083  1083 I MyAppLog: [2026-05-27 19:07:50.055 I tboxap mcuSendYadiTransfer:196] [Mcu] [mcuYadiSend]: :00 08 F9 04 01 09 81 02 01 01
05-27 19:07:50.058   572   572 I Sensors : 230 AccelSensor: x:-0.155550,y:-0.004270,z:-9.979600
05-27 19:07:50.058   481   599 I mcuc    : start timer OK = 33722 
05-27 19:07:50.060   581   581 I SpiService: fgesysctrl_getGPIO_status success val=1
05-27 19:07:50.064 13911 14183 I SentryImuMcuAngleSender: -179.97548rollDeg
05-27 19:07:50.064 13911 14183 I SentryImuMcuAngleSender: 1,0,0
05-27 19:07:50.066   581   581 I SpiService: fgesysctrl_getGPIO_status success val=0
05-27 19:07:50.066   481   597 I mcuc    : send SPI:6AA60183BA00F80901F9040109810201010000000000000000000000000000000000000000000000000000000000000000000000000000000000000000000000000000000000000000000000000000000000000000000000000000000000000000000000000000000000000000000000000000000000000000000000000000000000000000000000000000000000000000000000000000000000000000000000000000000000000000000000000000000000000000000000000000000000000000000000000000000000000000000000000000000000000000000000000000000000000000000000000000000000000000000000000000000000000000000034
05-27 19:07:50.072   283   307 I rvcservice: t.code = 3, t.value = 0
05-27 19:07:50.077   536   536 D commservice260303: msg.id = 1028,0
05-27 19:07:50.077   536   536 D commservice260303: i = 170, msgid = 8A000404
05-27 08:58:59.473   581   581 D spi_rst_gpio_get_output: GPIO 145 value: 1
05-27 08:58:59.473   581   581 D spidev_ioctl: gpio status=1)
05-27 19:07:50.077   536   536 D commservice260303: msgid = -1979710460,did=138
05-27 19:07:50.077   536   536 D commservice260303: CommProtocolLibCmdBaseI2C::dataproc {"command":{"id":"imu_status","sub":""},"content":{"TimeStamp":11,"FrameCounter":280699,"GD_X":-0.011910883709788322,"GD_Y":0.004963258747011423,"GD_Z":0.0019848872907459736,"AD_X":0.012457892298698425,"AD_Y":-0.0060929469764232635,"AD_Z":-0.17438888549804688,"TempDsp":0,"Status":0,"CalibState":1,"SigAmpInvalid":0}},-1979710460
05-27 19:07:50.077   536   536 D commservice260303: send2Cluster len:317, 7B22636F6D6D616E64223A7B226964223A22696D755F737461747573222C22737562223A22227D2C22636F6E74656E74223A7B2254696D655374616D70223A31312C224672616D65436F756E746572223A3238303639392C2247445F58223A2D302E3031313931303838333730393738383332322C2247445F59223A302E3030343936333235383734373031313432332C2247445F5A223A302E303031393834383837323930373435393733362C2241445F58223A302E3031323435373839323239383639383432352C2241445F59223A2D302E303036303932393436393736343233323633352C2241445F5A223A2D302E31373433383838383534393830343638382C2254656D70447370223A302C22537461747573223A302C2243616C69625374617465223A312C22536967416D70496E76616C6964223A307D7D, 138 
05-27 19:07:50.077   536   536 D commservice260303: Push Message into SendPool fn=-1182071808
05-27 19:07:50.077   536   536 D commservice260303: ComProtocolLibSend2Cluster::send2ClusterRaw fn=-1182071808 , len=333
05-27 19:07:50.077   536   536 D commservice260303: sendCmdToPort :333!!!
05-27 19:07:50.077   536   536 D commservice260303: send Cmd To Port ++++5AA501498A0100048BB96A16D0867B22636F6D6D616E64223A7B226964223A22696D755F737461747573222C22737562223A22227D2C22636F6E74656E74223A7B2254696D655374616D70223A31312C224672616D65436F756E746572223A3238303639392C2247445F58223A2D302E3031313931303838333730393738383332322C2247445F59223A302E3030343936333235383734373031313432332C2247445F5A223A302E303031393834383837323930373435393733362C2241445F58223A302E3031323435373839323239383639383432352C2241445F59223A2D302E303036303932393436393736343233323633352C2241445F5A223A2D302E31373433383838383534393830343638382C2254656D70447370223A302C22537461747573223A302C2243616C69625374617465223A312C22536967416D70496E76616C6964223A307D7DC543
05-27 19:07:50.077   536   536 D commservice260303: bufferevent_write retrun value = 0
05-27 19:07:50.077   536   560 D commservice260303: client datas send succeed,send finish
05-27 19:07:50.077 13911 14192 D Sentinelmode_1.2.5.17_sentry: <SentryImuClusterFgeSender>imu_status sent to Linux, frame=280699, tsNs=11937309, tsMs=11, intervalMs=41, ad=(0.012457892,-0.006092947,-0.17438889), gd=(-0.011910884,0.0049632587,0.0019848873)
05-27 19:07:50.079   581   581 I SpiService: fgesysctrl_getGPIO_status success val=1
05-27 19:07:50.085 13911 14183 I SentryImuMcuAngleSender: -179.97899rollDeg
05-27 19:07:50.085   581   581 I SpiService: fgesysctrl_getGPIO_status success val=1
05-27 19:07:50.085 13911 14183 I SentryImuMcuAngleSender: 1,0,0
05-27 19:07:50.090   581   581 I SpiService: fgesysctrl_getGPIO_status success val=1
05-27 19:07:50.095   581   581 I SpiService: fgesysctrl_getGPIO_status success val=1
05-27 19:07:50.097 13911 16534 D VersionPrinter: com.adayo.app.dvrlocalservice- VersionName:[1.2.5.17_sentry] - append:[] - active:[]
05-27 19:07:50.101   581   581 I SpiService: fgesysctrl_getGPIO_status success val=1
05-27 19:07:50.106 13911 14183 I SentryImuMcuAngleSender: 179.99649rollDeg
05-27 19:07:50.106 13911 14183 I SentryImuMcuAngleSender: 1,0,0
05-27 19:07:50.107   581   581 I SpiService: fgesysctrl_getGPIO_status success val=0
05-27 19:07:50.117   536   536 D commservice260303: msg.id = 1028,0
05-27 19:07:50.117   536   536 D commservice260303: i = 170, msgid = 8A000404
05-27 19:07:50.117   536   536 D commservice260303: msgid = -1979710460,did=138
05-27 19:07:50.117   536   536 D commservice260303: CommProtocolLibCmdBaseI2C::dataproc {"command":{"id":"imu_status","sub":""},"content":{"TimeStamp":11,"FrameCounter":280700,"GD_X":-0.011682018637657166,"GD_Y":0.004963258747011423,"GD_Z":0.0015271564479917288,"AD_X":7.7056884765625E-4,"AD_Y":0.0018522548489272594,"AD_Z":-0.17194366455078125,"TempDsp":0,"Status":0,"CalibState":1,"SigAmpInvalid":0}},-1979710460
05-27 19:07:50.117   536   536 D commservice260303: send2Cluster len:314, 7B22636F6D6D616E64223A7B226964223A22696D755F737461747573222C22737562223A22227D2C22636F6E74656E74223A7B2254696D655374616D70223A31312C224672616D65436F756E746572223A3238303730302C2247445F58223A2D302E3031313638323031383633373635373136362C2247445F59223A302E3030343936333235383734373031313432332C2247445F5A223A302E303031353237313536343437393931373238382C2241445F58223A372E37303536383834373635363235452D342C2241445F59223A302E303031383532323534383438393237323539342C2241445F5A223A2D302E31373139343336363435353037383132352C2254656D70447370223A302C22537461747573223A302C2243616C69625374617465223A312C22536967416D70496E76616C6964223A307D7D, 138 
05-27 19:07:50.117   536   536 D commservice260303: Push Message into SendPool fn=-1165294592
05-27 19:07:50.117   536   536 D commservice260303: ComProtocolLibSend2Cluster::send2ClusterRaw fn=-1165294592 , len=330
05-27 19:07:50.117   536   536 D commservice260303: sendCmdToPort :330!!!
05-27 19:07:50.117   536   536 D commservice260303: send Cmd To Port ++++5AA501468A0100048BBA6A16D0867B22636F6D6D616E64223A7B226964223A22696D755F737461747573222C22737562223A22227D2C22636F6E74656E74223A7B2254696D655374616D70223A31312C224672616D65436F756E746572223A3238303730302C2247445F58223A2D302E3031313638323031383633373635373136362C2247445F59223A302E3030343936333235383734373031313432332C2247445F5A223A302E303031353237313536343437393931373238382C2241445F58223A372E37303536383834373635363235452D342C2241445F59223A302E303031383532323534383438393237323539342C2241445F5A223A2D302E31373139343336363435353037383132352C2254656D70447370223A302C22537461747573223A302C2243616C69625374617465223A312C22536967416D70496E76616C6964223A307D7DC4B2
05-27 19:07:50.117   536   536 D commservice260303: bufferevent_write retrun value = 0
05-27 19:07:50.117   536   560 D commservice260303: client datas send succeed,send finish
05-27 19:07:50.118 13911 14192 D Sentinelmode_1.2.5.17_sentry: <SentryImuClusterFgeSender>imu_status sent to Linux, frame=280700, tsNs=11937363, tsMs=11, intervalMs=40, ad=(7.7056885E-4,0.0018522548,-0.17194366), gd=(-0.011682019,0.0049632587,0.0015271564)
05-27 19:07:50.120   481   598 I mcuc    : rev,n=1,6AA68283BA0002090135
05-27 19:07:50.121   581   581 I SpiService: fgesysctrl_getGPIO_status success val=1
05-27 19:07:50.127 13911 14183 I SentryImuMcuAngleSender: 179.97899rollDeg
05-27 19:07:50.127   581   581 I SpiService: fgesysctrl_getGPIO_status success val=1
05-27 19:07:50.127 13911 14183 I SentryImuMcuAngleSender: 1,0,0
05-27 19:07:50.132   581   581 I SpiService: fgesysctrl_getGPIO_status success val=1
05-27 08:58:59.476     1     1 I init    : processing action (persist.log.adayo_collect.logcat=2) from (/system/etc/init/hw/init.rc:1409)
05-27 19:07:50.135 13549 13799 I ADAYO_LOG_: lambda$startZipWatchingThread$0$com-adayo-log-function-collect-SafeLogFunc(SafeLogFunc.java:300)idsMergedFile fileSize:0,safeLogMergedFile fileSize: 0,singleFileMaxSize:1048576
05-27 08:58:59.476     1     1 I init    : Sending signal 9 to service 'trace_logcat' (pid 23600) process group...
05-27 19:07:50.137   581   581 I SpiService: fgesysctrl_getGPIO_status success val=1
05-27 08:58:59.478   581   581 D spi_rst_gpio_get_output: GPIO 145 value: 0
05-27 19:07:50.143   581   581 I SpiService: fgesysctrl_getGPIO_status success val=1
05-27 08:58:59.478   581   581 D spidev_ioctl: gpio status=0)
05-27 19:07:50.147   572   572 I Sensors : 230 GyroSensor: x:-0.011682,y:0.004581,z:0.001832
05-27 19:07:50.148   581   581 I SpiService: fgesysctrl_getGPIO_status success val=0
05-27 19:07:50.148 13911 14183 I SentryImuMcuAngleSender: 179.97197rollDeg
05-27 19:07:50.150 13911 14183 I SentryImuMcuAngleSender: 1,0,0
05-27 19:07:50.157   536   536 D commservice260303: msg.id = 1028,0
05-27 19:07:50.157   536   536 D commservice260303: i = 170, msgid = 8A000404
05-27 19:07:50.157   536   536 D commservice260303: msgid = -1979710460,did=138
05-27 19:07:50.157   536   536 D commservice260303: CommProtocolLibCmdBaseI2C::dataproc {"command":{"id":"imu_status","sub":""},"content":{"TimeStamp":11,"FrameCounter":280701,"GD_X":-0.011682018637657166,"GD_Y":0.004580949433147907,"GD_Z":0.0018319635419175029,"AD_X":-0.008357241749763489,"AD_Y":0.003057209774851799,"AD_Z":-0.1707286834716797,"TempDsp":0,"Status":0,"CalibState":1,"SigAmpInvalid":0}},-1979710460
05-27 19:07:50.158   536   536 D commservice260303: send2Cluster len:315, 7B22636F6D6D616E64223A7B226964223A22696D755F737461747573222C22737562223A22227D2C22636F6E74656E74223A7B2254696D655374616D70223A31312C224672616D65436F756E746572223A3238303730312C2247445F58223A2D302E3031313638323031383633373635373136362C2247445F59223A302E3030343538303934393433333134373930372C2247445F5A223A302E303031383331393633353431393137353032392C2241445F58223A2D302E3030383335373234313734393736333438392C2241445F59223A302E3030333035373230393737343835313739392C2241445F5A223A2D302E313730373238363833343731363739372C2254656D70447370223A302C22537461747573223A302C2243616C69625374617465223A312C22536967416D70496E76616C6964223A307D7D, 138 
05-27 19:07:50.158   536   536 D commservice260303: Push Message into SendPool fn=-1148517376
05-27 19:07:50.158   536   536 D commservice260303: ComProtocolLibSend2Cluster::send2ClusterRaw fn=-1148517376 , len=331
05-27 19:07:50.158   536   536 D commservice260303: sendCmdToPort :331!!!
05-27 19:07:50.158   536   536 D commservice260303: send Cmd To Port ++++5AA501478A0100048BBB6A16D0867B22636F6D6D616E64223A7B226964223A22696D755F737461747573222C22737562223A22227D2C22636F6E74656E74223A7B2254696D655374616D70223A31312C224672616D65436F756E746572223A3238303730312C2247445F58223A2D302E3031313638323031383633373635373136362C2247445F59223A302E3030343538303934393433333134373930372C2247445F5A223A302E303031383331393633353431393137353032392C2241445F58223A2D302E3030383335373234313734393736333438392C2241445F59223A302E3030333035373230393737343835313739392C2241445F5A223A2D302E313730373238363833343731363739372C2254656D70447370223A302C22537461747573223A302C2243616C69625374617465223A312C22536967416D70496E76616C6964223A307D7D69BE
05-27 19:07:50.158   536   536 D commservice260303: bufferevent_write retrun value = 0
05-27 19:07:50.158   536   560 D commservice260303: client datas send succeed,send finish
05-27 19:07:50.158 13911 14192 D Sentinelmode_1.2.5.17_sentry: <SentryImuClusterFgeSender>imu_status sent to Linux, frame=280701, tsNs=11937398, tsMs=11, intervalMs=41, ad=(-0.008357242,0.0030572098,-0.17072868), gd=(-0.011682019,0.0045809494,0.0018319635)
05-27 19:07:50.162   581   581 I SpiService: fgesysctrl_getGPIO_status success val=1
05-27 19:07:50.167   581   581 I SpiService: fgesysctrl_getGPIO_status success val=1
05-27 19:07:50.170 13911 14183 I SentryImuMcuAngleSender: 179.97198rollDeg
05-27 19:07:50.170 13911 14183 I SentryImuMcuAngleSender: 1,0,0
05-27 19:07:50.172   283   307 I rvcservice: t.code = 1, t.value = -164700
05-27 19:07:50.172   581   581 I SpiService: fgesysctrl_getGPIO_status success val=1
05-27 19:07:50.178   581   581 I SpiService: fgesysctrl_getGPIO_status success val=1
05-27 19:07:50.183   581   581 I SpiService: fgesysctrl_getGPIO_status success val=1
05-27 19:07:50.188   581   581 I SpiService: fgesysctrl_getGPIO_status success val=0
05-27 19:07:50.188   481   597 I mcuc    : send SPI:6AA60083BB00020601B9
05-27 19:07:50.190 13911 14183 I SentryImuMcuAngleSender: 179.9895rollDeg
05-27 19:07:50.190 13911 14183 I SentryImuMcuAngleSender: 1,0,0
05-27 19:07:50.199   536   536 D commservice260303: msg.id = 1028,0
05-27 19:07:50.199   536   536 D commservice260303: i = 170, msgid = 8A000404
05-27 19:07:50.199   536   536 D commservice260303: msgid = -1979710460,did=138
05-27 19:07:50.199   536   536 D commservice260303: CommProtocolLibCmdBaseI2C::dataproc {"command":{"id":"imu_status","sub":""},"content":{"TimeStamp":11,"FrameCounter":280702,"GD_X":-0.01160607673227787,"GD_Y":0.004199160262942314,"GD_Z":0.0026720035821199417,"AD_X":-0.009531766176223755,"AD_Y":-2.3705651983618736E-6,"AD_Z":-0.17377853393554688,"TempDsp":0,"Status":0,"CalibState":1,"SigAmpInvalid":0}},-1979710460
05-27 19:07:50.199   536   536 D commservice260303: send2Cluster len:317, 7B22636F6D6D616E64223A7B226964223A22696D755F737461747573222C22737562223A22227D2C22636F6E74656E74223A7B2254696D655374616D70223A31312C224672616D65436F756E746572223A3238303730322C2247445F58223A2D302E30313136303630373637333232373738372C2247445F59223A302E3030343139393136303236323934323331342C2247445F5A223A302E303032363732303033353832313139393431372C2241445F58223A2D302E3030393533313736363137363232333735352C2241445F59223A2D322E33373035363531393833363138373336452D362C2241445F5A223A2D302E31373337373835333339333535343638382C2254656D70447370223A302C22537461747573223A302C2243616C69625374617465223A312C22536967416D70496E76616C6964223A307D7D, 138 
05-27 19:07:50.199   536   536 D commservice260303: Push Message into SendPool fn=-1131740160
05-27 19:07:50.199   536   536 D commservice260303: ComProtocolLibSend2Cluster::send2ClusterRaw fn=-1131740160 , len=333
05-27 19:07:50.199   536   536 D commservice260303: sendCmdToPort :333!!!
05-27 19:07:50.199   536   536 D commservice260303: send Cmd To Port ++++5AA501498A0100048BBC6A16D0867B22636F6D6D616E64223A7B226964223A22696D755F737461747573222C22737562223A22227D2C22636F6E74656E74223A7B2254696D655374616D70223A31312C224672616D65436F756E746572223A3238303730322C2247445F58223A2D302E30313136303630373637333232373738372C2247445F59223A302E3030343139393136303236323934323331342C2247445F5A223A302E303032363732303033353832313139393431372C2241445F58223A2D302E3030393533313736363137363232333735352C2241445F59223A2D322E33373035363531393833363138373336452D362C2241445F5A223A2D302E31373337373835333339333535343638382C2254656D70447370223A302C22537461747573223A302C2243616C69625374617465223A312C22536967416D70496E76616C6964223A307D7DE382
05-27 19:07:50.199   536   536 D commservice260303: bufferevent_write retrun value = 0
05-27 19:07:50.199   536   560 D commservice260303: client datas send succeed,send finish
05-27 19:07:50.200 13911 14192 D Sentinelmode_1.2.5.17_sentry: <SentryImuClusterFgeSender>imu_status sent to Linux, frame=280702, tsNs=11937434, tsMs=11, intervalMs=41, ad=(-0.009531766,-2.3705652E-6,-0.17377853), gd=(-0.011606077,0.0041991603,0.0026720036)
05-27 19:07:50.202 15286 24383 D okhttp.TaskRunner: Q10007 scheduled after   0 µs: OkHttp ConnectionPool
05-27 08:58:59.481     1     1 I libprocessgroup: Successfully killed process cgroup uid 0 pid 23600 in 5ms
05-27 19:07:50.202 15286  4887 D okhttp.TaskRunner: Q10007 starting              : OkHttp ConnectionPool
05-27 19:07:50.202 15286  4887 D okhttp.TaskRunner: Q10007 run again after 179 s : OkHttp ConnectionPool
05-27 08:58:59.482     1     1 I init    : Service 'trace_logcat' (pid 23600) received signal 9
05-27 19:07:50.202 15286  4887 D okhttp.TaskRunner: Q10007 finished run in 159 µs: OkHttp ConnectionPool
05-27 19:07:50.202   581   581 I SpiService: fgesysctrl_getGPIO_status success val=1
05-27 19:07:50.207   581   581 I SpiService: fgesysctrl_getGPIO_status success val=1
05-27 19:07:50.211 13911 14183 I SentryImuMcuAngleSender: 179.993rollDeg
05-27 19:07:50.211 13911 14183 I SentryImuMcuAngleSender: 1,0,0
05-27 19:07:50.213   581   581 I SpiService: fgesysctrl_getGPIO_status success val=1
05-27 19:07:50.218   581   581 I SpiService: fgesysctrl_getGPIO_status success val=1
05-27 19:07:50.223   581   581 I SpiService: fgesysctrl_getGPIO_status success val=1
05-27 19:07:50.229   581   581 I SpiService: fgesysctrl_getGPIO_status success val=0
05-27 19:07:50.231 13911 14183 I SentryImuMcuAngleSender: 179.97548rollDeg
05-27 19:07:50.232 13911 14183 I SentryImuMcuAngleSender: 1,0,0
05-27 19:07:50.238   536   536 D commservice260303: msg.id = 1028,0
05-27 19:07:50.238   536   536 D commservice260303: i = 170, msgid = 8A000404
05-27 19:07:50.238   536   536 D commservice260303: msgid = -1979710460,did=138
05-27 19:07:50.238   536   536 D commservice260303: CommProtocolLibCmdBaseI2C::dataproc {"command":{"id":"imu_status","sub":""},"content":{"TimeStamp":11,"FrameCounter":280703,"GD_X":-0.012139749713242054,"GD_Y":0.00519212381914258,"GD_Z":0.0019848872907459736,"AD_X":-0.0028105825185775757,"AD_Y":0.002432930050417781,"AD_Z":-0.1707286834716797,"TempDsp":0,"Status":0,"CalibState":1,"SigAmpInvalid":0}},-1979710460
05-27 19:07:50.238   536   536 D commservice260303: send2Cluster len:315, 7B22636F6D6D616E64223A7B226964223A22696D755F737461747573222C22737562223A22227D2C22636F6E74656E74223A7B2254696D655374616D70223A31312C224672616D65436F756E746572223A3238303730332C2247445F58223A2D302E3031323133393734393731333234323035342C2247445F59223A302E30303531393231323338313931343235382C2247445F5A223A302E303031393834383837323930373435393733362C2241445F58223A2D302E303032383130353832353138353737353735372C2241445F59223A302E3030323433323933303035303431373738312C2241445F5A223A2D302E313730373238363833343731363739372C2254656D70447370223A302C22537461747573223A302C2243616C69625374617465223A312C22536967416D70496E76616C6964223A307D7D, 138 
05-27 19:07:50.239   536   536 D commservice260303: Push Message into SendPool fn=-1114962944
05-27 19:07:50.239   536   536 D commservice260303: ComProtocolLibSend2Cluster::send2ClusterRaw fn=-1114962944 , len=331
05-27 19:07:50.239   536   536 D commservice260303: sendCmdToPort :331!!!
05-27 19:07:50.239   536   536 D commservice260303: send Cmd To Port ++++5AA501478A0100048BBD6A16D0867B22636F6D6D616E64223A7B226964223A22696D755F737461747573222C22737562223A22227D2C22636F6E74656E74223A7B2254696D655374616D70223A31312C224672616D65436F756E746572223A3238303730332C2247445F58223A2D302E3031323133393734393731333234323035342C2247445F59223A302E30303531393231323338313931343235382C2247445F5A223A302E303031393834383837323930373435393733362C2241445F58223A2D302E303032383130353832353138353737353735372C2241445F59223A302E3030323433323933303035303431373738312C2241445F5A223A2D302E313730373238363833343731363739372C2254656D70447370223A302C22537461747573223A302C2243616C69625374617465223A312C22536967416D70496E76616C6964223A307D7D7AFC
05-27 19:07:50.239   536   536 D commservice260303: bufferevent_write retrun value = 0
05-27 19:07:50.239   536   560 D commservice260303: client datas send succeed,send finish
05-27 19:07:50.239 13911 14192 D Sentinelmode_1.2.5.17_sentry: <SentryImuClusterFgeSender>imu_status sent to Linux, frame=280703, tsNs=11937470, tsMs=11, intervalMs=40, ad=(-0.0028105825,0.00243293,-0.17072868), gd=(-0.01213975,0.005192124,0.0019848873)
05-27 19:07:50.242   581   581 I SpiService: fgesysctrl_getGPIO_status success val=1
05-27 19:07:50.245 30773 30786 I dvr_service_: CameraX 0  audioOK: 38976000,audios:610
05-27 19:07:50.248   581   581 I SpiService: fgesysctrl_getGPIO_status success val=1
05-27 19:07:50.252 13911 14183 I SentryImuMcuAngleSender: 179.97197rollDeg
05-27 19:07:50.252 13911 14183 I SentryImuMcuAngleSender: 1,0,0
05-27 19:07:50.253   581   581 I SpiService: fgesysctrl_getGPIO_status success val=1
05-27 19:07:50.254   572   572 I Sensors : 230 AccelSensor: x:-0.168360,y:0.003659,z:-9.977160
05-27 19:07:50.258   581   581 I SpiService: fgesysctrl_getGPIO_status success val=1
05-27 19:07:50.264   581   581 I SpiService: fgesysctrl_getGPIO_status success val=1
05-27 19:07:50.269   581   581 I SpiService: fgesysctrl_getGPIO_status success val=0
05-27 19:07:50.272   283   307 I rvcservice: t.code = 3, t.value = 0
05-27 19:07:50.273 13911 14183 I SentryImuMcuAngleSender: 179.97899rollDeg
05-27 19:07:50.273 13911 14183 I SentryImuMcuAngleSender: 1,0,0
05-27 19:07:50.279   536   536 D commservice260303: msg.id = 1028,1
05-27 19:07:50.279   536   536 D commservice260303: i = 170, msgid = 8A000404
05-27 19:07:50.279   536   536 D commservice260303: msgid = -1979710460,did=138
05-27 19:07:50.279   536   536 D commservice260303: CommProtocolLibCmdBaseI2C::dataproc {"command":{"id":"imu_status","sub":""},"content":{"TimeStamp":11,"FrameCounter":280704,"GD_X":-0.011223767884075642,"GD_Y":0.005268065724521875,"GD_Z":0.0022902146447449923,"AD_X":-3.95849347114563E-4,"AD_Y":-0.001847193925641477,"AD_Z":-0.19024944305419922,"TempDsp":0,"Status":0,"CalibState":1,"SigAmpInvalid":0}},-1979710460
05-27 19:07:50.280   536   536 D commservice260303: send2Cluster len:316, 7B22636F6D6D616E64223A7B226964223A22696D755F737461747573222C22737562223A22227D2C22636F6E74656E74223A7B2254696D655374616D70223A31312C224672616D65436F756E746572223A3238303730342C2247445F58223A2D302E3031313232333736373838343037353634322C2247445F59223A302E3030353236383036353732343532313837352C2247445F5A223A302E303032323930323134363434373434393932332C2241445F58223A2D332E3935383439333437313134353633452D342C2241445F59223A2D302E3030313834373139333932353634313437372C2241445F5A223A2D302E31393032343934343330353431393932322C2254656D70447370223A302C22537461747573223A302C2243616C69625374617465223A312C22536967416D70496E76616C6964223A307D7D, 138 
05-27 19:07:50.280   536   536 D commservice260303: Push Message into SendPool fn=-1098185728
05-27 19:07:50.280   536   536 D commservice260303: ComProtocolLibSend2Cluster::send2ClusterRaw fn=-1098185728 , len=332
05-27 19:07:50.280   536   536 D commservice260303: sendCmdToPort :332!!!
05-27 19:07:50.280   536   536 D commservice260303: send Cmd To Port ++++5AA501488A0100048BBE6A16D0867B22636F6D6D616E64223A7B226964223A22696D755F737461747573222C22737562223A22227D2C22636F6E74656E74223A7B2254696D655374616D70223A31312C224672616D65436F756E746572223A3238303730342C2247445F58223A2D302E3031313232333736373838343037353634322C2247445F59223A302E3030353236383036353732343532313837352C2247445F5A223A302E303032323930323134363434373434393932332C2241445F58223A2D332E3935383439333437313134353633452D342C2241445F59223A2D302E3030313834373139333932353634313437372C2241445F5A223A2D302E31393032343934343330353431393932322C2254656D70447370223A302C22537461747573223A302C2243616C69625374617465223A312C22536967416D70496E76616C6964223A307D7D5EC6
05-27 19:07:50.280   536   536 D commservice260303: bufferevent_write retrun value = 0
05-27 19:07:50.280   536   560 D commservice260303: client datas send succeed,send finish
05-27 19:07:50.280 13911 14192 D Sentinelmode_1.2.5.17_sentry: <SentryImuClusterFgeSender>imu_status sent to Linux, frame=280704, tsNs=11937523, tsMs=11, intervalMs=41, ad=(-3.9584935E-4,-0.0018471939,-0.19024944), gd=(-0.011223768,0.0052680657,0.0022902146)
05-27 19:07:50.283   581   581 I SpiService: fgesysctrl_getGPIO_status success val=1
05-27 19:07:50.288   581   581 I SpiService: fgesysctrl_getGPIO_status success val=1
05-27 19:07:50.294 13911 14183 I SentryImuMcuAngleSender: -179.97902rollDeg
05-27 19:07:50.294 13911 14183 I SentryImuMcuAngleSender: 1,0,0
05-27 19:07:50.294   581   581 I SpiService: fgesysctrl_getGPIO_status success val=1
05-27 19:07:50.299   581   581 I SpiService: fgesysctrl_getGPIO_status success val=1
05-27 19:07:50.304 30773 30786 I dvr_service_: CameraX 1  audioOK: 38976000,audios:610
05-27 19:07:50.304   581   581 I SpiService: fgesysctrl_getGPIO_status success val=1
05-27 19:07:50.310   581   581 I SpiService: fgesysctrl_getGPIO_status success val=0
05-27 19:07:50.315 13911 14183 I SentryImuMcuAngleSender: -179.993rollDeg
05-27 19:07:50.315 13911 14183 I SentryImuMcuAngleSender: 1,0,0
05-27 19:07:50.319   536   536 D commservice260303: msg.id = 1028,0
05-27 19:07:50.320   536   536 D commservice260303: i = 170, msgid = 8A000404
05-27 19:07:50.320   536   536 D commservice260303: msgid = -1979710460,did=138
05-27 19:07:50.320   536   536 D commservice260303: CommProtocolLibCmdBaseI2C::dataproc {"command":{"id":"imu_status","sub":""},"content":{"TimeStamp":11,"FrameCounter":280705,"GD_X":-0.01153013575822115,"GD_Y":0.004963258747011423,"GD_Z":0.0019848872907459736,"AD_X":-4.165917634963989E-4,"AD_Y":-0.003040950745344162,"AD_Z":-0.17682456970214844,"TempDsp":0,"Status":0,"CalibState":1,"SigAmpInvalid":0}},-1979710460
05-27 19:07:50.320   536   536 D commservice260303: send2Cluster len:316, 7B22636F6D6D616E64223A7B226964223A22696D755F737461747573222C22737562223A22227D2C22636F6E74656E74223A7B2254696D655374616D70223A31312C224672616D65436F756E746572223A3238303730352C2247445F58223A2D302E30313135333031333537353832323131352C2247445F59223A302E3030343936333235383734373031313432332C2247445F5A223A302E303031393834383837323930373435393733362C2241445F58223A2D342E313635393137363334393633393839452D342C2241445F59223A2D302E3030333034303935303734353334343136322C2241445F5A223A2D302E31373638323435363937303231343834342C2254656D70447370223A302C22537461747573223A302C2243616C69625374617465223A312C22536967416D70496E76616C6964223A307D7D, 138 
05-27 19:07:50.320   536   536 D commservice260303: Push Message into SendPool fn=-1081408512
05-27 19:07:50.320   536   536 D commservice260303: ComProtocolLibSend2Cluster::send2ClusterRaw fn=-1081408512 , len=332
05-27 19:07:50.320   536   536 D commservice260303: sendCmdToPort :332!!!
05-27 19:07:50.320   536   536 D commservice260303: send Cmd To Port ++++5AA501488A0100048BBF6A16D0867B22636F6D6D616E64223A7B226964223A22696D755F737461747573222C22737562223A22227D2C22636F6E74656E74223A7B2254696D655374616D70223A31312C224672616D65436F756E746572223A3238303730352C2247445F58223A2D302E30313135333031333537353832323131352C2247445F59223A302E3030343936333235383734373031313432332C2247445F5A223A302E303031393834383837323930373435393733362C2241445F58223A2D342E313635393137363334393633393839452D342C2241445F59223A2D302E3030333034303935303734353334343136322C2241445F5A223A2D302E31373638323435363937303231343834342C2254656D70447370223A302C22537461747573223A302C2243616C69625374617465223A312C22536967416D70496E76616C6964223A307D7DDF62
05-27 19:07:50.320   536   536 D commservice260303: bufferevent_write retrun value = 0
05-27 19:07:50.320   536   560 D commservice260303: client datas send succeed,send finish
05-27 19:07:50.321 13911 14192 D Sentinelmode_1.2.5.17_sentry: <SentryImuClusterFgeSender>imu_status sent to Linux, frame=280705, tsNs=11937559, tsMs=11, intervalMs=40, ad=(-4.1659176E-4,-0.0030409507,-0.17682457), gd=(-0.011530136,0.0049632587,0.0019848873)
05-27 19:07:50.323   581   581 I SpiService: fgesysctrl_getGPIO_status success val=1
05-27 19:07:50.329   581   581 I SpiService: fgesysctrl_getGPIO_status success val=1
05-27 19:07:50.334   581   581 I SpiService: fgesysctrl_getGPIO_status success val=1
05-27 19:07:50.336 13911 14183 I SentryImuMcuAngleSender: 179.97548rollDeg
05-27 19:07:50.336 13911 14183 I SentryImuMcuAngleSender: 1,0,0
05-27 19:07:50.340   581   581 I SpiService: fgesysctrl_getGPIO_status success val=1
05-27 19:07:50.344   572   572 I Sensors : 230 GyroSensor: x:-0.011835,y:0.005345,z:0.002443
05-27 19:07:50.345   581   581 I SpiService: fgesysctrl_getGPIO_status success val=1
05-27 19:07:50.350   581   581 I SpiService: fgesysctrl_getGPIO_status success val=0
05-27 19:07:50.356 13911 14183 I SentryImuMcuAngleSender: 179.95796rollDeg
05-27 19:07:50.357 13911 14183 I SentryImuMcuAngleSender: 1,0,0
05-27 19:07:50.363   536   536 D commservice260303: msg.id = 1028,0
05-27 19:07:50.363   536   536 D commservice260303: i = 170, msgid = 8A000404
05-27 19:07:50.363   536   536 D commservice260303: msgid = -1979710460,did=138
05-27 19:07:50.363   536   536 D commservice260303: CommProtocolLibCmdBaseI2C::dataproc {"command":{"id":"imu_status","sub":""},"content":{"TimeStamp":11,"FrameCounter":280706,"GD_X":-0.011834942735731602,"GD_Y":0.005345047451555729,"GD_Z":0.002443138277158141,"AD_X":-0.011354103684425354,"AD_Y":0.005473739001899958,"AD_Z":-0.1695089340209961,"TempDsp":0,"Status":0,"CalibState":1,"SigAmpInvalid":0}},-1979710460
05-27 19:07:50.363   536   536 D commservice260303: send2Cluster len:314, 7B22636F6D6D616E64223A7B226964223A22696D755F737461747573222C22737562223A22227D2C22636F6E74656E74223A7B2254696D655374616D70223A31312C224672616D65436F756E746572223A3238303730362C2247445F58223A2D302E3031313833343934323733353733313630322C2247445F59223A302E3030353334353034373435313535353732392C2247445F5A223A302E3030323434333133383237373135383134312C2241445F58223A2D302E3031313335343130333638343432353335342C2241445F59223A302E3030353437333733393030313839393935382C2241445F5A223A2D302E313639353038393334303230393936312C2254656D70447370223A302C22537461747573223A302C2243616C69625374617465223A312C22536967416D70496E76616C6964223A307D7D, 138 
05-27 19:07:50.363   536   536 D commservice260303: Push Message into SendPool fn=-1064631296
05-27 19:07:50.363   536   536 D commservice260303: ComProtocolLibSend2Cluster::send2ClusterRaw fn=-1064631296 , len=330
05-27 19:07:50.363   536   536 D commservice260303: sendCmdToPort :330!!!
05-27 19:07:50.364   536   536 D commservice260303: send Cmd To Port ++++5AA501468A0100048BC06A16D0867B22636F6D6D616E64223A7B226964223A22696D755F737461747573222C22737562223A22227D2C22636F6E74656E74223A7B2254696D655374616D70223A31312C224672616D65436F756E746572223A3238303730362C2247445F58223A2D302E3031313833343934323733353733313630322C2247445F59223A302E3030353334353034373435313535353732392C2247445F5A223A302E3030323434333133383237373135383134312C2241445F58223A2D302E3031313335343130333638343432353335342C2241445F59223A302E3030353437333733393030313839393935382C2241445F5A223A2D302E313639353038393334303230393936312C2254656D70447370223A302C22537461747573223A302C2243616C69625374617465223A312C22536967416D70496E76616C6964223A307D7D854E
05-27 19:07:50.445 13911 14183 I liblog  : 10
05-27 19:07:50.445 13911 14183 I SentryImuMcuAngleSender: [4, 18, 1, 0, 0],5
05-27 19:07:50.445 13911 14183 I McuCommManager: mcuCommSendcmd [4, 18, 1, 0, 0]
05-27 19:07:50.446   566 11459 I liblog  : 16
05-27 19:07:50.446   566 11459 I gps_hdbd: Received: '$GNINS,1,1,TYPE,I,V,012341.000,20532000,FUS,-9,0,0,0,MOT,V,1,PATT,0.00,0.00,0.00,VEL,0.000,0.000,0.000,POS,40.0001330924,116.0001570688,84.176,IIA,1,0.00,0.00,0.00,BGA,0.31,-0.66,-0.13,0.000,0.000,0.000,IGA,0,-1,0,0,-2,98,VG,16c2ff1*1A
'
05-27 19:07:50.446   581   581 I liblog  : 12
05-27 19:07:50.446   581   581 I SpiService: fgesysctrl_getGPIO_status success val=1
05-27 19:07:50.446   536   536 I liblog  : 13
05-27 19:07:50.446   536   536 D commservice260303: msg.id = 1028,0
05-27 19:07:50.446   536   536 D commservice260303: i = 170, msgid = 8A000404
05-27 19:07:50.446   536   536 D commservice260303: msgid = -1979710460,did=138
05-27 19:07:50.446   536   536 D commservice260303: CommProtocolLibCmdBaseI2C::dataproc {"command":{"id":"imu_status","sub":""},"content":{"TimeStamp":11,"FrameCounter":280708,"GD_X":-0.01153013575822115,"GD_Y":0.004963258747011423,"GD_Z":0.0021378109231591225,"AD_X":-0.006427571177482605,"AD_Y":-0.009691758081316948,"AD_Z":-0.1713390350341797,"TempDsp":0,"Status":0,"CalibState":1,"SigAmpInvalid":0}},-1979710460
05-27 19:07:50.447   536   536 D commservice260303: send2Cluster len:315, 7B22636F6D6D616E64223A7B226964223A22696D755F737461747573222C22737562223A22227D2C22636F6E74656E74223A7B2254696D655374616D70223A31312C224672616D65436F756E746572223A3238303730382C2247445F58223A2D302E30313135333031333537353832323131352C2247445F59223A302E3030343936333235383734373031313432332C2247445F5A223A302E303032313337383130393233313539313232352C2241445F58223A2D302E3030363432373537313137373438323630352C2241445F59223A2D302E3030393639313735383038313331363934382C2241445F5A223A2D302E313731333339303335303334313739372C2254656D70447370223A302C22537461747573223A302C2243616C69625374617465223A312C22536967416D70496E76616C6964223A307D7D, 138 
05-27 19:07:50.447   536   536 D commservice260303: Push Message into SendPool fn=-1031076864
05-27 19:07:50.447 13911 14183 I SentryImuMcuAngleSender: true
05-27 19:07:50.447   536   536 D commservice260303: ComProtocolLibSend2Cluster::send2ClusterRaw fn=-1031076864 , len=331
05-27 19:07:50.447   536   536 D commservice260303: sendCmdToPort :331!!!
05-27 19:07:50.447 13911 14183 W Sentinelmode_1.2.5.17_sentry: <SentryImuMcuAngleSender>MCU IMU send interval abnormal: 1002ms
05-27 19:07:50.447   536   536 D commservice260303: send Cmd To Port ++++5AA501478A0100048BC26A16D0867B22636F6D6D616E64223A7B226964223A22696D755F737461747573222C22737562223A22227D2C22636F6E74656E74223A7B2254696D655374616D70223A31312C224672616D65436F756E746572223A3238303730382C2247445F58223A2D302E30313135333031333537353832323131352C2247445F59223A302E3030343936333235383734373031313432332C2247445F5A223A302E303032313337383130393233313539313232352C2241445F58223A2D302E3030363432373537313137373438323630352C2241445F59223A2D302E3030393639313735383038313331363934382C2241445F5A223A2D302E313731333339303335303334313739372C2254656D70447370223A302C22537461747573223A302C2243616C69625374617465223A312C22536967416D70496E76616C6964223A307D7D34BA
05-27 19:07:50.447   536   536 D commservice260303: bufferevent_write retrun value = 0
05-27 19:07:50.447   536   560 D commservice260303: client datas send succeed,send finish
05-27 19:07:50.447 13911 14192 D Sentinelmode_1.2.5.17_sentry: <SentryImuClusterFgeSender>imu_status sent to Linux, frame=280708, tsNs=11937668, tsMs=11, intervalMs=43, ad=(-0.006427571,-0.009691758,-0.17133904), gd=(-0.011530136,0.0049632587,0.002137811)
05-27 19:07:50.450   269   269 D libvintf: HalManifest::getHidlTransport(framework): Cannot find android.hardware.usb@1.0::IUsb/default
05-27 19:07:50.450   269   269 D libvintf: HalManifest::getHidlTransport(device): Cannot find android.hardware.usb@1.0::IUsb/default
05-27 19:07:50.450   269   269 I hwservicemanager: getTransport: Cannot find entry android.hardware.usb@1.0::IUsb/default in either framework or device VINTF manifest.
05-27 19:07:50.450 12348 12448 E ExtUsbManager: UsbHalController: android.hardware.usb.V1_0.IUsb getService failed!
05-27 19:07:50.450 12348 12448 E ExtUsbManager: java.util.NoSuchElementException
05-27 19:07:50.450 12348 12448 E ExtUsbManager: 	at android.os.HwBinder.getService(Native Method)
05-27 19:07:50.450 12348 12448 E ExtUsbManager: 	at android.os.HwBinder.getService(HwBinder.java:81)
05-27 19:07:50.450 12348 12448 E ExtUsbManager: 	at android.hardware.usb.V1_0.IUsb.getService(IUsb.java:74)
05-27 19:07:50.450 12348 12448 E ExtUsbManager: 	at android.hardware.usb.V1_0.IUsb.getService(IUsb.java:84)
05-27 19:07:50.450 12348 12448 E ExtUsbManager: 	at ts.car.usb.UsbHalController.createService(UsbHalController.java:37)
05-27 19:07:50.450 12348 12448 E ExtUsbManager: 	at ts.car.usb.UsbHalController.createService(UsbHalController.java:18)
05-27 19:07:50.450 12348 12448 E ExtUsbManager: 	at ts.car.usb.utils.AutoServiceConnector4Hidl.autoConnect(AutoServiceConnector4Hidl.java:47)
05-27 19:07:50.450 12348 12448 E ExtUsbManager: 	at ts.car.usb.utils.AutoServiceConnector4Hidl$$ExternalSyntheticLambda0.run(Unknown Source:2)
05-27 19:07:50.450 12348 12448 E ExtUsbManager: 	at android.os.Handler.handleCallback(Handler.java:942)
05-27 19:07:50.450 12348 12448 E ExtUsbManager: 	at android.os.Handler.dispatchMessage(Handler.java:99)
05-27 19:07:50.450 12348 12448 E ExtUsbManager: 	at android.os.Looper.loopOnce(Looper.java:201)
05-27 19:07:50.450 12348 12448 E ExtUsbManager: 	at android.os.Looper.loop(Looper.java:288)
05-27 19:07:50.450 12348 12448 E ExtUsbManager: 	at android.os.HandlerThread.run(HandlerThread.java:67)
05-27 19:07:50.451   269   269 D libvintf: HalManifest::getHidlTransport(framework): Cannot find vendor.ts.usbext@1.0::IUsbext/default
05-27 19:07:50.451   269   269 D libvintf: HalManifest::getHidlTransport(device): Cannot find vendor.ts.usbext@1.0::IUsbext/default
05-27 19:07:50.451   269   269 I hwservicemanager: getTransport: Cannot find entry vendor.ts.usbext@1.0::IUsbext/default in either framework or device VINTF manifest.
05-27 19:07:50.451 12348 12448 E ExtUsbManager: UsbHalExtController: vendor.ts.usbext.V1_0.IUsbext getService failed!
05-27 19:07:50.451 12348 12448 E ExtUsbManager: java.util.NoSuchElementException
05-27 19:07:50.451 12348 12448 E ExtUsbManager: 	at android.os.HwBinder.getService(Native Method)
05-27 19:07:50.451 12348 12448 E ExtUsbManager: 	at android.os.HwBinder.getService(HwBinder.java:81)
05-27 19:07:50.451 12348 12448 E ExtUsbManager: 	at vendor.ts.usbext.V1_0.IUsbext.getService(IUsbext.java:74)
05-27 19:07:50.451 12348 12448 E ExtUsbManager: 	at vendor.ts.usbext.V1_0.IUsbext.getService(IUsbext.java:84)
05-27 19:07:50.451 12348 12448 E ExtUsbManager: 	at ts.car.usb.UsbHalExtController.createService(UsbHalExtController.java:37)
05-27 19:07:50.451 12348 12448 E ExtUsbManager: 	at ts.car.usb.UsbHalExtController.createService(UsbHalExtController.java:18)
05-27 19:07:50.451 12348 12448 E ExtUsbManager: 	at ts.car.usb.utils.AutoServiceConnector4Hidl.autoConnect(AutoServiceConnector4Hidl.java:47)
05-27 19:07:50.451 12348 12448 E ExtUsbManager: 	at ts.car.usb.utils.AutoServiceConnector4Hidl$$ExternalSyntheticLambda0.run(Unknown Source:2)
05-27 19:07:50.451 12348 12448 E ExtUsbManager: 	at android.os.Handler.handleCallback(Handler.java:942)
05-27 19:07:50.451 12348 12448 E ExtUsbManager: 	at android.os.Handler.dispatchMessage(Handler.java:99)
05-27 19:07:50.451 12348 12448 E ExtUsbManager: 	at android.os.Looper.loopOnce(Looper.java:201)
05-27 19:07:50.451 12348 12448 E ExtUsbManager: 	at android.os.Looper.loop(Looper.java:288)
05-27 19:07:50.451 12348 12448 E ExtUsbManager: 	at android.os.HandlerThread.run(HandlerThread.java:67)
05-27 19:07:50.451   269   269 D libvintf: HalManifest::getHidlTransport(framework): Cannot find android.hardware.usb.gadget@1.0::IUsbGadget/default
05-27 19:07:50.451   269   269 D libvintf: HalManifest::getHidlTransport(device): Cannot find android.hardware.usb.gadget@1.0::IUsbGadget/default
05-27 19:07:50.451   269   269 I hwservicemanager: getTransport: Cannot find entry android.hardware.usb.gadget@1.0::IUsbGadget/default in either framework or device VINTF manifest.
05-27 19:07:50.451 12348 12448 E ExtUsbManager: UsbGadgetController: android.hardware.usb.gadget.V1_0.IUsbGadget getService failed!
05-27 19:07:50.451 12348 12448 E ExtUsbManager: java.util.NoSuchElementException
05-27 19:07:50.451 12348 12448 E ExtUsbManager: 	at android.os.HwBinder.getService(Native Method)
05-27 19:07:50.451 12348 12448 E ExtUsbManager: 	at android.os.HwBinder.getService(HwBinder.java:81)
05-27 19:07:50.451 12348 12448 E ExtUsbManager: 	at android.hardware.usb.gadget.V1_0.IUsbGadget.getService(IUsbGadget.java:74)
05-27 19:07:50.451 12348 12448 E ExtUsbManager: 	at android.hardware.usb.gadget.V1_0.IUsbGadget.getService(IUsbGadget.java:84)
05-27 19:07:50.451 12348 12448 E ExtUsbManager: 	at ts.car.usb.UsbGadgetController.createService(UsbGadgetController.java:36)
05-27 19:07:50.451 12348 12448 E ExtUsbManager: 	at ts.car.usb.UsbGadgetController.createService(UsbGadgetController.java:17)
05-27 19:07:50.451 12348 12448 E ExtUsbManager: 	at ts.car.usb.utils.AutoServiceConnector4Hidl.autoConnect(AutoServiceConnector4Hidl.java:47)
05-27 19:07:50.451 12348 12448 E ExtUsbManager: 	at ts.car.usb.utils.AutoServiceConnector4Hidl$$ExternalSyntheticLambda0.run(Unknown Source:2)
05-27 19:07:50.451 12348 12448 E ExtUsbManager: 	at android.os.Handler.handleCallback(Handler.java:942)
05-27 19:07:50.451 12348 12448 E ExtUsbManager: 	at android.os.Handler.dispatchMessage(Handler.java:99)
05-27 19:07:50.451 12348 12448 E ExtUsbManager: 	at android.os.Looper.loopOnce(Looper.java:201)
05-27 19:07:50.451 12348 12448 E ExtUsbManager: 	at android.os.Looper.loop(Looper.java:288)
05-27 19:07:50.451 12348 12448 E ExtUsbManager: 	at android.os.HandlerThread.run(HandlerThread.java:67)
05-27 19:07:50.452   581   581 I SpiService: fgesysctrl_getGPIO_status success val=1
05-27 19:07:50.452   566 11459 I gps_hdbd: Received: '$GNINS,CARSPEED,ADR_STATUS,0,Pulse_count,0,1,0,0,20532000,119170,0.000,0.000,0.000*0F
'
05-27 19:07:50.457   581   581 I SpiService: fgesysctrl_getGPIO_status success val=1
05-27 19:07:50.459   566 11459 I gps_hdbd: Received: '$GNTXT,04,01,04,INS,V,1,,,,FLG,1,000000,1,0,1,0,0,Con,0*71
'
05-27 19:07:50.461 13911 14183 I SentryImuMcuAngleSender: -179.95447rollDeg
05-27 19:07:50.461 13911 14183 I SentryImuMcuAngleSender: 1,0,0
05-27 19:07:50.462   581   581 I SpiService: fgesysctrl_getGPIO_status success val=1
05-27 19:07:50.463   566 11459 I gps_hdbd: Received: '$GNTXT,INSTALL,0.00,0.00,0.00,0.00,0.00,0.00,0*20
'
05-27 19:07:50.468   581   581 I SpiService: fgesysctrl_getGPIO_status success val=1
05-27 19:07:50.470   572   572 I Sensors : 230 AccelSensor: x:-0.170800,y:0.009760,z:-9.975940
05-27 19:07:50.473   283   307 I liblog  : 1
05-27 19:07:50.473   283   307 I rvcservice: t.code = 3, t.value = 0
05-27 19:07:50.473   581   581 I SpiService: fgesysctrl_getGPIO_status success val=1
05-27 19:07:50.478   581   581 I SpiService: fgesysctrl_getGPIO_status success val=0
05-27 19:07:50.478   481   597 I mcuc    : send SPI:6AA60083BC00050412010000A5
05-27 19:07:50.482 13911 14183 I SentryImuMcuAngleSender: 179.96848rollDeg
05-27 08:58:59.491     1     1 I init    : Untracked pid 23640 received signal 9
05-27 19:07:50.482 13911 14183 I SentryImuMcuAngleSender: 1,0,0
05-27 08:58:59.491     1     1 I init    : Untracked pid 23640 did not have an associated service entry and will not be reaped
05-27 08:58:59.492   581   581 D spi_rst_gpio_get_output: GPIO 145 value: 1
05-27 08:58:59.492   581   581 D spidev_ioctl: gpio status=1)
05-27 08:58:59.495     1     1 I init    : processing action (persist.log.adayo_collect.logcat=1) from (/system/etc/init/hw/init.rc:1406)
05-27 08:58:59.495     1     1 I init    : starting service 'trace_logcat'...
05-27 19:07:50.488   536   536 D commservice260303: msg.id = 1028,0
05-27 19:07:50.488   536   536 D commservice260303: i = 170, msgid = 8A000404
05-27 19:07:50.488   536   536 D commservice260303: msgid = -1979710460,did=138
05-27 19:07:50.488   536   536 D commservice260303: CommProtocolLibCmdBaseI2C::dataproc {"command":{"id":"imu_status","sub":""},"content":{"TimeStamp":11,"FrameCounter":280709,"GD_X":-0.01153013575822115,"GD_Y":0.004428025335073471,"GD_Z":0.0016030981205403805,"AD_X":-3.237873315811157E-4,"AD_Y":0.0037087565287947655,"AD_Z":-0.17194843292236328,"TempDsp":0,"Status":0,"CalibState":1,"SigAmpInvalid":0}},-1979710460
05-27 19:07:50.488   536   536 D commservice260303: send2Cluster len:316, 7B22636F6D6D616E64223A7B226964223A22696D755F737461747573222C22737562223A22227D2C22636F6E74656E74223A7B2254696D655374616D70223A31312C224672616D65436F756E746572223A3238303730392C2247445F58223A2D302E30313135333031333537353832323131352C2247445F59223A302E3030343432383032353333353037333437312C2247445F5A223A302E303031363033303938313230353430333830352C2241445F58223A2D332E323337383733333135383131313537452D342C2241445F59223A302E303033373038373536353238373934373635352C2241445F5A223A2D302E31373139343834333239323233363332382C2254656D70447370223A302C22537461747573223A302C2243616C69625374617465223A312C22536967416D70496E76616C6964223A307D7D, 138 
05-27 19:07:50.488   536   536 D commservice260303: Push Message into SendPool fn=-1014299648
05-27 19:07:50.488   536   536 D commservice260303: ComProtocolLibSend2Cluster::send2ClusterRaw fn=-1014299648 , len=332
05-27 19:07:50.488   536   536 D commservice260303: sendCmdToPort :332!!!
05-27 19:07:50.488   536   536 D commservice260303: send Cmd To Port ++++5AA501488A0100048BC36A16D0867B22636F6D6D616E64223A7B226964223A22696D755F737461747573222C22737562223A22227D2C22636F6E74656E74223A7B2254696D655374616D70223A31312C224672616D65436F756E746572223A3238303730392C2247445F58223A2D302E30313135333031333537353832323131352C2247445F59223A302E3030343432383032353333353037333437312C2247445F5A223A302E303031363033303938313230353430333830352C2241445F58223A2D332E323337383733333135383131313537452D342C2241445F59223A302E303033373038373536353238373934373635352C2241445F5A223A2D302E31373139343834333239323233363332382C2254656D70447370223A302C22537461747573223A302C2243616C69625374617465223A312C22536967416D70496E76616C6964223A307D7D7368
05-27 19:07:50.489   536   536 D commservice260303: bufferevent_write retrun value = 0
05-27 19:07:50.489   536   560 D commservice260303: client datas send succeed,send finish
05-27 19:07:50.489 13549 13800 I ADAYO_LOG_: execute(CmdFunc.java:99)logcat execute command finally : [logcat -b all -c]
05-27 19:07:50.489 13549 13800 I ADAYO_LOG_: execute(CmdFunc.java:117)logcatexecute command end, errorMsg: , and status: 0: 
05-27 19:07:50.489 13911 14192 D Sentinelmode_1.2.5.17_sentry: <SentryImuClusterFgeSender>imu_status sent to Linux, frame=280709, tsNs=11937727, tsMs=11, intervalMs=42, ad=(-3.2378733E-4,0.0037087565,-0.17194843), gd=(-0.011530136,0.0044280253,0.0016030981)
05-27 19:07:50.492   581   581 I SpiService: fgesysctrl_getGPIO_status success val=1
05-27 19:07:50.497   581   581 I SpiService: fgesysctrl_getGPIO_status success val=1
05-27 19:07:50.502 13911 14183 I SentryImuMcuAngleSender: -179.9895rollDeg
05-27 19:07:50.502 13911 14183 I SentryImuMcuAngleSender: 1,0,0
05-27 19:07:50.502 29010 29042 D ANWAPI_SECOND: (29010|0x29625CB0)[BTAPI] set_bluetooth_power : open /sys/class/gpio/gpio142/value
05-27 19:07:50.503   581   581 I SpiService: fgesysctrl_getGPIO_status success val=1
05-27 19:07:50.503 29010 29042 D ANWAPI_SECOND: (29010|0x29625CB0)[BTAPI] set_bluetooth_power : open(/sys/class/gpio/gpio142/value) for write failed,fd=-1
