05-27 19:07:51.540 28437 28493 D ANWAPI  : (28437|0xFF195CB0)[BTAPI] AnwhciEventCallback 62 2
05-27 19:07:51.540 30773 30785 I dvr_service_: [EncoderHandler::runMediaThread] runMediaThread started:1,state:1, cam2:started:1,state:1, lastSwitch:1, mIsMuxerStart:1,format:0,is_str_ing:0
05-27 19:07:51.540 28437 28493 D ANWAPI  : (28437|0xFF195CB0)[BTAPI] btsdk_le_DiscoveryCallback eventtype[3]
05-27 19:07:51.540 13911 14183 I SentryImuMcuAngleSender: 179.96495rollDeg
05-27 19:07:51.540 28437 28493 D ANWAPI  : (28437|0xFF195CB0)[BTAPI] anwbt_ble_le_discoveryHandler
05-27 19:07:51.540 28437 28493 D ANWAPI  : 
05-27 19:07:51.540 13911 14183 I SentryImuMcuAngleSender: 1,0,0
05-27 19:07:51.540 28437 28493 D ANWAPI  : (28437|0xFF195CB0)[BTAPI] anwbt_ble_le_discoveryHandler newDevice=0xb4000073fd7df39a,status=0,idx=255,scanLen=0,len=31,RSSI[-87]
05-27 19:07:51.540 28437 28493 D ANWAPI  : (28437|0xFF195CB0)[BTAPI] AnWBT_BLE_GetFirstRandomAddr start,btaddr=[0x1a:0xc5:0x3:0x99:0xf2:0x37],addrType=1
05-27 19:07:51.540 28437 28493 D ANWAPI  : (28437|0xFF195CB0)[BTAPI] AnWBT_BLE_GetFirstRandomAddr end,btaddr=[0x1a:0xc5:0x3:0x99:0xf2:0x37]
05-27 19:07:51.540 28437 28493 D ANWAPI  : (28437|0xFF195CB0)[BTAPI] send_BLE_discoveryHandler_Message event type: 0x3
05-27 19:07:51.540 28437 28493 D ANWAPI  : 
05-27 19:07:51.540 28437 28493 D ANW bt_btif: send_BLE_discoveryHandler_Message cod is 0x000000
05-27 19:07:51.541 28437 28493 D ANW bt_btif: btif_storage_add_remote_device, AnW
05-27 19:07:51.541 28437 28493 D ANW bt_btif: in, bd addr:37:f2:99:03:c5:1a, prop type:255, len:6
05-27 19:07:51.541 28437 28493 D ANW bt_btif: btif_in_fetch_bonded_device, AnW
05-27 19:07:51.541 28437 28493 D ANW bt_btif: btif_in_fetch_bonded_ble_device Found a LE device: 37:f2:99:03:c5:1a
05-27 19:07:51.541 28437 28493 D ANW bt_btif: btif_storage_get_remote_addr_type, AnW
05-27 19:07:51.541 28437 28493 D ANW bt_btif: btif_in_fetch_bonded_ble_device, AnW key_not_found
05-27 19:07:51.541 28437 28493 D ANW bt_btif: Remote device:37:f2:99:03:c5:1a, no link key or ble key found
05-27 19:07:51.541 28437 28493 D ANW bt_btif: in, bd addr:37:f2:99:03:c5:1a, prop type:5, len:4
05-27 19:07:51.541 28437 28493 D ANW bt_btif: btif_in_fetch_bonded_device, AnW
05-27 19:07:51.541 28437 28493 D ANW bt_btif: btif_in_fetch_bonded_ble_device Found a LE device: 37:f2:99:03:c5:1a
05-27 19:07:51.541 28437 28493 D ANW bt_btif: btif_storage_get_remote_addr_type, AnW
05-27 19:07:51.542 28437 28493 D ANW bt_btif: btif_in_fetch_bonded_ble_device, AnW key_not_found
05-27 19:07:51.542 28437 28493 D ANW bt_btif: Remote device:37:f2:99:03:c5:1a, no link key or ble key found
05-27 19:07:51.542 28437 28493 D ANW bt_btif: in, bd addr:37:f2:99:03:c5:1a, prop type:11, len:1
05-27 19:07:51.542 28437 28493 D ANW bt_btif: btif_in_fetch_bonded_device, AnW
05-27 19:07:51.542 28437 28493 D ANW bt_btif: btif_in_fetch_bonded_ble_device Found a LE device: 37:f2:99:03:c5:1a
05-27 19:07:51.542 28437 28493 D ANW bt_btif: btif_storage_get_remote_addr_type, AnW
05-27 19:07:51.542 28437 28493 D ANW bt_btif: btif_in_fetch_bonded_ble_device, AnW key_not_found
05-27 19:07:51.542 28437 28493 D ANW bt_btif: Remote device:37:f2:99:03:c5:1a, no link key or ble key found
05-27 19:07:51.542 28437 28493 D ANW bt_btif: btif_storage_set_remote_addr_type, AnW
05-27 19:07:51.542 28437 28493 I ANW bt_btif: onScanResult, address_type=1, primary_phy= 0, secondary_phy=0, ad size= 31
05-27 19:07:51.543 28437 28493 I ANW bt_btif: onScanResult: HAL bt_gatt_callbacks->scanner->scan_result_cb
05-27 19:07:51.543 28437 28493 D ANWStack: [  11938794][ANWBT] HCI Rx: LE Meta Event, HCI_evLEADVERTISINGREPORT, subevent_code=0x2 Num_Reports=1
05-27 19:07:51.543 28437 28493 D ANWStack: 
05-27 19:07:51.543 28437 28493 D ANWAPI  : (28437|0xFF195CB0)[BTAPI] AnwhciEventCallback 62 2
05-27 19:07:51.543 28437 28493 D ANWAPI  : (28437|0xFF195CB0)[BTAPI] btsdk_le_DiscoveryCallback eventtype[3]
05-27 19:07:51.543 28437 28493 D ANWAPI  : (28437|0xFF195CB0)[BTAPI] anwbt_ble_le_discoveryHandler
05-27 19:07:51.543 28437 28493 D ANWAPI  : 
05-27 19:07:51.544 28437 28493 D ANWAPI  : (28437|0xFF195CB0)[BTAPI] anwbt_ble_le_discoveryHandler newDevice=0xb4000073fd7df39a,status=0,idx=255,scanLen=0,len=31,RSSI[-69]
05-27 19:07:51.544 28437 28493 D ANWAPI  : (28437|0xFF195CB0)[BTAPI] AnWBT_BLE_GetFirstRandomAddr start,btaddr=[0xc9:0x8:0x87:0xaa:0x32:0x11],addrType=1
05-27 19:07:51.544 28437 28493 D ANWAPI  : (28437|0xFF195CB0)[BTAPI] AnWBT_BLE_GetFirstRandomAddr end,btaddr=[0xc9:0x8:0x87:0xaa:0x32:0x11]
05-27 19:07:51.544 28437 28493 D ANWAPI  : (28437|0xFF195CB0)[BTAPI] send_BLE_discoveryHandler_Message event type: 0x3
05-27 19:07:51.544 28437 28493 D ANWAPI  : 
05-27 19:07:51.544 28437 28493 D ANW bt_btif: send_BLE_discoveryHandler_Message cod is 0x000000
05-27 19:07:51.544 28437 28493 D ANW bt_btif: btif_storage_add_remote_device, AnW
05-27 19:07:51.544 28437 28493 D ANW bt_btif: in, bd addr:11:32:aa:87:08:c9, prop type:255, len:6
05-27 19:07:51.544 28437 28493 D ANW bt_btif: btif_in_fetch_bonded_device, AnW
05-27 19:07:51.544 28437 28493 D ANW bt_btif: btif_in_fetch_bonded_ble_device Found a LE device: 11:32:aa:87:08:c9
05-27 19:07:51.545 28437 28493 D ANW bt_btif: btif_storage_get_remote_addr_type, AnW
05-27 19:07:51.545 28437 28493 D ANW bt_btif: btif_in_fetch_bonded_ble_device, AnW key_not_found
05-27 19:07:51.545 28437 28493 D ANW bt_btif: Remote device:11:32:aa:87:08:c9, no link key or ble key found
05-27 19:07:51.545 28437 28493 D ANW bt_btif: in, bd addr:11:32:aa:87:08:c9, prop type:5, len:4
05-27 19:07:51.545 28437 28493 D ANW bt_btif: btif_in_fetch_bonded_device, AnW
05-27 19:07:51.545 28437 28493 D ANW bt_btif: btif_in_fetch_bonded_ble_device Found a LE device: 11:32:aa:87:08:c9
05-27 19:07:51.545 28437 28493 D ANW bt_btif: btif_storage_get_remote_addr_type, AnW
05-27 19:07:51.545 28437 28493 D ANW bt_btif: btif_in_fetch_bonded_ble_device, AnW key_not_found
05-27 19:07:51.545 28437 28493 D ANW bt_btif: Remote device:11:32:aa:87:08:c9, no link key or ble key found
05-27 19:07:51.545 28437 28493 D ANW bt_btif: in, bd addr:11:32:aa:87:08:c9, prop type:11, len:1
05-27 19:07:51.545 28437 28493 D ANW bt_btif: btif_in_fetch_bonded_device, AnW
05-27 19:07:51.546 28437 28493 D ANW bt_btif: btif_in_fetch_bonded_ble_device Found a LE device: 11:32:aa:87:08:c9
05-27 19:07:51.546 28437 28493 D ANW bt_btif: btif_storage_get_remote_addr_type, AnW
05-27 19:07:51.546 28437 28493 D ANW bt_btif: btif_in_fetch_bonded_ble_device, AnW key_not_found
05-27 19:07:51.546 28437 28493 D ANW bt_btif: Remote device:11:32:aa:87:08:c9, no link key or ble key found
05-27 19:07:51.546 28437 28493 D ANW bt_btif: btif_storage_set_remote_addr_type, AnW
05-27 19:07:51.546   536   536 D commservice260303: msg.id = 1028,0
05-27 19:07:51.546   536   536 D commservice260303: i = 170, msgid = 8A000404
05-27 19:07:51.546 28437 28493 I ANW bt_btif: onScanResult, address_type=1, primary_phy= 0, secondary_phy=0, ad size= 31
05-27 19:07:51.546   536   536 D commservice260303: msgid = -1979710460,did=138
05-27 19:07:51.546 28437 28493 I ANW bt_btif: onScanResult: HAL bt_gatt_callbacks->scanner->scan_result_cb
05-27 19:07:51.546   536   536 D commservice260303: CommProtocolLibCmdBaseI2C::dataproc {"command":{"id":"imu_status","sub":""},"content":{"TimeStamp":11,"FrameCounter":280735,"GD_X":-0.011147825978696346,"GD_Y":0.005420989356935024,"GD_Z":0.0019079053308814764,"AD_X":-2.9431283473968506E-4,"AD_Y":0.004602138418704271,"AD_Z":-0.1682901382446289,"TempDsp":0,"Status":0,"CalibState":1,"SigAmpInvalid":0}},-1979710460
05-27 19:07:51.546   536   536 D commservice260303: send2Cluster len:316, 7B22636F6D6D616E64223A7B226964223A22696D755F737461747573222C22737562223A22227D2C22636F6E74656E74223A7B2254696D655374616D70223A31312C224672616D65436F756E746572223A3238303733352C2247445F58223A2D302E3031313134373832353937383639363334362C2247445F59223A302E3030353432303938393335363933353032342C2247445F5A223A302E303031393037393035333330383831343736342C2241445F58223A2D322E39343331323833343733393638353036452D342C2241445F59223A302E3030343630323133383431383730343237312C2241445F5A223A2D302E313638323930313338323434363238392C2254656D70447370223A302C22537461747573223A302C2243616C69625374617465223A312C22536967416D70496E76616C6964223A307D7D, 138 
05-27 19:07:51.546 28437 28493 D ANWStack: [  11938797][ANWBT] HCI Rx: LE Meta Event, HCI_evLEADVERTISINGREPORT, subevent_code=0x2 Num_Reports=1
05-27 19:07:51.546 28437 28493 D ANWStack: 
05-27 19:07:51.546   536   536 D commservice260303: Push Message into SendPool fn=-578092032
05-27 19:07:51.547   536   536 D commservice260303: ComProtocolLibSend2Cluster::send2ClusterRaw fn=-578092032 , len=332
05-27 19:07:51.547   536   536 D commservice260303: sendCmdToPort :332!!!
05-27 19:07:51.547 28437 28493 D ANWAPI  : (28437|0xFF195CB0)[BTAPI] AnwhciEventCallback 62 2
05-27 08:59:00.514   581   581 D spi_rst_gpio_get_output: GPIO 145 value: 1
05-27 19:07:51.547 28437 28493 D ANWAPI  : (28437|0xFF195CB0)[BTAPI] btsdk_le_DiscoveryCallback eventtype[3]
05-27 08:59:00.514   581   581 D spidev_ioctl: gpio status=1)
05-27 19:07:51.547   536   536 D commservice260303: send Cmd To Port ++++5AA501488A0100048BDD6A16D0877B22636F6D6D616E64223A7B226964223A22696D755F737461747573222C22737562223A22227D2C22636F6E74656E74223A7B2254696D655374616D70223A31312C224672616D65436F756E746572223A3238303733352C2247445F58223A2D302E3031313134373832353937383639363334362C2247445F59223A302E3030353432303938393335363933353032342C2247445F5A223A302E303031393037393035333330383831343736342C2241445F58223A2D322E39343331323833343733393638353036452D342C2241445F59223A302E3030343630323133383431383730343237312C2241445F5A223A2D302E313638323930313338323434363238392C2254656D70447370223A302C22537461747573223A302C2243616C69625374617465223A312C22536967416D70496E76616C6964223A307D7DCF6B
05-27 19:07:51.547 28437 28493 D ANWAPI  : (28437|0xFF195CB0)[BTAPI] anwbt_ble_le_discoveryHandler
05-27 19:07:51.547 28437 28493 D ANWAPI  : 
05-27 19:07:51.547   536   536 D commservice260303: bufferevent_write retrun value = 0
05-27 19:07:51.547 28437 28493 D ANWAPI  : (28437|0xFF195CB0)[BTAPI] anwbt_ble_le_discoveryHandler newDevice=0xb4000073fd7df39a,status=0,idx=255,scanLen=0,len=31,RSSI[-75]
05-27 19:07:51.547 28437 28493 D ANWAPI  : (28437|0xFF195CB0)[BTAPI] AnWBT_BLE_GetFirstRandomAddr start,btaddr=[0x60:0x5f:0x36:0x7e:0x18:0x26],addrType=1
05-27 19:07:51.547 28437 28493 D ANWAPI  : (28437|0xFF195CB0)[BTAPI] AnWBT_BLE_GetFirstRandomAddr end,btaddr=[0x60:0x5f:0x36:0x7e:0x18:0x26]
05-27 19:07:51.547 28437 28493 D ANWAPI  : (28437|0xFF195CB0)[BTAPI] send_BLE_discoveryHandler_Message event type: 0x3
05-27 19:07:51.547 28437 28493 D ANWAPI  : 
05-27 19:07:51.547   536   560 D commservice260303: client datas send succeed,send finish
05-27 19:07:51.547 28437 28493 D ANW bt_btif: send_BLE_discoveryHandler_Message cod is 0x000000
05-27 19:07:51.547   481   598 I mcuc    : rev,n=1,6AA681F084000A89008F010409021234563D
05-27 19:07:51.547 28437 28493 D ANW bt_btif: btif_storage_add_remote_device, AnW
05-27 19:07:51.547 28437 28493 D ANW bt_btif: in, bd addr:26:18:7e:36:5f:60, prop type:255, len:6
05-27 19:07:51.547 28437 28493 D ANW bt_btif: btif_in_fetch_bonded_device, AnW
05-27 19:07:51.548  1121  1144 I tboxmids_ap: [2026-05-27 19:07:51.547] [MCU RX] src=MCU dst=ZMQ len=10 type=BINARY data=00 08 8F 01 04 09 02 12 34 56 
05-27 19:07:51.548 28437 28493 D ANW bt_btif: btif_in_fetch_bonded_ble_device Found a LE device: 26:18:7e:36:5f:60
05-27 19:07:51.548   351   373 D automotive.vehicle@2.0-adayo-datacomm-mcu: MCUDatacomm sendMessageFromVehicle prop: 0x89, areaId: 0x0, status: 0x8f, timestamp: 0x1
05-27 19:07:51.548 28437 28493 D ANW bt_btif: btif_storage_get_remote_addr_type, AnW
05-27 19:07:51.548   351   373 D automotive.vehicle@2.0-adayo-datacomm-mcu: MCUDatacomm 1sendMessageFromVehicle ---> type = 12 
05-27 19:07:51.548 13911 14192 D Sentinelmode_1.2.5.17_sentry: <SentryImuClusterFgeSender>imu_status sent to Linux, frame=280735, tsNs=11938789, tsMs=11, intervalMs=39, ad=(-2.9431283E-4,0.0046021384,-0.16829014), gd=(-0.011147826,0.0054209894,0.0019079053)
05-27 19:07:51.548 28437 28493 D ANW bt_btif: btif_in_fetch_bonded_ble_device, AnW key_not_found
05-27 19:07:51.548 28437 28493 D ANW bt_btif: Remote device:26:18:7e:36:5f:60, no link key or ble key found
05-27 19:07:51.548 28437 28493 D ANW bt_btif: in, bd addr:26:18:7e:36:5f:60, prop type:5, len:4
05-27 19:07:51.548 28437 28493 D ANW bt_btif: btif_in_fetch_bonded_device, AnW
05-27 19:07:51.548 28437 28493 D ANW bt_btif: btif_in_fetch_bonded_ble_device Found a LE device: 26:18:7e:36:5f:60
05-27 19:07:51.548 28437 28493 D ANW bt_btif: btif_storage_get_remote_addr_type, AnW
05-27 19:07:51.548 28437 28493 D ANW bt_btif: btif_in_fetch_bonded_ble_device, AnW key_not_found
05-27 19:07:51.548 28437 28493 D ANW bt_btif: Remote device:26:18:7e:36:5f:60, no link key or ble key found
05-27 19:07:51.549 28437 28493 D ANW bt_btif: in, bd addr:26:18:7e:36:5f:60, prop type:11, len:1
05-27 19:07:51.549 28437 28493 D ANW bt_btif: btif_in_fetch_bonded_device, AnW
05-27 19:07:51.549  1083  1083 I MyAppLog: [2026-05-27 19:07:51.548 I tboxap mcuCommTboxmidsRecvCb:97] [Mcu] [mcuCommTboxmidsRecvCb] recv from tboxmids, size:10
05-27 19:07:51.549 28437 28493 D ANW bt_btif: btif_in_fetch_bonded_ble_device Found a LE device: 26:18:7e:36:5f:60
05-27 19:07:51.549 28437 28493 D ANW bt_btif: btif_storage_get_remote_addr_type, AnW
05-27 08:59:00.519   581   581 D spi_rst_gpio_get_output: GPIO 145 value: 1
05-27 08:59:00.519   581   581 D spidev_ioctl: gpio status=1)
05-27 19:07:51.549   581   581 I SpiService: fgesysctrl_getGPIO_status success val=1
05-27 19:07:51.549 28437 28493 D ANW bt_btif: btif_in_fetch_bonded_ble_device, AnW key_not_found
05-27 19:07:51.549 28437 28493 D ANW bt_btif: Remote device:26:18:7e:36:5f:60, no link key or ble key found
05-27 19:07:51.549  1083  1083 I MyAppLog: [2026-05-27 19:07:51.548 I tboxap mcuCommTboxmidsRecvCb:98] [Mcu] [tboxmids -> tboxap]: :00 08 8F 01 04 09 02 12 34 56
05-27 19:07:51.549 28437 28493 D ANW bt_btif: btif_storage_set_remote_addr_type, AnW
05-27 19:07:51.549 28437 28493 I ANW bt_btif: onScanResult, address_type=1, primary_phy= 0, secondary_phy=0, ad size= 31
05-27 19:07:51.549 28437 28493 I ANW bt_btif: onScanResult: HAL bt_gatt_callbacks->scanner->scan_result_cb
05-27 19:07:51.549  1083  1083 I MyAppLog: [2026-05-27 19:07:51.548 I tboxap mcuPtlParseData:990] [Mcu] [Mcu  Parse]: (cmd):0902 (param):0902123456
05-27 19:07:51.550  1083  1083 W MyAppLog: [2026-05-27 19:07:51.548 W tboxap mcuParamDataRevPack:918] [Mcu] mcuParamDataRevPack start pack data!!!
05-27 19:07:51.550  1083  1083 W MyAppLog: [2026-05-27 19:07:51.548 W tboxap mcuHandlePowerReqInd:1739] [Mcu] [mcuHandlePowerReqInd] recv 0x0902 power req type:0x12
05-27 19:07:51.554   581   581 I SpiService: fgesysctrl_getGPIO_status success val=1
05-27 19:07:51.558   536  2579 D commservice260303: send heart beat package to Cluster
05-27 19:07:51.559   536  2579 D commservice260303: send2Cluster len:40, 7B22636F6D6D616E64223A7B226964223A22686561727462656174222C22737562223A22227D7D0A, 129 
05-27 19:07:51.559   536  2579 D commservice260303: Push Message into SendPool fn=-561314816
05-27 19:07:51.559   536  2579 D commservice260303: ComProtocolLibSend2Cluster::send2ClusterRaw fn=-561314816 , len=56
05-27 19:07:51.559   536  2579 D commservice260303: sendCmdToPort :56!!!
05-27 19:07:51.559   536  2579 D commservice260303: send Cmd To Port ++++5AA50034810100048BDE6A16D0877B22636F6D6D616E64223A7B226964223A22686561727462656174222C22737562223A22227D7D0AAF7E
05-27 19:07:51.559   536  2579 D commservice260303: bufferevent_write retrun value = 0
05-27 19:07:51.559 28437 28493 D ANWStack: [  11938810][ANWBT] Inquiry cont.@2! dev num 5, last found dev num 4
05-27 19:07:51.559 28437 28493 D ANWStack: 
05-27 19:07:51.559 28437 28493 D ANWStack: [  11938810][ANWBT] HCI: Sending HCI_Inquiry command, LAP=0x9E8B33, inquiryLength=0xC, numResponses=0x0
05-27 19:07:51.559   536   560 D commservice260303: client datas send succeed,send finish
05-27 19:07:51.560   581   581 I SpiService: fgesysctrl_getGPIO_status success val=1
05-27 08:59:00.524   581   581 D spi_rst_gpio_get_output: GPIO 145 value: 1
05-27 08:59:00.524   581   581 D spidev_ioctl: gpio status=1)
05-27 19:07:51.561   536   560 D commservice260303: recv len:91, 5AA500570100000046276A16D0877B22636F6D6D616E64223A7B226964223A22686561727462656174222C22737562223A22227D2C22726573706F6E65223A7B22636F6465223A302C226D657373616765223A226F6B227D7DEFF7 from server
05-27 19:07:51.561   536  2578 D commservice260303: mcuDataAnalyzeHandle templen:91,len:91,pos:0, 5AA500570100000046276A16D0877B22636F6D6D616E64223A7B226964223A22686561727462656174222C22737562223A22227D2C22726573706F6E65223A7B22636F6465223A302C226D657373616765223A226F6B227D7DEFF7 
05-27 19:07:51.561   536  2578 I commservice260303: checksumCal = 61431
05-27 19:07:51.561   536  2578 D commservice260303: Protocol_C2I_Commservice::dataproc {"command":{"id":"heartbeat","sub":""},"respone":{"code":0,"message":"ok"}},1
05-27 19:07:51.561   536  2578 D commservice260303: Protocol_C2I_Commservice::dataproc Receive a heartbeat command from Cluster, setTcpHeartbeat = EID_UID_HEARTBEAT
05-27 19:07:51.561 28437 28493 D ANWStack: [  11938812][ANWBT] HCI Rx: LE Meta Event, HCI_evLEADVERTISINGREPORT, subevent_code=0x2 Num_Reports=1
05-27 19:07:51.561 28437 28493 D ANWStack: 
05-27 19:07:51.561 28437 28493 D ANWAPI  : (28437|0xFF195CB0)[BTAPI] AnwhciEventCallback 62 2
05-27 19:07:51.561 28437 28493 D ANWAPI  : (28437|0xFF195CB0)[BTAPI] btsdk_le_DiscoveryCallback eventtype[3]
05-27 19:07:51.561 28437 28493 D ANWAPI  : (28437|0xFF195CB0)[BTAPI] anwbt_ble_le_discoveryHandler
05-27 19:07:51.561 28437 28493 D ANWAPI  : 
05-27 19:07:51.561 28437 28493 D ANWAPI  : (28437|0xFF195CB0)[BTAPI] anwbt_ble_le_discoveryHandler newDevice=0xb4000073fd7df39a,status=0,idx=255,scanLen=0,len=31,RSSI[-80]
05-27 19:07:51.561 28437 28493 D ANWAPI  : (28437|0xFF195CB0)[BTAPI] AnWBT_BLE_GetFirstRandomAddr start,btaddr=[0xa1:0xca:0x7d:0xdb:0x97:0x3f],addrType=1
05-27 19:07:51.561 28437 28493 D ANWAPI  : (28437|0xFF195CB0)[BTAPI] AnWBT_BLE_GetFirstRandomAddr end,btaddr=[0xa1:0xca:0x7d:0xdb:0x97:0x3f]
05-27 19:07:51.561 28437 28493 D ANWAPI  : (28437|0xFF195CB0)[BTAPI] send_BLE_discoveryHandler_Message event type: 0x3
05-27 19:07:51.561 28437 28493 D ANWAPI  : 
05-27 19:07:51.561 28437 28493 D ANW bt_btif: send_BLE_discoveryHandler_Message cod is 0x000000
05-27 19:07:51.561 28437 28493 D ANW bt_btif: btif_storage_add_remote_device, AnW
05-27 19:07:51.561 28437 28493 D ANW bt_btif: in, bd addr:3f:97:db:7d:ca:a1, prop type:255, len:6
05-27 19:07:51.561 28437 28493 D ANW bt_btif: btif_in_fetch_bonded_device, AnW
05-27 19:07:51.561 28437 28493 D ANW bt_btif: btif_in_fetch_bonded_ble_device Found a LE device: 3f:97:db:7d:ca:a1
05-27 19:07:51.561 28437 28493 D ANW bt_btif: btif_storage_get_remote_addr_type, AnW
05-27 19:07:51.561 28437 28497 I bt_userial_vendor: AICBTDBG(LOGINFO)	aic_event_handle, aic_ble_only cmd status opcode:0401 
05-27 19:07:51.562 28437 28493 D ANW bt_btif: btif_in_fetch_bonded_ble_device, AnW key_not_found
05-27 19:07:51.562 28437 28493 D ANW bt_btif: Remote device:3f:97:db:7d:ca:a1, no link key or ble key found
05-27 19:07:51.562 28437 28493 D ANW bt_btif: in, bd addr:3f:97:db:7d:ca:a1, prop type:5, len:4
05-27 19:07:51.562 28437 28493 D ANW bt_btif: btif_in_fetch_bonded_device, AnW
05-27 19:07:51.562 28437 28493 D ANW bt_btif: btif_in_fetch_bonded_ble_device Found a LE device: 3f:97:db:7d:ca:a1
05-27 19:07:51.562 28437 28493 D ANW bt_btif: btif_storage_get_remote_addr_type, AnW
05-27 19:07:51.562 28437 28493 D ANW bt_btif: btif_in_fetch_bonded_ble_device, AnW key_not_found
05-27 19:07:51.562 28437 28493 D ANW bt_btif: Remote device:3f:97:db:7d:ca:a1, no link key or ble key found
05-27 19:07:51.562 28437 28493 D ANW bt_btif: in, bd addr:3f:97:db:7d:ca:a1, prop type:11, len:1
05-27 19:07:51.562 28437 28493 D ANW bt_btif: btif_in_fetch_bonded_device, AnW
05-27 19:07:51.562 28437 28493 D ANW bt_btif: btif_in_fetch_bonded_ble_device Found a LE device: 3f:97:db:7d:ca:a1
05-27 19:07:51.562 28437 28493 D ANW bt_btif: btif_storage_get_remote_addr_type, AnW
05-27 19:07:51.562 28437 28493 D ANW bt_btif: btif_in_fetch_bonded_ble_device, AnW key_not_found
05-27 19:07:51.562 28437 28493 D ANW bt_btif: Remote device:3f:97:db:7d:ca:a1, no link key or ble key found
05-27 19:07:51.562 28437 28493 D ANW bt_btif: btif_storage_set_remote_addr_type, AnW
05-27 19:07:51.562 28437 28493 I ANW bt_btif: onScanResult, address_type=1, primary_phy= 0, secondary_phy=0, ad size= 31
05-27 19:07:51.562 28437 28493 I ANW bt_btif: onScanResult: HAL bt_gatt_callbacks->scanner->scan_result_cb
05-27 19:07:51.562 13911 14183 I SentryImuMcuAngleSender: 179.94394rollDeg
05-27 19:07:51.562 28437 28493 D ANWStack: [  11938813][ANWBT] HCI Rx: LE Meta Event, HCI_evLEADVERTISINGREPORT, subevent_code=0x2 Num_Reports=1
05-27 19:07:51.562 28437 28493 D ANWStack: 
05-27 19:07:51.562 13911 14183 I SentryImuMcuAngleSender: 1,0,0
05-27 19:07:51.562 28437 28493 D ANWAPI  : (28437|0xFF195CB0)[BTAPI] AnwhciEventCallback 62 2
05-27 19:07:51.562 28437 28493 D ANWAPI  : (28437|0xFF195CB0)[BTAPI] btsdk_le_DiscoveryCallback eventtype[3]
05-27 19:07:51.562 28437 28493 D ANWAPI  : (28437|0xFF195CB0)[BTAPI] anwbt_ble_le_discoveryHandler
05-27 19:07:51.562 28437 28493 D ANWAPI  : 
05-27 19:07:51.562 28437 28493 D ANWAPI  : (28437|0xFF195CB0)[BTAPI] anwbt_ble_le_discoveryHandler newDevice=0xb4000073fd7df39a,status=0,idx=255,scanLen=0,len=31,RSSI[-73]
05-27 19:07:51.562 28437 28493 D ANWAPI  : (28437|0xFF195CB0)[BTAPI] AnWBT_BLE_GetFirstRandomAddr start,btaddr=[0x20:0xcf:0x54:0x35:0x4d:0xb],addrType=1
05-27 19:07:51.562 28437 28493 D ANWAPI  : (28437|0xFF195CB0)[BTAPI] AnWBT_BLE_GetFirstRandomAddr end,btaddr=[0x20:0xcf:0x54:0x35:0x4d:0xb]
05-27 19:07:51.563 28437 28493 D ANWAPI  : (28437|0xFF195CB0)[BTAPI] send_BLE_discoveryHandler_Message event type: 0x3
05-27 19:07:51.563 28437 28493 D ANWAPI  : 
05-27 19:07:51.563 28437 28493 D ANW bt_btif: send_BLE_discoveryHandler_Message cod is 0x000000
05-27 19:07:51.563 28437 28493 D ANW bt_btif: btif_storage_add_remote_device, AnW
05-27 19:07:51.563 28437 28493 D ANW bt_btif: in, bd addr:0b:4d:35:54:cf:20, prop type:255, len:6
05-27 19:07:51.563 28437 28493 D ANW bt_btif: btif_in_fetch_bonded_device, AnW
05-27 19:07:51.563 28437 28493 D ANW bt_btif: btif_in_fetch_bonded_ble_device Found a LE device: 0b:4d:35:54:cf:20
05-27 19:07:51.563 28437 28493 D ANW bt_btif: btif_storage_get_remote_addr_type, AnW
05-27 19:07:51.563 28437 28493 D ANW bt_btif: btif_in_fetch_bonded_ble_device, AnW key_not_found
05-27 19:07:51.563 28437 28493 D ANW bt_btif: Remote device:0b:4d:35:54:cf:20, no link key or ble key found
05-27 19:07:51.563 28437 28493 D ANW bt_btif: in, bd addr:0b:4d:35:54:cf:20, prop type:5, len:4
05-27 19:07:51.563 28437 28493 D ANW bt_btif: btif_in_fetch_bonded_device, AnW
05-27 19:07:51.563 28437 28493 D ANW bt_btif: btif_in_fetch_bonded_ble_device Found a LE device: 0b:4d:35:54:cf:20
05-27 19:07:51.563 28437 28493 D ANW bt_btif: btif_storage_get_remote_addr_type, AnW
05-27 19:07:51.563 28437 28493 D ANW bt_btif: btif_in_fetch_bonded_ble_device, AnW key_not_found
05-27 19:07:51.563 28437 28493 D ANW bt_btif: Remote device:0b:4d:35:54:cf:20, no link key or ble key found
05-27 19:07:51.563 28437 28493 D ANW bt_btif: in, bd addr:0b:4d:35:54:cf:20, prop type:11, len:1
05-27 19:07:51.563 28437 28493 D ANW bt_btif: btif_in_fetch_bonded_device, AnW
05-27 19:07:51.563 28437 28493 D ANW bt_btif: btif_in_fetch_bonded_ble_device Found a LE device: 0b:4d:35:54:cf:20
05-27 19:07:51.563 28437 28493 D ANW bt_btif: btif_storage_get_remote_addr_type, AnW
05-27 19:07:51.563 28437 28493 D ANW bt_btif: btif_in_fetch_bonded_ble_device, AnW key_not_found
05-27 19:07:51.563 28437 28493 D ANW bt_btif: Remote device:0b:4d:35:54:cf:20, no link key or ble key found
05-27 19:07:51.563 28437 28493 D ANW bt_btif: btif_storage_set_remote_addr_type, AnW
05-27 19:07:51.563 28437 28493 I ANW bt_btif: onScanResult, address_type=1, primary_phy= 0, secondary_phy=0, ad size= 31
05-27 19:07:51.563 28437 28493 I ANW bt_btif: onScanResult: HAL bt_gatt_callbacks->scanner->scan_result_cb
05-27 19:07:51.563 28437 28493 D ANWStack: [  11938814][ANWBT] HCI Rx: CommandStatus event for Inquiry, numCommandPackets=0x1, status=0x00 (Success)
05-27 19:07:51.563 28437 28493 D ANWStack: 
05-27 19:07:51.565 28437 28493 D ANWAPI  : (28437|0xFF195CB0)[BTAPI] AnwhciEventCallback 15 0
05-27 19:07:51.565 28437 28493 D ANWAPI  : (28437|0xFF195CB0)[BTAPI] LIB<<HCI:HCI_evCOMMANDSTATUS HCI_cmdINQUIRY(0)
05-27 19:07:51.565 28437 28493 D ANWAPI  : (28437|0xFF195CB0)[BTAPI] cancel inform_inquiry_error_timer 0,cancel_process_flag = 0
05-27 19:07:51.565 28437 28493 D ANWStack: [  11938816][ANWBT] HCI Rx: LE Meta Event, HCI_evLEADVERTISINGREPORT, subevent_code=0x2 Num_Reports=1
05-27 19:07:51.565 28437 28493 D ANWStack: 
05-27 19:07:51.565 28437 28493 D ANWAPI  : (28437|0xFF195CB0)[BTAPI] AnwhciEventCallback 62 2
05-27 19:07:51.565 28437 28493 D ANWAPI  : (28437|0xFF195CB0)[BTAPI] btsdk_le_DiscoveryCallback eventtype[3]
05-27 19:07:51.565 28437 28493 D ANWAPI  : (28437|0xFF195CB0)[BTAPI] anwbt_ble_le_discoveryHandler
05-27 19:07:51.565 28437 28493 D ANWAPI  : 
05-27 19:07:51.565   581   581 I SpiService: fgesysctrl_getGPIO_status success val=1
05-27 19:07:51.565 28437 28493 D ANWAPI  : (28437|0xFF195CB0)[BTAPI] anwbt_ble_le_discoveryHandler newDevice=0xb4000073fd7df39a,status=0,idx=255,scanLen=0,len=31,RSSI[-66]
05-27 19:07:51.565 28437 28493 D ANWAPI  : (28437|0xFF195CB0)[BTAPI] AnWBT_BLE_GetFirstRandomAddr start,btaddr=[0xcf:0x3e:0x8c:0x69:0x7b:0x1f],addrType=1
05-27 19:07:51.565 28437 28493 D ANWAPI  : (28437|0xFF195CB0)[BTAPI] AnWBT_BLE_GetFirstRandomAddr end,btaddr=[0xcf:0x3e:0x8c:0x69:0x7b:0x1f]
05-27 19:07:51.565 28437 28493 D ANWAPI  : (28437|0xFF195CB0)[BTAPI] send_BLE_discoveryHandler_Message event type: 0x3
05-27 19:07:51.565 28437 28493 D ANWAPI  : 
05-27 19:07:51.565 28437 28493 D ANW bt_btif: send_BLE_discoveryHandler_Message cod is 0x000000
05-27 19:07:51.565 28437 28493 D ANW bt_btif: btif_storage_add_remote_device, AnW
05-27 19:07:51.565 28437 28493 D ANW bt_btif: in, bd addr:1f:7b:69:8c:3e:cf, prop type:255, len:6
05-27 19:07:51.565 28437 28493 D ANW bt_btif: btif_in_fetch_bonded_device, AnW
05-27 19:07:51.565 28437 28493 D ANW bt_btif: btif_in_fetch_bonded_ble_device Found a LE device: 1f:7b:69:8c:3e:cf
05-27 19:07:51.566 28437 28493 D ANW bt_btif: btif_storage_get_remote_addr_type, AnW
05-27 19:07:51.566 28437 28493 D ANW bt_btif: btif_in_fetch_bonded_ble_device, AnW key_not_found
05-27 19:07:51.566 28437 28493 D ANW bt_btif: Remote device:1f:7b:69:8c:3e:cf, no link key or ble key found
05-27 19:07:51.566 28437 28493 D ANW bt_btif: in, bd addr:1f:7b:69:8c:3e:cf, prop type:5, len:4
05-27 19:07:51.566 28437 28493 D ANW bt_btif: btif_in_fetch_bonded_device, AnW
05-27 19:07:51.566 28437 28493 D ANW bt_btif: btif_in_fetch_bonded_ble_device Found a LE device: 1f:7b:69:8c:3e:cf
05-27 19:07:51.566 28437 28493 D ANW bt_btif: btif_storage_get_remote_addr_type, AnW
05-27 19:07:51.566 28437 28493 D ANW bt_btif: btif_in_fetch_bonded_ble_device, AnW key_not_found
05-27 19:07:51.566 28437 28493 D ANW bt_btif: Remote device:1f:7b:69:8c:3e:cf, no link key or ble key found
05-27 19:07:51.566 28437 28493 D ANW bt_btif: in, bd addr:1f:7b:69:8c:3e:cf, prop type:11, len:1
05-27 19:07:51.566 28437 28493 D ANW bt_btif: btif_in_fetch_bonded_device, AnW
05-27 19:07:51.566 28437 28493 D ANW bt_btif: btif_in_fetch_bonded_ble_device Found a LE device: 1f:7b:69:8c:3e:cf
05-27 19:07:51.566 28437 28493 D ANW bt_btif: btif_storage_get_remote_addr_type, AnW
05-27 19:07:51.566 28437 28493 D ANW bt_btif: btif_in_fetch_bonded_ble_device, AnW key_not_found
05-27 19:07:51.566 28437 28493 D ANW bt_btif: Remote device:1f:7b:69:8c:3e:cf, no link key or ble key found
05-27 19:07:51.566 28437 28493 D ANW bt_btif: btif_storage_set_remote_addr_type, AnW
05-27 19:07:51.566 28437 28493 I ANW bt_btif: onScanResult, address_type=1, primary_phy= 0, secondary_phy=0, ad size= 31
05-27 19:07:51.566 28437 28493 I ANW bt_btif: onScanResult: HAL bt_gatt_callbacks->scanner->scan_result_cb
05-27 08:59:00.530   581   581 D spi_rst_gpio_get_output: GPIO 145 value: 1
05-27 08:59:00.530   581   581 D spidev_ioctl: gpio status=1)
05-27 08:59:00.535   581   581 D spi_rst_gpio_get_output: GPIO 145 value: 1
05-27 08:59:00.535   581   581 D spidev_ioctl: gpio status=1)
05-27 19:07:51.571   581   581 I SpiService: fgesysctrl_getGPIO_status success val=1
05-27 19:07:51.575   283   307 I rvcservice: t.code = 3, t.value = 0
05-27 19:07:51.576   581   581 I SpiService: fgesysctrl_getGPIO_status success val=0
05-27 19:07:51.576   481   597 I mcuc    : send SPI:6AA602F08400028900
05-27 08:59:00.540   581   581 D spi_rst_gpio_get_output: GPIO 145 value: 0
05-27 08:59:00.540   581   581 D spidev_ioctl: gpio status=0)
05-27 19:07:51.583 13911 14183 I SentryImuMcuAngleSender: 179.958rollDeg
05-27 19:07:51.583 13911 14183 I SentryImuMcuAngleSender: 1,0,0
05-27 19:07:51.585 30773 30786 I dvr_service_: CameraX 1  audioOK: 40256000,audios:630
05-27 19:07:51.587   536   536 D commservice260303: msg.id = 1028,0
05-27 19:07:51.587   536   536 D commservice260303: i = 170, msgid = 8A000404
05-27 19:07:51.587   536   536 D commservice260303: msgid = -1979710460,did=138
05-27 19:07:51.587   536   536 D commservice260303: CommProtocolLibCmdBaseI2C::dataproc {"command":{"id":"imu_status","sub":""},"content":{"TimeStamp":11,"FrameCounter":280736,"GD_X":-0.01160607673227787,"GD_Y":0.004733873065561056,"GD_Z":0.0019848872907459736,"AD_X":-0.002735525369644165,"AD_Y":0.005776737816631794,"AD_Z":-0.17621898651123047,"TempDsp":0,"Status":0,"CalibState":1,"SigAmpInvalid":0}},-1979710460
05-27 19:07:51.587   536   536 D commservice260303: send2Cluster len:315, 7B22636F6D6D616E64223A7B226964223A22696D755F737461747573222C22737562223A22227D2C22636F6E74656E74223A7B2254696D655374616D70223A31312C224672616D65436F756E746572223A3238303733362C2247445F58223A2D302E30313136303630373637333232373738372C2247445F59223A302E3030343733333837333036353536313035362C2247445F5A223A302E303031393834383837323930373435393733362C2241445F58223A2D302E3030323733353532353336393634343136352C2241445F59223A302E3030353737363733373831363633313739342C2241445F5A223A2D302E31373632313839383635313132333034372C2254656D70447370223A302C22537461747573223A302C2243616C69625374617465223A312C22536967416D70496E76616C6964223A307D7D, 138 
05-27 19:07:51.587   536   536 D commservice260303: Push Message into SendPool fn=-544537600
05-27 19:07:51.587   536   536 D commservice260303: ComProtocolLibSend2Cluster::send2ClusterRaw fn=-544537600 , len=331
05-27 19:07:51.587   536   536 D commservice260303: sendCmdToPort :331!!!
05-27 19:07:51.587   536   536 D commservice260303: send Cmd To Port ++++5AA501478A0100048BDF6A16D0877B22636F6D6D616E64223A7B226964223A22696D755F737461747573222C22737562223A22227D2C22636F6E74656E74223A7B2254696D655374616D70223A31312C224672616D65436F756E746572223A3238303733362C2247445F58223A2D302E30313136303630373637333232373738372C2247445F59223A302E3030343733333837333036353536313035362C2247445F5A223A302E303031393834383837323930373435393733362C2241445F58223A2D302E3030323733353532353336393634343136352C2241445F59223A302E3030353737363733373831363633313739342C2241445F5A223A2D302E31373632313839383635313132333034372C2254656D70447370223A302C22537461747573223A302C2243616C69625374617465223A312C22536967416D70496E76616C6964223A307D7D0E4C
05-27 19:07:51.587   536   536 D commservice260303: bufferevent_write retrun value = 0
05-27 19:07:51.587   536   560 D commservice260303: client datas send succeed,send finish
05-27 19:07:51.588 13911 14192 D Sentinelmode_1.2.5.17_sentry: <SentryImuClusterFgeSender>imu_status sent to Linux, frame=280736, tsNs=11938825, tsMs=11, intervalMs=40, ad=(-0.0027355254,0.005776738,-0.17621899), gd=(-0.011606077,0.004733873,0.0019848873)
05-27 19:07:51.590   581   581 I SpiService: fgesysctrl_getGPIO_status success val=1
05-27 08:59:00.554   581   581 D spi_rst_gpio_get_output: GPIO 145 value: 1
05-27 08:59:00.554   581   581 D spidev_ioctl: gpio status=1)
05-27 19:07:51.595   581   581 I SpiService: fgesysctrl_getGPIO_status success val=1
05-27 08:59:00.560   581   581 D spi_rst_gpio_get_output: GPIO 145 value: 1
05-27 08:59:00.560   581   581 D spidev_ioctl: gpio status=1)
05-27 19:07:51.600   581   581 I SpiService: fgesysctrl_getGPIO_status success val=1
05-27 08:59:00.565   581   581 D spi_rst_gpio_get_output: GPIO 145 value: 1
05-27 08:59:00.565   581   581 D spidev_ioctl: gpio status=1)
05-27 19:07:51.603 13911 14183 I SentryImuMcuAngleSender: 179.993rollDeg
05-27 19:07:51.603 13911 14183 I SentryImuMcuAngleSender: 1,0,0
05-27 19:07:51.606   581   581 I SpiService: fgesysctrl_getGPIO_status success val=1
05-27 08:59:00.570   581   581 D spi_rst_gpio_get_output: GPIO 145 value: 1
05-27 08:59:00.570   581   581 D spidev_ioctl: gpio status=1)
05-27 19:07:51.611   581   581 I SpiService: fgesysctrl_getGPIO_status success val=1
05-27 08:59:00.576   581   581 D spi_rst_gpio_get_output: GPIO 145 value: 1
05-27 08:59:00.576   581   581 D spidev_ioctl: gpio status=1)
05-27 19:07:51.617   581   581 I SpiService: fgesysctrl_getGPIO_status success val=0
05-27 08:59:00.581   581   581 D spi_rst_gpio_get_output: GPIO 145 value: 0
05-27 08:59:00.581   581   581 D spidev_ioctl: gpio status=0)
05-27 19:07:51.624 13911 14183 I SentryImuMcuAngleSender: -179.986rollDeg
05-27 19:07:51.624 13911 14183 I SentryImuMcuAngleSender: 1,0,0
05-27 19:07:51.626   536   536 D commservice260303: msg.id = 1028,1
05-27 19:07:51.626   536   536 D commservice260303: i = 170, msgid = 8A000404
05-27 19:07:51.626   536   536 D commservice260303: msgid = -1979710460,did=138
05-27 19:07:51.627   536   536 D commservice260303: CommProtocolLibCmdBaseI2C::dataproc {"command":{"id":"imu_status","sub":""},"content":{"TimeStamp":11,"FrameCounter":280737,"GD_X":-0.012293193489313126,"GD_Y":0.005039200186729431,"GD_Z":0.002519079949706793,"AD_X":-0.005167484283447266,"AD_Y":-0.003968570381402969,"AD_Z":-0.1725606918334961,"TempDsp":0,"Status":0,"CalibState":1,"SigAmpInvalid":0}},-1979710460
05-27 19:07:51.627   536   536 D commservice260303: send2Cluster len:315, 7B22636F6D6D616E64223A7B226964223A22696D755F737461747573222C22737562223A22227D2C22636F6E74656E74223A7B2254696D655374616D70223A31312C224672616D65436F756E746572223A3238303733372C2247445F58223A2D302E3031323239333139333438393331333132362C2247445F59223A302E3030353033393230303138363732393433312C2247445F5A223A302E3030323531393037393934393730363739332C2241445F58223A2D302E3030353136373438343238333434373236362C2241445F59223A2D302E3030333936383537303338313430323936392C2241445F5A223A2D302E313732353630363931383333343936312C2254656D70447370223A302C22537461747573223A302C2243616C69625374617465223A312C22536967416D70496E76616C6964223A307D7D, 138 
05-27 19:07:51.627   536   536 D commservice260303: Push Message into SendPool fn=-527760384
05-27 19:07:51.627   536   536 D commservice260303: ComProtocolLibSend2Cluster::send2ClusterRaw fn=-527760384 , len=331
05-27 19:07:51.627   536   536 D commservice260303: sendCmdToPort :331!!!
05-27 19:07:51.627   536   536 D commservice260303: send Cmd To Port ++++5AA501478A0100048BE06A16D0877B22636F6D6D616E64223A7B226964223A22696D755F737461747573222C22737562223A22227D2C22636F6E74656E74223A7B2254696D655374616D70223A31312C224672616D65436F756E746572223A3238303733372C2247445F58223A2D302E3031323239333139333438393331333132362C2247445F59223A302E3030353033393230303138363732393433312C2247445F5A223A302E3030323531393037393934393730363739332C2241445F58223A2D302E3030353136373438343238333434373236362C2241445F59223A2D302E3030333936383537303338313430323936392C2241445F5A223A2D302E313732353630363931383333343936312C2254656D70447370223A302C22537461747573223A302C2243616C69625374617465223A312C22536967416D70496E76616C6964223A307D7D79DF
05-27 19:07:51.628   572   572 I Sensors : 230 AccelSensor: x:-0.174459,y:-0.000610,z:-9.970449
05-27 19:07:51.628   536   536 D commservice260303: bufferevent_write retrun value = 0
05-27 19:07:51.628   536   560 D commservice260303: client datas send succeed,send finish
05-27 19:07:51.629 13911 14192 D Sentinelmode_1.2.5.17_sentry: <SentryImuClusterFgeSender>imu_status sent to Linux, frame=280737, tsNs=11938860, tsMs=11, intervalMs=41, ad=(-0.0051674843,-0.0039685704,-0.17256069), gd=(-0.0122931935,0.0050392,0.00251908)
05-27 19:07:51.631   581   581 I SpiService: fgesysctrl_getGPIO_status success val=1
05-27 08:59:00.595   581   581 D spi_rst_gpio_get_output: GPIO 145 value: 1
05-27 08:59:00.595   581   581 D spidev_ioctl: gpio status=1)
05-27 19:07:51.636   581   581 I SpiService: fgesysctrl_getGPIO_status success val=1
05-27 08:59:00.601   581   581 D spi_rst_gpio_get_output: GPIO 145 value: 1
05-27 08:59:00.601   581   581 D spidev_ioctl: gpio status=1)
05-27 19:07:51.641   581   581 I SpiService: fgesysctrl_getGPIO_status success val=1
05-27 08:59:00.606   581   581 D spi_rst_gpio_get_output: GPIO 145 value: 1
05-27 08:59:00.606   581   581 D spidev_ioctl: gpio status=1)
05-27 19:07:51.645 13911 14183 I SentryImuMcuAngleSender: -179.99649rollDeg
05-27 19:07:51.645 13911 14183 I SentryImuMcuAngleSender: 1,0,0
05-27 19:07:51.647   581   581 I SpiService: fgesysctrl_getGPIO_status success val=1
05-27 08:59:00.611   581   581 D spi_rst_gpio_get_output: GPIO 145 value: 1
05-27 08:59:00.611   581   581 D spidev_ioctl: gpio status=1)
05-27 19:07:51.652   581   581 I SpiService: fgesysctrl_getGPIO_status success val=1
05-27 08:59:00.617   581   581 D spi_rst_gpio_get_output: GPIO 145 value: 1
05-27 08:59:00.617   581   581 D spidev_ioctl: gpio status=1)
05-27 19:07:51.658   581   581 I SpiService: fgesysctrl_getGPIO_status success val=1
05-27 08:59:00.622   581   581 D spi_rst_gpio_get_output: GPIO 145 value: 1
05-27 08:59:00.622   581   581 D spidev_ioctl: gpio status=1)
05-27 08:59:00.628   581   581 D spi_rst_gpio_get_output: GPIO 145 value: 0
05-27 08:59:00.628   581   581 D spidev_ioctl: gpio status=0)
05-27 19:07:51.663   581   581 I SpiService: fgesysctrl_getGPIO_status success val=0
05-27 19:07:51.667   536   536 D commservice260303: msg.id = 1028,0
05-27 19:07:51.667   536   536 D commservice260303: i = 170, msgid = 8A000404
05-27 19:07:51.668   536   536 D commservice260303: msgid = -1979710460,did=138
05-27 19:07:51.668   536   536 D commservice260303: CommProtocolLibCmdBaseI2C::dataproc {"command":{"id":"imu_status","sub":""},"content":{"TimeStamp":11,"FrameCounter":280738,"GD_X":-0.012139749713242054,"GD_Y":0.004809814505279064,"GD_Z":0.0018319635419175029,"AD_X":-0.00878375768661499,"AD_Y":0.003344618482515216,"AD_Z":-0.18231868743896484,"TempDsp":0,"Status":0,"CalibState":1,"SigAmpInvalid":0}},-1979710460
05-27 19:07:51.668   536   536 D commservice260303: send2Cluster len:315, 7B22636F6D6D616E64223A7B226964223A22696D755F737461747573222C22737562223A22227D2C22636F6E74656E74223A7B2254696D655374616D70223A31312C224672616D65436F756E746572223A3238303733382C2247445F58223A2D302E3031323133393734393731333234323035342C2247445F59223A302E3030343830393831343530353237393036342C2247445F5A223A302E303031383331393633353431393137353032392C2241445F58223A2D302E30303837383337353736383636313439392C2241445F59223A302E3030333334343631383438323531353231362C2241445F5A223A2D302E31383233313836383734333839363438342C2254656D70447370223A302C22537461747573223A302C2243616C69625374617465223A312C22536967416D70496E76616C6964223A307D7D, 138 
05-27 19:07:51.668   536   536 D commservice260303: Push Message into SendPool fn=-510983168
05-27 19:07:51.668   536   536 D commservice260303: ComProtocolLibSend2Cluster::send2ClusterRaw fn=-510983168 , len=331
05-27 19:07:51.668   536   536 D commservice260303: sendCmdToPort :331!!!
05-27 19:07:51.668   536   536 D commservice260303: send Cmd To Port ++++5AA501478A0100048BE16A16D0877B22636F6D6D616E64223A7B226964223A22696D755F737461747573222C22737562223A22227D2C22636F6E74656E74223A7B2254696D655374616D70223A31312C224672616D65436F756E746572223A3238303733382C2247445F58223A2D302E3031323133393734393731333234323035342C2247445F59223A302E3030343830393831343530353237393036342C2247445F5A223A302E303031383331393633353431393137353032392C2241445F58223A2D302E30303837383337353736383636313439392C2241445F59223A302E3030333334343631383438323531353231362C2241445F5A223A2D302E31383233313836383734333839363438342C2254656D70447370223A302C22537461747573223A302C2243616C69625374617465223A312C22536967416D70496E76616C6964223A307D7D6154
05-27 19:07:51.668   536   536 D commservice260303: bufferevent_write retrun value = 0
05-27 19:07:51.669   536   560 D commservice260303: client datas send succeed,send finish
05-27 19:07:51.669 13911 14192 D Sentinelmode_1.2.5.17_sentry: <SentryImuClusterFgeSender>imu_status sent to Linux, frame=280738, tsNs=11938914, tsMs=11, intervalMs=40, ad=(-0.008783758,0.0033446185,-0.18231869), gd=(-0.01213975,0.0048098145,0.0018319635)
05-27 19:07:51.670 13911 14183 I SentryImuMcuAngleSender: 179.972rollDeg
05-27 19:07:51.670 13911 14183 I SentryImuMcuAngleSender: 1,0,0
05-27 19:07:51.675   283   307 I rvcservice: t.code = 2, t.value = 9973500
05-27 19:07:51.678   581   581 I SpiService: fgesysctrl_getGPIO_status success val=1
05-27 08:59:00.642   581   581 D spi_rst_gpio_get_output: GPIO 145 value: 1
05-27 08:59:00.642   581   581 D spidev_ioctl: gpio status=1)
05-27 19:07:51.683   581   581 I SpiService: fgesysctrl_getGPIO_status success val=1
05-27 08:59:00.648   581   581 D spi_rst_gpio_get_output: GPIO 145 value: 1
05-27 08:59:00.648   581   581 D spidev_ioctl: gpio status=1)
05-27 19:07:51.689   581   581 I SpiService: fgesysctrl_getGPIO_status success val=1
05-27 19:07:51.690 13911 14183 I SentryImuMcuAngleSender: 179.979rollDeg
05-27 19:07:51.691 13911 14183 I SentryImuMcuAngleSender: 1,0,0
05-27 08:59:00.654   581   581 D spi_rst_gpio_get_output: GPIO 145 value: 1
05-27 08:59:00.654   581   581 D spidev_ioctl: gpio status=1)
05-27 19:07:51.695   581   581 I SpiService: fgesysctrl_getGPIO_status success val=1
05-27 08:59:00.659   581   581 D spi_rst_gpio_get_output: GPIO 145 value: 1
05-27 08:59:00.659   581   581 D spidev_ioctl: gpio status=1)
05-27 19:07:51.701   581   581 I SpiService: fgesysctrl_getGPIO_status success val=0
05-27 08:59:00.665   581   581 D spi_rst_gpio_get_output: GPIO 145 value: 0
05-27 08:59:00.665   581   581 D spidev_ioctl: gpio status=0)
05-27 19:07:51.708   536   536 D commservice260303: msg.id = 1028,0
05-27 19:07:51.708   536   536 D commservice260303: i = 170, msgid = 8A000404
05-27 19:07:51.709   536   536 D commservice260303: msgid = -1979710460,did=138
05-27 19:07:51.709   536   536 D commservice260303: CommProtocolLibCmdBaseI2C::dataproc {"command":{"id":"imu_status","sub":""},"content":{"TimeStamp":11,"FrameCounter":280739,"GD_X":-0.011834942735731602,"GD_Y":0.005268065724521875,"GD_Z":0.0019079053308814764,"AD_X":-0.004493445158004761,"AD_Y":-3.199155908077955E-4,"AD_Z":-0.1688985824584961,"TempDsp":0,"Status":0,"CalibState":1,"SigAmpInvalid":0}},-1979710460
05-27 19:07:51.709   536   536 D commservice260303: send2Cluster len:316, 7B22636F6D6D616E64223A7B226964223A22696D755F737461747573222C22737562223A22227D2C22636F6E74656E74223A7B2254696D655374616D70223A31312C224672616D65436F756E746572223A3238303733392C2247445F58223A2D302E3031313833343934323733353733313630322C2247445F59223A302E3030353236383036353732343532313837352C2247445F5A223A302E303031393037393035333330383831343736342C2241445F58223A2D302E3030343439333434353135383030343736312C2241445F59223A2D332E313939313535393038303737393535452D342C2241445F5A223A2D302E313638383938353832343538343936312C2254656D70447370223A302C22537461747573223A302C2243616C69625374617465223A312C22536967416D70496E76616C6964223A307D7D, 138 
05-27 19:07:51.709   536   536 D commservice260303: Push Message into SendPool fn=-494205952
05-27 19:07:51.709   536   536 D commservice260303: ComProtocolLibSend2Cluster::send2ClusterRaw fn=-494205952 , len=332
05-27 19:07:51.709   536   536 D commservice260303: sendCmdToPort :332!!!
05-27 19:07:51.709   536   536 D commservice260303: send Cmd To Port ++++5AA501488A0100048BE26A16D0877B22636F6D6D616E64223A7B226964223A22696D755F737461747573222C22737562223A22227D2C22636F6E74656E74223A7B2254696D655374616D70223A31312C224672616D65436F756E746572223A3238303733392C2247445F58223A2D302E3031313833343934323733353733313630322C2247445F59223A302E3030353236383036353732343532313837352C2247445F5A223A302E303031393037393035333330383831343736342C2241445F58223A2D302E3030343439333434353135383030343736312C2241445F59223A2D332E313939313535393038303737393535452D342C2241445F5A223A2D302E313638383938353832343538343936312C2254656D70447370223A302C22537461747573223A302C2243616C69625374617465223A312C22536967416D70496E76616C6964223A307D7DEA14
05-27 19:07:51.710   536   536 D commservice260303: bufferevent_write retrun value = 0
05-27 19:07:51.710   536   560 D commservice260303: client datas send succeed,send finish
05-27 19:07:51.711 13911 14192 D Sentinelmode_1.2.5.17_sentry: <SentryImuClusterFgeSender>imu_status sent to Linux, frame=280739, tsNs=11938950, tsMs=11, intervalMs=41, ad=(-0.004493445,-3.199156E-4,-0.16889858), gd=(-0.011834943,0.0052680657,0.0019079053)
05-27 19:07:51.711 13911 14183 I SentryImuMcuAngleSender: 179.993rollDeg
05-27 19:07:51.711 13911 14183 I SentryImuMcuAngleSender: 1,0,0
05-27 19:07:51.714   481   598 I mcuc    : rev,n=1,6AA681F085000A890090010409101234562D
05-27 19:07:51.715  1121  1144 I tboxmids_ap: [2026-05-27 19:07:51.715] [MCU RX] src=MCU dst=ZMQ len=10 type=BINARY data=00 08 90 01 04 09 10 12 34 56 
05-27 19:07:51.715   351   373 D automotive.vehicle@2.0-adayo-datacomm-mcu: MCUDatacomm sendMessageFromVehicle prop: 0x89, areaId: 0x0, status: 0x90, timestamp: 0x1
05-27 08:59:00.680   581   581 D spi_rst_gpio_get_output: GPIO 145 value: 1
05-27 19:07:51.715   351   373 D automotive.vehicle@2.0-adayo-datacomm-mcu: MCUDatacomm 1sendMessageFromVehicle ---> type = 12 
05-27 19:07:51.715   581   581 I SpiService: fgesysctrl_getGPIO_status success val=1
05-27 19:07:51.716   572   622 I Sensors : 230 GyroSensor: x:-0.011530,y:0.004657,z:0.001908
05-27 19:07:51.716  1083  1083 I MyAppLog: [2026-05-27 19:07:51.715 I tboxap mcuCommTboxmidsRecvCb:97] [Mcu] [mcuCommTboxmidsRecvCb] recv from tboxmids, size:10
05-27 08:59:00.680   581   581 D spidev_ioctl: gpio status=1)
05-27 19:07:51.717  1083  1083 I MyAppLog: [2026-05-27 19:07:51.715 I tboxap mcuCommTboxmidsRecvCb:98] [Mcu] [tboxmids -> tboxap]: :00 08 90 01 04 09 10 12 34 56
05-27 19:07:51.717  1083  1083 I MyAppLog: [2026-05-27 19:07:51.716 I tboxap mcuPtlParseData:990] [Mcu] [Mcu  Parse]: (cmd):0910 (param):0910123456
05-27 19:07:51.717  1083  1083 W MyAppLog: [2026-05-27 19:07:51.716 W tboxap mcuParamDataRevPack:918] [Mcu] mcuParamDataRevPack start pack data!!!
05-27 19:07:51.717  1083  1083 I MyAppLog: [2026-05-27 19:07:51.716 I tboxap MCU_BATT_STATIC_DATA_IND_McuInd:515] [Mcu] [MCU_BATT_STATIC_DATA_IND_McuInd] staticData type:0x12 len:5
05-27 19:07:51.721   581   581 I SpiService: fgesysctrl_getGPIO_status success val=1
05-27 08:59:00.686   581   581 D spi_rst_gpio_get_output: GPIO 145 value: 1
05-27 08:59:00.686   581   581 D spidev_ioctl: gpio status=1)
05-27 19:07:51.727   581   581 I SpiService: fgesysctrl_getGPIO_status success val=1
05-27 08:59:00.691   581   581 D spi_rst_gpio_get_output: GPIO 145 value: 1
05-27 08:59:00.691   581   581 D spidev_ioctl: gpio status=1)
05-27 19:07:51.731 13911 14183 I SentryImuMcuAngleSender: -179.99298rollDeg
05-27 19:07:51.732 13911 14183 I SentryImuMcuAngleSender: 1,0,0
05-27 08:59:00.697   581   581 D spi_rst_gpio_get_output: GPIO 145 value: 1
05-27 08:59:00.697   581   581 D spidev_ioctl: gpio status=1)
05-27 19:07:51.732   581   581 I SpiService: fgesysctrl_getGPIO_status success val=1
05-27 19:07:51.738   581   581 I SpiService: fgesysctrl_getGPIO_status success val=0
05-27 19:07:51.738   481   597 I mcuc    : send SPI:6AA602F08500028900FE
05-27 08:59:00.703   581   581 D spi_rst_gpio_get_output: GPIO 145 value: 0
05-27 08:59:00.703   581   581 D spidev_ioctl: gpio status=0)
05-27 19:07:51.750   536   536 D commservice260303: msg.id = 1028,0
05-27 19:07:51.751   536   536 D commservice260303: i = 170, msgid = 8A000404
05-27 19:07:51.751   536   536 D commservice260303: msgid = -1979710460,did=138
05-27 19:07:51.751   536   536 D commservice260303: CommProtocolLibCmdBaseI2C::dataproc {"command":{"id":"imu_status","sub":""},"content":{"TimeStamp":11,"FrameCounter":280740,"GD_X":-0.011453153565526009,"GD_Y":0.0057257963344454765,"GD_Z":0.0019079053308814764,"AD_X":-0.001452907919883728,"AD_Y":-3.0979979783296585E-4,"AD_Z":-0.17682933807373047,"TempDsp":0,"Status":0,"CalibState":1,"SigAmpInvalid":0}},-1979710460
05-27 19:07:51.751   536   536 D commservice260303: send2Cluster len:319, 7B22636F6D6D616E64223A7B226964223A22696D755F737461747573222C22737562223A22227D2C22636F6E74656E74223A7B2254696D655374616D70223A31312C224672616D65436F756E746572223A3238303734302C2247445F58223A2D302E3031313435333135333536353532363030392C2247445F59223A302E303035373235373936333334343435343736352C2247445F5A223A302E303031393037393035333330383831343736342C2241445F58223A2D302E3030313435323930373931393838333732382C2241445F59223A2D332E30393739393739373833323936353835452D342C2241445F5A223A2D302E31373638323933333830373337333034372C2254656D70447370223A302C22537461747573223A302C2243616C69625374617465223A312C22536967416D70496E76616C6964223A307D7D, 138 
05-27 19:07:51.751   536   536 D commservice260303: Push Message into SendPool fn=-477428736
05-27 19:07:51.751   536   536 D commservice260303: ComProtocolLibSend2Cluster::send2ClusterRaw fn=-477428736 , len=335
05-27 19:07:51.751   536   536 D commservice260303: sendCmdToPort :335!!!
