05-27 19:07:52.118 28437 28493 I ANW bt_btif: onScanResult: HAL bt_gatt_callbacks->scanner->scan_result_cb
05-27 19:07:52.118 28437 28493 D ANWStack: [  11939369][ANWBT] HCI Rx: LE Meta Event, HCI_evLEADVERTISINGREPORT, subevent_code=0x2 Num_Reports=1
05-27 19:07:52.118 28437 28493 D ANWStack: 
05-27 19:07:52.118 28437 28493 D ANWAPI  : (28437|0xFF195CB0)[BTAPI] AnwhciEventCallback 62 2
05-27 19:07:52.118 28437 28493 D ANWAPI  : (28437|0xFF195CB0)[BTAPI] btsdk_le_DiscoveryCallback eventtype[3]
05-27 19:07:52.118 28437 28493 D ANWAPI  : (28437|0xFF195CB0)[BTAPI] anwbt_ble_le_discoveryHandler
05-27 19:07:52.118 28437 28493 D ANWAPI  : 
05-27 19:07:52.118 28437 28493 D ANWAPI  : (28437|0xFF195CB0)[BTAPI] anwbt_ble_le_discoveryHandler newDevice=0xb4000073fd7df39a,status=0,idx=255,scanLen=0,len=31,RSSI[-77]
05-27 19:07:52.119 28437 28493 D ANWAPI  : (28437|0xFF195CB0)[BTAPI] AnWBT_BLE_GetFirstRandomAddr start,btaddr=[0xea:0xd1:0x45:0x70:0xf8:0x26],addrType=1
05-27 19:07:52.119 28437 28493 D ANWAPI  : (28437|0xFF195CB0)[BTAPI] AnWBT_BLE_GetFirstRandomAddr end,btaddr=[0xea:0xd1:0x45:0x70:0xf8:0x26]
05-27 19:07:52.119 28437 28493 D ANWAPI  : (28437|0xFF195CB0)[BTAPI] send_BLE_discoveryHandler_Message event type: 0x3
05-27 19:07:52.119 28437 28493 D ANWAPI  : 
05-27 19:07:52.119 28437 28493 D ANW bt_btif: send_BLE_discoveryHandler_Message cod is 0x000000
05-27 19:07:52.119 28437 28493 D ANW bt_btif: btif_storage_add_remote_device, AnW
05-27 19:07:52.119 28437 28493 D ANW bt_btif: in, bd addr:26:f8:70:45:d1:ea, prop type:255, len:6
05-27 19:07:52.119 28437 28493 D ANW bt_btif: btif_in_fetch_bonded_device, AnW
05-27 19:07:52.119 28437 28493 D ANW bt_btif: btif_in_fetch_bonded_ble_device Found a LE device: 26:f8:70:45:d1:ea
05-27 19:07:52.119 28437 28493 D ANW bt_btif: btif_storage_get_remote_addr_type, AnW
05-27 19:07:52.119 28437 28493 D ANW bt_btif: btif_in_fetch_bonded_ble_device, AnW key_not_found
05-27 19:07:52.119 28437 28493 D ANW bt_btif: Remote device:26:f8:70:45:d1:ea, no link key or ble key found
05-27 19:07:52.119 28437 28493 D ANW bt_btif: in, bd addr:26:f8:70:45:d1:ea, prop type:5, len:4
05-27 19:07:52.120 28437 28493 D ANW bt_btif: btif_in_fetch_bonded_device, AnW
05-27 19:07:52.120 28437 28493 D ANW bt_btif: btif_in_fetch_bonded_ble_device Found a LE device: 26:f8:70:45:d1:ea
05-27 19:07:52.120 28437 28493 D ANW bt_btif: btif_storage_get_remote_addr_type, AnW
05-27 19:07:52.120 28437 28493 D ANW bt_btif: btif_in_fetch_bonded_ble_device, AnW key_not_found
05-27 19:07:52.120 28437 28493 D ANW bt_btif: Remote device:26:f8:70:45:d1:ea, no link key or ble key found
05-27 19:07:52.120 28437 28493 D ANW bt_btif: in, bd addr:26:f8:70:45:d1:ea, prop type:11, len:1
05-27 19:07:52.120 28437 28493 D ANW bt_btif: btif_in_fetch_bonded_device, AnW
05-27 19:07:52.120 28437 28493 D ANW bt_btif: btif_in_fetch_bonded_ble_device Found a LE device: 26:f8:70:45:d1:ea
05-27 19:07:52.120 28437 28493 D ANW bt_btif: btif_storage_get_remote_addr_type, AnW
05-27 19:07:52.120 28437 28493 D ANW bt_btif: btif_in_fetch_bonded_ble_device, AnW key_not_found
05-27 19:07:52.120 28437 28493 D ANW bt_btif: Remote device:26:f8:70:45:d1:ea, no link key or ble key found
05-27 19:07:52.120 28437 28493 D ANW bt_btif: btif_storage_set_remote_addr_type, AnW
05-27 19:07:52.120 28437 28493 I ANW bt_btif: onScanResult, address_type=1, primary_phy= 0, secondary_phy=0, ad size= 31
05-27 19:07:52.120 28437 28493 I ANW bt_btif: onScanResult: HAL bt_gatt_callbacks->scanner->scan_result_cb
05-27 19:07:52.121 28437 28493 D ANWStack: [  11939372][ANWBT] HCI Rx: LE Meta Event, HCI_evLEADVERTISINGREPORT, subevent_code=0x2 Num_Reports=1
05-27 19:07:52.121 28437 28493 D ANWStack: 
05-27 19:07:52.121 28437 28493 D ANWAPI  : (28437|0xFF195CB0)[BTAPI] AnwhciEventCallback 62 2
05-27 19:07:52.121 28437 28493 D ANWAPI  : (28437|0xFF195CB0)[BTAPI] btsdk_le_DiscoveryCallback eventtype[3]
05-27 19:07:52.121 28437 28493 D ANWAPI  : (28437|0xFF195CB0)[BTAPI] anwbt_ble_le_discoveryHandler
05-27 19:07:52.121 28437 28493 D ANWAPI  : 
05-27 19:07:52.121 28437 28493 D ANWAPI  : (28437|0xFF195CB0)[BTAPI] anwbt_ble_le_discoveryHandler newDevice=0xb4000073fd7df39a,status=0,idx=255,scanLen=0,len=31,RSSI[-76]
05-27 19:07:52.121 28437 28493 D ANWAPI  : (28437|0xFF195CB0)[BTAPI] AnWBT_BLE_GetFirstRandomAddr start,btaddr=[0xf7:0x79:0xe8:0xab:0x9d:0x8],addrType=1
05-27 19:07:52.121 28437 28493 D ANWAPI  : (28437|0xFF195CB0)[BTAPI] AnWBT_BLE_GetFirstRandomAddr end,btaddr=[0xf7:0x79:0xe8:0xab:0x9d:0x8]
05-27 19:07:52.121 28437 28493 D ANWAPI  : (28437|0xFF195CB0)[BTAPI] send_BLE_discoveryHandler_Message event type: 0x3
05-27 19:07:52.121 28437 28493 D ANWAPI  : 
05-27 19:07:52.121 28437 28493 D ANW bt_btif: send_BLE_discoveryHandler_Message cod is 0x000000
05-27 19:07:52.121 28437 28493 D ANW bt_btif: btif_storage_add_remote_device, AnW
05-27 19:07:52.122 28437 28493 D ANW bt_btif: in, bd addr:08:9d:ab:e8:79:f7, prop type:255, len:6
05-27 19:07:52.122 28437 28493 D ANW bt_btif: btif_in_fetch_bonded_device, AnW
05-27 19:07:52.122 28437 28493 D ANW bt_btif: btif_in_fetch_bonded_ble_device Found a LE device: 08:9d:ab:e8:79:f7
05-27 19:07:52.122 28437 28493 D ANW bt_btif: btif_storage_get_remote_addr_type, AnW
05-27 19:07:52.122 28437 28493 D ANW bt_btif: btif_in_fetch_bonded_ble_device, AnW key_not_found
05-27 19:07:52.122 28437 28493 D ANW bt_btif: Remote device:08:9d:ab:e8:79:f7, no link key or ble key found
05-27 19:07:52.122 28437 28493 D ANW bt_btif: in, bd addr:08:9d:ab:e8:79:f7, prop type:5, len:4
05-27 19:07:52.122 28437 28493 D ANW bt_btif: btif_in_fetch_bonded_device, AnW
05-27 19:07:52.122 28437 28493 D ANW bt_btif: btif_in_fetch_bonded_ble_device Found a LE device: 08:9d:ab:e8:79:f7
05-27 19:07:52.122 28437 28493 D ANW bt_btif: btif_storage_get_remote_addr_type, AnW
05-27 19:07:52.122 28437 28493 D ANW bt_btif: btif_in_fetch_bonded_ble_device, AnW key_not_found
05-27 19:07:52.122 28437 28493 D ANW bt_btif: Remote device:08:9d:ab:e8:79:f7, no link key or ble key found
05-27 19:07:52.122 28437 28493 D ANW bt_btif: in, bd addr:08:9d:ab:e8:79:f7, prop type:11, len:1
05-27 19:07:52.122 28437 28493 D ANW bt_btif: btif_in_fetch_bonded_device, AnW
05-27 19:07:52.122 28437 28493 D ANW bt_btif: btif_in_fetch_bonded_ble_device Found a LE device: 08:9d:ab:e8:79:f7
05-27 19:07:52.122 28437 28493 D ANW bt_btif: btif_storage_get_remote_addr_type, AnW
05-27 19:07:52.122 28437 28493 D ANW bt_btif: btif_in_fetch_bonded_ble_device, AnW key_not_found
05-27 19:07:52.122 28437 28493 D ANW bt_btif: Remote device:08:9d:ab:e8:79:f7, no link key or ble key found
05-27 19:07:52.122 28437 28493 D ANW bt_btif: btif_storage_set_remote_addr_type, AnW
05-27 19:07:52.122 28437 28493 I ANW bt_btif: onScanResult, address_type=1, primary_phy= 0, secondary_phy=0, ad size= 31
05-27 19:07:52.122 28437 28493 I ANW bt_btif: onScanResult: HAL bt_gatt_callbacks->scanner->scan_result_cb
05-27 19:07:52.123   481   598 I mcuc    : rev,n=1,6AA681F086000A8900910104091312345628
05-27 19:07:52.123  1121  1144 I tboxmids_ap: [2026-05-27 19:07:52.123] [MCU RX] src=MCU dst=ZMQ len=10 type=BINARY data=00 08 91 01 04 09 13 12 34 56 
05-27 19:07:52.123   351   373 D automotive.vehicle@2.0-adayo-datacomm-mcu: MCUDatacomm sendMessageFromVehicle prop: 0x89, areaId: 0x0, status: 0x91, timestamp: 0x1
05-27 19:07:52.123   351   373 D automotive.vehicle@2.0-adayo-datacomm-mcu: MCUDatacomm 1sendMessageFromVehicle ---> type = 12 
05-27 19:07:52.124   581   581 I SpiService: fgesysctrl_getGPIO_status success val=1
05-27 19:07:52.124  1083  1083 I MyAppLog: [2026-05-27 19:07:52.124 I tboxap mcuCommTboxmidsRecvCb:97] [Mcu] [mcuCommTboxmidsRecvCb] recv from tboxmids, size:10
05-27 19:07:52.124  1083  1083 I MyAppLog: [2026-05-27 19:07:52.124 I tboxap mcuCommTboxmidsRecvCb:98] [Mcu] [tboxmids -> tboxap]: :00 08 91 01 04 09 13 12 34 56
05-27 19:07:52.124  1083  1083 W MyAppLog: [2026-05-27 19:07:52.124 W tboxap mcuYadiFrameParse:852] [Mcu] [mcuYadiFrameParse] cmd:0913(MCU_SEC_BATT1_DYNAMIC_IND) payload too short:5 < 36
05-27 19:07:52.124  1083  1083 W MyAppLog: [2026-05-27 19:07:52.124 W tboxap mcuPtlParseData:982] [Mcu] [mcuPtlParseData] invalid yadi frame, len:10
05-27 19:07:52.127 13911 14183 I SentryImuMcuAngleSender: 180.0rollDeg
05-27 19:07:52.127 13911 14183 I SentryImuMcuAngleSender: 1,0,0
05-27 19:07:52.129   581   581 I SpiService: fgesysctrl_getGPIO_status success val=1
05-27 08:59:01.094   581   581 D spi_rst_gpio_get_output: GPIO 145 value: 1
05-27 08:59:01.094   581   581 D spidev_ioctl: gpio status=1)
05-27 19:07:52.134   581   581 I SpiService: fgesysctrl_getGPIO_status success val=1
05-27 08:59:01.099   581   581 D spi_rst_gpio_get_output: GPIO 145 value: 1
05-27 08:59:01.099   581   581 D spidev_ioctl: gpio status=1)
05-27 19:07:52.140   581   581 I SpiService: fgesysctrl_getGPIO_status success val=1
05-27 08:59:01.104   581   581 D spi_rst_gpio_get_output: GPIO 145 value: 1
05-27 08:59:01.104   581   581 D spidev_ioctl: gpio status=1)
05-27 19:07:52.145   581   581 I SpiService: fgesysctrl_getGPIO_status success val=1
05-27 19:07:52.147 13911 14183 I SentryImuMcuAngleSender: 180.0rollDeg
05-27 19:07:52.147 13911 14183 I SentryImuMcuAngleSender: 1,0,0
05-27 08:59:01.110   581   581 D spi_rst_gpio_get_output: GPIO 145 value: 1
05-27 08:59:01.110   581   581 D spidev_ioctl: gpio status=1)
05-27 19:07:52.150 13911 13911 I Sentinelmode_1.2.5.17_sentry: <SentinelCarServiceManager>sensorType:291504647
05-27 19:07:52.150   581   581 I SpiService: fgesysctrl_getGPIO_status success val=0
05-27 19:07:52.151   481   597 I mcuc    : send SPI:6AA602F08600028900FD
05-27 08:59:01.115   581   581 D spi_rst_gpio_get_output: GPIO 145 value: 0
05-27 08:59:01.115   581   581 D spidev_ioctl: gpio status=0)
05-27 19:07:52.156   536   536 D commservice260303: msg.id = 1028,0
05-27 19:07:52.156   536   536 D commservice260303: i = 170, msgid = 8A000404
05-27 19:07:52.156   536   536 D commservice260303: msgid = -1979710460,did=138
05-27 19:07:52.156   536   536 D commservice260303: CommProtocolLibCmdBaseI2C::dataproc {"command":{"id":"imu_status","sub":""},"content":{"TimeStamp":11,"FrameCounter":280750,"GD_X":-0.010766036808490753,"GD_Y":0.006108105648308992,"GD_Z":0.002443138277158141,"AD_X":0.003440186381340027,"AD_Y":-0.0016234690556302667,"AD_Z":-0.1701192855834961,"TempDsp":0,"Status":0,"CalibState":1,"SigAmpInvalid":0}},-1979710460
05-27 19:07:52.156   536   536 D commservice260303: send2Cluster len:315, 7B22636F6D6D616E64223A7B226964223A22696D755F737461747573222C22737562223A22227D2C22636F6E74656E74223A7B2254696D655374616D70223A31312C224672616D65436F756E746572223A3238303735302C2247445F58223A2D302E3031303736363033363830383439303735332C2247445F59223A302E3030363130383130353634383330383939322C2247445F5A223A302E3030323434333133383237373135383134312C2241445F58223A302E3030333434303138363338313334303032372C2241445F59223A2D302E303031363233343639303535363330323636372C2241445F5A223A2D302E313730313139323835353833343936312C2254656D70447370223A302C22537461747573223A302C2243616C69625374617465223A312C22536967416D70496E76616C6964223A307D7D, 138 
05-27 19:07:52.156   536   536 D commservice260303: Push Message into SendPool fn=-309656576
05-27 19:07:52.156   536   536 D commservice260303: ComProtocolLibSend2Cluster::send2ClusterRaw fn=-309656576 , len=331
05-27 19:07:52.156   536   536 D commservice260303: sendCmdToPort :331!!!
05-27 19:07:52.156   536   536 D commservice260303: send Cmd To Port ++++5AA501478A0100048BED6A16D0887B22636F6D6D616E64223A7B226964223A22696D755F737461747573222C22737562223A22227D2C22636F6E74656E74223A7B2254696D655374616D70223A31312C224672616D65436F756E746572223A3238303735302C2247445F58223A2D302E3031303736363033363830383439303735332C2247445F59223A302E3030363130383130353634383330383939322C2247445F5A223A302E3030323434333133383237373135383134312C2241445F58223A302E3030333434303138363338313334303032372C2241445F59223A2D302E303031363233343639303535363330323636372C2241445F5A223A2D302E313730313139323835353833343936312C2254656D70447370223A302C22537461747573223A302C2243616C69625374617465223A312C22536967416D70496E76616C6964223A307D7D2E26
05-27 19:07:52.156   536   536 D commservice260303: bufferevent_write retrun value = 0
05-27 19:07:52.157 13911 14192 D Sentinelmode_1.2.5.17_sentry: <SentryImuClusterFgeSender>imu_status sent to Linux, frame=280750, tsNs=11939395, tsMs=11, intervalMs=39, ad=(0.0034401864,-0.001623469,-0.17011929), gd=(-0.010766037,0.0061081056,0.0024431383)
05-27 19:07:52.159   536   560 D commservice260303: client datas send succeed,send finish
05-27 19:07:52.165   581   581 I SpiService: fgesysctrl_getGPIO_status success val=1
05-27 19:07:52.166 30773 30786 I dvr_service_: CameraX 0  audioOK: 40896000,audios:640
05-27 19:07:52.167 13911 14183 I SentryImuMcuAngleSender: 180.0rollDeg
05-27 19:07:52.167 13911 14183 I SentryImuMcuAngleSender: 1,0,0
05-27 08:59:01.130   581   581 D spi_rst_gpio_get_output: GPIO 145 value: 1
05-27 08:59:01.130   581   581 D spidev_ioctl: gpio status=1)
05-27 19:07:52.171   581   581 I SpiService: fgesysctrl_getGPIO_status success val=1
05-27 08:59:01.135   581   581 D spi_rst_gpio_get_output: GPIO 145 value: 1
05-27 08:59:01.135   581   581 D spidev_ioctl: gpio status=1)
05-27 19:07:52.176   581   581 I SpiService: fgesysctrl_getGPIO_status success val=1
05-27 08:59:01.141   581   581 D spi_rst_gpio_get_output: GPIO 145 value: 1
05-27 19:07:52.177   283   307 I rvcservice: t.code = 3, t.value = 0
05-27 08:59:01.141   581   581 D spidev_ioctl: gpio status=1)
05-27 19:07:52.182   581   581 I SpiService: fgesysctrl_getGPIO_status success val=1
05-27 08:59:01.146   581   581 D spi_rst_gpio_get_output: GPIO 145 value: 1
05-27 08:59:01.146   581   581 D spidev_ioctl: gpio status=1)
05-27 19:07:52.187   581   581 I SpiService: fgesysctrl_getGPIO_status success val=1
05-27 19:07:52.188 13911 14183 I SentryImuMcuAngleSender: 179.993rollDeg
05-27 19:07:52.188 10188 11122 E WifiVendorHal: getWifiLinkLayerStats_1_6_Internal(l.1202) failed {.code = ERROR_UNKNOWN, .description = unknown error}
05-27 19:07:52.188 13911 14183 I SentryImuMcuAngleSender: 1,0,0
05-27 08:59:01.152   581   581 D spi_rst_gpio_get_output: GPIO 145 value: 1
05-27 08:59:01.152   581   581 D spidev_ioctl: gpio status=1)
05-27 08:59:01.153 10047 10047 W         : AICWFDBG(LOGTRACE)	rwnx_send_msg (118)MM_GET_STA_INFO_CFM reqcfm:1 in_irq:0 in_softirq:0 in_atomic:0
05-27 08:59:01.153 10047 10047 W         : AICWFDBG(LOGTRACE)	rwnx_cmd_malloc get cmd_array[0]:000000004c96fbbb
05-27 08:59:01.154   354   354 W         : AICWFDBG(LOGDEBUG)	rwnx_rx_handle_msg msg->id:0x76
05-27 08:59:01.154 10047 10047 W         : AICWFDBG(LOGTRACE)	rwnx_cmd_free cmd_array[0]:000000004c96fbbb
05-27 08:59:01.154 10047 10047 W         : AICWFDBG(LOGDEBUG)	rwnx_fill_station_info ModTx(2):5 TxIndex:8 ModRx(0):0 RxHTIndex:0 RxVHTIndex:0 RxHEIndex:0 RSSI:-39
05-27 19:07:52.190 28437 28493 D ANWStack: [  11939441][ANWBT] HCI Rx: LE Meta Event, HCI_evLEADVERTISINGREPORT, subevent_code=0x2 Num_Reports=1
05-27 19:07:52.190 28437 28493 D ANWStack: 
05-27 19:07:52.190 28437 28493 D ANWAPI  : (28437|0xFF195CB0)[BTAPI] AnwhciEventCallback 62 2
05-27 19:07:52.190 28437 28493 D ANWAPI  : (28437|0xFF195CB0)[BTAPI] btsdk_le_DiscoveryCallback eventtype[3]
05-27 19:07:52.191 28437 28493 D ANWAPI  : (28437|0xFF195CB0)[BTAPI] anwbt_ble_le_discoveryHandler
05-27 19:07:52.191 28437 28493 D ANWAPI  : 
05-27 19:07:52.191 28437 28493 D ANWAPI  : (28437|0xFF195CB0)[BTAPI] anwbt_ble_le_discoveryHandler newDevice=0xb4000073fd7df39a,status=0,idx=255,scanLen=0,len=31,RSSI[-76]
05-27 19:07:52.191 28437 28493 D ANWAPI  : (28437|0xFF195CB0)[BTAPI] AnWBT_BLE_GetFirstRandomAddr start,btaddr=[0xa1:0xca:0x7d:0xdb:0x97:0x3f],addrType=1
05-27 19:07:52.191 28437 28493 D ANWAPI  : (28437|0xFF195CB0)[BTAPI] AnWBT_BLE_GetFirstRandomAddr end,btaddr=[0xa1:0xca:0x7d:0xdb:0x97:0x3f]
05-27 19:07:52.191 28437 28493 D ANWAPI  : (28437|0xFF195CB0)[BTAPI] send_BLE_discoveryHandler_Message event type: 0x3
05-27 19:07:52.191 28437 28493 D ANWAPI  : 
05-27 19:07:52.191 28437 28493 D ANW bt_btif: send_BLE_discoveryHandler_Message cod is 0x000000
05-27 19:07:52.191 28437 28493 D ANW bt_btif: btif_storage_add_remote_device, AnW
05-27 19:07:52.191 28437 28493 D ANW bt_btif: in, bd addr:3f:97:db:7d:ca:a1, prop type:255, len:6
05-27 19:07:52.191 28437 28493 D ANW bt_btif: btif_in_fetch_bonded_device, AnW
05-27 19:07:52.191 28437 28493 D ANW bt_btif: btif_in_fetch_bonded_ble_device Found a LE device: 3f:97:db:7d:ca:a1
05-27 19:07:52.191 28437 28493 D ANW bt_btif: btif_storage_get_remote_addr_type, AnW
05-27 19:07:52.191 28437 28493 D ANW bt_btif: btif_in_fetch_bonded_ble_device, AnW key_not_found
05-27 19:07:52.191 28437 28493 D ANW bt_btif: Remote device:3f:97:db:7d:ca:a1, no link key or ble key found
05-27 19:07:52.191 28437 28493 D ANW bt_btif: in, bd addr:3f:97:db:7d:ca:a1, prop type:5, len:4
05-27 19:07:52.191 28437 28493 D ANW bt_btif: btif_in_fetch_bonded_device, AnW
05-27 19:07:52.191 28437 28493 D ANW bt_btif: btif_in_fetch_bonded_ble_device Found a LE device: 3f:97:db:7d:ca:a1
05-27 19:07:52.191 28437 28493 D ANW bt_btif: btif_storage_get_remote_addr_type, AnW
05-27 19:07:52.191 28437 28493 D ANW bt_btif: btif_in_fetch_bonded_ble_device, AnW key_not_found
05-27 19:07:52.191 28437 28493 D ANW bt_btif: Remote device:3f:97:db:7d:ca:a1, no link key or ble key found
05-27 19:07:52.191 28437 28493 D ANW bt_btif: in, bd addr:3f:97:db:7d:ca:a1, prop type:11, len:1
05-27 19:07:52.191 28437 28493 D ANW bt_btif: btif_in_fetch_bonded_device, AnW
05-27 19:07:52.191 28437 28493 D ANW bt_btif: btif_in_fetch_bonded_ble_device Found a LE device: 3f:97:db:7d:ca:a1
05-27 19:07:52.192 28437 28493 D ANW bt_btif: btif_storage_get_remote_addr_type, AnW
05-27 19:07:52.192 28437 28493 D ANW bt_btif: btif_in_fetch_bonded_ble_device, AnW key_not_found
05-27 19:07:52.192 28437 28493 D ANW bt_btif: Remote device:3f:97:db:7d:ca:a1, no link key or ble key found
05-27 19:07:52.192 28437 28493 D ANW bt_btif: btif_storage_set_remote_addr_type, AnW
05-27 19:07:52.192 28437 28493 I ANW bt_btif: onScanResult, address_type=1, primary_phy= 0, secondary_phy=0, ad size= 31
05-27 19:07:52.192 28437 28493 I ANW bt_btif: onScanResult: HAL bt_gatt_callbacks->scanner->scan_result_cb
05-27 19:07:52.192 28437 28493 D ANWStack: [  11939443][ANWBT] HCI Rx: LE Meta Event, HCI_evLEADVERTISINGREPORT, subevent_code=0x2 Num_Reports=1
05-27 19:07:52.192 28437 28493 D ANWStack: 
05-27 19:07:52.193 28437 28493 D ANWAPI  : (28437|0xFF195CB0)[BTAPI] AnwhciEventCallback 62 2
05-27 19:07:52.193 28437 28493 D ANWAPI  : (28437|0xFF195CB0)[BTAPI] btsdk_le_DiscoveryCallback eventtype[3]
05-27 19:07:52.193 28437 28493 D ANWAPI  : (28437|0xFF195CB0)[BTAPI] anwbt_ble_le_discoveryHandler
05-27 19:07:52.193 28437 28493 D ANWAPI  : 
05-27 19:07:52.193 28437 28493 D ANWAPI  : (28437|0xFF195CB0)[BTAPI] anwbt_ble_le_discoveryHandler newDevice=0xb4000073fd7df39a,status=0,idx=255,scanLen=0,len=31,RSSI[-68]
05-27 19:07:52.193 28437 28493 D ANWAPI  : (28437|0xFF195CB0)[BTAPI] AnWBT_BLE_GetFirstRandomAddr start,btaddr=[0xcf:0x3e:0x8c:0x69:0x7b:0x1f],addrType=1
05-27 19:07:52.193 28437 28493 D ANWAPI  : (28437|0xFF195CB0)[BTAPI] AnWBT_BLE_GetFirstRandomAddr end,btaddr=[0xcf:0x3e:0x8c:0x69:0x7b:0x1f]
05-27 08:59:01.157   581   581 D spi_rst_gpio_get_output: GPIO 145 value: 0
05-27 19:07:52.193   581   581 I SpiService: fgesysctrl_getGPIO_status success val=0
05-27 08:59:01.157   581   581 D spidev_ioctl: gpio status=0)
05-27 19:07:52.193 28437 28493 D ANWAPI  : (28437|0xFF195CB0)[BTAPI] send_BLE_discoveryHandler_Message event type: 0x3
05-27 19:07:52.193 28437 28493 D ANWAPI  : 
05-27 19:07:52.193 28437 28493 D ANW bt_btif: send_BLE_discoveryHandler_Message cod is 0x000000
05-27 19:07:52.193 28437 28493 D ANW bt_btif: btif_storage_add_remote_device, AnW
05-27 19:07:52.193   481   597 I mcuc    : send SPI:6AA60083BF00020601B5
05-27 19:07:52.193 28437 28493 D ANW bt_btif: in, bd addr:1f:7b:69:8c:3e:cf, prop type:255, len:6
05-27 19:07:52.193 28437 28493 D ANW bt_btif: btif_in_fetch_bonded_device, AnW
05-27 19:07:52.193 28437 28493 D ANW bt_btif: btif_in_fetch_bonded_ble_device Found a LE device: 1f:7b:69:8c:3e:cf
05-27 19:07:52.193 28437 28493 D ANW bt_btif: btif_storage_get_remote_addr_type, AnW
05-27 19:07:52.193 28437 28493 D ANW bt_btif: btif_in_fetch_bonded_ble_device, AnW key_not_found
05-27 19:07:52.193 28437 28493 D ANW bt_btif: Remote device:1f:7b:69:8c:3e:cf, no link key or ble key found
05-27 19:07:52.193 28437 28493 D ANW bt_btif: in, bd addr:1f:7b:69:8c:3e:cf, prop type:5, len:4
05-27 19:07:52.193 28437 28493 D ANW bt_btif: btif_in_fetch_bonded_device, AnW
05-27 19:07:52.193 28437 28493 D ANW bt_btif: btif_in_fetch_bonded_ble_device Found a LE device: 1f:7b:69:8c:3e:cf
05-27 19:07:52.193 28437 28493 D ANW bt_btif: btif_storage_get_remote_addr_type, AnW
05-27 19:07:52.193 28437 28493 D ANW bt_btif: btif_in_fetch_bonded_ble_device, AnW key_not_found
05-27 19:07:52.193 28437 28493 D ANW bt_btif: Remote device:1f:7b:69:8c:3e:cf, no link key or ble key found
05-27 19:07:52.193 28437 28493 D ANW bt_btif: in, bd addr:1f:7b:69:8c:3e:cf, prop type:11, len:1
05-27 19:07:52.194 28437 28493 D ANW bt_btif: btif_in_fetch_bonded_device, AnW
05-27 19:07:52.194 28437 28493 D ANW bt_btif: btif_in_fetch_bonded_ble_device Found a LE device: 1f:7b:69:8c:3e:cf
05-27 19:07:52.194 28437 28493 D ANW bt_btif: btif_storage_get_remote_addr_type, AnW
05-27 19:07:52.194 28437 28493 D ANW bt_btif: btif_in_fetch_bonded_ble_device, AnW key_not_found
05-27 19:07:52.194 28437 28493 D ANW bt_btif: Remote device:1f:7b:69:8c:3e:cf, no link key or ble key found
05-27 19:07:52.194 28437 28493 D ANW bt_btif: btif_storage_set_remote_addr_type, AnW
05-27 19:07:52.194 28437 28493 I ANW bt_btif: onScanResult, address_type=1, primary_phy= 0, secondary_phy=0, ad size= 31
05-27 19:07:52.194 28437 28493 I ANW bt_btif: onScanResult: HAL bt_gatt_callbacks->scanner->scan_result_cb
05-27 19:07:52.195 28437 28493 D ANWStack: [  11939446][ANWBT] HCI Rx: LE Meta Event, HCI_evLEADVERTISINGREPORT, subevent_code=0x2 Num_Reports=1
05-27 19:07:52.195 28437 28493 D ANWStack: 
05-27 19:07:52.195 28437 28493 D ANWAPI  : (28437|0xFF195CB0)[BTAPI] AnwhciEventCallback 62 2
05-27 19:07:52.195 28437 28493 D ANWAPI  : (28437|0xFF195CB0)[BTAPI] btsdk_le_DiscoveryCallback eventtype[3]
05-27 19:07:52.195 28437 28493 D ANWAPI  : (28437|0xFF195CB0)[BTAPI] anwbt_ble_le_discoveryHandler
05-27 19:07:52.195 28437 28493 D ANWAPI  : 
05-27 19:07:52.195 28437 28493 D ANWAPI  : (28437|0xFF195CB0)[BTAPI] anwbt_ble_le_discoveryHandler newDevice=0xb4000073fd7df39a,status=0,idx=255,scanLen=0,len=31,RSSI[-73]
05-27 19:07:52.195 28437 28493 D ANWAPI  : (28437|0xFF195CB0)[BTAPI] AnWBT_BLE_GetFirstRandomAddr start,btaddr=[0x20:0xcf:0x54:0x35:0x4d:0xb],addrType=1
05-27 19:07:52.196 28437 28493 D ANWAPI  : (28437|0xFF195CB0)[BTAPI] AnWBT_BLE_GetFirstRandomAddr end,btaddr=[0x20:0xcf:0x54:0x35:0x4d:0xb]
05-27 19:07:52.196 28437 28493 D ANWAPI  : (28437|0xFF195CB0)[BTAPI] send_BLE_discoveryHandler_Message event type: 0x3
05-27 19:07:52.196 28437 28493 D ANWAPI  : 
05-27 19:07:52.196 28437 28493 D ANW bt_btif: send_BLE_discoveryHandler_Message cod is 0x000000
05-27 19:07:52.196 28437 28493 D ANW bt_btif: btif_storage_add_remote_device, AnW
05-27 19:07:52.196 28437 28493 D ANW bt_btif: in, bd addr:0b:4d:35:54:cf:20, prop type:255, len:6
05-27 19:07:52.196 28437 28493 D ANW bt_btif: btif_in_fetch_bonded_device, AnW
05-27 19:07:52.196 28437 28493 D ANW bt_btif: btif_in_fetch_bonded_ble_device Found a LE device: 0b:4d:35:54:cf:20
05-27 19:07:52.196 28437 28493 D ANW bt_btif: btif_storage_get_remote_addr_type, AnW
05-27 19:07:52.196 28437 28493 D ANW bt_btif: btif_in_fetch_bonded_ble_device, AnW key_not_found
05-27 19:07:52.196 28437 28493 D ANW bt_btif: Remote device:0b:4d:35:54:cf:20, no link key or ble key found
05-27 19:07:52.196 28437 28493 D ANW bt_btif: in, bd addr:0b:4d:35:54:cf:20, prop type:5, len:4
05-27 19:07:52.196 28437 28493 D ANW bt_btif: btif_in_fetch_bonded_device, AnW
05-27 19:07:52.196 28437 28493 D ANW bt_btif: btif_in_fetch_bonded_ble_device Found a LE device: 0b:4d:35:54:cf:20
05-27 19:07:52.196 28437 28493 D ANW bt_btif: btif_storage_get_remote_addr_type, AnW
05-27 19:07:52.196 28437 28493 D ANW bt_btif: btif_in_fetch_bonded_ble_device, AnW key_not_found
05-27 19:07:52.196 28437 28493 D ANW bt_btif: Remote device:0b:4d:35:54:cf:20, no link key or ble key found
05-27 19:07:52.196 28437 28493 D ANW bt_btif: in, bd addr:0b:4d:35:54:cf:20, prop type:11, len:1
05-27 19:07:52.196 28437 28493 D ANW bt_btif: btif_in_fetch_bonded_device, AnW
05-27 19:07:52.196 28437 28493 D ANW bt_btif: btif_in_fetch_bonded_ble_device Found a LE device: 0b:4d:35:54:cf:20
05-27 19:07:52.196 28437 28493 D ANW bt_btif: btif_storage_get_remote_addr_type, AnW
05-27 19:07:52.196 28437 28493 D ANW bt_btif: btif_in_fetch_bonded_ble_device, AnW key_not_found
05-27 19:07:52.196 28437 28493 D ANW bt_btif: Remote device:0b:4d:35:54:cf:20, no link key or ble key found
05-27 19:07:52.196 28437 28493 D ANW bt_btif: btif_storage_set_remote_addr_type, AnW
05-27 19:07:52.196 28437 28493 I ANW bt_btif: onScanResult, address_type=1, primary_phy= 0, secondary_phy=0, ad size= 31
05-27 19:07:52.196 28437 28493 I ANW bt_btif: onScanResult: HAL bt_gatt_callbacks->scanner->scan_result_cb
05-27 19:07:52.197 15286 24383 D okhttp.TaskRunner: Q10007 scheduled after   0 µs: OkHttp ConnectionPool
05-27 19:07:52.197 15286 20914 D okhttp.TaskRunner: Q10007 starting              : OkHttp ConnectionPool
05-27 19:07:52.197 15286 20914 D okhttp.TaskRunner: Q10007 run again after 177 s : OkHttp ConnectionPool
05-27 19:07:52.197 15286 20914 D okhttp.TaskRunner: Q10007 finished run in 259 µs: OkHttp ConnectionPool
05-27 19:07:52.200   536   536 D commservice260303: msg.id = 1028,0
05-27 19:07:52.201   536   536 D commservice260303: i = 170, msgid = 8A000404
05-27 19:07:52.201   536   536 D commservice260303: msgid = -1979710460,did=138
05-27 19:07:52.201   536   536 D commservice260303: CommProtocolLibCmdBaseI2C::dataproc {"command":{"id":"imu_status","sub":""},"content":{"TimeStamp":11,"FrameCounter":280751,"GD_X":-0.011834942735731602,"GD_Y":0.005268065724521875,"GD_Z":0.0018319635419175029,"AD_X":-0.0032798200845718384,"AD_Y":-3.963480703532696E-4,"AD_Z":-0.17438888549804688,"TempDsp":0,"Status":0,"CalibState":1,"SigAmpInvalid":0}},-1979710460
05-27 19:07:52.201   536   536 D commservice260303: send2Cluster len:318, 7B22636F6D6D616E64223A7B226964223A22696D755F737461747573222C22737562223A22227D2C22636F6E74656E74223A7B2254696D655374616D70223A31312C224672616D65436F756E746572223A3238303735312C2247445F58223A2D302E3031313833343934323733353733313630322C2247445F59223A302E3030353236383036353732343532313837352C2247445F5A223A302E303031383331393633353431393137353032392C2241445F58223A2D302E303033323739383230303834353731383338342C2241445F59223A2D332E393633343830373033353332363936452D342C2241445F5A223A2D302E31373433383838383534393830343638382C2254656D70447370223A302C22537461747573223A302C2243616C69625374617465223A312C22536967416D70496E76616C6964223A307D7D, 138 
05-27 19:07:52.201   536   536 D commservice260303: Push Message into SendPool fn=-292879360
05-27 19:07:52.201   536   536 D commservice260303: ComProtocolLibSend2Cluster::send2ClusterRaw fn=-292879360 , len=334
05-27 19:07:52.201   536   536 D commservice260303: sendCmdToPort :334!!!
05-27 19:07:52.201   536   536 D commservice260303: send Cmd To Port ++++5AA5014A8A0100048BEE6A16D0887B22636F6D6D616E64223A7B226964223A22696D755F737461747573222C22737562223A22227D2C22636F6E74656E74223A7B2254696D655374616D70223A31312C224672616D65436F756E746572223A3238303735312C2247445F58223A2D302E3031313833343934323733353733313630322C2247445F59223A302E3030353236383036353732343532313837352C2247445F5A223A302E303031383331393633353431393137353032392C2241445F58223A2D302E303033323739383230303834353731383338342C2241445F59223A2D332E393633343830373033353332363936452D342C2241445F5A223A2D302E31373433383838383534393830343638382C2254656D70447370223A302C22537461747573223A302C2243616C69625374617465223A312C22536967416D70496E76616C6964223A307D7D5482
05-27 19:07:52.201   536   536 D commservice260303: bufferevent_write retrun value = 0
05-27 19:07:52.201 13911 14192 D Sentinelmode_1.2.5.17_sentry: <SentryImuClusterFgeSender>imu_status sent to Linux, frame=280751, tsNs=11939431, tsMs=11, intervalMs=45, ad=(-0.00327982,-3.9634807E-4,-0.17438889), gd=(-0.011834943,0.0052680657,0.0018319635)
05-27 19:07:52.201   536   560 D commservice260303: client datas send succeed,send finish
05-27 19:07:52.204 28437 28493 D ANWStack: [  11939455][ANWBT] HCI Rx: LE Meta Event, HCI_evLEADVERTISINGREPORT, subevent_code=0x2 Num_Reports=1
05-27 19:07:52.204 28437 28493 D ANWStack: 
05-27 19:07:52.204 28437 28493 D ANWAPI  : (28437|0xFF195CB0)[BTAPI] AnwhciEventCallback 62 2
05-27 19:07:52.204 28437 28493 D ANWAPI  : (28437|0xFF195CB0)[BTAPI] btsdk_le_DiscoveryCallback eventtype[0]
05-27 19:07:52.204 28437 28493 D ANWAPI  : (28437|0xFF195CB0)[BTAPI] anwbt_ble_le_discoveryHandler
05-27 19:07:52.204 28437 28493 D ANWAPI  : 
05-27 19:07:52.204 28437 28493 D ANWAPI  : (28437|0xFF195CB0)[BTAPI] anwbt_ble_le_discoveryHandler newDevice=0xb4000073fd7df39a,status=0,idx=255,scanLen=0,len=31,RSSI[-87]
05-27 19:07:52.204 28437 28493 D ANWAPI  : (28437|0xFF195CB0)[BTAPI] nameLen:8,devicename[D1538947]
05-27 19:07:52.204 28437 28493 D ANWAPI  : 
05-27 19:07:52.204 28437 28493 D ANWAPI  : (28437|0xFF195CB0)[BTAPI] AnWBT_BLE_GetFirstRandomAddr start,btaddr=[0x21:0x64:0x3c:0x50:0xa0:0x0],addrType=0
05-27 19:07:52.204 28437 28493 D ANWAPI  : (28437|0xFF195CB0)[BTAPI] AnWBT_BLE_GetFirstRandomAddr end,btaddr=[0x21:0x64:0x3c:0x50:0xa0:0x0]
05-27 19:07:52.204 28437 28493 D ANWAPI  : (28437|0xFF195CB0)[BTAPI] send_BLE_discoveryHandler_Message event type: 0x0
05-27 19:07:52.204 28437 28493 D ANWAPI  : 
05-27 19:07:52.204 28437 28493 D ANWAPI  : (28437|0xFF195CB0)[BTAPI] NOT_BR/EDR support bit set, treat device as LE only
05-27 19:07:52.204 28437 28493 D ANWAPI  : 
05-27 19:07:52.204 28437 28493 D ANW bt_btif: send_BLE_discoveryHandler_Message cod is 0x000000
05-27 19:07:52.205 28437 28493 D ANW bt_btif: btif_storage_add_remote_device, AnW
05-27 19:07:52.205 28437 28493 D ANW bt_btif: in, bd addr:00:a0:50:3c:64:21, prop type:255, len:6
05-27 19:07:52.205 28437 28493 D ANW bt_btif: btif_in_fetch_bonded_device, AnW
05-27 19:07:52.205 28437 28493 D ANW bt_btif: btif_in_fetch_bonded_ble_device Found a LE device: 00:a0:50:3c:64:21
05-27 19:07:52.205 28437 28493 D ANW bt_btif: btif_storage_get_remote_addr_type, AnW
05-27 19:07:52.205 28437 28493 D ANW bt_btif: btif_in_fetch_bonded_ble_device, AnW key_not_found
05-27 19:07:52.205 28437 28493 D ANW bt_btif: Remote device:00:a0:50:3c:64:21, no link key or ble key found
05-27 19:07:52.205 28437 28493 D ANW bt_btif: in, bd addr:00:a0:50:3c:64:21, prop type:1, len:8
05-27 19:07:52.205 28437 28493 D ANW bt_btif: btif_in_fetch_bonded_device, AnW
05-27 19:07:52.205 28437 28493 D ANW bt_btif: btif_in_fetch_bonded_ble_device Found a LE device: 00:a0:50:3c:64:21
05-27 19:07:52.205 28437 28493 D ANW bt_btif: btif_storage_get_remote_addr_type, AnW
05-27 19:07:52.205 28437 28493 D ANW bt_btif: btif_in_fetch_bonded_ble_device, AnW key_not_found
05-27 19:07:52.205 28437 28493 D ANW bt_btif: Remote device:00:a0:50:3c:64:21, no link key or ble key found
05-27 19:07:52.205 28437 28493 D ANW bt_btif: in, bd addr:00:a0:50:3c:64:21, prop type:5, len:4
05-27 19:07:52.205 28437 28493 D ANW bt_btif: btif_in_fetch_bonded_device, AnW
05-27 19:07:52.205 28437 28493 D ANW bt_btif: btif_in_fetch_bonded_ble_device Found a LE device: 00:a0:50:3c:64:21
05-27 19:07:52.205 28437 28493 D ANW bt_btif: btif_storage_get_remote_addr_type, AnW
05-27 19:07:52.205 28437 28493 D ANW bt_btif: btif_in_fetch_bonded_ble_device, AnW key_not_found
05-27 19:07:52.205 28437 28493 D ANW bt_btif: Remote device:00:a0:50:3c:64:21, no link key or ble key found
05-27 19:07:52.205 28437 28493 D ANW bt_btif: in, bd addr:00:a0:50:3c:64:21, prop type:11, len:1
05-27 19:07:52.205 28437 28493 D ANW bt_btif: btif_in_fetch_bonded_device, AnW
05-27 19:07:52.205 28437 28493 D ANW bt_btif: btif_in_fetch_bonded_ble_device Found a LE device: 00:a0:50:3c:64:21
05-27 19:07:52.205 28437 28493 D ANW bt_btif: btif_storage_get_remote_addr_type, AnW
05-27 19:07:52.205 28437 28493 D ANW bt_btif: btif_in_fetch_bonded_ble_device, AnW key_not_found
05-27 19:07:52.205 28437 28493 D ANW bt_btif: Remote device:00:a0:50:3c:64:21, no link key or ble key found
05-27 19:07:52.205 28437 28493 D ANW bt_btif: btif_storage_set_remote_addr_type, AnW
05-27 19:07:52.205 28437 28493 I ANW bt_btif: send_BLE_discoveryHandler_Message: HAL bt_hal_cbacks->device_found_cb
05-27 19:07:52.205 28437 28493 D BluetoothRemoteDevices: Property type: 2
05-27 08:59:01.171   581   581 D spi_rst_gpio_get_output: GPIO 145 value: 1
05-27 08:59:01.171   581   581 D spidev_ioctl: gpio status=1)
05-27 19:07:52.206 28437 28493 D BluetoothRemoteDevices: Remote Address is:00:A0:50:3C:64:21
05-27 19:07:52.206 28437 28493 D BluetoothRemoteDevices: Property type: 1
05-27 19:07:52.206 28437 28493 D BluetoothRemoteDevices: Skip name update for 00:A0:50:3C:64:21
05-27 19:07:52.206 28437 28493 D BluetoothRemoteDevices: Property type: 5
05-27 19:07:52.206 28437 28493 D BluetoothRemoteDevices: Property type: 11
05-27 19:07:52.206 28437 28493 D BluetoothRemoteDevices: deviceFoundCallback: Remote Address is:00:A0:50:3C:64:21
05-27 19:07:52.207   581   581 I SpiService: fgesysctrl_getGPIO_status success val=1
05-27 19:07:52.207 10188  6599 D BroadcastQueue: Add broadcast <BroadcastRecord{2538e17 u0 android.bluetooth.device.action.FOUND}> into [parallel | background], pending size 0
05-27 19:07:52.207   481   598 I mcuc    : rev,n=1,6AA681F087000B8300E000000000000000009A
05-27 19:07:52.208   351   373 D automotive.vehicle@2.0-adayo-datacomm-mcu: MCUDatacomm sendMessageFromVehicle prop: 0x83, areaId: 0x0, status: 0x0, timestamp: 0x0
05-27 19:07:52.208   351   373 D automotive.vehicle@2.0-adayo-datacomm-mcu: MCUDatacomm 1sendMessageFromVehicle ---> type = 7 
05-27 19:07:52.208   351   373 I automotive.vehicle@2.0-adayo-func-mcu: MCUFunc :sendMessageFromVehicle  msgBuff[0] = 131 
05-27 19:07:52.208   351   373 I automotive.vehicle@2.0-adayo-func-mcu: MCUFunc :sendMessageFromVehicle  msgBuff[1] = 0 
05-27 19:07:52.208   351   373 I automotive.vehicle@2.0-adayo-func-mcu: MCUFunc :sendMessageFromVehicle  msgBuff[2] = 0 
05-27 19:07:52.208   351   373 I automotive.vehicle@2.0-adayo-func-mcu: MCUFunc :sendMessageFromVehicle  msgBuff[3] = 0 
05-27 19:07:52.208   351   373 I automotive.vehicle@2.0-adayo-func-mcu: MCUFunc :sendMessageFromVehicle  msgBuff[4] = 3 
05-27 19:07:52.208   351   373 I automotive.vehicle@2.0-adayo-func-mcu: MCUFunc :sendMessageFromVehicle  msgBuff[5] = 1 
05-27 19:07:52.208   351   373 I automotive.vehicle@2.0-adayo-func-mcu: MCUFunc :sendMessageFromVehicle  msgBuff[6] = 0 
05-27 19:07:52.208   351   373 I automotive.vehicle@2.0-adayo-func-mcu: MCUFunc :sendMessageFromVehicle  msgBuff[7] = 0 
05-27 19:07:52.208   351   373 I automotive.vehicle@2.0-adayo-func-mcu: MCUFunc :sendMessageFromVehicle  msgBuff[8] = 0 
05-27 19:07:52.208   351   373 I automotive.vehicle@2.0-adayo-func-mcu: MCUFunc :sendMessageFromVehicle  msgBuff[9] = 0 
05-27 19:07:52.208   351   373 I automotive.vehicle@2.0-adayo-func-mcu: MCUFunc :sendMessageFromVehicle  msgBuff[10] = 0 
05-27 19:07:52.208   351   373 I automotive.vehicle@2.0-adayo-func-mcu: MCUFunc :sendMessageFromVehicle  msgBuff[11] = 0 
05-27 19:07:52.208   351   373 I automotive.vehicle@2.0-adayo-func-mcu: MCUFunc :sendMessageFromVehicle  msgBuff[12] = 0 
05-27 19:07:52.208   351   373 I automotive.vehicle@2.0-adayo-func-mcu: MCUFunc :sendMessageFromVehicle  msgBuff[13] = 0 
05-27 19:07:52.208   351   373 I automotive.vehicle@2.0-adayo-func-mcu: MCUFunc :sendMessageFromVehicle  msgBuff[14] = 0 
05-27 19:07:52.208   351   373 I automotive.vehicle@2.0-adayo-func-mcu: MCUFunc :sendMessageFromVehicle  msgBuff[15] = 0 
05-27 19:07:52.208   351   373 I automotive.vehicle@2.0-adayo-func-mcu: MCUFunc :sendMessageFromVehicle  msgBuff[16] = 0 
05-27 19:07:52.209 28437 28493 I ANW bt_btif: onScanResult, address_type=0, primary_phy= 0, secondary_phy=0, ad size= 31
05-27 19:07:52.209 28437 28493 I ANW bt_btif: onScanResult: HAL bt_gatt_callbacks->scanner->scan_result_cb
05-27 19:07:52.209 28437 28493 D ANWStack: [  11939460][ANWBT] HCI Rx: LE Meta Event, HCI_evLEADVERTISINGREPORT, subevent_code=0x2 Num_Reports=1
05-27 19:07:52.209 28437 28493 D ANWStack: 
05-27 19:07:52.209 28437 28493 D ANWAPI  : (28437|0xFF195CB0)[BTAPI] AnwhciEventCallback 62 2
05-27 08:59:01.177   581   581 D spi_rst_gpio_get_output: GPIO 145 value: 1
05-27 19:07:52.209 28437 28493 D ANWAPI  : (28437|0xFF195CB0)[BTAPI] btsdk_le_DiscoveryCallback eventtype[4]
05-27 08:59:01.177   581   581 D spidev_ioctl: gpio status=1)
05-27 19:07:52.209 28437 28493 D ANWAPI  : (28437|0xFF195CB0)[BTAPI] anwbt_ble_le_discoveryHandler
05-27 19:07:52.209 28437 28493 D ANWAPI  : 
05-27 19:07:52.209 28437 28493 D ANWAPI  : (28437|0xFF195CB0)[BTAPI] anwbt_ble_le_discoveryHandler newDevice=0xb4000073fd7df39a,status=0,idx=255,scanLen=0,len=0,RSSI[-87]
05-27 19:07:52.209 28437 28493 D ANWAPI  : (28437|0xFF195CB0)[BTAPI] AnWBT_BLE_GetFirstRandomAddr start,btaddr=[0x21:0x64:0x3c:0x50:0xa0:0x0],addrType=0
05-27 19:07:52.209 28437 28493 D ANWAPI  : (28437|0xFF195CB0)[BTAPI] AnWBT_BLE_GetFirstRandomAddr end,btaddr=[0x21:0x64:0x3c:0x50:0xa0:0x0]
05-27 19:07:52.209 28437 28493 D ANWAPI  : (28437|0xFF195CB0)[BTAPI] send_BLE_discoveryHandler_Message event type: 0x4
05-27 19:07:52.209 28437 28493 D ANWAPI  : 
05-27 19:07:52.209 28437 28493 D ANW bt_btif: send_BLE_discoveryHandler_Message cod is 0x000000
05-27 19:07:52.209 28437 28493 D ANW bt_btif: btif_storage_add_remote_device, AnW
05-27 19:07:52.209 28437 28493 D ANW bt_btif: in, bd addr:00:a0:50:3c:64:21, prop type:255, len:6
05-27 19:07:52.209 13911 14183 I SentryImuMcuAngleSender: 179.993rollDeg
05-27 19:07:52.209 28437 28493 D ANW bt_btif: btif_in_fetch_bonded_device, AnW
05-27 19:07:52.209 13911 14183 I SentryImuMcuAngleSender: 1,0,0
05-27 19:07:52.209 28437 28493 D ANW bt_btif: btif_in_fetch_bonded_ble_device Found a LE device: 00:a0:50:3c:64:21
05-27 19:07:52.209 28437 28493 D ANW bt_btif: btif_storage_get_remote_addr_type, AnW
05-27 19:07:52.209 28437 28493 D ANW bt_btif: btif_in_fetch_bonded_ble_device, AnW key_not_found
05-27 19:07:52.210 28437 28493 D ANW bt_btif: Remote device:00:a0:50:3c:64:21, no link key or ble key found
05-27 19:07:52.210 28437 28493 D ANW bt_btif: in, bd addr:00:a0:50:3c:64:21, prop type:5, len:4
05-27 19:07:52.210 28437 28493 D ANW bt_btif: btif_in_fetch_bonded_device, AnW
05-27 19:07:52.210 28437 28493 D ANW bt_btif: btif_in_fetch_bonded_ble_device Found a LE device: 00:a0:50:3c:64:21
05-27 19:07:52.210 28437 28493 D ANW bt_btif: btif_storage_get_remote_addr_type, AnW
05-27 19:07:52.210 28437 28493 D ANW bt_btif: btif_in_fetch_bonded_ble_device, AnW key_not_found
05-27 19:07:52.210   481   598 I mcuc    : rev,n=2,6AA681F08800038415006B
05-27 19:07:52.210 28437 28493 D ANW bt_btif: Remote device:00:a0:50:3c:64:21, no link key or ble key found
05-27 19:07:52.210 28437 28493 D ANW bt_btif: in, bd addr:00:a0:50:3c:64:21, prop type:11, len:1
05-27 19:07:52.210 28437 28493 D ANW bt_btif: btif_in_fetch_bonded_device, AnW
05-27 19:07:52.210 28437 28493 D ANW bt_btif: btif_in_fetch_bonded_ble_device Found a LE device: 00:a0:50:3c:64:21
05-27 19:07:52.210 28437 28493 D ANW bt_btif: btif_storage_get_remote_addr_type, AnW
05-27 19:07:52.210 28437 28493 D ANW bt_btif: btif_in_fetch_bonded_ble_device, AnW key_not_found
05-27 19:07:52.210 28437 28493 D ANW bt_btif: Remote device:00:a0:50:3c:64:21, no link key or ble key found
05-27 19:07:52.210 28437 28493 D ANW bt_btif: btif_storage_set_remote_addr_type, AnW
05-27 19:07:52.210 28437 28493 I ANW bt_btif: onScanResult, address_type=0, primary_phy= 0, secondary_phy=0, ad size= 0
05-27 19:07:52.210 28437 28493 I ANW bt_btif: onScanResult: HAL bt_gatt_callbacks->scanner->scan_result_cb
05-27 19:07:52.210 28437 28493 D ANWStack: [  11939461][ANWBT] HCI Rx: LE Meta Event, HCI_evLEADVERTISINGREPORT, subevent_code=0x2 Num_Reports=1
05-27 19:07:52.210 28437 28493 D ANWStack: 
05-27 19:07:52.210 28437 28493 D ANWAPI  : (28437|0xFF195CB0)[BTAPI] AnwhciEventCallback 62 2
05-27 19:07:52.210 28437 28493 D ANWAPI  : (28437|0xFF195CB0)[BTAPI] btsdk_le_DiscoveryCallback eventtype[0]
05-27 19:07:52.210 28437 28493 D ANWAPI  : (28437|0xFF195CB0)[BTAPI] anwbt_ble_le_discoveryHandler
05-27 19:07:52.210 28437 28493 D ANWAPI  : 
05-27 19:07:52.210 28437 28493 D ANWAPI  : (28437|0xFF195CB0)[BTAPI] anwbt_ble_le_discoveryHandler newDevice=0xb4000073fd7df39a,status=0,idx=255,scanLen=0,len=31,RSSI[-81]
05-27 19:07:52.210 28437 28493 D ANWAPI  : (28437|0xFF195CB0)[BTAPI] AnWBT_BLE_GetFirstRandomAddr start,btaddr=[0x6f:0x5e:0x65:0x83:0x5b:0x5c],addrType=1
05-27 19:07:52.210 28437 28493 D ANWAPI  : (28437|0xFF195CB0)[BTAPI] AnWBT_BLE_GetFirstRandomAddr end,btaddr=[0x6f:0x5e:0x65:0x83:0x5b:0x5c]
05-27 19:07:52.211 28437 28493 D ANWAPI  : (28437|0xFF195CB0)[BTAPI] send_BLE_discoveryHandler_Message event type: 0x0
05-27 19:07:52.211 28437 28493 D ANWAPI  : 
05-27 19:07:52.211 28437 28493 D ANWAPI  : (28437|0xFF195CB0)[BTAPI] Random address, treat device as LE only
05-27 19:07:52.211 28437 28493 D ANWAPI  : 
05-27 19:07:52.211 28437 28493 D ANW bt_btif: send_BLE_discoveryHandler_Message cod is 0x000000
05-27 19:07:52.211 28437 28493 D ANW bt_btif: btif_storage_add_remote_device, AnW
05-27 19:07:52.211 28437 28493 D ANW bt_btif: in, bd addr:5c:5b:83:65:5e:6f, prop type:255, len:6
05-27 19:07:52.211 28437 28493 D ANW bt_btif: btif_in_fetch_bonded_device, AnW
05-27 19:07:52.211 28437 28493 D ANW bt_btif: btif_in_fetch_bonded_ble_device, return
05-27 19:07:52.211 28437 28493 D ANW bt_btif: Remote device:5c:5b:83:65:5e:6f, no link key or ble key found
05-27 19:07:52.211 28437 28493 D ANW bt_btif: in, bd addr:5c:5b:83:65:5e:6f, prop type:5, len:4
05-27 19:07:52.211 28437 28493 D ANW bt_btif: btif_in_fetch_bonded_device, AnW
05-27 19:07:52.211 28437 28493 D ANW bt_btif: btif_in_fetch_bonded_ble_device Found a LE device: 5c:5b:83:65:5e:6f
05-27 19:07:52.211 28437 28493 D ANW bt_btif: btif_storage_get_remote_addr_type, AnW
05-27 19:07:52.211 28437 28493 D ANW bt_btif: btif_storage_set_remote_addr_type, AnW
05-27 19:07:52.211 28437 28493 D ANW bt_btif: btif_in_fetch_bonded_ble_device, AnW key_not_found
05-27 19:07:52.211 28437 28493 D ANW bt_btif: Remote device:5c:5b:83:65:5e:6f, no link key or ble key found
05-27 19:07:52.211 28437 28493 D ANW bt_btif: in, bd addr:5c:5b:83:65:5e:6f, prop type:11, len:1
05-27 19:07:52.211 28437 28493 D ANW bt_btif: btif_in_fetch_bonded_device, AnW
05-27 19:07:52.211 28437 28493 D ANW bt_btif: btif_in_fetch_bonded_ble_device Found a LE device: 5c:5b:83:65:5e:6f
05-27 19:07:52.211 28437 28493 D ANW bt_btif: btif_storage_get_remote_addr_type, AnW
05-27 19:07:52.211 28437 28493 D ANW bt_btif: btif_in_fetch_bonded_ble_device, AnW key_not_found
05-27 19:07:52.211 10188 10660 D BroadcastQueue: Done with parallel broadcast [background] [BroadcastRecord{2538e17 u0 android.bluetooth.device.action.FOUND}]
05-27 19:07:52.211 28437 28493 D ANW bt_btif: Remote device:5c:5b:83:65:5e:6f, no link key or ble key found
05-27 19:07:52.211 28437 28493 D ANW bt_btif: btif_storage_set_remote_addr_type, AnW
05-27 19:07:52.211 28437 28493 I ANW bt_btif: onScanResult, address_type=1, primary_phy= 0, secondary_phy=0, ad size= 31
05-27 19:07:52.211 28437 28493 I ANW bt_btif: onScanResult: HAL bt_gatt_callbacks->scanner->scan_result_cb
05-27 19:07:52.211 28437 28493 D ANWStack: [  11939462][ANWBT] HCI Rx: LE Meta Event, HCI_evLEADVERTISINGREPORT, subevent_code=0x2 Num_Reports=1
05-27 19:07:52.211 28437 28493 D ANWStack: 
05-27 19:07:52.211 28437 28493 D ANWAPI  : (28437|0xFF195CB0)[BTAPI] AnwhciEventCallback 62 2
05-27 19:07:52.212 28437 28493 D ANWAPI  : (28437|0xFF195CB0)[BTAPI] btsdk_le_DiscoveryCallback eventtype[4]
05-27 19:07:52.212 28437 28493 D ANWAPI  : (28437|0xFF195CB0)[BTAPI] anwbt_ble_le_discoveryHandler
05-27 19:07:52.212 28437 28493 D ANWAPI  : 
05-27 19:07:52.212 28437 28493 D ANWAPI  : (28437|0xFF195CB0)[BTAPI] anwbt_ble_le_discoveryHandler newDevice=0xb4000073fd7de1aa,status=0,idx=255,scanLen=0,len=18,RSSI[-81]
05-27 19:07:52.212 28437 28493 D ANWAPI  : (28437|0xFF195CB0)[BTAPI] AnWBT_BLE_GetFirstRandomAddr start,btaddr=[0x6f:0x5e:0x65:0x83:0x5b:0x5c],addrType=1
05-27 19:07:52.212 28437 28493 D ANWAPI  : (28437|0xFF195CB0)[BTAPI] AnWBT_BLE_GetFirstRandomAddr end,btaddr=[0x6f:0x5e:0x65:0x83:0x5b:0x5c]
05-27 19:07:52.212 28437 28493 D ANWAPI  : (28437|0xFF195CB0)[BTAPI] send_BLE_discoveryHandler_Message event type: 0x4
05-27 19:07:52.212 28437 28493 D ANWAPI  : 
05-27 19:07:52.212   481   598 I mcuc    : rev,n=3,6AA681F089008C8305000055000000B000000000000100010000A7DCD7B1BE0F11D7C1D7BE4D3BD7C0AF7DD7C1B236C8A3BA6D9400000000040000B3000000000000000000000000000000B44300000000000300000000000000AA000000E40701010000000000000000BB06050507EA051B000008009403CB00CC000000000000000000000000000000B50000000000000000D5
05-27 19:07:52.212   351   373 D automotive.vehicle@2.0-adayo-datacomm-mcu: MCUDatacomm sendMessageFromVehicle prop: 0x83, areaId: 0x5, status: 0x0, timestamp: 0x0
05-27 19:07:52.212   581   581 I SpiService: fgesysctrl_getGPIO_status success val=1
05-27 19:07:52.212   351   373 D automotive.vehicle@2.0-adayo-datacomm-mcu: MCUDatacomm 1sendMessageFromVehicle ---> type = 7 
05-27 19:07:52.212   351   373 I automotive.vehicle@2.0-adayo-func-mcu: MCUFunc :sendMessageFromVehicle  msgBuff[0] = 131 
05-27 19:07:52.212 28437 28493 D ANW bt_btif: send_BLE_discoveryHandler_Message cod is 0x000000
05-27 19:07:52.212   351   373 I automotive.vehicle@2.0-adayo-func-mcu: MCUFunc :sendMessageFromVehicle  msgBuff[1] = 5 
05-27 19:07:52.212   351   373 I automotive.vehicle@2.0-adayo-func-mcu: MCUFunc :sendMessageFromVehicle  msgBuff[2] = 0 
05-27 19:07:52.212 28437 28493 D ANW bt_btif: btif_storage_add_remote_device, AnW
05-27 19:07:52.212   351   373 I automotive.vehicle@2.0-adayo-func-mcu: MCUFunc :sendMessageFromVehicle  msgBuff[3] = 0 
05-27 19:07:52.212   351   373 I automotive.vehicle@2.0-adayo-func-mcu: MCUFunc :sendMessageFromVehicle  msgBuff[4] = 85 
05-27 19:07:52.212 28437 28493 D ANW bt_btif: in, bd addr:5c:5b:83:65:5e:6f, prop type:255, len:6
05-27 19:07:52.212   351   373 I automotive.vehicle@2.0-adayo-func-mcu: MCUFunc :sendMessageFromVehicle  msgBuff[5] = 0 
05-27 19:07:52.212 28437 28493 D ANW bt_btif: btif_in_fetch_bonded_device, AnW
05-27 19:07:52.212 28437 28493 D ANW bt_btif: btif_in_fetch_bonded_ble_device Found a LE device: 5c:5b:83:65:5e:6f
05-27 19:07:52.212 28437 28493 D ANW bt_btif: btif_storage_get_remote_addr_type, AnW
05-27 19:07:52.212 28437 28493 D ANW bt_btif: btif_in_fetch_bonded_ble_device, AnW key_not_found
05-27 19:07:52.213 28437 28493 D ANW bt_btif: Remote device:5c:5b:83:65:5e:6f, no link key or ble key found
05-27 19:07:52.213 28437 28493 D ANW bt_btif: in, bd addr:5c:5b:83:65:5e:6f, prop type:5, len:4
05-27 19:07:52.213 28437 28493 D ANW bt_btif: btif_in_fetch_bonded_device, AnW
05-27 19:07:52.213 28437 28493 D ANW bt_btif: btif_in_fetch_bonded_ble_device Found a LE device: 5c:5b:83:65:5e:6f
05-27 19:07:52.213 28437 28493 D ANW bt_btif: btif_storage_get_remote_addr_type, AnW
05-27 19:07:52.213 28437 28493 D ANW bt_btif: btif_in_fetch_bonded_ble_device, AnW key_not_found
05-27 19:07:52.213 28437 28493 D ANW bt_btif: Remote device:5c:5b:83:65:5e:6f, no link key or ble key found
05-27 19:07:52.213 28437 28493 D ANW bt_btif: in, bd addr:5c:5b:83:65:5e:6f, prop type:11, len:1
05-27 19:07:52.213 28437 28493 D ANW bt_btif: btif_in_fetch_bonded_device, AnW
05-27 19:07:52.213 28437 28493 D ANW bt_btif: btif_in_fetch_bonded_ble_device Found a LE device: 5c:5b:83:65:5e:6f
05-27 19:07:52.213 28437 28493 D ANW bt_btif: btif_storage_get_remote_addr_type, AnW
05-27 19:07:52.213 28437 28493 D ANW bt_btif: btif_in_fetch_bonded_ble_device, AnW key_not_found
05-27 19:07:52.213 28437 28493 D ANW bt_btif: Remote device:5c:5b:83:65:5e:6f, no link key or ble key found
05-27 19:07:52.213 28437 28493 D ANW bt_btif: btif_storage_set_remote_addr_type, AnW
05-27 19:07:52.213 28437 28493 I ANW bt_btif: onScanResult, address_type=1, primary_phy= 0, secondary_phy=0, ad size= 18
05-27 19:07:52.213 28437 28493 I ANW bt_btif: onScanResult: HAL bt_gatt_callbacks->scanner->scan_result_cb
05-27 19:07:52.214 28437 28493 D ANWStack: [  11939464][ANWBT] HCI Rx: LE Meta Event, HCI_evLEADVERTISINGREPORT, subevent_code=0x2 Num_Reports=1
05-27 19:07:52.214 28437 28493 D ANWStack: 
05-27 19:07:52.214 28437 28493 D ANWAPI  : (28437|0xFF195CB0)[BTAPI] AnwhciEventCallback 62 2
05-27 19:07:52.214 28437 28493 D ANWAPI  : (28437|0xFF195CB0)[BTAPI] btsdk_le_DiscoveryCallback eventtype[3]
05-27 19:07:52.214 28437 28493 D ANWAPI  : (28437|0xFF195CB0)[BTAPI] anwbt_ble_le_discoveryHandler
05-27 19:07:52.214 28437 28493 D ANWAPI  : 
05-27 19:07:52.214 28437 28493 D ANWAPI  : (28437|0xFF195CB0)[BTAPI] anwbt_ble_le_discoveryHandler newDevice=0xb4000073fd7df39a,status=0,idx=255,scanLen=0,len=31,RSSI[-68]
05-27 19:07:52.214 28437 28493 D ANWAPI  : (28437|0xFF195CB0)[BTAPI] AnWBT_BLE_GetFirstRandomAddr start,btaddr=[0x75:0x2c:0xe1:0x8c:0x7f:0x16],addrType=1
05-27 19:07:52.214 28437 28493 D ANWAPI  : (28437|0xFF195CB0)[BTAPI] AnWBT_BLE_GetFirstRandomAddr end,btaddr=[0x75:0x2c:0xe1:0x8c:0x7f:0x16]
05-27 19:07:52.214 28437 28493 D ANWAPI  : (28437|0xFF195CB0)[BTAPI] send_BLE_discoveryHandler_Message event type: 0x3
05-27 19:07:52.214 28437 28493 D ANWAPI  : 
05-27 19:07:52.214 28437 28493 D ANW bt_btif: send_BLE_discoveryHandler_Message cod is 0x000000
05-27 19:07:52.214 28437 28493 D ANW bt_btif: btif_storage_add_remote_device, AnW
