05-27 19:07:55.599   581   581 I SpiService: fgesysctrl_getGPIO_status success val=1
05-27 19:07:55.599 13911 14183 I SentryImuMcuAngleSender: 179.97899rollDeg
05-27 19:07:55.599 13911 14183 I SentryImuMcuAngleSender: 1,0,0
05-27 08:59:04.563   581   581 D spi_rst_gpio_get_output: GPIO 145 value: 1
05-27 08:59:04.563   581   581 D spidev_ioctl: gpio status=1)
05-27 19:07:55.604   581   581 I SpiService: fgesysctrl_getGPIO_status success val=0
05-27 08:59:04.569   581   581 D spi_rst_gpio_get_output: GPIO 145 value: 0
05-27 08:59:04.569   581   581 D spidev_ioctl: gpio status=0)
05-27 19:07:55.619 13911 14183 I SentryImuMcuAngleSender: 179.95796rollDeg
05-27 19:07:55.619 13911 14183 I SentryImuMcuAngleSender: 1,0,0
05-27 19:07:55.620   581   581 I SpiService: fgesysctrl_getGPIO_status success val=1
05-27 08:59:04.584   581   581 D spi_rst_gpio_get_output: GPIO 145 value: 1
05-27 08:59:04.585   581   581 D spidev_ioctl: gpio status=1)
05-27 19:07:55.625   581   581 I SpiService: fgesysctrl_getGPIO_status success val=1
05-27 08:59:04.590   581   581 D spi_rst_gpio_get_output: GPIO 145 value: 1
05-27 08:59:04.590   581   581 D spidev_ioctl: gpio status=1)
05-27 19:07:55.631   581   581 I SpiService: fgesysctrl_getGPIO_status success val=1
05-27 19:07:55.632   536   536 D commservice260303: msg.id = 1028,0
05-27 08:59:04.596   581   581 D spi_rst_gpio_get_output: GPIO 145 value: 1
05-27 08:59:04.596   581   581 D spidev_ioctl: gpio status=1)
05-27 19:07:55.632   536   536 D commservice260303: i = 170, msgid = 8A000404
05-27 19:07:55.632   536   536 D commservice260303: msgid = -1979710460,did=138
05-27 19:07:55.632   536   536 D commservice260303: CommProtocolLibCmdBaseI2C::dataproc {"command":{"id":"imu_status","sub":""},"content":{"TimeStamp":11,"FrameCounter":280836,"GD_X":-0.011759000830352306,"GD_Y":0.0051151420921087265,"GD_Z":0.0021378109231591225,"AD_X":0.0059286803007125854,"AD_Y":0.006429132539778948,"AD_Z":-0.1725606918334961,"TempDsp":0,"Status":0,"CalibState":1,"SigAmpInvalid":0}},-1979710460
05-27 19:07:55.632   536   536 D commservice260303: send2Cluster len:316, 7B22636F6D6D616E64223A7B226964223A22696D755F737461747573222C22737562223A22227D2C22636F6E74656E74223A7B2254696D655374616D70223A31312C224672616D65436F756E746572223A3238303833362C2247445F58223A2D302E3031313735393030303833303335323330362C2247445F59223A302E303035313135313432303932313038373236352C2247445F5A223A302E303032313337383130393233313539313232352C2241445F58223A302E303035393238363830333030373132353835342C2241445F59223A302E3030363432393133323533393737383934382C2241445F5A223A2D302E313732353630363931383333343936312C2254656D70447370223A302C22537461747573223A302C2243616C69625374617465223A312C22536967416D70496E76616C6964223A307D7D, 138 
05-27 19:07:55.632   536   536 D commservice260303: Push Message into SendPool fn=1166803968
05-27 19:07:55.632   536   536 D commservice260303: ComProtocolLibSend2Cluster::send2ClusterRaw fn=1166803968 , len=332
05-27 19:07:55.632   536   536 D commservice260303: sendCmdToPort :332!!!
05-27 19:07:55.632   536   536 D commservice260303: send Cmd To Port ++++5AA501488A0100048C456A16D08B7B22636F6D6D616E64223A7B226964223A22696D755F737461747573222C22737562223A22227D2C22636F6E74656E74223A7B2254696D655374616D70223A31312C224672616D65436F756E746572223A3238303833362C2247445F58223A2D302E3031313735393030303833303335323330362C2247445F59223A302E303035313135313432303932313038373236352C2247445F5A223A302E303032313337383130393233313539313232352C2241445F58223A302E303035393238363830333030373132353835342C2241445F59223A302E3030363432393133323533393737383934382C2241445F5A223A2D302E313732353630363931383333343936312C2254656D70447370223A302C22537461747573223A302C2243616C69625374617465223A312C22536967416D70496E76616C6964223A307D7D6F61
05-27 19:07:55.632   536   536 D commservice260303: bufferevent_write retrun value = 0
05-27 19:07:55.632   536   560 D commservice260303: client datas send succeed,send finish
05-27 19:07:55.633 13911 14192 D Sentinelmode_1.2.5.17_sentry: <SentryImuClusterFgeSender>imu_status sent to Linux, frame=280836, tsNs=11942872, tsMs=11, intervalMs=42, ad=(0.0059286803,0.0064291325,-0.17256069), gd=(-0.011759001,0.005115142,0.002137811)
05-27 19:07:55.636   581   581 I SpiService: fgesysctrl_getGPIO_status success val=1
05-27 08:59:04.601   581   581 D spi_rst_gpio_get_output: GPIO 145 value: 1
05-27 08:59:04.601   581   581 D spidev_ioctl: gpio status=1)
05-27 19:07:55.639   572   572 I Sensors : 230 GyroSensor: x:-0.011911,y:0.005039,z:0.002138
05-27 19:07:55.640 13911 14183 I SentryImuMcuAngleSender: 179.96497rollDeg
05-27 19:07:55.640 13911 14183 I SentryImuMcuAngleSender: 1,0,0
05-27 19:07:55.642   581   581 I SpiService: fgesysctrl_getGPIO_status success val=0
05-27 08:59:04.607   581   581 D spi_rst_gpio_get_output: GPIO 145 value: 0
05-27 08:59:04.607   581   581 D spidev_ioctl: gpio status=0)
05-27 19:07:55.656   581   581 I SpiService: fgesysctrl_getGPIO_status success val=1
05-27 08:59:04.620   581   581 D spi_rst_gpio_get_output: GPIO 145 value: 1
05-27 08:59:04.620   581   581 D spidev_ioctl: gpio status=1)
05-27 19:07:55.661 13911 14183 I SentryImuMcuAngleSender: 179.986rollDeg
05-27 19:07:55.661 13911 14183 I SentryImuMcuAngleSender: 1,0,0
05-27 19:07:55.661   581   581 I SpiService: fgesysctrl_getGPIO_status success val=1
05-27 08:59:04.626   581   581 D spi_rst_gpio_get_output: GPIO 145 value: 1
05-27 08:59:04.626   581   581 D spidev_ioctl: gpio status=1)
05-27 19:07:55.667   581   581 I SpiService: fgesysctrl_getGPIO_status success val=1
05-27 08:59:04.632   581   581 D spi_rst_gpio_get_output: GPIO 145 value: 1
05-27 08:59:04.632   581   581 D spidev_ioctl: gpio status=1)
05-27 19:07:55.670   536   536 D commservice260303: msg.id = 1028,20
05-27 19:07:55.670   536   536 D commservice260303: i = 170, msgid = 8A000404
05-27 19:07:55.670   536   536 D commservice260303: msgid = -1979710460,did=138
05-27 19:07:55.670   536   536 D commservice260303: CommProtocolLibCmdBaseI2C::dataproc {"command":{"id":"imu_status","sub":""},"content":{"TimeStamp":11,"FrameCounter":280837,"GD_X":-0.012063807807862759,"GD_Y":0.005345047451555729,"GD_Z":0.0020608289632946253,"AD_X":0.0046488940715789795,"AD_Y":3.155479207634926E-4,"AD_Z":-0.1713390350341797,"TempDsp":0,"Status":0,"CalibState":1,"SigAmpInvalid":0}},-1979710460
05-27 19:07:55.670   536   536 D commservice260303: send2Cluster len:315, 7B22636F6D6D616E64223A7B226964223A22696D755F737461747573222C22737562223A22227D2C22636F6E74656E74223A7B2254696D655374616D70223A31312C224672616D65436F756E746572223A3238303833372C2247445F58223A2D302E3031323036333830373830373836323735392C2247445F59223A302E3030353334353034373435313535353732392C2247445F5A223A302E303032303630383238393633323934363235332C2241445F58223A302E303034363438383934303731353738393739352C2241445F59223A332E313535343739323037363334393236452D342C2241445F5A223A2D302E313731333339303335303334313739372C2254656D70447370223A302C22537461747573223A302C2243616C69625374617465223A312C22536967416D70496E76616C6964223A307D7D, 138 
05-27 19:07:55.670   536   536 D commservice260303: Push Message into SendPool fn=1183581184
05-27 19:07:55.670   536   536 D commservice260303: ComProtocolLibSend2Cluster::send2ClusterRaw fn=1183581184 , len=331
05-27 19:07:55.670   536   536 D commservice260303: sendCmdToPort :331!!!
05-27 19:07:55.671   536   536 D commservice260303: send Cmd To Port ++++5AA501478A0100048C466A16D08B7B22636F6D6D616E64223A7B226964223A22696D755F737461747573222C22737562223A22227D2C22636F6E74656E74223A7B2254696D655374616D70223A31312C224672616D65436F756E746572223A3238303833372C2247445F58223A2D302E3031323036333830373830373836323735392C2247445F59223A302E3030353334353034373435313535353732392C2247445F5A223A302E303032303630383238393633323934363235332C2241445F58223A302E303034363438383934303731353738393739352C2241445F59223A332E313535343739323037363334393236452D342C2241445F5A223A2D302E313731333339303335303334313739372C2254656D70447370223A302C22537461747573223A302C2243616C69625374617465223A312C22536967416D70496E76616C6964223A307D7D803E
05-27 19:07:55.671   536   536 D commservice260303: bufferevent_write retrun value = 0
05-27 19:07:55.671   536   560 D commservice260303: client datas send succeed,send finish
05-27 19:07:55.671 13911 14192 D Sentinelmode_1.2.5.17_sentry: <SentryImuClusterFgeSender>imu_status sent to Linux, frame=280837, tsNs=11942907, tsMs=11, intervalMs=38, ad=(0.004648894,3.1554792E-4,-0.17133904), gd=(-0.012063808,0.0053450475,0.002060829)
05-27 19:07:55.672   581   581 I SpiService: fgesysctrl_getGPIO_status success val=1
05-27 08:59:04.637   581   581 D spi_rst_gpio_get_output: GPIO 145 value: 1
05-27 08:59:04.637   581   581 D spidev_ioctl: gpio status=1)
05-27 19:07:55.678   581   581 I SpiService: fgesysctrl_getGPIO_status success val=1
05-27 08:59:04.643   581   581 D spi_rst_gpio_get_output: GPIO 145 value: 1
05-27 08:59:04.643   581   581 D spidev_ioctl: gpio status=1)
05-27 19:07:55.682 13911 14183 I SentryImuMcuAngleSender: 179.993rollDeg
05-27 19:07:55.682 13911 14183 I SentryImuMcuAngleSender: 1,0,0
05-27 08:59:04.648   581   581 D spi_rst_gpio_get_output: GPIO 145 value: 0
05-27 08:59:04.648   581   581 D spidev_ioctl: gpio status=0)
05-27 19:07:55.684   283   307 I rvcservice: t.code = 0, t.value = 4270
05-27 19:07:55.684   581   581 I SpiService: fgesysctrl_getGPIO_status success val=0
05-27 19:07:55.698   581   581 I SpiService: fgesysctrl_getGPIO_status success val=1
05-27 08:59:04.662   581   581 D spi_rst_gpio_get_output: GPIO 145 value: 1
05-27 08:59:04.662   581   581 D spidev_ioctl: gpio status=1)
05-27 19:07:55.703 13911 14183 I SentryImuMcuAngleSender: 179.993rollDeg
05-27 19:07:55.703 13911 14183 I SentryImuMcuAngleSender: 1,0,0
05-27 19:07:55.703   581   581 I SpiService: fgesysctrl_getGPIO_status success val=1
05-27 08:59:04.668   581   581 D spi_rst_gpio_get_output: GPIO 145 value: 1
05-27 08:59:04.668   581   581 D spidev_ioctl: gpio status=1)
05-27 19:07:55.709   581   581 I SpiService: fgesysctrl_getGPIO_status success val=1
05-27 08:59:04.670 29180 29180 I iowait  : 153   19    5    0    0    0    0    0    0    0    0    0
05-27 08:59:04.673   581   581 D spi_rst_gpio_get_output: GPIO 145 value: 1
05-27 08:59:04.673   581   581 D spidev_ioctl: gpio status=1)
05-27 19:07:55.711   536   536 D commservice260303: msg.id = 1028,0
05-27 19:07:55.711   536   536 D commservice260303: i = 170, msgid = 8A000404
05-27 19:07:55.711   536   536 D commservice260303: msgid = -1979710460,did=138
05-27 19:07:55.711   536   536 D commservice260303: CommProtocolLibCmdBaseI2C::dataproc {"command":{"id":"imu_status","sub":""},"content":{"TimeStamp":11,"FrameCounter":280838,"GD_X":-0.011834942735731602,"GD_Y":0.005420989356935024,"GD_Z":0.001679039909504354,"AD_X":-0.005112975835800171,"AD_Y":-8.977465331554413E-4,"AD_Z":-0.1701192855834961,"TempDsp":0,"Status":0,"CalibState":1,"SigAmpInvalid":0}},-1979710460
05-27 19:07:55.711   536   536 D commservice260303: send2Cluster len:315, 7B22636F6D6D616E64223A7B226964223A22696D755F737461747573222C22737562223A22227D2C22636F6E74656E74223A7B2254696D655374616D70223A31312C224672616D65436F756E746572223A3238303833382C2247445F58223A2D302E3031313833343934323733353733313630322C2247445F59223A302E3030353432303938393335363933353032342C2247445F5A223A302E3030313637393033393930393530343335342C2241445F58223A2D302E3030353131323937353833353830303137312C2241445F59223A2D382E393737343635333331353534343133452D342C2241445F5A223A2D302E313730313139323835353833343936312C2254656D70447370223A302C22537461747573223A302C2243616C69625374617465223A312C22536967416D70496E76616C6964223A307D7D, 138 
05-27 19:07:55.711   536   536 D commservice260303: Push Message into SendPool fn=1200358400
05-27 19:07:55.711   536   536 D commservice260303: ComProtocolLibSend2Cluster::send2ClusterRaw fn=1200358400 , len=331
05-27 19:07:55.711   536   536 D commservice260303: sendCmdToPort :331!!!
05-27 19:07:55.712   536   536 D commservice260303: send Cmd To Port ++++5AA501478A0100048C476A16D08B7B22636F6D6D616E64223A7B226964223A22696D755F737461747573222C22737562223A22227D2C22636F6E74656E74223A7B2254696D655374616D70223A31312C224672616D65436F756E746572223A3238303833382C2247445F58223A2D302E3031313833343934323733353733313630322C2247445F59223A302E3030353432303938393335363933353032342C2247445F5A223A302E3030313637393033393930393530343335342C2241445F58223A2D302E3030353131323937353833353830303137312C2241445F59223A2D382E393737343635333331353534343133452D342C2241445F5A223A2D302E313730313139323835353833343936312C2254656D70447370223A302C22537461747573223A302C2243616C69625374617465223A312C22536967416D70496E76616C6964223A307D7D3BAC
05-27 19:07:55.712   536   536 D commservice260303: bufferevent_write retrun value = 0
05-27 19:07:55.712   536   560 D commservice260303: client datas send succeed,send finish
05-27 19:07:55.712 13911 14192 D Sentinelmode_1.2.5.17_sentry: <SentryImuClusterFgeSender>imu_status sent to Linux, frame=280838, tsNs=11942943, tsMs=11, intervalMs=41, ad=(-0.005112976,-8.9774653E-4,-0.17011929), gd=(-0.011834943,0.0054209894,0.0016790399)
05-27 19:07:55.714   581   581 I SpiService: fgesysctrl_getGPIO_status success val=1
05-27 08:59:04.679   581   581 D spi_rst_gpio_get_output: GPIO 145 value: 1
05-27 08:59:04.679   581   581 D spidev_ioctl: gpio status=1)
05-27 19:07:55.720   581   581 I SpiService: fgesysctrl_getGPIO_status success val=1
05-27 08:59:04.684   581   581 D spi_rst_gpio_get_output: GPIO 145 value: 1
05-27 08:59:04.684   581   581 D spidev_ioctl: gpio status=1)
05-27 19:07:55.724 13911 14183 I SentryImuMcuAngleSender: 179.97899rollDeg
05-27 19:07:55.724 13911 14183 I SentryImuMcuAngleSender: 1,0,0
05-27 19:07:55.726   581   581 I SpiService: fgesysctrl_getGPIO_status success val=0
05-27 08:59:04.690   581   581 D spi_rst_gpio_get_output: GPIO 145 value: 0
05-27 08:59:04.690   581   581 D spidev_ioctl: gpio status=0)
05-27 19:07:55.740   581   581 I SpiService: fgesysctrl_getGPIO_status success val=1
05-27 08:59:04.705   581   581 D spi_rst_gpio_get_output: GPIO 145 value: 1
05-27 08:59:04.705   581   581 D spidev_ioctl: gpio status=1)
05-27 19:07:55.744 13911 14183 I SentryImuMcuAngleSender: 179.96848rollDeg
05-27 19:07:55.745 13911 14183 I SentryImuMcuAngleSender: 1,0,0
05-27 19:07:55.746   581   581 I SpiService: fgesysctrl_getGPIO_status success val=1
05-27 19:07:55.746   572   622 I Sensors : 230 AccelSensor: x:-0.178730,y:0.004880,z:-9.978380
05-27 08:59:04.710   581   581 D spi_rst_gpio_get_output: GPIO 145 value: 1
05-27 08:59:04.710   581   581 D spidev_ioctl: gpio status=1)
05-27 19:07:55.751   581   581 I SpiService: fgesysctrl_getGPIO_status success val=1
05-27 19:07:55.752   536   536 D commservice260303: msg.id = 1028,1
05-27 19:07:55.752   536   536 D commservice260303: i = 170, msgid = 8A000404
05-27 19:07:55.752   536   536 D commservice260303: msgid = -1979710460,did=138
05-27 19:07:55.752   536   536 D commservice260303: CommProtocolLibCmdBaseI2C::dataproc {"command":{"id":"imu_status","sub":""},"content":{"TimeStamp":11,"FrameCounter":280839,"GD_X":-0.011300750076770782,"GD_Y":0.006261029280722141,"GD_Z":0.0020608289632946253,"AD_X":-0.010529190301895142,"AD_Y":0.0027373244520276785,"AD_Z":-0.1731739044189453,"TempDsp":0,"Status":0,"CalibState":1,"SigAmpInvalid":0}},-1979710460
05-27 19:07:55.752   536   536 D commservice260303: send2Cluster len:316, 7B22636F6D6D616E64223A7B226964223A22696D755F737461747573222C22737562223A22227D2C22636F6E74656E74223A7B2254696D655374616D70223A31312C224672616D65436F756E746572223A3238303833392C2247445F58223A2D302E3031313330303735303037363737303738322C2247445F59223A302E3030363236313032393238303732323134312C2247445F5A223A302E303032303630383238393633323934363235332C2241445F58223A2D302E3031303532393139303330313839353134322C2241445F59223A302E303032373337333234343532303237363738352C2241445F5A223A2D302E313733313733393034343138393435332C2254656D70447370223A302C22537461747573223A302C2243616C69625374617465223A312C22536967416D70496E76616C6964223A307D7D, 138 
05-27 19:07:55.752   536   536 D commservice260303: Push Message into SendPool fn=1217135616
05-27 19:07:55.752   536   536 D commservice260303: ComProtocolLibSend2Cluster::send2ClusterRaw fn=1217135616 , len=332
05-27 19:07:55.752   536   536 D commservice260303: sendCmdToPort :332!!!
05-27 19:07:55.752   536   536 D commservice260303: send Cmd To Port ++++5AA501488A0100048C486A16D08B7B22636F6D6D616E64223A7B226964223A22696D755F737461747573222C22737562223A22227D2C22636F6E74656E74223A7B2254696D655374616D70223A31312C224672616D65436F756E746572223A3238303833392C2247445F58223A2D302E3031313330303735303037363737303738322C2247445F59223A302E3030363236313032393238303732323134312C2247445F5A223A302E303032303630383238393633323934363235332C2241445F58223A2D302E3031303532393139303330313839353134322C2241445F59223A302E303032373337333234343532303237363738352C2241445F5A223A2D302E313733313733393034343138393435332C2254656D70447370223A302C22537461747573223A302C2243616C69625374617465223A312C22536967416D70496E76616C6964223A307D7DC27F
05-27 19:07:55.753   536   536 D commservice260303: bufferevent_write retrun value = 0
05-27 08:59:04.716   581   581 D spi_rst_gpio_get_output: GPIO 145 value: 1
05-27 08:59:04.716   581   581 D spidev_ioctl: gpio status=1)
05-27 19:07:55.753   536   560 D commservice260303: client datas send succeed,send finish
05-27 19:07:55.753 13911 14192 D Sentinelmode_1.2.5.17_sentry: <SentryImuClusterFgeSender>imu_status sent to Linux, frame=280839, tsNs=11942997, tsMs=11, intervalMs=41, ad=(-0.01052919,0.0027373245,-0.1731739), gd=(-0.01130075,0.0062610293,0.002060829)
05-27 19:07:55.757   581   581 I SpiService: fgesysctrl_getGPIO_status success val=1
05-27 08:59:04.722   581   581 D spi_rst_gpio_get_output: GPIO 145 value: 1
05-27 08:59:04.722   581   581 D spidev_ioctl: gpio status=1)
05-27 19:07:55.762   581   581 I SpiService: fgesysctrl_getGPIO_status success val=1
05-27 08:59:04.727   581   581 D spi_rst_gpio_get_output: GPIO 145 value: 1
05-27 08:59:04.727   581   581 D spidev_ioctl: gpio status=1)
05-27 19:07:55.765 13911 14183 I SentryImuMcuAngleSender: 179.993rollDeg
05-27 19:07:55.765 13911 14183 I SentryImuMcuAngleSender: 1,0,0
05-27 19:07:55.768   581   581 I SpiService: fgesysctrl_getGPIO_status success val=0
05-27 08:59:04.733   581   581 D spi_rst_gpio_get_output: GPIO 145 value: 0
05-27 08:59:04.733   581   581 D spidev_ioctl: gpio status=0)
05-27 19:07:55.784   283   307 I rvcservice: t.code = 3, t.value = 0
05-27 19:07:55.785   581   581 I SpiService: fgesysctrl_getGPIO_status success val=1
05-27 19:07:55.785 13911 14183 I SentryImuMcuAngleSender: 180.0rollDeg
05-27 19:07:55.786 13911 14183 I SentryImuMcuAngleSender: 1,0,0
05-27 08:59:04.749   581   581 D spi_rst_gpio_get_output: GPIO 145 value: 1
05-27 08:59:04.749   581   581 D spidev_ioctl: gpio status=1)
05-27 19:07:55.790   581   581 I SpiService: fgesysctrl_getGPIO_status success val=1
05-27 08:59:04.755   581   581 D spi_rst_gpio_get_output: GPIO 145 value: 1
05-27 19:07:55.791   536   536 D commservice260303: msg.id = 1028,0
05-27 08:59:04.755   581   581 D spidev_ioctl: gpio status=1)
05-27 19:07:55.791   536   536 D commservice260303: i = 170, msgid = 8A000404
05-27 19:07:55.791   536   536 D commservice260303: msgid = -1979710460,did=138
05-27 19:07:55.791   536   536 D commservice260303: CommProtocolLibCmdBaseI2C::dataproc {"command":{"id":"imu_status","sub":""},"content":{"TimeStamp":11,"FrameCounter":280840,"GD_X":-0.011147825978696346,"GD_Y":0.005420989356935024,"GD_Z":0.0019079053308814764,"AD_X":-0.005626499652862549,"AD_Y":-0.00213241227902472,"AD_Z":-0.17927265167236328,"TempDsp":0,"Status":0,"CalibState":1,"SigAmpInvalid":0}},-1979710460
05-27 19:07:55.792   536   536 D commservice260303: send2Cluster len:316, 7B22636F6D6D616E64223A7B226964223A22696D755F737461747573222C22737562223A22227D2C22636F6E74656E74223A7B2254696D655374616D70223A31312C224672616D65436F756E746572223A3238303834302C2247445F58223A2D302E3031313134373832353937383639363334362C2247445F59223A302E3030353432303938393335363933353032342C2247445F5A223A302E303031393037393035333330383831343736342C2241445F58223A2D302E3030353632363439393635323836323534392C2241445F59223A2D302E30303231333234313232373930323437322C2241445F5A223A2D302E31373932373236353136373233363332382C2254656D70447370223A302C22537461747573223A302C2243616C69625374617465223A312C22536967416D70496E76616C6964223A307D7D, 138 
05-27 19:07:55.792   536   536 D commservice260303: Push Message into SendPool fn=1233912832
05-27 19:07:55.792   536   536 D commservice260303: ComProtocolLibSend2Cluster::send2ClusterRaw fn=1233912832 , len=332
05-27 19:07:55.792   536   536 D commservice260303: sendCmdToPort :332!!!
05-27 19:07:55.792   536   536 D commservice260303: send Cmd To Port ++++5AA501488A0100048C496A16D08B7B22636F6D6D616E64223A7B226964223A22696D755F737461747573222C22737562223A22227D2C22636F6E74656E74223A7B2254696D655374616D70223A31312C224672616D65436F756E746572223A3238303834302C2247445F58223A2D302E3031313134373832353937383639363334362C2247445F59223A302E3030353432303938393335363933353032342C2247445F5A223A302E303031393037393035333330383831343736342C2241445F58223A2D302E3030353632363439393635323836323534392C2241445F59223A2D302E30303231333234313232373930323437322C2241445F5A223A2D302E31373932373236353136373233363332382C2254656D70447370223A302C22537461747573223A302C2243616C69625374617465223A312C22536967416D70496E76616C6964223A307D7D1730
05-27 19:07:55.792   536   536 D commservice260303: bufferevent_write retrun value = 0
05-27 19:07:55.792   536   560 D commservice260303: client datas send succeed,send finish
05-27 19:07:55.792 13911 14192 D Sentinelmode_1.2.5.17_sentry: <SentryImuClusterFgeSender>imu_status sent to Linux, frame=280840, tsNs=11943032, tsMs=11, intervalMs=39, ad=(-0.0056264997,-0.0021324123,-0.17927265), gd=(-0.011147826,0.0054209894,0.0019079053)
05-27 19:07:55.795   581   581 I SpiService: fgesysctrl_getGPIO_status success val=1
05-27 08:59:04.760   581   581 D spi_rst_gpio_get_output: GPIO 145 value: 1
05-27 08:59:04.760   581   581 D spidev_ioctl: gpio status=1)
05-27 19:07:55.801   581   581 I SpiService: fgesysctrl_getGPIO_status success val=1
05-27 08:59:04.765   581   581 D spi_rst_gpio_get_output: GPIO 145 value: 1
05-27 08:59:04.765   581   581 D spidev_ioctl: gpio status=1)
05-27 19:07:55.806 13911 14183 I SentryImuMcuAngleSender: 179.99649rollDeg
05-27 19:07:55.806 13911 14183 I SentryImuMcuAngleSender: 1,0,0
05-27 19:07:55.806   581   581 I SpiService: fgesysctrl_getGPIO_status success val=0
05-27 08:59:04.771   581   581 D spi_rst_gpio_get_output: GPIO 145 value: 0
05-27 08:59:04.771   581   581 D spidev_ioctl: gpio status=0)
05-27 19:07:55.820   581   581 I SpiService: fgesysctrl_getGPIO_status success val=1
05-27 08:59:04.784   581   581 D spi_rst_gpio_get_output: GPIO 145 value: 1
05-27 08:59:04.784   581   581 D spidev_ioctl: gpio status=1)
05-27 19:07:55.825   581   581 I SpiService: fgesysctrl_getGPIO_status success val=1
05-27 19:07:55.827 13911 14183 I SentryImuMcuAngleSender: 179.986rollDeg
05-27 19:07:55.827 13911 14183 I SentryImuMcuAngleSender: 1,0,0
05-27 19:07:55.830   581   581 I SpiService: fgesysctrl_getGPIO_status success val=1
05-27 19:07:55.832   536   536 D commservice260303: msg.id = 1028,0
05-27 19:07:55.832   536   536 D commservice260303: i = 170, msgid = 8A000404
05-27 19:07:55.832   536   536 D commservice260303: msgid = -1979710460,did=138
05-27 19:07:55.832   536   536 D commservice260303: CommProtocolLibCmdBaseI2C::dataproc {"command":{"id":"imu_status","sub":""},"content":{"TimeStamp":11,"FrameCounter":280841,"GD_X":-0.011070843786001205,"GD_Y":0.00519212381914258,"GD_Z":0.002443138277158141,"AD_X":-0.0013619214296340942,"AD_Y":3.1143450178205967E-4,"AD_Z":-0.1756134033203125,"TempDsp":0,"Status":0,"CalibState":1,"SigAmpInvalid":0}},-1979710460
05-27 19:07:55.832   536   536 D commservice260303: send2Cluster len:315, 7B22636F6D6D616E64223A7B226964223A22696D755F737461747573222C22737562223A22227D2C22636F6E74656E74223A7B2254696D655374616D70223A31312C224672616D65436F756E746572223A3238303834312C2247445F58223A2D302E3031313037303834333738363030313230352C2247445F59223A302E30303531393231323338313931343235382C2247445F5A223A302E3030323434333133383237373135383134312C2241445F58223A2D302E303031333631393231343239363334303934322C2241445F59223A332E31313433343530313738323035393637452D342C2241445F5A223A2D302E313735363133343033333230333132352C2254656D70447370223A302C22537461747573223A302C2243616C69625374617465223A312C22536967416D70496E76616C6964223A307D7D, 138 
05-27 19:07:55.832   536   536 D commservice260303: Push Message into SendPool fn=1250690048
05-27 19:07:55.832   536   536 D commservice260303: ComProtocolLibSend2Cluster::send2ClusterRaw fn=1250690048 , len=331
05-27 19:07:55.832   536   536 D commservice260303: sendCmdToPort :331!!!
05-27 19:07:55.833   536   536 D commservice260303: send Cmd To Port ++++5AA501478A0100048C4A6A16D08B7B22636F6D6D616E64223A7B226964223A22696D755F737461747573222C22737562223A22227D2C22636F6E74656E74223A7B2254696D655374616D70223A31312C224672616D65436F756E746572223A3238303834312C2247445F58223A2D302E3031313037303834333738363030313230352C2247445F59223A302E30303531393231323338313931343235382C2247445F5A223A302E3030323434333133383237373135383134312C2241445F58223A2D302E303031333631393231343239363334303934322C2241445F59223A332E31313433343530313738323035393637452D342C2241445F5A223A2D302E313735363133343033333230333132352C2254656D70447370223A302C22537461747573223A302C2243616C69625374617465223A312C22536967416D70496E76616C6964223A307D7DB9BD
05-27 19:07:55.833   536   536 D commservice260303: bufferevent_write retrun value = 0
05-27 19:07:55.833   536   560 D commservice260303: client datas send succeed,send finish
05-27 19:07:55.833 13911 14192 D Sentinelmode_1.2.5.17_sentry: <SentryImuClusterFgeSender>imu_status sent to Linux, frame=280841, tsNs=11943068, tsMs=11, intervalMs=41, ad=(-0.0013619214,3.114345E-4,-0.1756134), gd=(-0.011070844,0.005192124,0.0024431383)
05-27 19:07:55.835   572   622 I Sensors : 230 GyroSensor: x:-0.011377,y:0.005345,z:0.001908
05-27 19:07:55.836   581   581 I SpiService: fgesysctrl_getGPIO_status success val=1
05-27 19:07:55.841   581   581 I SpiService: fgesysctrl_getGPIO_status success val=1
05-27 19:07:55.847   581   581 I SpiService: fgesysctrl_getGPIO_status success val=0
05-27 19:07:55.847 13911 14183 I SentryImuMcuAngleSender: 179.97198rollDeg
05-27 19:07:55.847 13911 14183 I SentryImuMcuAngleSender: 1,0,0
05-27 19:07:55.861   581   581 I SpiService: fgesysctrl_getGPIO_status success val=1
05-27 19:07:55.866   581   581 I SpiService: fgesysctrl_getGPIO_status success val=1
05-27 19:07:55.868 13911 14183 I SentryImuMcuAngleSender: 179.96498rollDeg
05-27 19:07:55.868 13911 14183 I SentryImuMcuAngleSender: 1,0,0
05-27 19:07:55.872   581   581 I SpiService: fgesysctrl_getGPIO_status success val=1
05-27 19:07:55.872   536   536 D commservice260303: msg.id = 1028,0
05-27 19:07:55.872   536   536 D commservice260303: i = 170, msgid = 8A000404
05-27 19:07:55.872   536   536 D commservice260303: msgid = -1979710460,did=138
05-27 19:07:55.872   536   536 D commservice260303: CommProtocolLibCmdBaseI2C::dataproc {"command":{"id":"imu_status","sub":""},"content":{"TimeStamp":11,"FrameCounter":280842,"GD_X":-0.012063807807862759,"GD_Y":0.005573912989348173,"GD_Z":0.0019848872907459736,"AD_X":-0.0019787997007369995,"AD_Y":0.003950732294470072,"AD_Z":-0.1762237548828125,"TempDsp":0,"Status":0,"CalibState":1,"SigAmpInvalid":0}},-1979710460
05-27 19:07:55.873   536   536 D commservice260303: send2Cluster len:316, 7B22636F6D6D616E64223A7B226964223A22696D755F737461747573222C22737562223A22227D2C22636F6E74656E74223A7B2254696D655374616D70223A31312C224672616D65436F756E746572223A3238303834322C2247445F58223A2D302E3031323036333830373830373836323735392C2247445F59223A302E3030353537333931323938393334383137332C2247445F5A223A302E303031393834383837323930373435393733362C2241445F58223A2D302E303031393738373939373030373336393939352C2241445F59223A302E3030333935303733323239343437303037322C2241445F5A223A2D302E313736323233373534383832383132352C2254656D70447370223A302C22537461747573223A302C2243616C69625374617465223A312C22536967416D70496E76616C6964223A307D7D, 138 
05-27 19:07:55.873   536   536 D commservice260303: Push Message into SendPool fn=1267467264
05-27 19:07:55.873   536   536 D commservice260303: ComProtocolLibSend2Cluster::send2ClusterRaw fn=1267467264 , len=332
05-27 19:07:55.873   536   536 D commservice260303: sendCmdToPort :332!!!
05-27 19:07:55.873   536   536 D commservice260303: send Cmd To Port ++++5AA501488A0100048C4B6A16D08B7B22636F6D6D616E64223A7B226964223A22696D755F737461747573222C22737562223A22227D2C22636F6E74656E74223A7B2254696D655374616D70223A31312C224672616D65436F756E746572223A3238303834322C2247445F58223A2D302E3031323036333830373830373836323735392C2247445F59223A302E3030353537333931323938393334383137332C2247445F5A223A302E303031393834383837323930373435393733362C2241445F58223A2D302E303031393738373939373030373336393939352C2241445F59223A302E3030333935303733323239343437303037322C2241445F5A223A2D302E313736323233373534383832383132352C2254656D70447370223A302C22537461747573223A302C2243616C69625374617465223A312C22536967416D70496E76616C6964223A307D7DFFC6
05-27 19:07:55.873   536   536 D commservice260303: bufferevent_write retrun value = 0
05-27 19:07:55.873   536   560 D commservice260303: client datas send succeed,send finish
05-27 19:07:55.873 13911 14192 D Sentinelmode_1.2.5.17_sentry: <SentryImuClusterFgeSender>imu_status sent to Linux, frame=280842, tsNs=11943104, tsMs=11, intervalMs=40, ad=(-0.0019787997,0.0039507323,-0.17622375), gd=(-0.012063808,0.005573913,0.0019848873)
05-27 19:07:55.877 11344 11344 E SystemUI_NavBarFragment: SysUIConfig.icCarServiceConnected：false
05-27 19:07:55.877   581   581 I SpiService: fgesysctrl_getGPIO_status success val=1
05-27 19:07:55.883   581   581 I SpiService: fgesysctrl_getGPIO_status success val=1
05-27 19:07:55.884   283   307 I rvcservice: t.code = 7, t.value = 11942961
05-27 08:59:04.847   581   581 D spidev_ioctl: gpio status=1)
05-27 19:07:55.888   581   581 I SpiService: fgesysctrl_getGPIO_status success val=0
05-27 19:07:55.888 13911 14183 I SentryImuMcuAngleSender: 179.97899rollDeg
05-27 19:07:55.888 13911 14183 I SentryImuMcuAngleSender: 1,0,0
05-27 19:07:55.902   581   581 I SpiService: fgesysctrl_getGPIO_status success val=1
05-27 08:59:04.867   581   581 D spidev_ioctl: gpio status=1)
05-27 19:07:55.908   581   581 I SpiService: fgesysctrl_getGPIO_status success val=1
05-27 19:07:55.909 13911 14183 I SentryImuMcuAngleSender: 179.97548rollDeg
05-27 08:59:04.872   581   581 D spi_rst_gpio_get_output: GPIO 145 value: 1
05-27 19:07:55.909 13911 14183 I SentryImuMcuAngleSender: 1,0,0
05-27 19:07:55.913   581   581 I SpiService: fgesysctrl_getGPIO_status success val=1
05-27 19:07:55.913   536   536 D commservice260303: msg.id = 1028,0
05-27 19:07:55.913   536   536 D commservice260303: i = 170, msgid = 8A000404
05-27 19:07:55.913   536   536 D commservice260303: msgid = -1979710460,did=138
05-27 19:07:55.913   536   536 D commservice260303: CommProtocolLibCmdBaseI2C::dataproc {"command":{"id":"imu_status","sub":""},"content":{"TimeStamp":11,"FrameCounter":280843,"GD_X":-0.011070843786001205,"GD_Y":0.004809814505279064,"GD_Z":0.0022902146447449923,"AD_X":-0.006240770220756531,"AD_Y":0.0021090798545628786,"AD_Z":-0.1719532012939453,"TempDsp":0,"Status":0,"CalibState":1,"SigAmpInvalid":0}},-1979710460
05-27 19:07:55.914   536   536 D commservice260303: send2Cluster len:316, 7B22636F6D6D616E64223A7B226964223A22696D755F737461747573222C22737562223A22227D2C22636F6E74656E74223A7B2254696D655374616D70223A31312C224672616D65436F756E746572223A3238303834332C2247445F58223A2D302E3031313037303834333738363030313230352C2247445F59223A302E3030343830393831343530353237393036342C2247445F5A223A302E303032323930323134363434373434393932332C2241445F58223A2D302E3030363234303737303232303735363533312C2241445F59223A302E303032313039303739383534353632383738362C2241445F5A223A2D302E313731393533323031323933393435332C2254656D70447370223A302C22537461747573223A302C2243616C69625374617465223A312C22536967416D70496E76616C6964223A307D7D, 138 
05-27 19:07:55.914   536   536 D commservice260303: Push Message into SendPool fn=1284244480
05-27 19:07:55.914   536   536 D commservice260303: ComProtocolLibSend2Cluster::send2ClusterRaw fn=1284244480 , len=332
05-27 19:07:55.914   536   536 D commservice260303: sendCmdToPort :332!!!
05-27 19:07:55.914   536   536 D commservice260303: send Cmd To Port ++++5AA501488A0100048C4C6A16D08B7B22636F6D6D616E64223A7B226964223A22696D755F737461747573222C22737562223A22227D2C22636F6E74656E74223A7B2254696D655374616D70223A31312C224672616D65436F756E746572223A3238303834332C2247445F58223A2D302E3031313037303834333738363030313230352C2247445F59223A302E3030343830393831343530353237393036342C2247445F5A223A302E303032323930323134363434373434393932332C2241445F58223A2D302E3030363234303737303232303735363533312C2241445F59223A302E303032313039303739383534353632383738362C2241445F5A223A2D302E313731393533323031323933393435332C2254656D70447370223A302C22537461747573223A302C2243616C69625374617465223A312C22536967416D70496E76616C6964223A307D7D0668
05-27 19:07:55.914   536   536 D commservice260303: bufferevent_write retrun value = 0
05-27 19:07:55.914   536   560 D commservice260303: client datas send succeed,send finish
05-27 19:07:55.914 13911 14192 D Sentinelmode_1.2.5.17_sentry: <SentryImuClusterFgeSender>imu_status sent to Linux, frame=280843, tsNs=11943157, tsMs=11, intervalMs=41, ad=(-0.00624077,0.0021090799,-0.1719532), gd=(-0.011070844,0.0048098145,0.0022902146)
05-27 19:07:55.918   581   581 I SpiService: fgesysctrl_getGPIO_status success val=1
05-27 19:07:55.924   581   581 I SpiService: fgesysctrl_getGPIO_status success val=1
05-27 19:07:55.929 13911 14183 I SentryImuMcuAngleSender: 179.96497rollDeg
05-27 19:07:55.929 13911 14183 I SentryImuMcuAngleSender: 1,0,0
05-27 19:07:55.929   581   581 I SpiService: fgesysctrl_getGPIO_status success val=0
05-27 19:07:55.942   572   572 I Sensors : 230 AccelSensor: x:-0.174459,y:0.006100,z:-9.976550
05-27 19:07:55.943   481   598 I mcuc    : rev,n=1,6AA681F09B008C8305000055000000B000000000000100010000A80CD9B12A0F4ED92CD92A4D7AD92BB256D92CB23DDFA3BE7BC200000000040000B3000000000000000000000000000000B44300000000000300000000000000AA000000E40701010000000000000000BB06050507EA051B000008009403CB00CC000000000000000000000000000000B50000000000000000B9
05-27 19:07:55.943   581   581 I SpiService: fgesysctrl_getGPIO_status success val=1
05-27 19:07:55.943   351   373 D automotive.vehicle@2.0-adayo-datacomm-mcu: MCUDatacomm sendMessageFromVehicle prop: 0x83, areaId: 0x5, status: 0x0, timestamp: 0x0
05-27 19:07:55.943   351   373 D automotive.vehicle@2.0-adayo-datacomm-mcu: MCUDatacomm 1sendMessageFromVehicle ---> type = 7 
05-27 19:07:55.943   351   373 I automotive.vehicle@2.0-adayo-func-mcu: MCUFunc :sendMessageFromVehicle  msgBuff[0] = 131 
05-27 19:07:55.943   351   373 I automotive.vehicle@2.0-adayo-func-mcu: MCUFunc :sendMessageFromVehicle  msgBuff[1] = 5 
05-27 19:07:55.943   351   373 I automotive.vehicle@2.0-adayo-func-mcu: MCUFunc :sendMessageFromVehicle  msgBuff[2] = 0 
05-27 19:07:55.943   351   373 I automotive.vehicle@2.0-adayo-func-mcu: MCUFunc :sendMessageFromVehicle  msgBuff[3] = 0 
05-27 19:07:55.943   351   373 I automotive.vehicle@2.0-adayo-func-mcu: MCUFunc :sendMessageFromVehicle  msgBuff[4] = 85 
05-27 19:07:55.943   351   373 I automotive.vehicle@2.0-adayo-func-mcu: MCUFunc :sendMessageFromVehicle  msgBuff[5] = 0 
05-27 19:07:55.945   481   598 I mcuc    : rev,n=2,6AA681F09C000A89009A010409121234560A
05-27 19:07:55.945  1121  1144 I tboxmids_ap: [2026-05-27 19:07:55.945] [MCU RX] src=MCU dst=ZMQ len=10 type=BINARY data=00 08 9A 01 04 09 12 12 34 56 
05-27 19:07:55.945   351   373 D automotive.vehicle@2.0-adayo-datacomm-mcu: MCUDatacomm sendMessageFromVehicle prop: 0x89, areaId: 0x0, status: 0x9a, timestamp: 0x1
05-27 19:07:55.945   351   373 D automotive.vehicle@2.0-adayo-datacomm-mcu: MCUDatacomm 1sendMessageFromVehicle ---> type = 12 
05-27 19:07:55.946  1083  1083 I MyAppLog: [2026-05-27 19:07:55.946 I tboxap mcuCommTboxmidsRecvCb:97] [Mcu] [mcuCommTboxmidsRecvCb] recv from tboxmids, size:10
05-27 19:07:55.946  1083  1083 I MyAppLog: [2026-05-27 19:07:55.946 I tboxap mcuCommTboxmidsRecvCb:98] [Mcu] [tboxmids -> tboxap]: :00 08 9A 01 04 09 12 12 34 56
05-27 19:07:55.946  1083  1083 W MyAppLog: [2026-05-27 19:07:55.946 W tboxap mcuYadiFrameParse:852] [Mcu] [mcuYadiFrameParse] cmd:0912(MCU_MAIN_BATT_DYNAMIC_IND) payload too short:5 < 36
05-27 19:07:55.946  1083  1083 W MyAppLog: [2026-05-27 19:07:55.946 W tboxap mcuPtlParseData:982] [Mcu] [mcuPtlParseData] invalid yadi frame, len:10
05-27 19:07:55.948   581   581 I SpiService: fgesysctrl_getGPIO_status success val=1
05-27 19:07:55.949 13911 14183 I SentryImuMcuAngleSender: 179.96497rollDeg
05-27 19:07:55.950 13911 14183 I SentryImuMcuAngleSender: 1,0,0
05-27 19:07:55.953   536   560 D commservice260303: recv len:77, 5AA5004906000000462E6A16D08B7B22636F6D6D616E64223A7B226964223A226473695F6C7578222C22737562223A22227D2C22636F6E74656E74223A7B2276616C7565223A3230307D7D774F from server
05-27 19:07:55.953   536  2578 D commservice260303: mcuDataAnalyzeHandle templen:77,len:77,pos:0, 5AA5004906000000462E6A16D08B7B22636F6D6D616E64223A7B226964223A226473695F6C7578222C22737562223A22227D2C22636F6E74656E74223A7B2276616C7565223A3230307D7D774F 
05-27 19:07:55.953   536  2578 I commservice260303: checksumCal = 30543
05-27 19:07:55.953   536  2578 D commservice260303: CommProtocolLibCmdBaseC2I::dataproc {"command":{"id":"dsi_lux","sub":""},"content":{"value":200}},6
05-27 19:07:55.953   536  2578 D commservice260303: mcuCommMessageManager::notifyMsgToClient hwbinder OK
05-27 19:07:55.953   536  2578 D commservice260303: McuProtocolLibSend2Service::send2Service ret=1
05-27 19:07:55.954   581   581 I SpiService: fgesysctrl_getGPIO_status success val=1
05-27 19:07:55.954 12246 12440 D ivicomm_CommManager: fgeComServiceCallback: {"command":{"id":"dsi_lux","sub":""},"content":{"value":200}}
05-27 19:07:55.954 12246 12440 D ivicomm_CallbackManager: registerCallback DSI_LUX: {"value":200} mCommStateCallbackMap size:4
05-27 19:07:55.955   536   536 D commservice260303: msg.id = 1028,1
05-27 19:07:55.955   536   536 D commservice260303: i = 170, msgid = 8A000404
05-27 19:07:55.955   536   536 D commservice260303: msgid = -1979710460,did=138
05-27 19:07:55.955   536   536 D commservice260303: CommProtocolLibCmdBaseI2C::dataproc {"command":{"id":"imu_status","sub":""},"content":{"TimeStamp":11,"FrameCounter":280844,"GD_X":-0.011300750076770782,"GD_Y":0.005039200186729431,"GD_Z":0.0011448472505435348,"AD_X":-0.006215989589691162,"AD_Y":0.003913795575499535,"AD_Z":-0.17134380340576172,"TempDsp":0,"Status":0,"CalibState":1,"SigAmpInvalid":0}},-1979710460
05-27 19:07:55.955   536   536 D commservice260303: send2Cluster len:316, 7B22636F6D6D616E64223A7B226964223A22696D755F737461747573222C22737562223A22227D2C22636F6E74656E74223A7B2254696D655374616D70223A31312C224672616D65436F756E746572223A3238303834342C2247445F58223A2D302E3031313330303735303037363737303738322C2247445F59223A302E3030353033393230303138363732393433312C2247445F5A223A302E303031313434383437323530353433353334382C2241445F58223A2D302E3030363231353938393538393639313136322C2241445F59223A302E3030333931333739353537353439393533352C2241445F5A223A2D302E31373133343338303334303537363137322C2254656D70447370223A302C22537461747573223A302C2243616C69625374617465223A312C22536967416D70496E76616C6964223A307D7D, 138 
05-27 19:07:55.955   536   536 D commservice260303: Push Message into SendPool fn=1301021696
05-27 19:07:55.955   536   536 D commservice260303: ComProtocolLibSend2Cluster::send2ClusterRaw fn=1301021696 , len=332
05-27 19:07:55.955   536   536 D commservice260303: sendCmdToPort :332!!!
05-27 19:07:55.955 11579 11619 D NSLogUtils_VehicleService: L2A comm state: id=dsi_lux, value=200
05-27 19:07:55.955   536   536 D commservice260303: send Cmd To Port ++++5AA501488A0100048C4D6A16D08B7B22636F6D6D616E64223A7B226964223A22696D755F737461747573222C22737562223A22227D2C22636F6E74656E74223A7B2254696D655374616D70223A31312C224672616D65436F756E746572223A3238303834342C2247445F58223A2D302E3031313330303735303037363737303738322C2247445F59223A302E3030353033393230303138363732393433312C2247445F5A223A302E303031313434383437323530353433353334382C2241445F58223A2D302E3030363231353938393538393639313136322C2241445F59223A302E3030333931333739353537353439393533352C2241445F5A223A2D302E31373133343338303334303537363137322C2254656D70447370223A302C22537461747573223A302C2243616C69625374617465223A312C22536967416D70496E76616C6964223A307D7D0537
05-27 19:07:55.955   536   536 D commservice260303: bufferevent_write retrun value = 0
05-27 19:07:55.955   536   560 D commservice260303: client datas send succeed,send finish
05-27 19:07:55.955 13911 14192 D Sentinelmode_1.2.5.17_sentry: <SentryImuClusterFgeSender>imu_status sent to Linux, frame=280844, tsNs=11943193, tsMs=11, intervalMs=41, ad=(-0.0062159896,0.0039137956,-0.1713438), gd=(-0.01130075,0.0050392,0.0011448473)
05-27 19:07:55.956 11344 12421 D SystemUI_SystemSettingsControllerService: onCommState: commandID = dsi_lux; value = 200
05-27 19:07:55.959   581   581 I SpiService: fgesysctrl_getGPIO_status success val=1
05-27 19:07:55.964   581   581 I SpiService: fgesysctrl_getGPIO_status success val=1
05-27 19:07:55.969 13911 14183 I SentryImuMcuAngleSender: 179.96497rollDeg
05-27 19:07:55.969 13911 14183 I SentryImuMcuAngleSender: 1,0,0
05-27 19:07:55.970   581   581 I SpiService: fgesysctrl_getGPIO_status success val=0
05-27 19:07:55.970   481   597 I mcuc    : send SPI:6AA602F09B00028305E96AA602F09C00028900E7
05-27 19:07:55.984   581   581 I SpiService: fgesysctrl_getGPIO_status success val=1
05-27 19:07:55.984   283   307 I rvcservice: t.code = 3, t.value = 0
05-27 19:07:55.989 13911 14183 I SentryImuMcuAngleSender: 179.96846rollDeg
05-27 19:07:55.989   581   581 I SpiService: fgesysctrl_getGPIO_status success val=1
05-27 19:07:55.989 13911 14183 I SentryImuMcuAngleSender: 1,0,0
05-27 19:07:55.995   581   581 I SpiService: fgesysctrl_getGPIO_status success val=1
05-27 19:07:55.995   536   536 D commservice260303: msg.id = 1028,0
05-27 19:07:55.995   536   536 D commservice260303: i = 170, msgid = 8A000404
05-27 19:07:55.995   536   536 D commservice260303: msgid = -1979710460,did=138
05-27 19:07:55.995   536   536 D commservice260303: CommProtocolLibCmdBaseI2C::dataproc {"command":{"id":"imu_status","sub":""},"content":{"TimeStamp":11,"FrameCounter":280845,"GD_X":-0.011377211660146713,"GD_Y":0.005268065724521875,"GD_Z":0.0018319635419175029,"AD_X":-0.004376158118247986,"AD_Y":0.003280674573034048,"AD_Z":-0.16890335083007812,"TempDsp":0,"Status":0,"CalibState":1,"SigAmpInvalid":0}},-1979710460
05-27 19:07:55.995   536   536 D commservice260303: send2Cluster len:316, 7B22636F6D6D616E64223A7B226964223A22696D755F737461747573222C22737562223A22227D2C22636F6E74656E74223A7B2254696D655374616D70223A31312C224672616D65436F756E746572223A3238303834352C2247445F58223A2D302E3031313337373231313636303134363731332C2247445F59223A302E3030353236383036353732343532313837352C2247445F5A223A302E303031383331393633353431393137353032392C2241445F58223A2D302E3030343337363135383131383234373938362C2241445F59223A302E3030333238303637343537333033343034382C2241445F5A223A2D302E31363839303333353038333030373831322C2254656D70447370223A302C22537461747573223A302C2243616C69625374617465223A312C22536967416D70496E76616C6964223A307D7D, 138 
05-27 19:07:55.995   536   536 D commservice260303: Push Message into SendPool fn=1317798912
05-27 19:07:55.995   536   536 D commservice260303: ComProtocolLibSend2Cluster::send2ClusterRaw fn=1317798912 , len=332
05-27 19:07:55.995   536   536 D commservice260303: sendCmdToPort :332!!!
05-27 19:07:55.995   536   536 D commservice260303: send Cmd To Port ++++5AA501488A0100048C4E6A16D08B7B22636F6D6D616E64223A7B226964223A22696D755F737461747573222C22737562223A22227D2C22636F6E74656E74223A7B2254696D655374616D70223A31312C224672616D65436F756E746572223A3238303834352C2247445F58223A2D302E3031313337373231313636303134363731332C2247445F59223A302E3030353236383036353732343532313837352C2247445F5A223A302E303031383331393633353431393137353032392C2241445F58223A2D302E3030343337363135383131383234373938362C2241445F59223A302E3030333238303637343537333033343034382C2241445F5A223A2D302E31363839303333353038333030373831322C2254656D70447370223A302C22537461747573223A302C2243616C69625374617465223A312C22536967416D70496E76616C6964223A307D7D842D
05-27 19:07:55.995   536   536 D commservice260303: bufferevent_write retrun value = 0
05-27 19:07:55.995   536   560 D commservice260303: client datas send succeed,send finish
05-27 19:07:55.997 13911 14192 D Sentinelmode_1.2.5.17_sentry: <SentryImuClusterFgeSender>imu_status sent to Linux, frame=280845, tsNs=11943228, tsMs=11, intervalMs=42, ad=(-0.004376158,0.0032806746,-0.16890335), gd=(-0.011377212,0.0052680657,0.0018319635)
05-27 19:07:56.000   581   581 I SpiService: fgesysctrl_getGPIO_status success val=1
05-27 19:07:56.004 30773 30786 I dvr_service_: CameraX 0  audioOK: 44736000,audios:700
05-27 19:07:56.005   581   581 I SpiService: fgesysctrl_getGPIO_status success val=1
05-27 08:59:04.970   581   581 D spidev_ioctl: gpio status=1)
05-27 19:07:56.010 13911 14183 I SentryImuMcuAngleSender: 179.97197rollDeg
05-27 19:07:56.010 13911 14183 I SentryImuMcuAngleSender: 1,0,0
05-27 19:07:56.011   581   581 I SpiService: fgesysctrl_getGPIO_status success val=0
05-27 08:59:04.975   581   581 D spi_rst_gpio_get_output: GPIO 145 value: 0
05-27 19:07:56.024   581   581 I SpiService: fgesysctrl_getGPIO_status success val=1
05-27 19:07:56.030 13911 14183 I SentryImuMcuAngleSender: 179.986rollDeg
05-27 19:07:56.030 13911 14183 I SentryImuMcuAngleSender: 1,0,0
05-27 19:07:56.030   581   581 I SpiService: fgesysctrl_getGPIO_status success val=1
05-27 19:07:56.031   572   572 I Sensors : 230 GyroSensor: x:-0.011835,y:0.005039,z:0.002061
05-27 19:07:56.035   581   581 I SpiService: fgesysctrl_getGPIO_status success val=1
05-27 19:07:56.035   536   536 D commservice260303: msg.id = 1028,0
05-27 19:07:56.035   536   536 D commservice260303: i = 170, msgid = 8A000404
05-27 19:07:56.035   536   536 D commservice260303: msgid = -1979710460,did=138
05-27 19:07:56.035   536   536 D commservice260303: CommProtocolLibCmdBaseI2C::dataproc {"command":{"id":"imu_status","sub":""},"content":{"TimeStamp":11,"FrameCounter":280846,"GD_X":-0.011834942735731602,"GD_Y":0.005039200186729431,"GD_Z":0.0020608289632946253,"AD_X":-1.0949373245239258E-4,"AD_Y":-0.0022109439596533775,"AD_Z":-0.17073345184326172,"TempDsp":0,"Status":0,"CalibState":1,"SigAmpInvalid":0}},-1979710460
05-27 19:07:56.035   536   536 D commservice260303: send2Cluster len:319, 7B22636F6D6D616E64223A7B226964223A22696D755F737461747573222C22737562223A22227D2C22636F6E74656E74223A7B2254696D655374616D70223A31312C224672616D65436F756E746572223A3238303834362C2247445F58223A2D302E3031313833343934323733353733313630322C2247445F59223A302E3030353033393230303138363732393433312C2247445F5A223A302E303032303630383238393633323934363235332C2241445F58223A2D312E30393439333733323435323339323538452D342C2241445F59223A2D302E303032323130393433393539363533333737352C2241445F5A223A2D302E31373037333334353138343332363137322C2254656D70447370223A302C22537461747573223A302C2243616C69625374617465223A312C22536967416D70496E76616C6964223A307D7D, 138 
05-27 19:07:56.035   536   536 D commservice260303: Push Message into SendPool fn=1334576128
05-27 19:07:56.035   536   536 D commservice260303: ComProtocolLibSend2Cluster::send2ClusterRaw fn=1334576128 , len=335
05-27 19:07:56.035   536   536 D commservice260303: sendCmdToPort :335!!!
05-27 19:07:56.035   536   536 D commservice260303: send Cmd To Port ++++5AA5014B8A0100048C4F6A16D08C7B22636F6D6D616E64223A7B226964223A22696D755F737461747573222C22737562223A22227D2C22636F6E74656E74223A7B2254696D655374616D70223A31312C224672616D65436F756E746572223A3238303834362C2247445F58223A2D302E3031313833343934323733353733313630322C2247445F59223A302E3030353033393230303138363732393433312C2247445F5A223A302E303032303630383238393633323934363235332C2241445F58223A2D312E30393439333733323435323339323538452D342C2241445F59223A2D302E303032323130393433393539363533333737352C2241445F5A223A2D302E31373037333334353138343332363137322C2254656D70447370223A302C22537461747573223A302C2243616C69625374617465223A312C22536967416D70496E76616C6964223A307D7D12E9
05-27 19:07:56.035   536   536 D commservice260303: bufferevent_write retrun value = 0
05-27 19:07:56.036   536   560 D commservice260303: client datas send succeed,send finish
05-27 19:07:56.036 13911 14192 D Sentinelmode_1.2.5.17_sentry: <SentryImuClusterFgeSender>imu_status sent to Linux, frame=280846, tsNs=11943282, tsMs=11, intervalMs=38, ad=(-1.0949373E-4,-0.002210944,-0.17073345), gd=(-0.011834943,0.0050392,0.002060829)
05-27 19:07:56.038 13911 14131 D SVR_MNG_SvrMngProxy: getServer: mSvrManger is null
05-27 19:07:56.038 13911 14131 D SVR_MNG_SvrMngProxy: getNewStub: 
05-27 19:07:56.039 13911 14131 D SVR_MNG_SvrMngProxy: getNewStub: getSvrManagerService start
05-27 19:07:56.039 13911 14131 D SVR_MNG_SvrMngProxy: getNewStub: getSvrManagerService end
05-27 19:07:56.039 13911 14131 D SVR_MNG_SvrMngProxy: getServer: svrMngService doesn't start
05-27 19:07:56.040   581   581 I SpiService: fgesysctrl_getGPIO_status success val=1
05-27 19:07:56.046   581   581 I SpiService: fgesysctrl_getGPIO_status success val=1
05-27 19:07:56.051 13911 14183 I SentryImuMcuAngleSender: -179.99649rollDeg
05-27 19:07:56.051   581   581 I SpiService: fgesysctrl_getGPIO_status success val=0
05-27 19:07:56.051 13911 14183 I SentryImuMcuAngleSender: 1,0,0
