05-27 19:07:50.774   536   536 D commservice260303: send Cmd To Port ++++5AA5014A8A0100048BCA6A16D0867B22636F6D6D616E64223A7B226964223A22696D755F737461747573222C22737562223A22227D2C22636F6E74656E74223A7B2254696D655374616D70223A31312C224672616D65436F756E746572223A3238303731362C2247445F58223A2D302E3031313638323031383633373635373136362C2247445F59223A302E303035363439383534383934373237343638352C2247445F5A223A302E3030323231333735323539353730373737342C2241445F58223A2D302E3030353234343635373339373237303230332C2241445F59223A2D302E303032393133323832393531333430303739332C2241445F5A223A2D302E31373638323933333830373337333034372C2254656D70447370223A302C22537461747573223A302C2243616C69625374617465223A312C22536967416D70496E76616C6964223A307D7D4EA5
05-27 19:07:50.774   536   536 D commservice260303: bufferevent_write retrun value = 0
05-27 19:07:50.774   536   560 D commservice260303: client datas send succeed,send finish
05-27 19:07:50.774 13911 14192 D Sentinelmode_1.2.5.17_sentry: <SentryImuClusterFgeSender>imu_status sent to Linux, frame=280716, tsNs=11938005, tsMs=11, intervalMs=39, ad=(-0.0052446574,-0.002913283,-0.17682934), gd=(-0.011682019,0.005649855,0.0022137526)
05-27 19:07:50.776   581   581 I SpiService: fgesysctrl_getGPIO_status success val=1
05-27 08:58:59.740   581   581 D spi_rst_gpio_get_output: GPIO 145 value: 1
05-27 08:58:59.740   581   581 D spidev_ioctl: gpio status=1)
05-27 19:07:50.780 13911 14183 I SentryImuMcuAngleSender: 179.95097rollDeg
05-27 19:07:50.780 13911 14183 I SentryImuMcuAngleSender: 1,0,0
05-27 19:07:50.781   581   581 I SpiService: fgesysctrl_getGPIO_status success val=1
05-27 08:58:59.746   581   581 D spi_rst_gpio_get_output: GPIO 145 value: 1
05-27 08:58:59.746   581   581 D spidev_ioctl: gpio status=1)
05-27 19:07:50.786   581   581 I SpiService: fgesysctrl_getGPIO_status success val=1
05-27 08:58:59.751   581   581 D spi_rst_gpio_get_output: GPIO 145 value: 1
05-27 08:58:59.751   581   581 D spidev_ioctl: gpio status=1)
05-27 08:58:59.757   581   581 D spi_rst_gpio_get_output: GPIO 145 value: 1
05-27 08:58:59.757   581   581 D spidev_ioctl: gpio status=1)
05-27 19:07:50.792   581   581 I SpiService: fgesysctrl_getGPIO_status success val=1
05-27 19:07:50.798   581   581 I SpiService: fgesysctrl_getGPIO_status success val=1
05-27 19:07:50.801 13911 14183 I SentryImuMcuAngleSender: 179.92996rollDeg
05-27 19:07:50.801 13911 14183 I SentryImuMcuAngleSender: 1,0,0
05-27 08:58:59.762   581   581 D spi_rst_gpio_get_output: GPIO 145 value: 1
05-27 08:58:59.762   581   581 D spidev_ioctl: gpio status=1)
05-27 19:07:50.803   581   581 I SpiService: fgesysctrl_getGPIO_status success val=0
05-27 08:58:59.768   581   581 D spi_rst_gpio_get_output: GPIO 145 value: 0
05-27 08:58:59.768   581   581 D spidev_ioctl: gpio status=0)
05-27 19:07:50.805   566  1171 I gps_hdbd: [gps_upgrade_thread 3506]Enter
05-27 19:07:50.805   566  1171 I gps_hdbd: [gps_upgrade_thread 3535] sys.gps.update:0 ,file:not ,upgrate_ing:0
05-27 19:07:50.809 13549 13549 I ADAYO_LOG_: handleMessage(UsbFunc.java:352)copyQnx = 0
05-27 19:07:50.810 13549 13549 I ADAYO_LOG_: handleMessage(UsbFunc.java:404)copyState = 2
05-27 19:07:50.814   536   536 D commservice260303: msg.id = 1028,1
05-27 19:07:50.814   536   536 D commservice260303: i = 170, msgid = 8A000404
05-27 19:07:50.814   536   536 D commservice260303: msgid = -1979710460,did=138
05-27 19:07:50.814   536   536 D commservice260303: CommProtocolLibCmdBaseI2C::dataproc {"command":{"id":"imu_status","sub":""},"content":{"TimeStamp":11,"FrameCounter":280717,"GD_X":-0.011759000830352306,"GD_Y":0.005039200186729431,"GD_Z":0.0015271564479917288,"AD_X":-0.007629811763763428,"AD_Y":0.002515199827030301,"AD_Z":-0.17438888549804688,"TempDsp":0,"Status":0,"CalibState":1,"SigAmpInvalid":0}},-1979710460
05-27 19:07:50.814   536   536 D commservice260303: send2Cluster len:316, 7B22636F6D6D616E64223A7B226964223A22696D755F737461747573222C22737562223A22227D2C22636F6E74656E74223A7B2254696D655374616D70223A31312C224672616D65436F756E746572223A3238303731372C2247445F58223A2D302E3031313735393030303833303335323330362C2247445F59223A302E3030353033393230303138363732393433312C2247445F5A223A302E303031353237313536343437393931373238382C2241445F58223A2D302E3030373632393831313736333736333432382C2241445F59223A302E3030323531353139393832373033303330312C2241445F5A223A2D302E31373433383838383534393830343638382C2254656D70447370223A302C22537461747573223A302C2243616C69625374617465223A312C22536967416D70496E76616C6964223A307D7D, 138 
05-27 19:07:50.814   536   536 D commservice260303: Push Message into SendPool fn=-880081920
05-27 19:07:50.814   536   536 D commservice260303: ComProtocolLibSend2Cluster::send2ClusterRaw fn=-880081920 , len=332
05-27 19:07:50.814   536   536 D commservice260303: sendCmdToPort :332!!!
05-27 19:07:50.815   536   536 D commservice260303: send Cmd To Port ++++5AA501488A0100048BCB6A16D0867B22636F6D6D616E64223A7B226964223A22696D755F737461747573222C22737562223A22227D2C22636F6E74656E74223A7B2254696D655374616D70223A31312C224672616D65436F756E746572223A3238303731372C2247445F58223A2D302E3031313735393030303833303335323330362C2247445F59223A302E3030353033393230303138363732393433312C2247445F5A223A302E303031353237313536343437393931373238382C2241445F58223A2D302E3030373632393831313736333736333432382C2241445F59223A302E3030323531353139393832373033303330312C2241445F5A223A2D302E31373433383838383534393830343638382C2254656D70447370223A302C22537461747573223A302C2243616C69625374617465223A312C22536967416D70496E76616C6964223A307D7D33E0
05-27 19:07:50.815   536   536 D commservice260303: bufferevent_write retrun value = 0
05-27 19:07:50.815   536   560 D commservice260303: client datas send succeed,send finish
05-27 19:07:50.815 13911 14192 D Sentinelmode_1.2.5.17_sentry: <SentryImuClusterFgeSender>imu_status sent to Linux, frame=280717, tsNs=11938058, tsMs=11, intervalMs=41, ad=(-0.0076298118,0.0025151998,-0.17438889), gd=(-0.011759001,0.0050392,0.0015271564)
05-27 19:07:50.817   581   581 I SpiService: fgesysctrl_getGPIO_status success val=1
05-27 08:58:59.782   581   581 D spi_rst_gpio_get_output: GPIO 145 value: 1
05-27 08:58:59.782   581   581 D spidev_ioctl: gpio status=1)
05-27 19:07:50.822 13911 14183 I SentryImuMcuAngleSender: 179.97548rollDeg
05-27 19:07:50.822 13911 14183 I SentryImuMcuAngleSender: 1,0,0
05-27 19:07:50.823   581   581 I SpiService: fgesysctrl_getGPIO_status success val=1
05-27 08:58:59.787   581   581 D spi_rst_gpio_get_output: GPIO 145 value: 1
05-27 08:58:59.787   581   581 D spidev_ioctl: gpio status=1)
05-27 19:07:50.828   581   581 I SpiService: fgesysctrl_getGPIO_status success val=1
05-27 08:58:59.793   581   581 D spi_rst_gpio_get_output: GPIO 145 value: 1
05-27 08:58:59.793   581   581 D spidev_ioctl: gpio status=1)
05-27 08:58:59.799   581   581 D spi_rst_gpio_get_output: GPIO 145 value: 1
05-27 08:58:59.799   581   581 D spidev_ioctl: gpio status=1)
05-27 19:07:50.835   581   581 I SpiService: fgesysctrl_getGPIO_status success val=1
05-27 19:07:50.841   581   581 I SpiService: fgesysctrl_getGPIO_status success val=1
05-27 08:58:59.805   581   581 D spi_rst_gpio_get_output: GPIO 145 value: 1
05-27 08:58:59.805   581   581 D spidev_ioctl: gpio status=1)
05-27 19:07:50.842 13911 14183 I SentryImuMcuAngleSender: -179.97899rollDeg
05-27 19:07:50.843 13911 14183 I SentryImuMcuAngleSender: 1,0,0
05-27 19:07:50.843   572   572 I Sensors : 230 AccelSensor: x:-0.169580,y:-0.006710,z:-9.977160
05-27 19:07:50.846   581   581 I SpiService: fgesysctrl_getGPIO_status success val=0
05-27 19:07:50.862   581   581 I SpiService: fgesysctrl_getGPIO_status success val=1
05-27 19:07:50.862   536   536 D commservice260303: msg.id = 1028,0
05-27 19:07:50.862   536   536 D commservice260303: i = 170, msgid = 8A000404
05-27 19:07:50.862   536   536 D commservice260303: msgid = -1979710460,did=138
05-27 19:07:50.862 13911 14183 I SentryImuMcuAngleSender: -179.96498rollDeg
05-27 19:07:50.862   536   536 D commservice260303: CommProtocolLibCmdBaseI2C::dataproc {"command":{"id":"imu_status","sub":""},"content":{"TimeStamp":11,"FrameCounter":280718,"GD_X":-0.011300750076770782,"GD_Y":0.005420989356935024,"GD_Z":0.0021378109231591225,"AD_X":-0.001527160406112671,"AD_Y":-0.008421212434768677,"AD_Z":-0.17194843292236328,"TempDsp":0,"Status":0,"CalibState":1,"SigAmpInvalid":0}},-1979710460
05-27 19:07:50.862 13911 14183 I SentryImuMcuAngleSender: 1,0,0
05-27 19:07:50.863   536   536 D commservice260303: send2Cluster len:317, 7B22636F6D6D616E64223A7B226964223A22696D755F737461747573222C22737562223A22227D2C22636F6E74656E74223A7B2254696D655374616D70223A31312C224672616D65436F756E746572223A3238303731382C2247445F58223A2D302E3031313330303735303037363737303738322C2247445F59223A302E3030353432303938393335363933353032342C2247445F5A223A302E303032313337383130393233313539313232352C2241445F58223A2D302E3030313532373136303430363131323637312C2241445F59223A2D302E3030383432313231323433343736383637372C2241445F5A223A2D302E31373139343834333239323233363332382C2254656D70447370223A302C22537461747573223A302C2243616C69625374617465223A312C22536967416D70496E76616C6964223A307D7D, 138 
05-27 19:07:50.863   536   536 D commservice260303: Push Message into SendPool fn=-863304704
05-27 19:07:50.863   536   536 D commservice260303: ComProtocolLibSend2Cluster::send2ClusterRaw fn=-863304704 , len=333
05-27 19:07:50.863   536   536 D commservice260303: sendCmdToPort :333!!!
05-27 19:07:50.863   536   536 D commservice260303: send Cmd To Port ++++5AA501498A0100048BCC6A16D0867B22636F6D6D616E64223A7B226964223A22696D755F737461747573222C22737562223A22227D2C22636F6E74656E74223A7B2254696D655374616D70223A31312C224672616D65436F756E746572223A3238303731382C2247445F58223A2D302E3031313330303735303037363737303738322C2247445F59223A302E3030353432303938393335363933353032342C2247445F5A223A302E303032313337383130393233313539313232352C2241445F58223A2D302E3030313532373136303430363131323637312C2241445F59223A2D302E3030383432313231323433343736383637372C2241445F5A223A2D302E31373139343834333239323233363332382C2254656D70447370223A302C22537461747573223A302C2243616C69625374617465223A312C22536967416D70496E76616C6964223A307D7D7785
05-27 19:07:50.863   536   536 D commservice260303: bufferevent_write retrun value = 0
05-27 19:07:50.863   536   560 D commservice260303: client datas send succeed,send finish
05-27 19:07:50.863 13911 14192 D Sentinelmode_1.2.5.17_sentry: <SentryImuClusterFgeSender>imu_status sent to Linux, frame=280718, tsNs=11938094, tsMs=11, intervalMs=48, ad=(-0.0015271604,-0.008421212,-0.17194843), gd=(-0.01130075,0.0054209894,0.002137811)
05-27 19:07:50.868   581   581 I SpiService: fgesysctrl_getGPIO_status success val=1
05-27 19:07:50.870 11344 11344 E SystemUI_NavBarFragment: SysUIConfig.icCarServiceConnected：false
05-27 19:07:50.873   581   581 I SpiService: fgesysctrl_getGPIO_status success val=1
05-27 19:07:50.873   283   307 I rvcservice: t.code = 7, t.value = 11938023
05-27 08:58:59.838   581   581 D spi_rst_gpio_get_output: GPIO 145 value: 1
05-27 08:58:59.838   581   581 D spidev_ioctl: gpio status=1)
05-27 19:07:50.879   581   581 I SpiService: fgesysctrl_getGPIO_status success val=1
05-27 19:07:50.881   536   536 W commservice260303: [FgeComService::getAQConnectStatus:378]
05-27 19:07:50.881   536   536 W commservice260303: [mcuCommFunctionTcp::getAQConnectStatus:406] 1
05-27 19:07:50.881   536   536 W commservice260303: [FgeComService::getAQConnectStatus:380] status:1
05-27 19:07:50.881 12246 12246 E ivicomm_CommManager: getA2lConnectStatus aqConnectStatus:1
05-27 19:07:50.881 12246 12246 D ivicomm_ConnectStateManager: notifyState newState=1curState=1
05-27 19:07:50.883 13911 14183 I SentryImuMcuAngleSender: -179.993rollDeg
05-27 19:07:50.883 13911 14183 I SentryImuMcuAngleSender: 1,0,0
05-27 19:07:50.885   581   581 I SpiService: fgesysctrl_getGPIO_status success val=0
05-27 19:07:50.885 30773 30786 I dvr_service_: CameraX 0  audioOK: 39616000,audios:620
05-27 19:07:50.898   536   536 D commservice260303: msg.id = 1028,0
05-27 19:07:50.898   536   536 D commservice260303: i = 170, msgid = 8A000404
05-27 19:07:50.898   536   536 D commservice260303: msgid = -1979710460,did=138
05-27 19:07:50.898   536   536 D commservice260303: CommProtocolLibCmdBaseI2C::dataproc {"command":{"id":"imu_status","sub":""},"content":{"TimeStamp":11,"FrameCounter":280719,"GD_X":-0.011377211660146713,"GD_Y":0.005573912989348173,"GD_Z":0.0018319635419175029,"AD_X":-0.0027556419372558594,"AD_Y":-0.0028971154242753983,"AD_Z":-0.17316913604736328,"TempDsp":0,"Status":0,"CalibState":1,"SigAmpInvalid":0}},-1979710460
05-27 19:07:50.899   536   536 D commservice260303: send2Cluster len:319, 7B22636F6D6D616E64223A7B226964223A22696D755F737461747573222C22737562223A22227D2C22636F6E74656E74223A7B2254696D655374616D70223A31312C224672616D65436F756E746572223A3238303731392C2247445F58223A2D302E3031313337373231313636303134363731332C2247445F59223A302E3030353537333931323938393334383137332C2247445F5A223A302E303031383331393633353431393137353032392C2241445F58223A2D302E303032373535363431393337323535383539342C2241445F59223A2D302E303032383937313135343234323735333938332C2241445F5A223A2D302E31373331363931333630343733363332382C2254656D70447370223A302C22537461747573223A302C2243616C69625374617465223A312C22536967416D70496E76616C6964223A307D7D, 138 
05-27 19:07:50.899   536   536 D commservice260303: Push Message into SendPool fn=-846527488
05-27 19:07:50.899   536   536 D commservice260303: ComProtocolLibSend2Cluster::send2ClusterRaw fn=-846527488 , len=335
05-27 19:07:50.899   536   536 D commservice260303: sendCmdToPort :335!!!
05-27 19:07:50.899   536   536 D commservice260303: send Cmd To Port ++++5AA5014B8A0100048BCD6A16D0867B22636F6D6D616E64223A7B226964223A22696D755F737461747573222C22737562223A22227D2C22636F6E74656E74223A7B2254696D655374616D70223A31312C224672616D65436F756E746572223A3238303731392C2247445F58223A2D302E3031313337373231313636303134363731332C2247445F59223A302E3030353537333931323938393334383137332C2247445F5A223A302E303031383331393633353431393137353032392C2241445F58223A2D302E303032373535363431393337323535383539342C2241445F59223A2D302E303032383937313135343234323735333938332C2241445F5A223A2D302E31373331363931333630343733363332382C2254656D70447370223A302C22537461747573223A302C2243616C69625374617465223A312C22536967416D70496E76616C6964223A307D7D08E4
05-27 19:07:50.899   536   536 D commservice260303: bufferevent_write retrun value = 0
05-27 19:07:50.899 13911 14192 D Sentinelmode_1.2.5.17_sentry: <SentryImuClusterFgeSender>imu_status sent to Linux, frame=280719, tsNs=11938129, tsMs=11, intervalMs=36, ad=(-0.002755642,-0.0028971154,-0.17316914), gd=(-0.011377212,0.005573913,0.0018319635)
05-27 19:07:50.900   581   581 I SpiService: fgesysctrl_getGPIO_status success val=1
05-27 19:07:50.900   536   560 D commservice260303: client datas send succeed,send finish
05-27 19:07:50.903 13911 14183 I SentryImuMcuAngleSender: 179.98949rollDeg
05-27 19:07:50.903 13911 14183 I SentryImuMcuAngleSender: 1,0,0
05-27 19:07:50.906   581   581 I SpiService: fgesysctrl_getGPIO_status success val=1
05-27 19:07:50.911   581   581 I SpiService: fgesysctrl_getGPIO_status success val=1
05-27 19:07:50.917   581   581 I SpiService: fgesysctrl_getGPIO_status success val=1
05-27 19:07:50.924 13911 14183 I SentryImuMcuAngleSender: 180.0rollDeg
05-27 19:07:50.924 13911 14183 I SentryImuMcuAngleSender: 1,0,0
05-27 19:07:50.925   581   581 I SpiService: fgesysctrl_getGPIO_status success val=0
05-27 19:07:50.929   536   560 D commservice260303: recv len:77, 5AA500490600000046266A16D0867B22636F6D6D616E64223A7B226964223A226473695F6C7578222C22737562223A22227D2C22636F6E74656E74223A7B2276616C7565223A3230307D7D59FB from server
05-27 19:07:50.929   536  2578 D commservice260303: mcuDataAnalyzeHandle templen:77,len:77,pos:0, 5AA500490600000046266A16D0867B22636F6D6D616E64223A7B226964223A226473695F6C7578222C22737562223A22227D2C22636F6E74656E74223A7B2276616C7565223A3230307D7D59FB 
05-27 19:07:50.929   536  2578 I commservice260303: checksumCal = 23035
05-27 19:07:50.929   536  2578 D commservice260303: CommProtocolLibCmdBaseC2I::dataproc {"command":{"id":"dsi_lux","sub":""},"content":{"value":200}},6
05-27 19:07:50.929   536  2578 D commservice260303: mcuCommMessageManager::notifyMsgToClient hwbinder OK
05-27 19:07:50.929   536  2578 D commservice260303: McuProtocolLibSend2Service::send2Service ret=1
05-27 19:07:50.929 12246 12440 D ivicomm_CommManager: fgeComServiceCallback: {"command":{"id":"dsi_lux","sub":""},"content":{"value":200}}
05-27 19:07:50.929 12246 12440 D ivicomm_CallbackManager: registerCallback DSI_LUX: {"value":200} mCommStateCallbackMap size:4
05-27 19:07:50.930 11579 11619 D NSLogUtils_VehicleService: L2A comm state: id=dsi_lux, value=200
05-27 19:07:50.931 11344 12421 D SystemUI_SystemSettingsControllerService: onCommState: commandID = dsi_lux; value = 200
05-27 19:07:50.932   572   572 I Sensors : 230 GyroSensor: x:-0.012140,y:0.005574,z:0.002138
05-27 19:07:50.938   536   536 D commservice260303: msg.id = 1028,0
05-27 19:07:50.938   536   536 D commservice260303: i = 170, msgid = 8A000404
05-27 19:07:50.938   536   536 D commservice260303: msgid = -1979710460,did=138
05-27 19:07:50.938   536   536 D commservice260303: CommProtocolLibCmdBaseI2C::dataproc {"command":{"id":"imu_status","sub":""},"content":{"TimeStamp":11,"FrameCounter":280720,"GD_X":-0.012139749713242054,"GD_Y":0.005573912989348173,"GD_Z":0.0021378109231591225,"AD_X":-3.312230110168457E-4,"AD_Y":-0.0053136348724365234,"AD_Z":-0.17316913604736328,"TempDsp":0,"Status":0,"CalibState":1,"SigAmpInvalid":0}},-1979710460
05-27 19:07:50.938   536   536 D commservice260303: send2Cluster len:318, 7B22636F6D6D616E64223A7B226964223A22696D755F737461747573222C22737562223A22227D2C22636F6E74656E74223A7B2254696D655374616D70223A31312C224672616D65436F756E746572223A3238303732302C2247445F58223A2D302E3031323133393734393731333234323035342C2247445F59223A302E3030353537333931323938393334383137332C2247445F5A223A302E303032313337383130393233313539313232352C2241445F58223A2D332E333132323330313130313638343537452D342C2241445F59223A2D302E303035333133363334383732343336353233342C2241445F5A223A2D302E31373331363931333630343733363332382C2254656D70447370223A302C22537461747573223A302C2243616C69625374617465223A312C22536967416D70496E76616C6964223A307D7D, 138 
05-27 19:07:50.938   536   536 D commservice260303: Push Message into SendPool fn=-829750272
05-27 19:07:50.938   536   536 D commservice260303: ComProtocolLibSend2Cluster::send2ClusterRaw fn=-829750272 , len=334
05-27 19:07:50.938   536   536 D commservice260303: sendCmdToPort :334!!!
05-27 19:07:50.939   536   536 D commservice260303: send Cmd To Port ++++5AA5014A8A0100048BCE6A16D0867B22636F6D6D616E64223A7B226964223A22696D755F737461747573222C22737562223A22227D2C22636F6E74656E74223A7B2254696D655374616D70223A31312C224672616D65436F756E746572223A3238303732302C2247445F58223A2D302E3031323133393734393731333234323035342C2247445F59223A302E3030353537333931323938393334383137332C2247445F5A223A302E303032313337383130393233313539313232352C2241445F58223A2D332E333132323330313130313638343537452D342C2241445F59223A2D302E303035333133363334383732343336353233342C2241445F5A223A2D302E31373331363931333630343733363332382C2254656D70447370223A302C22537461747573223A302C2243616C69625374617465223A312C22536967416D70496E76616C6964223A307D7DC3EC
05-27 19:07:50.939   536   536 D commservice260303: bufferevent_write retrun value = 0
05-27 19:07:50.939   536   560 D commservice260303: client datas send succeed,send finish
05-27 19:07:50.939 13911 14192 D Sentinelmode_1.2.5.17_sentry: <SentryImuClusterFgeSender>imu_status sent to Linux, frame=280720, tsNs=11938183, tsMs=11, intervalMs=39, ad=(-3.31223E-4,-0.005313635,-0.17316914), gd=(-0.01213975,0.005573913,0.002137811)
05-27 19:07:50.942   581   581 I SpiService: fgesysctrl_getGPIO_status success val=1
05-27 19:07:50.944 13911 14183 I SentryImuMcuAngleSender: -179.97899rollDeg
05-27 19:07:50.944 13911 14183 I SentryImuMcuAngleSender: 1,0,0
05-27 19:07:50.946 30773 30786 I dvr_service_: CameraX 1  audioOK: 39616000,audios:620
05-27 19:07:50.948   581   581 I SpiService: fgesysctrl_getGPIO_status success val=1
05-27 19:07:50.950 13911 13911 I Sentinelmode_1.2.5.17_sentry: <SentinelCarServiceManager>sensorType:291504647
05-27 19:07:50.953   581   581 I SpiService: fgesysctrl_getGPIO_status success val=1
05-27 08:58:59.918   581   581 D spi_rst_gpio_get_output: GPIO 145 value: 1
05-27 08:58:59.918   581   581 D spidev_ioctl: gpio status=1)
05-27 19:07:50.958   581   581 I SpiService: fgesysctrl_getGPIO_status success val=1
05-27 08:58:59.923   581   581 D spi_rst_gpio_get_output: GPIO 145 value: 1
05-27 19:07:50.964   581   581 I SpiService: fgesysctrl_getGPIO_status success val=1
05-27 19:07:50.965 13911 14183 I SentryImuMcuAngleSender: -179.97548rollDeg
05-27 19:07:50.965 13911 14183 I SentryImuMcuAngleSender: 1,0,0
05-27 19:07:50.969   581   581 I SpiService: fgesysctrl_getGPIO_status success val=0
05-27 08:58:59.934   581   581 D spi_rst_gpio_get_output: GPIO 145 value: 0
05-27 08:58:59.934   581   581 D spidev_ioctl: gpio status=0)
05-27 19:07:50.974   283   307 I rvcservice: t.code = 3, t.value = 0
05-27 19:07:50.979   536   536 D commservice260303: msg.id = 1028,0
05-27 19:07:50.979   536   536 D commservice260303: i = 170, msgid = 8A000404
05-27 19:07:50.979   536   536 D commservice260303: msgid = -1979710460,did=138
05-27 19:07:50.979   536   536 D commservice260303: CommProtocolLibCmdBaseI2C::dataproc {"command":{"id":"imu_status","sub":""},"content":{"TimeStamp":11,"FrameCounter":280721,"GD_X":-0.011834942735731602,"GD_Y":0.0057257963344454765,"GD_Z":0.002443138277158141,"AD_X":-0.006419733166694641,"AD_Y":-0.005277746357023716,"AD_Z":-0.17316913604736328,"TempDsp":0,"Status":0,"CalibState":1,"SigAmpInvalid":0}},-1979710460
05-27 19:07:50.979   536   536 D commservice260303: send2Cluster len:317, 7B22636F6D6D616E64223A7B226964223A22696D755F737461747573222C22737562223A22227D2C22636F6E74656E74223A7B2254696D655374616D70223A31312C224672616D65436F756E746572223A3238303732312C2247445F58223A2D302E3031313833343934323733353733313630322C2247445F59223A302E303035373235373936333334343435343736352C2247445F5A223A302E3030323434333133383237373135383134312C2241445F58223A2D302E3030363431393733333136363639343634312C2241445F59223A2D302E3030353237373734363335373032333731362C2241445F5A223A2D302E31373331363931333630343733363332382C2254656D70447370223A302C22537461747573223A302C2243616C69625374617465223A312C22536967416D70496E76616C6964223A307D7D, 138 
05-27 19:07:50.979   536   536 D commservice260303: Push Message into SendPool fn=-812973056
05-27 19:07:50.979   536   536 D commservice260303: ComProtocolLibSend2Cluster::send2ClusterRaw fn=-812973056 , len=333
05-27 19:07:50.979   536   536 D commservice260303: sendCmdToPort :333!!!
05-27 19:07:50.979   536   536 D commservice260303: send Cmd To Port ++++5AA501498A0100048BCF6A16D0867B22636F6D6D616E64223A7B226964223A22696D755F737461747573222C22737562223A22227D2C22636F6E74656E74223A7B2254696D655374616D70223A31312C224672616D65436F756E746572223A3238303732312C2247445F58223A2D302E3031313833343934323733353733313630322C2247445F59223A302E303035373235373936333334343435343736352C2247445F5A223A302E3030323434333133383237373135383134312C2241445F58223A2D302E3030363431393733333136363639343634312C2241445F59223A2D302E3030353237373734363335373032333731362C2241445F5A223A2D302E31373331363931333630343733363332382C2254656D70447370223A302C22537461747573223A302C2243616C69625374617465223A312C22536967416D70496E76616C6964223A307D7DCE67
05-27 19:07:50.979   536   536 D commservice260303: bufferevent_write retrun value = 0
05-27 19:07:50.979   536   560 D commservice260303: client datas send succeed,send finish
05-27 19:07:50.979 13911 14192 D Sentinelmode_1.2.5.17_sentry: <SentryImuClusterFgeSender>imu_status sent to Linux, frame=280721, tsNs=11938219, tsMs=11, intervalMs=41, ad=(-0.006419733,-0.0052777464,-0.17316914), gd=(-0.011834943,0.0057257963,0.0024431383)
05-27 19:07:50.983   581   581 I SpiService: fgesysctrl_getGPIO_status success val=1
05-27 19:07:50.984   481   598 I mcuc    : rev,n=1,6AA681F081008C8305000055000000B000000000000100010000A7D2D7B1460F05D748D7464D2DD747AE8DD748B23469A3B968D600000000040000B3000000000000000000000000000000B44300000000000300000000000000AA000000E40701010000000000000000BB06050507EA051B000008009403CB00CC000000000000000000000000000000B5000000000000000072
05-27 19:07:50.985   351   373 D automotive.vehicle@2.0-adayo-datacomm-mcu: MCUDatacomm sendMessageFromVehicle prop: 0x83, areaId: 0x5, status: 0x0, timestamp: 0x0
05-27 19:07:50.985   351   373 D automotive.vehicle@2.0-adayo-datacomm-mcu: MCUDatacomm 1sendMessageFromVehicle ---> type = 7 
05-27 19:07:50.985   351   373 I automotive.vehicle@2.0-adayo-func-mcu: MCUFunc :sendMessageFromVehicle  msgBuff[0] = 131 
05-27 19:07:50.985   351   373 I automotive.vehicle@2.0-adayo-func-mcu: MCUFunc :sendMessageFromVehicle  msgBuff[1] = 5 
05-27 19:07:50.985   351   373 I automotive.vehicle@2.0-adayo-func-mcu: MCUFunc :sendMessageFromVehicle  msgBuff[2] = 0 
05-27 19:07:50.985   351   373 I automotive.vehicle@2.0-adayo-func-mcu: MCUFunc :sendMessageFromVehicle  msgBuff[3] = 0 
05-27 19:07:50.985   351   373 I automotive.vehicle@2.0-adayo-func-mcu: MCUFunc :sendMessageFromVehicle  msgBuff[4] = 85 
05-27 19:07:50.985   351   373 I automotive.vehicle@2.0-adayo-func-mcu: MCUFunc :sendMessageFromVehicle  msgBuff[5] = 0 
05-27 19:07:50.986 13911 14183 I SentryImuMcuAngleSender: -179.97899rollDeg
05-27 19:07:50.987   481   598 I mcuc    : rev,n=2,6AA681F082009E8B3002A701020403A0030000030100000100000000002901A100000000003B000202000002020002A208FA29018000028000038000048000A3058000068000070000080000000000A4000000000000000000000101000700A502000000010102000200FF0100A6A8DD01010101010000000101010000000A0A0A0000010101040402020000000000000000000000000000000000000000000000000000EE0D
05-27 19:07:50.987 13911 14183 I SentryImuMcuAngleSender: 1,0,0
05-27 19:07:50.988   581   581 I SpiService: fgesysctrl_getGPIO_status success val=1
05-27 19:07:50.989   481   598 I mcuc    : rev,n=3,6AA681F083001B8900390600030E30313233343536373839414243444546470000002F
05-27 19:07:50.990   351   373 D automotive.vehicle@2.0-adayo-datacomm-mcu: MCUDatacomm sendMessageFromVehicle prop: 0x89, areaId: 0x0, status: 0x39, timestamp: 0x6
05-27 19:07:50.990   351   373 D automotive.vehicle@2.0-adayo-datacomm-mcu: MCUDatacomm 1sendMessageFromVehicle ---> type = 3 
05-27 19:07:50.990   351   373 D automotive.vehicle@2.0-adayo-func-bcm: sendMessageFromVehicle sendMessageFromVehicle
05-27 19:07:50.990   351   516 D automotive.vehicle@2.0-adayo-func-bcm: jjfan1 ______procotolSize :1
05-27 19:07:50.990   351   516 D automotive.vehicle@2.0-adayo-func-bcm: BCMFunc sendMessageFromVehicle_l dataType: 13,mByte=7,propid=0x2110001a
05-27 19:07:50.990   351   516 D automotive.vehicle@2.0-adayo-func-bcm: BCMFunc VEHICLE_VIN_CODE111 0x2110001a 
05-27 19:07:50.990   351   516 E automotive.vehicle@2.0-adayo-func-bcm: byteArrayToASCIIString, index 7 hex: 30, ascii: 0
05-27 19:07:50.990   351   516 E automotive.vehicle@2.0-adayo-func-bcm: byteArrayToASCIIString, index 8 hex: 31, ascii: 01
05-27 19:07:50.990   351   516 E automotive.vehicle@2.0-adayo-func-bcm: byteArrayToASCIIString, index 9 hex: 32, ascii: 012
05-27 19:07:50.990   351   516 E automotive.vehicle@2.0-adayo-func-bcm: byteArrayToASCIIString, index 10 hex: 33, ascii: 0123
05-27 19:07:50.990   351   516 E automotive.vehicle@2.0-adayo-func-bcm: byteArrayToASCIIString, index 11 hex: 34, ascii: 01234
05-27 19:07:50.990   351   516 E automotive.vehicle@2.0-adayo-func-bcm: byteArrayToASCIIString, index 12 hex: 35, ascii: 012345
05-27 19:07:50.990   351   516 E automotive.vehicle@2.0-adayo-func-bcm: byteArrayToASCIIString, index 13 hex: 36, ascii: 0123456
05-27 19:07:50.990   351   516 E automotive.vehicle@2.0-adayo-func-bcm: byteArrayToASCIIString, index 14 hex: 37, ascii: 01234567
05-27 19:07:50.990   351   516 E automotive.vehicle@2.0-adayo-func-bcm: byteArrayToASCIIString, index 15 hex: 38, ascii: 012345678
05-27 19:07:50.990   351   516 E automotive.vehicle@2.0-adayo-func-bcm: byteArrayToASCIIString, index 16 hex: 39, ascii: 0123456789
05-27 19:07:50.990   351   516 E automotive.vehicle@2.0-adayo-func-bcm: byteArrayToASCIIString, index 17 hex: 41, ascii: 0123456789A
05-27 19:07:50.990   351   516 E automotive.vehicle@2.0-adayo-func-bcm: byteArrayToASCIIString, index 18 hex: 42, ascii: 0123456789AB
05-27 19:07:50.990   351   516 E automotive.vehicle@2.0-adayo-func-bcm: byteArrayToASCIIString, index 19 hex: 43, ascii: 0123456789ABC
05-27 19:07:50.990   351   516 E automotive.vehicle@2.0-adayo-func-bcm: byteArrayToASCIIString, index 20 hex: 44, ascii: 0123456789ABCD
05-27 19:07:50.991   351   516 E automotive.vehicle@2.0-adayo-func-bcm: byteArrayToASCIIString, index 21 hex: 45, ascii: 0123456789ABCDE
05-27 19:07:50.991   351   516 E automotive.vehicle@2.0-adayo-func-bcm: byteArrayToASCIIString, index 22 hex: 46, ascii: 0123456789ABCDEF
05-27 19:07:50.991   351   516 E automotive.vehicle@2.0-adayo-func-bcm: byteArrayToASCIIString, index 23 hex: 47, ascii: 0123456789ABCDEFG
05-27 19:07:50.991   351   516 D automotive.vehicle@2.0-adayo-func-bcm: BCMFunc VEHICLE_VIN_CODE222 0x2110001a ,value:0123456789ABCDEFG
05-27 19:07:50.991   351   516 D automotive.vehicle@2.0-adayo-func-bcm: BCMFunc sendMessageFromVehicle_l id:554696730, area:0 not report! 
05-27 19:07:50.994   581   581 I SpiService: fgesysctrl_getGPIO_status success val=1
05-27 08:58:59.959   581   581 D spidev_ioctl: gpio status=1)
05-27 19:07:51.001   581   581 I SpiService: fgesysctrl_getGPIO_status success val=1
05-27 19:07:51.006   581   581 I SpiService: fgesysctrl_getGPIO_status success val=0
05-27 19:07:51.007   481   597 I mcuc    : send SPI:6AA602F08100028305036AA602F08200028B30CF6AA602F0830002890000
05-27 19:07:51.008 13911 14183 I SentryImuMcuAngleSender: 180.0rollDeg
05-27 19:07:51.008 13911 14183 I SentryImuMcuAngleSender: 1,0,0
05-27 08:58:59.971   581   581 D spi_rst_gpio_get_output: GPIO 145 value: 0
05-27 19:07:51.022   536   536 D commservice260303: msg.id = 1028,0
05-27 19:07:51.022   536   536 D commservice260303: i = 170, msgid = 8A000404
05-27 19:07:51.022   536   536 D commservice260303: msgid = -1979710460,did=138
05-27 19:07:51.022   536   536 D commservice260303: CommProtocolLibCmdBaseI2C::dataproc {"command":{"id":"imu_status","sub":""},"content":{"TimeStamp":11,"FrameCounter":280722,"GD_X":-0.011910883709788322,"GD_Y":0.004656890872865915,"GD_Z":0.001679039909504354,"AD_X":-0.004575252532958984,"AD_Y":-0.0016043151263147593,"AD_Z":-0.17194843292236328,"TempDsp":0,"Status":0,"CalibState":1,"SigAmpInvalid":0}},-1979710460
05-27 19:07:51.022   536   536 D commservice260303: send2Cluster len:317, 7B22636F6D6D616E64223A7B226964223A22696D755F737461747573222C22737562223A22227D2C22636F6E74656E74223A7B2254696D655374616D70223A31312C224672616D65436F756E746572223A3238303732322C2247445F58223A2D302E3031313931303838333730393738383332322C2247445F59223A302E3030343635363839303837323836353931352C2247445F5A223A302E3030313637393033393930393530343335342C2241445F58223A2D302E3030343537353235323533323935383938342C2241445F59223A2D302E303031363034333135313236333134373539332C2241445F5A223A2D302E31373139343834333239323233363332382C2254656D70447370223A302C22537461747573223A302C2243616C69625374617465223A312C22536967416D70496E76616C6964223A307D7D, 138 
05-27 19:07:51.022   536   536 D commservice260303: Push Message into SendPool fn=-796195840
05-27 19:07:51.022   536   536 D commservice260303: ComProtocolLibSend2Cluster::send2ClusterRaw fn=-796195840 , len=333
05-27 19:07:51.022   536   536 D commservice260303: sendCmdToPort :333!!!
05-27 19:07:51.022   536   536 D commservice260303: send Cmd To Port ++++5AA501498A0100048BD06A16D0877B22636F6D6D616E64223A7B226964223A22696D755F737461747573222C22737562223A22227D2C22636F6E74656E74223A7B2254696D655374616D70223A31312C224672616D65436F756E746572223A3238303732322C2247445F58223A2D302E3031313931303838333730393738383332322C2247445F59223A302E3030343635363839303837323836353931352C2247445F5A223A302E3030313637393033393930393530343335342C2241445F58223A2D302E3030343537353235323533323935383938342C2241445F59223A2D302E303031363034333135313236333134373539332C2241445F5A223A2D302E31373139343834333239323233363332382C2254656D70447370223A302C22537461747573223A302C2243616C69625374617465223A312C22536967416D70496E76616C6964223A307D7D6170
05-27 19:07:51.022   581   581 I SpiService: fgesysctrl_getGPIO_status success val=1
05-27 19:07:51.022   536   536 D commservice260303: bufferevent_write retrun value = 0
05-27 19:07:51.022   536   560 D commservice260303: client datas send succeed,send finish
05-27 19:07:51.022 13911 14192 D Sentinelmode_1.2.5.17_sentry: <SentryImuClusterFgeSender>imu_status sent to Linux, frame=280722, tsNs=11938254, tsMs=11, intervalMs=43, ad=(-0.0045752525,-0.0016043151,-0.17194843), gd=(-0.011910884,0.004656891,0.0016790399)
05-27 08:58:59.987   581   581 D spi_rst_gpio_get_output: GPIO 145 value: 1
05-27 19:07:51.026 13911 14131 D SVR_MNG_SvrMngProxy: getServer: mSvrManger is null
05-27 19:07:51.026 13911 14131 D SVR_MNG_SvrMngProxy: getNewStub: 
05-27 19:07:51.026 13911 14131 D SVR_MNG_SvrMngProxy: getNewStub: getSvrManagerService start
05-27 19:07:51.027 13911 14131 D SVR_MNG_SvrMngProxy: getNewStub: getSvrManagerService end
05-27 19:07:51.027 13911 14131 D SVR_MNG_SvrMngProxy: getServer: svrMngService doesn't start
05-27 19:07:51.027  1982  1982 E health_guardian: UID for PID 11579 is 1000
05-27 19:07:51.027  1982  1982 E health_guardian: The 1000 process is system app,I refused to kill it,try next one!
05-27 19:07:51.027  1982  1982 E health_guardian: UID for PID 13435 is 1000
05-27 19:07:51.027  1982  1982 E health_guardian: The 1000 process is system app,I refused to kill it,try next one!
05-27 19:07:51.027  1982  1982 E health_guardian: UID for PID 13911 is 1000
05-27 19:07:51.027  1982  1982 E health_guardian: The 1000 process is system app,I refused to kill it,try next one!
05-27 19:07:51.027   581   581 I SpiService: fgesysctrl_getGPIO_status success val=1
05-27 19:07:51.028 13911 14183 I SentryImuMcuAngleSender: 180.0rollDeg
05-27 19:07:51.028 13911 14183 I SentryImuMcuAngleSender: 1,0,0
05-27 19:07:51.033   581   581 I SpiService: fgesysctrl_getGPIO_status success val=1
05-27 19:07:51.038   581   581 I SpiService: fgesysctrl_getGPIO_status success val=1
05-27 19:07:51.039   572   622 I Sensors : 230 AccelSensor: x:-0.174459,y:0.000000,z:-9.977160
05-27 19:07:51.044   581   581 I SpiService: fgesysctrl_getGPIO_status success val=0
05-27 19:07:51.049 13911 14183 I SentryImuMcuAngleSender: 180.0rollDeg
05-27 19:07:51.049 13911 14183 I SentryImuMcuAngleSender: 1,0,0
05-27 19:07:51.058   581   581 I SpiService: fgesysctrl_getGPIO_status success val=1
05-27 19:07:51.060   536   536 D commservice260303: msg.id = 1028,0
05-27 19:07:51.060   536   536 D commservice260303: i = 170, msgid = 8A000404
05-27 19:07:51.060   536   536 D commservice260303: msgid = -1979710460,did=138
05-27 19:07:51.060   536   536 D commservice260303: CommProtocolLibCmdBaseI2C::dataproc {"command":{"id":"imu_status","sub":""},"content":{"TimeStamp":11,"FrameCounter":280723,"GD_X":-0.011453153565526009,"GD_Y":0.0048857564106583595,"GD_Z":0.0023671966046094894,"AD_X":-0.006378501653671265,"AD_Y":-0.0015887485351413488,"AD_Z":-0.17621898651123047,"TempDsp":0,"Status":0,"CalibState":1,"SigAmpInvalid":0}},-1979710460
05-27 19:07:51.060   536   536 D commservice260303: send2Cluster len:319, 7B22636F6D6D616E64223A7B226964223A22696D755F737461747573222C22737562223A22227D2C22636F6E74656E74223A7B2254696D655374616D70223A31312C224672616D65436F756E746572223A3238303732332C2247445F58223A2D302E3031313435333135333536353532363030392C2247445F59223A302E303034383835373536343130363538333539352C2247445F5A223A302E303032333637313936363034363039343839342C2241445F58223A2D302E3030363337383530313635333637313236352C2241445F59223A2D302E303031353838373438353335313431333438382C2241445F5A223A2D302E31373632313839383635313132333034372C2254656D70447370223A302C22537461747573223A302C2243616C69625374617465223A312C22536967416D70496E76616C6964223A307D7D, 138 
05-27 19:07:51.060   536   536 D commservice260303: Push Message into SendPool fn=-779418624
05-27 19:07:51.060   536   536 D commservice260303: ComProtocolLibSend2Cluster::send2ClusterRaw fn=-779418624 , len=335
05-27 19:07:51.060   536   536 D commservice260303: sendCmdToPort :335!!!
05-27 19:07:51.060   536   536 D commservice260303: send Cmd To Port ++++5AA5014B8A0100048BD16A16D0877B22636F6D6D616E64223A7B226964223A22696D755F737461747573222C22737562223A22227D2C22636F6E74656E74223A7B2254696D655374616D70223A31312C224672616D65436F756E746572223A3238303732332C2247445F58223A2D302E3031313435333135333536353532363030392C2247445F59223A302E303034383835373536343130363538333539352C2247445F5A223A302E303032333637313936363034363039343839342C2241445F58223A2D302E3030363337383530313635333637313236352C2241445F59223A2D302E303031353838373438353335313431333438382C2241445F5A223A2D302E31373632313839383635313132333034372C2254656D70447370223A302C22537461747573223A302C2243616C69625374617465223A312C22536967416D70496E76616C6964223A307D7DF444
05-27 19:07:51.060   536   536 D commservice260303: bufferevent_write retrun value = 0
05-27 19:07:51.061   536   560 D commservice260303: client datas send succeed,send finish
05-27 19:07:51.061 13911 14192 D Sentinelmode_1.2.5.17_sentry: <SentryImuClusterFgeSender>imu_status sent to Linux, frame=280723, tsNs=11938308, tsMs=11, intervalMs=38, ad=(-0.0063785017,-0.0015887485,-0.17621899), gd=(-0.011453154,0.0048857564,0.0023671966)
05-27 19:07:51.063   581   581 I SpiService: fgesysctrl_getGPIO_status success val=1
05-27 19:07:51.065  1083  1083 W MyAppLog: [2026-05-27 19:07:51.064 W tboxap mcuGetGpsTimeOutCmd:1379] [Mcu] [mcuGetGpsTimeOutCmd] gps no get data ,for clear gps ram data !!!!!
05-27 19:07:51.068   581   581 I SpiService: fgesysctrl_getGPIO_status success val=1
05-27 19:07:51.070 13911 14183 I SentryImuMcuAngleSender: 180.0rollDeg
05-27 19:07:51.070 13911 14183 I SentryImuMcuAngleSender: 1,0,0
05-27 19:07:51.073   581   581 I SpiService: fgesysctrl_getGPIO_status success val=1
05-27 19:07:51.074   283   307 I rvcservice: t.code = 2, t.value = 9978380
05-27 19:07:51.079   581   581 I SpiService: fgesysctrl_getGPIO_status success val=1
05-27 19:07:51.084   581   581 I SpiService: fgesysctrl_getGPIO_status success val=1
05-27 19:07:51.090   581   581 I SpiService: fgesysctrl_getGPIO_status success val=0
05-27 19:07:51.092 13911 14183 I SentryImuMcuAngleSender: 180.0rollDeg
05-27 19:07:51.092 13911 14183 I SentryImuMcuAngleSender: 1,0,0
05-27 19:07:51.098 28437 28493 D ANWStack: [  11938348][ANWBT] HCI Rx: LE Meta Event, HCI_evLEADVERTISINGREPORT, subevent_code=0x2 Num_Reports=1
05-27 19:07:51.098 28437 28493 D ANWStack: 
05-27 19:07:51.098 28437 28493 D ANWAPI  : (28437|0xFF195CB0)[BTAPI] AnwhciEventCallback 62 2
05-27 19:07:51.098 28437 28493 D ANWAPI  : (28437|0xFF195CB0)[BTAPI] btsdk_le_DiscoveryCallback eventtype[3]
05-27 19:07:51.098 28437 28493 D ANWAPI  : (28437|0xFF195CB0)[BTAPI] anwbt_ble_le_discoveryHandler
05-27 19:07:51.098 28437 28493 D ANWAPI  : 
05-27 19:07:51.098 28437 28493 D ANWAPI  : (28437|0xFF195CB0)[BTAPI] anwbt_ble_le_discoveryHandler newDevice=0xb4000073fd7df39a,status=0,idx=255,scanLen=0,len=31,RSSI[-82]
05-27 19:07:51.099 28437 28493 D ANWAPI  : (28437|0xFF195CB0)[BTAPI] AnWBT_BLE_GetFirstRandomAddr start,btaddr=[0xf1:0x47:0x6e:0x7e:0x38:0x3e],addrType=1
05-27 19:07:51.099 28437 28493 D ANWAPI  : (28437|0xFF195CB0)[BTAPI] AnWBT_BLE_GetFirstRandomAddr end,btaddr=[0xf1:0x47:0x6e:0x7e:0x38:0x3e]
05-27 19:07:51.099 28437 28493 D ANWAPI  : (28437|0xFF195CB0)[BTAPI] send_BLE_discoveryHandler_Message event type: 0x3
05-27 19:07:51.099 28437 28493 D ANWAPI  : 
05-27 19:07:51.099 28437 28493 D ANW bt_btif: send_BLE_discoveryHandler_Message cod is 0x000000
05-27 19:07:51.099 28437 28493 D ANW bt_btif: btif_storage_add_remote_device, AnW
05-27 19:07:51.099 28437 28493 D ANW bt_btif: in, bd addr:3e:38:7e:6e:47:f1, prop type:255, len:6
05-27 19:07:51.099 28437 28493 D ANW bt_btif: btif_in_fetch_bonded_device, AnW
05-27 19:07:51.099 28437 28493 D ANW bt_btif: btif_in_fetch_bonded_ble_device Found a LE device: 3e:38:7e:6e:47:f1
05-27 19:07:51.100 28437 28493 D ANW bt_btif: btif_storage_get_remote_addr_type, AnW
05-27 19:07:51.100 28437 28493 D ANW bt_btif: btif_in_fetch_bonded_ble_device, AnW key_not_found
05-27 19:07:51.100   536   536 D commservice260303: msg.id = 1028,0
05-27 19:07:51.100 28437 28493 D ANW bt_btif: Remote device:3e:38:7e:6e:47:f1, no link key or ble key found
05-27 19:07:51.100   536   536 D commservice260303: i = 170, msgid = 8A000404
05-27 19:07:51.100   536   536 D commservice260303: msgid = -1979710460,did=138
05-27 19:07:51.100   536   536 D commservice260303: CommProtocolLibCmdBaseI2C::dataproc {"command":{"id":"imu_status","sub":""},"content":{"TimeStamp":11,"FrameCounter":280724,"GD_X":-0.01153013575822115,"GD_Y":0.0059551820158958435,"GD_Z":0.002213752595707774,"AD_X":9.265094995498657E-4,"AD_Y":-0.0015784554416313767,"AD_Z":-0.1707286834716797,"TempDsp":0,"Status":0,"CalibState":1,"SigAmpInvalid":0}},-1979710460
05-27 19:07:51.100   536   536 D commservice260303: send2Cluster len:315, 7B22636F6D6D616E64223A7B226964223A22696D755F737461747573222C22737562223A22227D2C22636F6E74656E74223A7B2254696D655374616D70223A31312C224672616D65436F756E746572223A3238303732342C2247445F58223A2D302E30313135333031333537353832323131352C2247445F59223A302E303035393535313832303135383935383433352C2247445F5A223A302E3030323231333735323539353730373737342C2241445F58223A392E323635303934393935343938363537452D342C2241445F59223A2D302E303031353738343535343431363331333736372C2241445F5A223A2D302E313730373238363833343731363739372C2254656D70447370223A302C22537461747573223A302C2243616C69625374617465223A312C22536967416D70496E76616C6964223A307D7D, 138 
05-27 19:07:51.100   536   536 D commservice260303: Push Message into SendPool fn=-762641408
05-27 19:07:51.100   536   536 D commservice260303: ComProtocolLibSend2Cluster::send2ClusterRaw fn=-762641408 , len=331
05-27 19:07:51.100   536   536 D commservice260303: sendCmdToPort :331!!!
05-27 19:07:51.100 28437 28493 D ANW bt_btif: in, bd addr:3e:38:7e:6e:47:f1, prop type:5, len:4
05-27 19:07:51.100 28437 28493 D ANW bt_btif: btif_in_fetch_bonded_device, AnW
05-27 19:07:51.100   536   536 D commservice260303: send Cmd To Port ++++5AA501478A0100048BD26A16D0877B22636F6D6D616E64223A7B226964223A22696D755F737461747573222C22737562223A22227D2C22636F6E74656E74223A7B2254696D655374616D70223A31312C224672616D65436F756E746572223A3238303732342C2247445F58223A2D302E30313135333031333537353832323131352C2247445F59223A302E303035393535313832303135383935383433352C2247445F5A223A302E3030323231333735323539353730373737342C2241445F58223A392E323635303934393935343938363537452D342C2241445F59223A2D302E303031353738343535343431363331333736372C2241445F5A223A2D302E313730373238363833343731363739372C2254656D70447370223A302C22537461747573223A302C2243616C69625374617465223A312C22536967416D70496E76616C6964223A307D7D0BC7
05-27 19:07:51.100 28437 28493 D ANW bt_btif: btif_in_fetch_bonded_ble_device Found a LE device: 3e:38:7e:6e:47:f1
05-27 19:07:51.100   536   536 D commservice260303: bufferevent_write retrun value = 0
05-27 19:07:51.100 28437 28493 D ANW bt_btif: btif_storage_get_remote_addr_type, AnW
05-27 19:07:51.100   536   560 D commservice260303: client datas send succeed,send finish
05-27 19:07:51.100 28437 28493 D ANW bt_btif: btif_in_fetch_bonded_ble_device, AnW key_not_found
05-27 19:07:51.100 28437 28493 D ANW bt_btif: Remote device:3e:38:7e:6e:47:f1, no link key or ble key found
05-27 19:07:51.100 28437 28493 D ANW bt_btif: in, bd addr:3e:38:7e:6e:47:f1, prop type:11, len:1
05-27 19:07:51.100 28437 28493 D ANW bt_btif: btif_in_fetch_bonded_device, AnW
05-27 19:07:51.101 28437 28493 D ANW bt_btif: btif_in_fetch_bonded_ble_device Found a LE device: 3e:38:7e:6e:47:f1
05-27 19:07:51.101 13911 14192 D Sentinelmode_1.2.5.17_sentry: <SentryImuClusterFgeSender>imu_status sent to Linux, frame=280724, tsNs=11938343, tsMs=11, intervalMs=40, ad=(9.265095E-4,-0.0015784554,-0.17072868), gd=(-0.011530136,0.005955182,0.0022137526)
05-27 19:07:51.101 28437 28493 D ANW bt_btif: btif_storage_get_remote_addr_type, AnW
05-27 19:07:51.101 28437 28493 D ANW bt_btif: btif_in_fetch_bonded_ble_device, AnW key_not_found
05-27 19:07:51.101 28437 28493 D ANW bt_btif: Remote device:3e:38:7e:6e:47:f1, no link key or ble key found
05-27 19:07:51.101 28437 28493 D ANW bt_btif: btif_storage_set_remote_addr_type, AnW
05-27 19:07:51.101 28437 28493 I ANW bt_btif: onScanResult, address_type=1, primary_phy= 0, secondary_phy=0, ad size= 31
05-27 19:07:51.101 28437 28493 I ANW bt_btif: onScanResult: HAL bt_gatt_callbacks->scanner->scan_result_cb
05-27 19:07:51.102 28437 28493 D ANWStack: [  11938353][ANWBT] HCI Rx: LE Meta Event, HCI_evLEADVERTISINGREPORT, subevent_code=0x2 Num_Reports=1
05-27 19:07:51.102 28437 28493 D ANWStack: 
05-27 19:07:51.102 28437 28493 D ANWAPI  : (28437|0xFF195CB0)[BTAPI] AnwhciEventCallback 62 2
05-27 19:07:51.102 28437 28493 D ANWAPI  : (28437|0xFF195CB0)[BTAPI] btsdk_le_DiscoveryCallback eventtype[3]
05-27 19:07:51.102 28437 28493 D ANWAPI  : (28437|0xFF195CB0)[BTAPI] anwbt_ble_le_discoveryHandler
05-27 19:07:51.102 28437 28493 D ANWAPI  : 
05-27 19:07:51.102 28437 28493 D ANWAPI  : (28437|0xFF195CB0)[BTAPI] anwbt_ble_le_discoveryHandler newDevice=0xb4000073fd7df39a,status=0,idx=255,scanLen=0,len=31,RSSI[-51]
05-27 19:07:51.102 28437 28493 D ANWAPI  : (28437|0xFF195CB0)[BTAPI] AnWBT_BLE_GetFirstRandomAddr start,btaddr=[0xd2:0xd:0x82:0x4f:0x79:0x25],addrType=1
05-27 19:07:51.103 28437 28493 D ANWAPI  : (28437|0xFF195CB0)[BTAPI] AnWBT_BLE_GetFirstRandomAddr end,btaddr=[0xd2:0xd:0x82:0x4f:0x79:0x25]
05-27 19:07:51.103 28437 28493 D ANWAPI  : (28437|0xFF195CB0)[BTAPI] send_BLE_discoveryHandler_Message event type: 0x3
05-27 19:07:51.103 28437 28493 D ANWAPI  : 
05-27 19:07:51.104 28437 28493 D ANW bt_btif: send_BLE_discoveryHandler_Message cod is 0x000000
05-27 19:07:51.104 28437 28493 D ANW bt_btif: btif_storage_add_remote_device, AnW
05-27 19:07:51.104 28437 28493 D ANW bt_btif: in, bd addr:25:79:4f:82:0d:d2, prop type:255, len:6
05-27 19:07:51.104 28437 28493 D ANW bt_btif: btif_in_fetch_bonded_device, AnW
05-27 19:07:51.104 28437 28493 D ANW bt_btif: btif_in_fetch_bonded_ble_device Found a LE device: 25:79:4f:82:0d:d2
05-27 19:07:51.104 28437 28493 D ANW bt_btif: btif_storage_get_remote_addr_type, AnW
05-27 19:07:51.104 28437 28493 D ANW bt_btif: btif_in_fetch_bonded_ble_device, AnW key_not_found
05-27 19:07:51.104 28437 28493 D ANW bt_btif: Remote device:25:79:4f:82:0d:d2, no link key or ble key found
05-27 19:07:51.104 28437 28493 D ANW bt_btif: in, bd addr:25:79:4f:82:0d:d2, prop type:5, len:4
05-27 19:07:51.104 28437 28493 D ANW bt_btif: btif_in_fetch_bonded_device, AnW
05-27 19:07:51.104 28437 28493 D ANW bt_btif: btif_in_fetch_bonded_ble_device Found a LE device: 25:79:4f:82:0d:d2
05-27 19:07:51.104 28437 28493 D ANW bt_btif: btif_storage_get_remote_addr_type, AnW
05-27 19:07:51.104 28437 28493 D ANW bt_btif: btif_in_fetch_bonded_ble_device, AnW key_not_found
05-27 19:07:51.104 28437 28493 D ANW bt_btif: Remote device:25:79:4f:82:0d:d2, no link key or ble key found
05-27 19:07:51.104 28437 28493 D ANW bt_btif: in, bd addr:25:79:4f:82:0d:d2, prop type:11, len:1
05-27 19:07:51.104 28437 28493 D ANW bt_btif: btif_in_fetch_bonded_device, AnW
05-27 19:07:51.104 28437 28493 D ANW bt_btif: btif_in_fetch_bonded_ble_device Found a LE device: 25:79:4f:82:0d:d2
05-27 19:07:51.104 28437 28493 D ANW bt_btif: btif_storage_get_remote_addr_type, AnW
05-27 19:07:51.105 28437 28493 D ANW bt_btif: btif_in_fetch_bonded_ble_device, AnW key_not_found
05-27 19:07:51.105 28437 28493 D ANW bt_btif: Remote device:25:79:4f:82:0d:d2, no link key or ble key found
05-27 19:07:51.105 28437 28493 D ANW bt_btif: btif_storage_set_remote_addr_type, AnW
05-27 19:07:51.105 28437 28493 I ANW bt_btif: onScanResult, address_type=1, primary_phy= 0, secondary_phy=0, ad size= 31
05-27 19:07:51.105 28437 28493 I ANW bt_btif: onScanResult: HAL bt_gatt_callbacks->scanner->scan_result_cb
05-27 19:07:51.105   581   581 I SpiService: fgesysctrl_getGPIO_status success val=1
05-27 19:07:51.105 28437 28493 D ANWStack: [  11938356][ANWBT] HCI Rx: LE Meta Event, HCI_evLEADVERTISINGREPORT, subevent_code=0x2 Num_Reports=1
05-27 19:07:51.105 28437 28493 D ANWStack: 
05-27 19:07:51.105 28437 28493 D ANWAPI  : (28437|0xFF195CB0)[BTAPI] AnwhciEventCallback 62 2
05-27 19:07:51.105 28437 28493 D ANWAPI  : (28437|0xFF195CB0)[BTAPI] btsdk_le_DiscoveryCallback eventtype[3]
05-27 19:07:51.105 28437 28493 D ANWAPI  : (28437|0xFF195CB0)[BTAPI] anwbt_ble_le_discoveryHandler
05-27 19:07:51.105 28437 28493 D ANWAPI  : 
05-27 19:07:51.105 28437 28493 D ANWAPI  : (28437|0xFF195CB0)[BTAPI] anwbt_ble_le_discoveryHandler newDevice=0xb4000073fd7df39a,status=0,idx=255,scanLen=0,len=31,RSSI[-76]
05-27 19:07:51.105 28437 28493 D ANWAPI  : (28437|0xFF195CB0)[BTAPI] AnWBT_BLE_GetFirstRandomAddr start,btaddr=[0xb2:0x8f:0x89:0x28:0x3d:0x8],addrType=1
05-27 19:07:51.105 28437 28493 D ANWAPI  : (28437|0xFF195CB0)[BTAPI] AnWBT_BLE_GetFirstRandomAddr end,btaddr=[0xb2:0x8f:0x89:0x28:0x3d:0x8]
05-27 19:07:51.106 28437 28493 D ANWAPI  : (28437|0xFF195CB0)[BTAPI] send_BLE_discoveryHandler_Message event type: 0x3
05-27 19:07:51.106 28437 28493 D ANWAPI  : 
05-27 19:07:51.106 28437 28493 D ANW bt_btif: send_BLE_discoveryHandler_Message cod is 0x000000
05-27 19:07:51.106 28437 28493 D ANW bt_btif: btif_storage_add_remote_device, AnW
05-27 19:07:51.106 28437 28493 D ANW bt_btif: in, bd addr:08:3d:28:89:8f:b2, prop type:255, len:6
05-27 19:07:51.106 28437 28493 D ANW bt_btif: btif_in_fetch_bonded_device, AnW
