05-27 19:07:52.768 28437 28493 D ANW bt_btif: btif_storage_get_remote_addr_type, AnW
05-27 08:59:01.731   581   581 D spi_rst_gpio_get_output: GPIO 145 value: 1
05-27 08:59:01.731   581   581 D spidev_ioctl: gpio status=1)
05-27 19:07:52.768 28437 28493 D ANW bt_btif: btif_in_fetch_bonded_ble_device, AnW key_not_found
05-27 19:07:52.768 28437 28493 D ANW bt_btif: Remote device:3b:2b:e5:03:91:3d, no link key or ble key found
05-27 19:07:52.768 28437 28493 D ANW bt_btif: in, bd addr:3b:2b:e5:03:91:3d, prop type:5, len:4
05-27 19:07:52.768 28437 28493 D ANW bt_btif: btif_in_fetch_bonded_device, AnW
05-27 19:07:52.769 28437 28493 D ANW bt_btif: btif_in_fetch_bonded_ble_device Found a LE device: 3b:2b:e5:03:91:3d
05-27 19:07:52.769 28437 28493 D ANW bt_btif: btif_storage_get_remote_addr_type, AnW
05-27 19:07:52.769 28437 28493 D ANW bt_btif: btif_in_fetch_bonded_ble_device, AnW key_not_found
05-27 19:07:52.769 28437 28493 D ANW bt_btif: Remote device:3b:2b:e5:03:91:3d, no link key or ble key found
05-27 19:07:52.769 28437 28493 D ANW bt_btif: in, bd addr:3b:2b:e5:03:91:3d, prop type:11, len:1
05-27 19:07:52.769 28437 28493 D ANW bt_btif: btif_in_fetch_bonded_device, AnW
05-27 19:07:52.769 28437 28493 D ANW bt_btif: btif_in_fetch_bonded_ble_device Found a LE device: 3b:2b:e5:03:91:3d
05-27 19:07:52.769 28437 28493 D ANW bt_btif: btif_storage_get_remote_addr_type, AnW
05-27 19:07:52.769 28437 28493 D ANW bt_btif: btif_in_fetch_bonded_ble_device, AnW key_not_found
05-27 19:07:52.769 28437 28493 D ANW bt_btif: Remote device:3b:2b:e5:03:91:3d, no link key or ble key found
05-27 19:07:52.769 28437 28493 D ANW bt_btif: btif_storage_set_remote_addr_type, AnW
05-27 19:07:52.769 28437 28493 I ANW bt_btif: onScanResult, address_type=1, primary_phy= 0, secondary_phy=0, ad size= 31
05-27 19:07:52.769 28437 28493 I ANW bt_btif: onScanResult: HAL bt_gatt_callbacks->scanner->scan_result_cb
05-27 19:07:52.772   581   581 I SpiService: fgesysctrl_getGPIO_status success val=1
05-27 08:59:01.737   581   581 D spi_rst_gpio_get_output: GPIO 145 value: 1
05-27 08:59:01.737   581   581 D spidev_ioctl: gpio status=1)
05-27 19:07:52.774 29114 29114 W ziparchive: Unable to open '/system_ext/framework/unisoc-framework.dm': No such file or directory
05-27 19:07:52.775 29114 29114 W ziparchive: Unable to open '/system_ext/framework/unisoc-framework.dm': No such file or directory
05-27 19:07:52.776 28437 28493 D ANWStack: [  11940027][ANWBT] HCI Rx: LE Meta Event, HCI_evLEADVERTISINGREPORT, subevent_code=0x2 Num_Reports=1
05-27 19:07:52.776 28437 28493 D ANWStack: 
05-27 19:07:52.776 28437 28493 D ANWAPI  : (28437|0xFF195CB0)[BTAPI] AnwhciEventCallback 62 2
05-27 19:07:52.776 28437 28493 D ANWAPI  : (28437|0xFF195CB0)[BTAPI] btsdk_le_DiscoveryCallback eventtype[3]
05-27 19:07:52.776 28437 28493 D ANWAPI  : (28437|0xFF195CB0)[BTAPI] anwbt_ble_le_discoveryHandler
05-27 19:07:52.776 28437 28493 D ANWAPI  : 
05-27 19:07:52.776 28437 28493 D ANWAPI  : (28437|0xFF195CB0)[BTAPI] anwbt_ble_le_discoveryHandler newDevice=0xb4000073fd7df39a,status=0,idx=255,scanLen=0,len=31,RSSI[-56]
05-27 19:07:52.776 28437 28493 D ANWAPI  : (28437|0xFF195CB0)[BTAPI] AnWBT_BLE_GetFirstRandomAddr start,btaddr=[0x31:0x40:0x1f:0xc7:0x33:0x26],addrType=1
05-27 19:07:52.776 28437 28493 D ANWAPI  : (28437|0xFF195CB0)[BTAPI] AnWBT_BLE_GetFirstRandomAddr end,btaddr=[0x31:0x40:0x1f:0xc7:0x33:0x26]
05-27 19:07:52.776 28437 28493 D ANWAPI  : (28437|0xFF195CB0)[BTAPI] send_BLE_discoveryHandler_Message event type: 0x3
05-27 19:07:52.776 28437 28493 D ANWAPI  : 
05-27 19:07:52.777 28437 28493 D ANW bt_btif: send_BLE_discoveryHandler_Message cod is 0x000000
05-27 19:07:52.777 28437 28493 D ANW bt_btif: btif_storage_add_remote_device, AnW
05-27 19:07:52.777 28437 28493 D ANW bt_btif: in, bd addr:26:33:c7:1f:40:31, prop type:255, len:6
05-27 19:07:52.777 28437 28493 D ANW bt_btif: btif_in_fetch_bonded_device, AnW
05-27 19:07:52.777 28437 28493 D ANW bt_btif: btif_in_fetch_bonded_ble_device Found a LE device: 26:33:c7:1f:40:31
05-27 19:07:52.777 28437 28493 D ANW bt_btif: btif_storage_get_remote_addr_type, AnW
05-27 19:07:52.777 28437 28493 D ANW bt_btif: btif_in_fetch_bonded_ble_device, AnW key_not_found
05-27 19:07:52.777 28437 28493 D ANW bt_btif: Remote device:26:33:c7:1f:40:31, no link key or ble key found
05-27 19:07:52.777 28437 28493 D ANW bt_btif: in, bd addr:26:33:c7:1f:40:31, prop type:5, len:4
05-27 19:07:52.777 28437 28493 D ANW bt_btif: btif_in_fetch_bonded_device, AnW
05-27 19:07:52.777 28437 28493 D ANW bt_btif: btif_in_fetch_bonded_ble_device Found a LE device: 26:33:c7:1f:40:31
05-27 19:07:52.777 28437 28493 D ANW bt_btif: btif_storage_get_remote_addr_type, AnW
05-27 19:07:52.777 28437 28493 D ANW bt_btif: btif_in_fetch_bonded_ble_device, AnW key_not_found
05-27 19:07:52.777 28437 28493 D ANW bt_btif: Remote device:26:33:c7:1f:40:31, no link key or ble key found
05-27 19:07:52.777 28437 28493 D ANW bt_btif: in, bd addr:26:33:c7:1f:40:31, prop type:11, len:1
05-27 19:07:52.777 28437 28493 D ANW bt_btif: btif_in_fetch_bonded_device, AnW
05-27 19:07:52.777 28437 28493 D ANW bt_btif: btif_in_fetch_bonded_ble_device Found a LE device: 26:33:c7:1f:40:31
05-27 19:07:52.777 28437 28493 D ANW bt_btif: btif_storage_get_remote_addr_type, AnW
05-27 19:07:52.777 28437 28493 D ANW bt_btif: btif_in_fetch_bonded_ble_device, AnW key_not_found
05-27 19:07:52.777 28437 28493 D ANW bt_btif: Remote device:26:33:c7:1f:40:31, no link key or ble key found
05-27 19:07:52.777 28437 28493 D ANW bt_btif: btif_storage_set_remote_addr_type, AnW
05-27 19:07:52.777 28437 28493 I ANW bt_btif: onScanResult, address_type=1, primary_phy= 0, secondary_phy=0, ad size= 31
05-27 19:07:52.778 28437 28493 I ANW bt_btif: onScanResult: HAL bt_gatt_callbacks->scanner->scan_result_cb
05-27 19:07:52.778 13911 14183 I SentryImuMcuAngleSender: 179.993rollDeg
05-27 19:07:52.778 13911 14183 I SentryImuMcuAngleSender: 1,0,0
05-27 19:07:52.778   283   307 I rvcservice: t.code = 3, t.value = 0
05-27 19:07:52.778   581   581 I SpiService: fgesysctrl_getGPIO_status success val=0
05-27 19:07:52.778 10188  6599 I am_proc_bound: [0,29114,com.anwsdk.service:remote]
05-27 19:07:52.780 10188  6599 I am_create_service: [0,208025669,.anwbtservice,1000,29114]
05-27 08:59:01.743   581   581 D spi_rst_gpio_get_output: GPIO 145 value: 0
05-27 08:59:01.743   581   581 D spidev_ioctl: gpio status=0)
05-27 19:07:52.783 28437 28493 D ANWStack: [  11940034][ANWBT] HCI Rx: LE Meta Event, HCI_evLEADVERTISINGREPORT, subevent_code=0x2 Num_Reports=1
05-27 19:07:52.783 28437 28493 D ANWStack: 
05-27 19:07:52.784 28437 28493 D ANWAPI  : (28437|0xFF195CB0)[BTAPI] AnwhciEventCallback 62 2
05-27 19:07:52.784 28437 28493 D ANWAPI  : (28437|0xFF195CB0)[BTAPI] btsdk_le_DiscoveryCallback eventtype[3]
05-27 19:07:52.784 28437 28493 D ANWAPI  : (28437|0xFF195CB0)[BTAPI] anwbt_ble_le_discoveryHandler
05-27 19:07:52.784 28437 28493 D ANWAPI  : 
05-27 19:07:52.784 28437 28493 D ANWAPI  : (28437|0xFF195CB0)[BTAPI] anwbt_ble_le_discoveryHandler newDevice=0xb4000073fd7df39a,status=0,idx=255,scanLen=0,len=31,RSSI[-76]
05-27 19:07:52.784 28437 28493 D ANWAPI  : (28437|0xFF195CB0)[BTAPI] AnWBT_BLE_GetFirstRandomAddr start,btaddr=[0xb2:0x8f:0x89:0x28:0x3d:0x8],addrType=1
05-27 19:07:52.784 28437 28493 D ANWAPI  : (28437|0xFF195CB0)[BTAPI] AnWBT_BLE_GetFirstRandomAddr end,btaddr=[0xb2:0x8f:0x89:0x28:0x3d:0x8]
05-27 19:07:52.784 28437 28493 D ANWAPI  : (28437|0xFF195CB0)[BTAPI] send_BLE_discoveryHandler_Message event type: 0x3
05-27 19:07:52.784 28437 28493 D ANWAPI  : 
05-27 19:07:52.784 28437 28493 D ANW bt_btif: send_BLE_discoveryHandler_Message cod is 0x000000
05-27 19:07:52.784 28437 28493 D ANW bt_btif: btif_storage_add_remote_device, AnW
05-27 19:07:52.784 28437 28493 D ANW bt_btif: in, bd addr:08:3d:28:89:8f:b2, prop type:255, len:6
05-27 08:59:01.756   581   581 D spi_rst_gpio_get_output: GPIO 145 value: 1
05-27 19:07:52.784 28437 28493 D ANW bt_btif: btif_in_fetch_bonded_device, AnW
05-27 08:59:01.757   581   581 D spidev_ioctl: gpio status=1)
05-27 08:59:01.762   581   581 D spi_rst_gpio_get_output: GPIO 145 value: 1
05-27 08:59:01.762   581   581 D spidev_ioctl: gpio status=1)
05-27 19:07:52.784 28437 28493 D ANW bt_btif: btif_in_fetch_bonded_ble_device Found a LE device: 08:3d:28:89:8f:b2
05-27 19:07:52.784 28437 28493 D ANW bt_btif: btif_storage_get_remote_addr_type, AnW
05-27 08:59:01.767   581   581 D spi_rst_gpio_get_output: GPIO 145 value: 1
05-27 08:59:01.767   581   581 D spidev_ioctl: gpio status=1)
05-27 19:07:52.784 28437 28493 D ANW bt_btif: btif_in_fetch_bonded_ble_device, AnW key_not_found
05-27 19:07:52.785 28437 28493 D ANW bt_btif: Remote device:08:3d:28:89:8f:b2, no link key or ble key found
05-27 19:07:52.785 28437 28493 D ANW bt_btif: in, bd addr:08:3d:28:89:8f:b2, prop type:5, len:4
05-27 19:07:52.785 28437 28493 D ANW bt_btif: btif_in_fetch_bonded_device, AnW
05-27 19:07:52.785 28437 28493 D ANW bt_btif: btif_in_fetch_bonded_ble_device Found a LE device: 08:3d:28:89:8f:b2
05-27 19:07:52.785 28437 28493 D ANW bt_btif: btif_storage_get_remote_addr_type, AnW
05-27 19:07:52.785 28437 28493 D ANW bt_btif: btif_in_fetch_bonded_ble_device, AnW key_not_found
05-27 19:07:52.785 28437 28493 D ANW bt_btif: Remote device:08:3d:28:89:8f:b2, no link key or ble key found
05-27 08:59:01.773   581   581 D spi_rst_gpio_get_output: GPIO 145 value: 1
05-27 08:59:01.773   581   581 D spidev_ioctl: gpio status=1)
05-27 19:07:52.785 28437 28493 D ANW bt_btif: in, bd addr:08:3d:28:89:8f:b2, prop type:11, len:1
05-27 19:07:52.785 28437 28493 D ANW bt_btif: btif_in_fetch_bonded_device, AnW
05-27 19:07:52.785 28437 28493 D ANW bt_btif: btif_in_fetch_bonded_ble_device Found a LE device: 08:3d:28:89:8f:b2
05-27 19:07:52.785 28437 28493 D ANW bt_btif: btif_storage_get_remote_addr_type, AnW
05-27 19:07:52.785 28437 28493 D ANW bt_btif: btif_in_fetch_bonded_ble_device, AnW key_not_found
05-27 19:07:52.785 28437 28493 D ANW bt_btif: Remote device:08:3d:28:89:8f:b2, no link key or ble key found
05-27 19:07:52.785 28437 28493 D ANW bt_btif: btif_storage_set_remote_addr_type, AnW
05-27 19:07:52.785 28437 28493 I ANW bt_btif: onScanResult, address_type=1, primary_phy= 0, secondary_phy=0, ad size= 31
05-27 19:07:52.785 28437 28493 I ANW bt_btif: onScanResult: HAL bt_gatt_callbacks->scanner->scan_result_cb
05-27 19:07:52.787 28437 28493 D ANWStack: [  11940037][ANWBT] HCI Rx: LE Meta Event, HCI_evLEADVERTISINGREPORT, subevent_code=0x2 Num_Reports=1
05-27 19:07:52.787 28437 28493 D ANWStack: 
05-27 19:07:52.787 28437 28493 D ANWAPI  : (28437|0xFF195CB0)[BTAPI] AnwhciEventCallback 62 2
05-27 19:07:52.787 28437 28493 D ANWAPI  : (28437|0xFF195CB0)[BTAPI] btsdk_le_DiscoveryCallback eventtype[3]
05-27 19:07:52.787 28437 28493 D ANWAPI  : (28437|0xFF195CB0)[BTAPI] anwbt_ble_le_discoveryHandler
05-27 19:07:52.787 28437 28493 D ANWAPI  : 
05-27 19:07:52.787 28437 28493 D ANWAPI  : (28437|0xFF195CB0)[BTAPI] anwbt_ble_le_discoveryHandler newDevice=0xb4000073fd7df39a,status=0,idx=255,scanLen=0,len=31,RSSI[-81]
05-27 19:07:52.787 28437 28493 D ANWAPI  : (28437|0xFF195CB0)[BTAPI] AnWBT_BLE_GetFirstRandomAddr start,btaddr=[0x76:0xfe:0x93:0x35:0x7c:0x14],addrType=1
05-27 19:07:52.787 28437 28493 D ANWAPI  : (28437|0xFF195CB0)[BTAPI] AnWBT_BLE_GetFirstRandomAddr end,btaddr=[0x76:0xfe:0x93:0x35:0x7c:0x14]
05-27 19:07:52.787 28437 28493 D ANWAPI  : (28437|0xFF195CB0)[BTAPI] send_BLE_discoveryHandler_Message event type: 0x3
05-27 19:07:52.787 28437 28493 D ANWAPI  : 
05-27 19:07:52.787 28437 28493 D ANW bt_btif: send_BLE_discoveryHandler_Message cod is 0x000000
05-27 19:07:52.787 28437 28493 D ANW bt_btif: btif_storage_add_remote_device, AnW
05-27 19:07:52.787 28437 28493 D ANW bt_btif: in, bd addr:14:7c:35:93:fe:76, prop type:255, len:6
05-27 19:07:52.787 28437 28493 D ANW bt_btif: btif_in_fetch_bonded_device, AnW
05-27 19:07:52.787 28437 28493 D ANW bt_btif: btif_in_fetch_bonded_ble_device Found a LE device: 14:7c:35:93:fe:76
05-27 19:07:52.787 28437 28493 D ANW bt_btif: btif_storage_get_remote_addr_type, AnW
05-27 19:07:52.787 28437 28493 D ANW bt_btif: btif_in_fetch_bonded_ble_device, AnW key_not_found
05-27 19:07:52.787 28437 28493 D ANW bt_btif: Remote device:14:7c:35:93:fe:76, no link key or ble key found
05-27 19:07:52.787 28437 28493 D ANW bt_btif: in, bd addr:14:7c:35:93:fe:76, prop type:5, len:4
05-27 19:07:52.787 28437 28493 D ANW bt_btif: btif_in_fetch_bonded_device, AnW
05-27 19:07:52.787 28437 28493 D ANW bt_btif: btif_in_fetch_bonded_ble_device Found a LE device: 14:7c:35:93:fe:76
05-27 19:07:52.787 28437 28493 D ANW bt_btif: btif_storage_get_remote_addr_type, AnW
05-27 19:07:52.787 28437 28493 D ANW bt_btif: btif_in_fetch_bonded_ble_device, AnW key_not_found
05-27 19:07:52.787 28437 28493 D ANW bt_btif: Remote device:14:7c:35:93:fe:76, no link key or ble key found
05-27 19:07:52.787 28437 28493 D ANW bt_btif: in, bd addr:14:7c:35:93:fe:76, prop type:11, len:1
05-27 19:07:52.787 28437 28493 D ANW bt_btif: btif_in_fetch_bonded_device, AnW
05-27 19:07:52.787 28437 28493 D ANW bt_btif: btif_in_fetch_bonded_ble_device Found a LE device: 14:7c:35:93:fe:76
05-27 19:07:52.787 28437 28493 D ANW bt_btif: btif_storage_get_remote_addr_type, AnW
05-27 19:07:52.787 28437 28493 D ANW bt_btif: btif_in_fetch_bonded_ble_device, AnW key_not_found
05-27 19:07:52.788 28437 28493 D ANW bt_btif: Remote device:14:7c:35:93:fe:76, no link key or ble key found
05-27 19:07:52.788 28437 28493 D ANW bt_btif: btif_storage_set_remote_addr_type, AnW
05-27 19:07:52.788 28437 28493 I ANW bt_btif: onScanResult, address_type=1, primary_phy= 0, secondary_phy=0, ad size= 31
05-27 19:07:52.788 28437 28493 I ANW bt_btif: onScanResult: HAL bt_gatt_callbacks->scanner->scan_result_cb
05-27 19:07:52.788 28437 28493 D ANWStack: [  11940039][ANWBT] HCI Rx: LE Meta Event, HCI_evLEADVERTISINGREPORT, subevent_code=0x2 Num_Reports=1
05-27 19:07:52.788 28437 28493 D ANWStack: 
05-27 19:07:52.788 28437 28493 D ANWAPI  : (28437|0xFF195CB0)[BTAPI] AnwhciEventCallback 62 2
05-27 19:07:52.788 28437 28493 D ANWAPI  : (28437|0xFF195CB0)[BTAPI] btsdk_le_DiscoveryCallback eventtype[3]
05-27 19:07:52.788 28437 28493 D ANWAPI  : (28437|0xFF195CB0)[BTAPI] anwbt_ble_le_discoveryHandler
05-27 19:07:52.788 28437 28493 D ANWAPI  : 
05-27 19:07:52.788 28437 28493 D ANWAPI  : (28437|0xFF195CB0)[BTAPI] anwbt_ble_le_discoveryHandler newDevice=0xb4000073fd7df39a,status=0,idx=255,scanLen=0,len=31,RSSI[-79]
05-27 19:07:52.788 28437 28493 D ANWAPI  : (28437|0xFF195CB0)[BTAPI] AnWBT_BLE_GetFirstRandomAddr start,btaddr=[0x60:0x5f:0x36:0x7e:0x18:0x26],addrType=1
05-27 19:07:52.788 28437 28493 D ANWAPI  : (28437|0xFF195CB0)[BTAPI] AnWBT_BLE_GetFirstRandomAddr end,btaddr=[0x60:0x5f:0x36:0x7e:0x18:0x26]
05-27 19:07:52.788 28437 28493 D ANWAPI  : (28437|0xFF195CB0)[BTAPI] send_BLE_discoveryHandler_Message event type: 0x3
05-27 19:07:52.788 28437 28493 D ANWAPI  : 
05-27 19:07:52.788 28437 28493 D ANW bt_btif: send_BLE_discoveryHandler_Message cod is 0x000000
05-27 19:07:52.788 28437 28493 D ANW bt_btif: btif_storage_add_remote_device, AnW
05-27 19:07:52.788 28437 28493 D ANW bt_btif: in, bd addr:26:18:7e:36:5f:60, prop type:255, len:6
05-27 19:07:52.788 28437 28493 D ANW bt_btif: btif_in_fetch_bonded_device, AnW
05-27 19:07:52.788 28437 28493 D ANW bt_btif: btif_in_fetch_bonded_ble_device Found a LE device: 26:18:7e:36:5f:60
05-27 19:07:52.788 28437 28493 D ANW bt_btif: btif_storage_get_remote_addr_type, AnW
05-27 19:07:52.788 28437 28493 D ANW bt_btif: btif_in_fetch_bonded_ble_device, AnW key_not_found
05-27 19:07:52.788 28437 28493 D ANW bt_btif: Remote device:26:18:7e:36:5f:60, no link key or ble key found
05-27 19:07:52.788 28437 28493 D ANW bt_btif: in, bd addr:26:18:7e:36:5f:60, prop type:5, len:4
05-27 19:07:52.788 28437 28493 D ANW bt_btif: btif_in_fetch_bonded_device, AnW
05-27 19:07:52.788 28437 28493 D ANW bt_btif: btif_in_fetch_bonded_ble_device Found a LE device: 26:18:7e:36:5f:60
05-27 19:07:52.788 28437 28493 D ANW bt_btif: btif_storage_get_remote_addr_type, AnW
05-27 19:07:52.788 28437 28493 D ANW bt_btif: btif_in_fetch_bonded_ble_device, AnW key_not_found
05-27 19:07:52.788 28437 28493 D ANW bt_btif: Remote device:26:18:7e:36:5f:60, no link key or ble key found
05-27 19:07:52.788 28437 28493 D ANW bt_btif: in, bd addr:26:18:7e:36:5f:60, prop type:11, len:1
05-27 19:07:52.788 28437 28493 D ANW bt_btif: btif_in_fetch_bonded_device, AnW
05-27 19:07:52.788 28437 28493 D ANW bt_btif: btif_in_fetch_bonded_ble_device Found a LE device: 26:18:7e:36:5f:60
05-27 19:07:52.788 28437 28493 D ANW bt_btif: btif_storage_get_remote_addr_type, AnW
05-27 19:07:52.789 28437 28493 D ANW bt_btif: btif_in_fetch_bonded_ble_device, AnW key_not_found
05-27 19:07:52.789 28437 28493 D ANW bt_btif: Remote device:26:18:7e:36:5f:60, no link key or ble key found
05-27 19:07:52.789 28437 28493 D ANW bt_btif: btif_storage_set_remote_addr_type, AnW
05-27 19:07:52.789 28437 28493 I ANW bt_btif: onScanResult, address_type=1, primary_phy= 0, secondary_phy=0, ad size= 31
05-27 19:07:52.789 28437 28493 I ANW bt_btif: onScanResult: HAL bt_gatt_callbacks->scanner->scan_result_cb
05-27 19:07:52.790 28437 28493 D ANWStack: [  11940041][ANWBT] HCI Rx: LE Meta Event, HCI_evLEADVERTISINGREPORT, subevent_code=0x2 Num_Reports=1
05-27 19:07:52.790 28437 28493 D ANWStack: 
05-27 19:07:52.790 28437 28493 D ANWAPI  : (28437|0xFF195CB0)[BTAPI] AnwhciEventCallback 62 2
05-27 19:07:52.790 28437 28493 D ANWAPI  : (28437|0xFF195CB0)[BTAPI] btsdk_le_DiscoveryCallback eventtype[0]
05-27 19:07:52.790 28437 28493 D ANWAPI  : (28437|0xFF195CB0)[BTAPI] anwbt_ble_le_discoveryHandler
05-27 19:07:52.790 28437 28493 D ANWAPI  : 
05-27 19:07:52.790 28437 28493 D ANWAPI  : (28437|0xFF195CB0)[BTAPI] anwbt_ble_le_discoveryHandler newDevice=0xb4000073fd7de1aa,status=0,idx=255,scanLen=0,len=19,RSSI[-61]
05-27 19:07:52.790 28437 28493 D ANWAPI  : (28437|0xFF195CB0)[BTAPI] AnWBT_BLE_GetFirstRandomAddr start,btaddr=[0x40:0xb5:0x55:0xbc:0x14:0xcc],addrType=0
05-27 19:07:52.790 28437 28493 D ANWAPI  : (28437|0xFF195CB0)[BTAPI] AnWBT_BLE_GetFirstRandomAddr end,btaddr=[0x40:0xb5:0x55:0xbc:0x14:0xcc]
05-27 19:07:52.790 28437 28493 D ANWAPI  : (28437|0xFF195CB0)[BTAPI] send_BLE_discoveryHandler_Message event type: 0x0
05-27 19:07:52.790 28437 28493 D ANWAPI  : 
05-27 19:07:52.790 28437 28493 D ANWAPI  : (28437|0xFF195CB0)[BTAPI] NOT_BR/EDR support bit set, treat device as LE only
05-27 19:07:52.790 28437 28493 D ANWAPI  : 
05-27 19:07:52.790 28437 28493 D ANW bt_btif: send_BLE_discoveryHandler_Message cod is 0x000000
05-27 19:07:52.790 28437 28493 D ANW bt_btif: btif_storage_add_remote_device, AnW
05-27 19:07:52.790 28437 28493 D ANW bt_btif: in, bd addr:cc:14:bc:55:b5:40, prop type:255, len:6
05-27 19:07:52.790 28437 28493 D ANW bt_btif: btif_in_fetch_bonded_device, AnW
05-27 19:07:52.790 28437 28493 D ANW bt_btif: btif_in_fetch_bonded_ble_device Found a LE device: cc:14:bc:55:b5:40
05-27 19:07:52.790 28437 28493 D ANW bt_btif: btif_storage_get_remote_addr_type, AnW
05-27 19:07:52.790 28437 28493 D ANW bt_btif: btif_in_fetch_bonded_ble_device, AnW key_not_found
05-27 19:07:52.790 28437 28493 D ANW bt_btif: Remote device:cc:14:bc:55:b5:40, no link key or ble key found
05-27 19:07:52.790 28437 28493 D ANW bt_btif: in, bd addr:cc:14:bc:55:b5:40, prop type:5, len:4
05-27 19:07:52.791 28437 28493 D ANW bt_btif: btif_in_fetch_bonded_device, AnW
05-27 19:07:52.791 28437 28493 D ANW bt_btif: btif_in_fetch_bonded_ble_device Found a LE device: cc:14:bc:55:b5:40
05-27 19:07:52.791 28437 28493 D ANW bt_btif: btif_storage_get_remote_addr_type, AnW
05-27 19:07:52.791 28437 28493 D ANW bt_btif: btif_in_fetch_bonded_ble_device, AnW key_not_found
05-27 19:07:52.791 28437 28493 D ANW bt_btif: Remote device:cc:14:bc:55:b5:40, no link key or ble key found
05-27 19:07:52.791 28437 28493 D ANW bt_btif: in, bd addr:cc:14:bc:55:b5:40, prop type:11, len:1
05-27 19:07:52.791 28437 28493 D ANW bt_btif: btif_in_fetch_bonded_device, AnW
05-27 19:07:52.791 28437 28493 D ANW bt_btif: btif_in_fetch_bonded_ble_device Found a LE device: cc:14:bc:55:b5:40
05-27 19:07:52.791 28437 28493 D ANW bt_btif: btif_storage_get_remote_addr_type, AnW
05-27 19:07:52.791 28437 28493 D ANW bt_btif: btif_in_fetch_bonded_ble_device, AnW key_not_found
05-27 19:07:52.791 28437 28493 D ANW bt_btif: Remote device:cc:14:bc:55:b5:40, no link key or ble key found
05-27 19:07:52.791 28437 28493 D ANW bt_btif: btif_storage_set_remote_addr_type, AnW
05-27 19:07:52.791 28437 28493 I ANW bt_btif: onScanResult, address_type=0, primary_phy= 0, secondary_phy=0, ad size= 19
05-27 19:07:52.791 28437 28493 I ANW bt_btif: onScanResult: HAL bt_gatt_callbacks->scanner->scan_result_cb
05-27 19:07:52.791 28437 28493 D ANWStack: [  11940042][ANWBT] HCI Rx: LE Meta Event, HCI_evLEADVERTISINGREPORT, subevent_code=0x2 Num_Reports=1
05-27 19:07:52.791 28437 28493 D ANWStack: 
05-27 19:07:52.791 28437 28493 D ANWAPI  : (28437|0xFF195CB0)[BTAPI] AnwhciEventCallback 62 2
05-27 19:07:52.791 28437 28493 D ANWAPI  : (28437|0xFF195CB0)[BTAPI] btsdk_le_DiscoveryCallback eventtype[4]
05-27 19:07:52.791 28437 28493 D ANWAPI  : (28437|0xFF195CB0)[BTAPI] anwbt_ble_le_discoveryHandler
05-27 19:07:52.791 28437 28493 D ANWAPI  : 
05-27 19:07:52.791 28437 28493 D ANWAPI  : (28437|0xFF195CB0)[BTAPI] anwbt_ble_le_discoveryHandler newDevice=0xb4000073fd7de1aa,status=0,idx=255,scanLen=0,len=13,RSSI[-61]
05-27 19:07:52.791 28437 28493 D ANWAPI  : (28437|0xFF195CB0)[BTAPI] nameLen:11,devicename[EDIFIER BLE]
05-27 19:07:52.791 28437 28493 D ANWAPI  : 
05-27 19:07:52.791 28437 28493 D ANWAPI  : (28437|0xFF195CB0)[BTAPI] AnWBT_BLE_GetFirstRandomAddr start,btaddr=[0x40:0xb5:0x55:0xbc:0x14:0xcc],addrType=0
05-27 19:07:52.791 28437 28493 D ANWAPI  : (28437|0xFF195CB0)[BTAPI] AnWBT_BLE_GetFirstRandomAddr end,btaddr=[0x40:0xb5:0x55:0xbc:0x14:0xcc]
05-27 19:07:52.791 28437 28493 D ANWAPI  : (28437|0xFF195CB0)[BTAPI] send_BLE_discoveryHandler_Message event type: 0x4
05-27 19:07:52.791 28437 28493 D ANWAPI  : 
05-27 19:07:52.791 28437 28493 D ANW bt_btif: send_BLE_discoveryHandler_Message cod is 0x000000
05-27 19:07:52.791 28437 28493 D ANW bt_btif: btif_storage_add_remote_device, AnW
05-27 19:07:52.791 28437 28493 D ANW bt_btif: in, bd addr:cc:14:bc:55:b5:40, prop type:255, len:6
05-27 19:07:52.791 28437 28493 D ANW bt_btif: btif_in_fetch_bonded_device, AnW
05-27 19:07:52.791 28437 28493 D ANW bt_btif: btif_in_fetch_bonded_ble_device Found a LE device: cc:14:bc:55:b5:40
05-27 19:07:52.791 28437 28493 D ANW bt_btif: btif_storage_get_remote_addr_type, AnW
05-27 19:07:52.791 28437 28493 D ANW bt_btif: btif_in_fetch_bonded_ble_device, AnW key_not_found
05-27 19:07:52.792 28437 28493 D ANW bt_btif: Remote device:cc:14:bc:55:b5:40, no link key or ble key found
05-27 19:07:52.792 28437 28493 D ANW bt_btif: in, bd addr:cc:14:bc:55:b5:40, prop type:1, len:11
05-27 19:07:52.792 28437 28493 D ANW bt_btif: btif_in_fetch_bonded_device, AnW
05-27 19:07:52.792 28437 28493 D ANW bt_btif: btif_in_fetch_bonded_ble_device Found a LE device: cc:14:bc:55:b5:40
05-27 19:07:52.792 28437 28493 D ANW bt_btif: btif_storage_get_remote_addr_type, AnW
05-27 19:07:52.792 28437 28493 D ANW bt_btif: btif_in_fetch_bonded_ble_device, AnW key_not_found
05-27 19:07:52.792 28437 28493 D ANW bt_btif: Remote device:cc:14:bc:55:b5:40, no link key or ble key found
05-27 19:07:52.792 28437 28493 D ANW bt_btif: in, bd addr:cc:14:bc:55:b5:40, prop type:5, len:4
05-27 19:07:52.792 28437 28493 D ANW bt_btif: btif_in_fetch_bonded_device, AnW
05-27 19:07:52.792 28437 28493 D ANW bt_btif: btif_in_fetch_bonded_ble_device Found a LE device: cc:14:bc:55:b5:40
05-27 19:07:52.792 28437 28493 D ANW bt_btif: btif_storage_get_remote_addr_type, AnW
05-27 19:07:52.792   581   581 I SpiService: fgesysctrl_getGPIO_status success val=1
05-27 19:07:52.792 28437 28493 D ANW bt_btif: btif_in_fetch_bonded_ble_device, AnW key_not_found
05-27 19:07:52.792 28437 28493 D ANW bt_btif: Remote device:cc:14:bc:55:b5:40, no link key or ble key found
05-27 19:07:52.792 28437 28493 D ANW bt_btif: in, bd addr:cc:14:bc:55:b5:40, prop type:11, len:1
05-27 19:07:52.792 28437 28493 D ANW bt_btif: btif_in_fetch_bonded_device, AnW
05-27 19:07:52.792 28437 28493 D ANW bt_btif: btif_in_fetch_bonded_ble_device Found a LE device: cc:14:bc:55:b5:40
05-27 19:07:52.792 28437 28493 D ANW bt_btif: btif_storage_get_remote_addr_type, AnW
05-27 19:07:52.792 28437 28493 D ANW bt_btif: btif_in_fetch_bonded_ble_device, AnW key_not_found
05-27 19:07:52.792 28437 28493 D ANW bt_btif: Remote device:cc:14:bc:55:b5:40, no link key or ble key found
05-27 19:07:52.792 28437 28493 D ANW bt_btif: btif_storage_set_remote_addr_type, AnW
05-27 19:07:52.792 28437 28493 I ANW bt_btif: onScanResult, address_type=0, primary_phy= 0, secondary_phy=0, ad size= 13
05-27 19:07:52.792 28437 28493 I ANW bt_btif: onScanResult: HAL bt_gatt_callbacks->scanner->scan_result_cb
05-27 19:07:52.792 28437 28493 D ANWStack: [  11940043][ANWBT] HCI Rx: LE Meta Event, HCI_evLEADVERTISINGREPORT, subevent_code=0x2 Num_Reports=1
05-27 19:07:52.792 28437 28493 D ANWStack: 
05-27 19:07:52.792 28437 28493 D ANWAPI  : (28437|0xFF195CB0)[BTAPI] AnwhciEventCallback 62 2
05-27 19:07:52.792 28437 28493 D ANWAPI  : (28437|0xFF195CB0)[BTAPI] btsdk_le_DiscoveryCallback eventtype[3]
05-27 19:07:52.792 28437 28493 D ANWAPI  : (28437|0xFF195CB0)[BTAPI] anwbt_ble_le_discoveryHandler
05-27 19:07:52.792 28437 28493 D ANWAPI  : 
05-27 19:07:52.793 28437 28493 D ANWAPI  : (28437|0xFF195CB0)[BTAPI] anwbt_ble_le_discoveryHandler newDevice=0xb4000073fd7df39a,status=0,idx=255,scanLen=0,len=31,RSSI[-75]
05-27 19:07:52.793 28437 28493 D ANWAPI  : (28437|0xFF195CB0)[BTAPI] AnWBT_BLE_GetFirstRandomAddr start,btaddr=[0xd8:0xcd:0xa9:0x24:0x47:0x19],addrType=1
05-27 19:07:52.793 28437 28493 D ANWAPI  : (28437|0xFF195CB0)[BTAPI] AnWBT_BLE_GetFirstRandomAddr end,btaddr=[0xd8:0xcd:0xa9:0x24:0x47:0x19]
05-27 19:07:52.793 28437 28493 D ANWAPI  : (28437|0xFF195CB0)[BTAPI] send_BLE_discoveryHandler_Message event type: 0x3
05-27 19:07:52.793 28437 28493 D ANWAPI  : 
05-27 19:07:52.793 28437 28493 D ANW bt_btif: send_BLE_discoveryHandler_Message cod is 0x000000
05-27 19:07:52.793 28437 28493 D ANW bt_btif: btif_storage_add_remote_device, AnW
05-27 19:07:52.793 28437 28493 D ANW bt_btif: in, bd addr:19:47:24:a9:cd:d8, prop type:255, len:6
05-27 19:07:52.793 28437 28493 D ANW bt_btif: btif_in_fetch_bonded_device, AnW
05-27 19:07:52.793 28437 28493 D ANW bt_btif: btif_in_fetch_bonded_ble_device Found a LE device: 19:47:24:a9:cd:d8
05-27 19:07:52.793 28437 28493 D ANW bt_btif: btif_storage_get_remote_addr_type, AnW
05-27 19:07:52.793 28437 28493 D ANW bt_btif: btif_in_fetch_bonded_ble_device, AnW key_not_found
05-27 19:07:52.793 28437 28493 D ANW bt_btif: Remote device:19:47:24:a9:cd:d8, no link key or ble key found
05-27 19:07:52.793 28437 28493 D ANW bt_btif: in, bd addr:19:47:24:a9:cd:d8, prop type:5, len:4
05-27 19:07:52.793 28437 28493 D ANW bt_btif: btif_in_fetch_bonded_device, AnW
05-27 19:07:52.793 28437 28493 D ANW bt_btif: btif_in_fetch_bonded_ble_device Found a LE device: 19:47:24:a9:cd:d8
05-27 19:07:52.793 28437 28493 D ANW bt_btif: btif_storage_get_remote_addr_type, AnW
05-27 19:07:52.793 28437 28493 D ANW bt_btif: btif_in_fetch_bonded_ble_device, AnW key_not_found
05-27 19:07:52.793 28437 28493 D ANW bt_btif: Remote device:19:47:24:a9:cd:d8, no link key or ble key found
05-27 19:07:52.793 28437 28493 D ANW bt_btif: in, bd addr:19:47:24:a9:cd:d8, prop type:11, len:1
05-27 19:07:52.793 28437 28493 D ANW bt_btif: btif_in_fetch_bonded_device, AnW
05-27 19:07:52.793 28437 28493 D ANW bt_btif: btif_in_fetch_bonded_ble_device Found a LE device: 19:47:24:a9:cd:d8
05-27 19:07:52.793 28437 28493 D ANW bt_btif: btif_storage_get_remote_addr_type, AnW
05-27 19:07:52.793 28437 28493 D ANW bt_btif: btif_in_fetch_bonded_ble_device, AnW key_not_found
05-27 19:07:52.793 28437 28493 D ANW bt_btif: Remote device:19:47:24:a9:cd:d8, no link key or ble key found
05-27 19:07:52.793 28437 28493 D ANW bt_btif: btif_storage_set_remote_addr_type, AnW
05-27 19:07:52.793 28437 28493 I ANW bt_btif: onScanResult, address_type=1, primary_phy= 0, secondary_phy=0, ad size= 31
05-27 19:07:52.793 28437 28493 I ANW bt_btif: onScanResult: HAL bt_gatt_callbacks->scanner->scan_result_cb
05-27 19:07:52.793 28437 28493 D ANWStack: [  11940044][ANWBT] HCI Rx: LE Meta Event, HCI_evLEADVERTISINGREPORT, subevent_code=0x2 Num_Reports=1
05-27 19:07:52.793 28437 28493 D ANWStack: 
05-27 19:07:52.793 28437 28493 D ANWAPI  : (28437|0xFF195CB0)[BTAPI] AnwhciEventCallback 62 2
05-27 19:07:52.794 28437 28493 D ANWAPI  : (28437|0xFF195CB0)[BTAPI] btsdk_le_DiscoveryCallback eventtype[3]
05-27 19:07:52.794 28437 28493 D ANWAPI  : (28437|0xFF195CB0)[BTAPI] anwbt_ble_le_discoveryHandler
05-27 19:07:52.794 28437 28493 D ANWAPI  : 
05-27 19:07:52.794 28437 28493 D ANWAPI  : (28437|0xFF195CB0)[BTAPI] anwbt_ble_le_discoveryHandler newDevice=0xb4000073fd7df39a,status=0,idx=255,scanLen=0,len=31,RSSI[-57]
05-27 19:07:52.794 28437 28493 D ANWAPI  : (28437|0xFF195CB0)[BTAPI] AnWBT_BLE_GetFirstRandomAddr start,btaddr=[0x3f:0xd9:0xd:0x7f:0xf1:0x7],addrType=1
05-27 19:07:52.794 28437 28493 D ANWAPI  : (28437|0xFF195CB0)[BTAPI] AnWBT_BLE_GetFirstRandomAddr end,btaddr=[0x3f:0xd9:0xd:0x7f:0xf1:0x7]
05-27 19:07:52.794 28437 28493 D ANWAPI  : (28437|0xFF195CB0)[BTAPI] send_BLE_discoveryHandler_Message event type: 0x3
05-27 19:07:52.794 28437 28493 D ANWAPI  : 
05-27 19:07:52.794 28437 28493 D ANW bt_btif: send_BLE_discoveryHandler_Message cod is 0x000000
05-27 19:07:52.794 28437 28493 D ANW bt_btif: btif_storage_add_remote_device, AnW
05-27 19:07:52.794 28437 28493 D ANW bt_btif: in, bd addr:07:f1:7f:0d:d9:3f, prop type:255, len:6
05-27 19:07:52.794 28437 28493 D ANW bt_btif: btif_in_fetch_bonded_device, AnW
05-27 19:07:52.794 28437 28493 D ANW bt_btif: btif_in_fetch_bonded_ble_device Found a LE device: 07:f1:7f:0d:d9:3f
05-27 19:07:52.794 28437 28493 D ANW bt_btif: btif_storage_get_remote_addr_type, AnW
05-27 19:07:52.794 28437 28493 D ANW bt_btif: btif_in_fetch_bonded_ble_device, AnW key_not_found
05-27 19:07:52.794 28437 28493 D ANW bt_btif: Remote device:07:f1:7f:0d:d9:3f, no link key or ble key found
05-27 19:07:52.794 28437 28493 D ANW bt_btif: in, bd addr:07:f1:7f:0d:d9:3f, prop type:5, len:4
05-27 19:07:52.794 28437 28493 D ANW bt_btif: btif_in_fetch_bonded_device, AnW
05-27 19:07:52.794 28437 28493 D ANW bt_btif: btif_in_fetch_bonded_ble_device Found a LE device: 07:f1:7f:0d:d9:3f
05-27 19:07:52.794 28437 28493 D ANW bt_btif: btif_storage_get_remote_addr_type, AnW
05-27 19:07:52.794 28437 28493 D ANW bt_btif: btif_in_fetch_bonded_ble_device, AnW key_not_found
05-27 19:07:52.794 28437 28493 D ANW bt_btif: Remote device:07:f1:7f:0d:d9:3f, no link key or ble key found
05-27 19:07:52.794 28437 28493 D ANW bt_btif: in, bd addr:07:f1:7f:0d:d9:3f, prop type:11, len:1
05-27 19:07:52.794 28437 28493 D ANW bt_btif: btif_in_fetch_bonded_device, AnW
05-27 19:07:52.794 28437 28493 D ANW bt_btif: btif_in_fetch_bonded_ble_device Found a LE device: 07:f1:7f:0d:d9:3f
05-27 19:07:52.794 28437 28493 D ANW bt_btif: btif_storage_get_remote_addr_type, AnW
05-27 19:07:52.794 28437 28493 D ANW bt_btif: btif_in_fetch_bonded_ble_device, AnW key_not_found
05-27 19:07:52.794 28437 28493 D ANW bt_btif: Remote device:07:f1:7f:0d:d9:3f, no link key or ble key found
05-27 19:07:52.794 28437 28493 D ANW bt_btif: btif_storage_set_remote_addr_type, AnW
05-27 19:07:52.794 28437 28493 I ANW bt_btif: onScanResult, address_type=1, primary_phy= 0, secondary_phy=0, ad size= 31
05-27 19:07:52.794 28437 28493 I ANW bt_btif: onScanResult: HAL bt_gatt_callbacks->scanner->scan_result_cb
05-27 19:07:52.794 28437 28493 D ANWStack: [  11940045][ANWBT] HCI Rx: LE Meta Event, HCI_evLEADVERTISINGREPORT, subevent_code=0x2 Num_Reports=1
05-27 19:07:52.794 28437 28493 D ANWStack: 
05-27 19:07:52.794 28437 28493 D ANWAPI  : (28437|0xFF195CB0)[BTAPI] AnwhciEventCallback 62 2
05-27 19:07:52.795 28437 28493 D ANWAPI  : (28437|0xFF195CB0)[BTAPI] btsdk_le_DiscoveryCallback eventtype[0]
05-27 19:07:52.795 28437 28493 D ANWAPI  : (28437|0xFF195CB0)[BTAPI] anwbt_ble_le_discoveryHandler
05-27 19:07:52.795 28437 28493 D ANWAPI  : 
05-27 19:07:52.795 28437 28493 D ANWAPI  : (28437|0xFF195CB0)[BTAPI] anwbt_ble_le_discoveryHandler newDevice=0xb4000073fd7df39a,status=0,idx=255,scanLen=0,len=31,RSSI[-88]
05-27 19:07:52.795 28437 28493 D ANWAPI  : (28437|0xFF195CB0)[BTAPI] nameLen:8,devicename[D1538947]
05-27 19:07:52.795 28437 28493 D ANWAPI  : 
05-27 19:07:52.795 28437 28493 D ANWAPI  : (28437|0xFF195CB0)[BTAPI] AnWBT_BLE_GetFirstRandomAddr start,btaddr=[0x21:0x64:0x3c:0x50:0xa0:0x0],addrType=0
05-27 19:07:52.795 28437 28493 D ANWAPI  : (28437|0xFF195CB0)[BTAPI] AnWBT_BLE_GetFirstRandomAddr end,btaddr=[0x21:0x64:0x3c:0x50:0xa0:0x0]
05-27 19:07:52.795 28437 28493 D ANWAPI  : (28437|0xFF195CB0)[BTAPI] send_BLE_discoveryHandler_Message event type: 0x0
05-27 19:07:52.795 28437 28493 D ANWAPI  : 
05-27 19:07:52.795 28437 28493 D ANWAPI  : (28437|0xFF195CB0)[BTAPI] NOT_BR/EDR support bit set, treat device as LE only
05-27 19:07:52.795 28437 28493 D ANWAPI  : 
05-27 19:07:52.795 28437 28493 D ANW bt_btif: send_BLE_discoveryHandler_Message cod is 0x000000
05-27 19:07:52.795 28437 28493 D ANW bt_btif: btif_storage_add_remote_device, AnW
05-27 19:07:52.795 28437 28493 D ANW bt_btif: in, bd addr:00:a0:50:3c:64:21, prop type:255, len:6
05-27 19:07:52.795 28437 28493 D ANW bt_btif: btif_in_fetch_bonded_device, AnW
05-27 19:07:52.795 28437 28493 D ANW bt_btif: btif_in_fetch_bonded_ble_device Found a LE device: 00:a0:50:3c:64:21
05-27 19:07:52.795 28437 28493 D ANW bt_btif: btif_storage_get_remote_addr_type, AnW
05-27 19:07:52.795 28437 28493 D ANW bt_btif: btif_in_fetch_bonded_ble_device, AnW key_not_found
05-27 19:07:52.795 28437 28493 D ANW bt_btif: Remote device:00:a0:50:3c:64:21, no link key or ble key found
05-27 19:07:52.795 28437 28493 D ANW bt_btif: in, bd addr:00:a0:50:3c:64:21, prop type:1, len:8
05-27 19:07:52.795 28437 28493 D ANW bt_btif: btif_in_fetch_bonded_device, AnW
05-27 19:07:52.795 28437 28493 D ANW bt_btif: btif_in_fetch_bonded_ble_device Found a LE device: 00:a0:50:3c:64:21
05-27 19:07:52.795 28437 28493 D ANW bt_btif: btif_storage_get_remote_addr_type, AnW
05-27 19:07:52.795 28437 28493 D ANW bt_btif: btif_in_fetch_bonded_ble_device, AnW key_not_found
05-27 19:07:52.795 28437 28493 D ANW bt_btif: Remote device:00:a0:50:3c:64:21, no link key or ble key found
05-27 08:59:01.778   581   581 D spi_rst_gpio_get_output: GPIO 145 value: 1
05-27 08:59:01.778   581   581 D spidev_ioctl: gpio status=1)
05-27 19:07:52.795 28437 28493 D ANW bt_btif: in, bd addr:00:a0:50:3c:64:21, prop type:5, len:4
05-27 19:07:52.795 28437 28493 D ANW bt_btif: btif_in_fetch_bonded_device, AnW
05-27 19:07:52.795 28437 28493 D ANW bt_btif: btif_in_fetch_bonded_ble_device Found a LE device: 00:a0:50:3c:64:21
05-27 19:07:52.795 28437 28493 D ANW bt_btif: btif_storage_get_remote_addr_type, AnW
05-27 19:07:52.795 28437 28493 D ANW bt_btif: btif_in_fetch_bonded_ble_device, AnW key_not_found
05-27 19:07:52.795 28437 28493 D ANW bt_btif: Remote device:00:a0:50:3c:64:21, no link key or ble key found
05-27 19:07:52.795 28437 28493 D ANW bt_btif: in, bd addr:00:a0:50:3c:64:21, prop type:11, len:1
05-27 19:07:52.795 28437 28493 D ANW bt_btif: btif_in_fetch_bonded_device, AnW
05-27 08:59:01.783   581   581 D spi_rst_gpio_get_output: GPIO 145 value: 0
05-27 08:59:01.783   581   581 D spidev_ioctl: gpio status=0)
05-27 08:59:01.788     1     1 I init    : starting service 'trace_resource'...
05-27 19:07:52.795 28437 28493 D ANW bt_btif: btif_in_fetch_bonded_ble_device Found a LE device: 00:a0:50:3c:64:21
05-27 19:07:52.795 28437 28493 D ANW bt_btif: btif_storage_get_remote_addr_type, AnW
05-27 19:07:52.795 28437 28493 D ANW bt_btif: btif_in_fetch_bonded_ble_device, AnW key_not_found
05-27 19:07:52.795 28437 28493 D ANW bt_btif: Remote device:00:a0:50:3c:64:21, no link key or ble key found
05-27 19:07:52.795 28437 28493 D ANW bt_btif: btif_storage_set_remote_addr_type, AnW
05-27 19:07:52.796 28437 28493 I ANW bt_btif: send_BLE_discoveryHandler_Message: HAL bt_hal_cbacks->device_found_cb
05-27 19:07:52.796 28437 28493 D BluetoothRemoteDevices: Property type: 2
05-27 19:07:52.796 28437 28493 D BluetoothRemoteDevices: Remote Address is:00:A0:50:3C:64:21
05-27 19:07:52.796 28437 28493 D BluetoothRemoteDevices: Property type: 1
05-27 19:07:52.796 28437 28493 D BluetoothRemoteDevices: Skip name update for 00:A0:50:3C:64:21
05-27 19:07:52.796 28437 28493 D BluetoothRemoteDevices: Property type: 5
05-27 19:07:52.796 28437 28493 D BluetoothRemoteDevices: Property type: 11
05-27 19:07:52.796 28437 28493 D BluetoothRemoteDevices: deviceFoundCallback: Remote Address is:00:A0:50:3C:64:21
05-27 19:07:52.797 10188  6599 D BroadcastQueue: Add broadcast <BroadcastRecord{9239e6e u0 android.bluetooth.device.action.FOUND}> into [parallel | background], pending size 0
05-27 19:07:52.797 28437 28493 I ANW bt_btif: onScanResult, address_type=0, primary_phy= 0, secondary_phy=0, ad size= 31
05-27 19:07:52.797   581   581 I SpiService: fgesysctrl_getGPIO_status success val=1
05-27 19:07:52.797 28437 28493 I ANW bt_btif: onScanResult: HAL bt_gatt_callbacks->scanner->scan_result_cb
05-27 19:07:52.797 28437 28493 D ANWStack: [  11940048][ANWBT] HCI Rx: LE Meta Event, HCI_evLEADVERTISINGREPORT, subevent_code=0x2 Num_Reports=1
05-27 19:07:52.797 28437 28493 D ANWStack: 
05-27 19:07:52.797 28437 28493 D ANWAPI  : (28437|0xFF195CB0)[BTAPI] AnwhciEventCallback 62 2
05-27 19:07:52.797 28437 28493 D ANWAPI  : (28437|0xFF195CB0)[BTAPI] btsdk_le_DiscoveryCallback eventtype[4]
05-27 19:07:52.797 28437 28493 D ANWAPI  : (28437|0xFF195CB0)[BTAPI] anwbt_ble_le_discoveryHandler
05-27 19:07:52.797 28437 28493 D ANWAPI  : 
05-27 19:07:52.798 28437 28493 D ANWAPI  : (28437|0xFF195CB0)[BTAPI] anwbt_ble_le_discoveryHandler newDevice=0xb4000073fd7df39a,status=0,idx=255,scanLen=0,len=0,RSSI[-88]
05-27 19:07:52.798 28437 28493 D ANWAPI  : (28437|0xFF195CB0)[BTAPI] AnWBT_BLE_GetFirstRandomAddr start,btaddr=[0x21:0x64:0x3c:0x50:0xa0:0x0],addrType=0
05-27 19:07:52.798 28437 28493 D ANWAPI  : (28437|0xFF195CB0)[BTAPI] AnWBT_BLE_GetFirstRandomAddr end,btaddr=[0x21:0x64:0x3c:0x50:0xa0:0x0]
05-27 19:07:52.798 28437 28493 D ANWAPI  : (28437|0xFF195CB0)[BTAPI] send_BLE_discoveryHandler_Message event type: 0x4
05-27 19:07:52.798 28437 28493 D ANWAPI  : 
05-27 19:07:52.798 28437 28493 D ANW bt_btif: send_BLE_discoveryHandler_Message cod is 0x000000
05-27 19:07:52.798 28437 28493 D ANW bt_btif: btif_storage_add_remote_device, AnW
05-27 19:07:52.798 28437 28493 D ANW bt_btif: in, bd addr:00:a0:50:3c:64:21, prop type:255, len:6
05-27 19:07:52.798 28437 28493 D ANW bt_btif: btif_in_fetch_bonded_device, AnW
05-27 19:07:52.798 28437 28493 D ANW bt_btif: btif_in_fetch_bonded_ble_device Found a LE device: 00:a0:50:3c:64:21
05-27 19:07:52.798 28437 28493 D ANW bt_btif: btif_storage_get_remote_addr_type, AnW
05-27 19:07:52.798 28437 28493 D ANW bt_btif: btif_in_fetch_bonded_ble_device, AnW key_not_found
05-27 19:07:52.798 28437 28493 D ANW bt_btif: Remote device:00:a0:50:3c:64:21, no link key or ble key found
05-27 19:07:52.798 28437 28493 D ANW bt_btif: in, bd addr:00:a0:50:3c:64:21, prop type:5, len:4
05-27 19:07:52.798 28437 28493 D ANW bt_btif: btif_in_fetch_bonded_device, AnW
05-27 19:07:52.798 28437 28493 D ANW bt_btif: btif_in_fetch_bonded_ble_device Found a LE device: 00:a0:50:3c:64:21
05-27 19:07:52.798 28437 28493 D ANW bt_btif: btif_storage_get_remote_addr_type, AnW
05-27 19:07:52.798 28437 28493 D ANW bt_btif: btif_in_fetch_bonded_ble_device, AnW key_not_found
05-27 19:07:52.798 28437 28493 D ANW bt_btif: Remote device:00:a0:50:3c:64:21, no link key or ble key found
05-27 19:07:52.798 28437 28493 D ANW bt_btif: in, bd addr:00:a0:50:3c:64:21, prop type:11, len:1
05-27 19:07:52.798 28437 28493 D ANW bt_btif: btif_in_fetch_bonded_device, AnW
05-27 19:07:52.798 28437 28493 D ANW bt_btif: btif_in_fetch_bonded_ble_device Found a LE device: 00:a0:50:3c:64:21
05-27 19:07:52.798 28437 28493 D ANW bt_btif: btif_storage_get_remote_addr_type, AnW
05-27 19:07:52.798 28437 28493 D ANW bt_btif: btif_in_fetch_bonded_ble_device, AnW key_not_found
05-27 19:07:52.798 28437 28493 D ANW bt_btif: Remote device:00:a0:50:3c:64:21, no link key or ble key found
05-27 19:07:52.798 28437 28493 D ANW bt_btif: btif_storage_set_remote_addr_type, AnW
05-27 19:07:52.798 28437 28493 I ANW bt_btif: onScanResult, address_type=0, primary_phy= 0, secondary_phy=0, ad size= 0
05-27 19:07:52.798 28437 28493 I ANW bt_btif: onScanResult: HAL bt_gatt_callbacks->scanner->scan_result_cb
05-27 19:07:52.798 10188 10660 D BroadcastQueue: Done with parallel broadcast [background] [BroadcastRecord{9239e6e u0 android.bluetooth.device.action.FOUND}]
05-27 19:07:52.800 28437 28493 D ANWStack: [  11940051][ANWBT] HCI Rx: LE Meta Event, HCI_evLEADVERTISINGREPORT, subevent_code=0x2 Num_Reports=1
05-27 19:07:52.800 28437 28493 D ANWStack: 
05-27 19:07:52.800 28437 28493 D ANWAPI  : (28437|0xFF195CB0)[BTAPI] AnwhciEventCallback 62 2
05-27 19:07:52.800 28437 28493 D ANWAPI  : (28437|0xFF195CB0)[BTAPI] btsdk_le_DiscoveryCallback eventtype[3]
05-27 19:07:52.800 28437 28493 D ANWAPI  : (28437|0xFF195CB0)[BTAPI] anwbt_ble_le_discoveryHandler
05-27 19:07:52.800 28437 28493 D ANWAPI  : 
05-27 19:07:52.800 28437 28493 D ANWAPI  : (28437|0xFF195CB0)[BTAPI] anwbt_ble_le_discoveryHandler newDevice=0xb4000073fd7df39a,status=0,idx=255,scanLen=0,len=31,RSSI[-81]
05-27 19:07:52.800 28437 28493 D ANWAPI  : (28437|0xFF195CB0)[BTAPI] AnWBT_BLE_GetFirstRandomAddr start,btaddr=[0xaa:0x1b:0x95:0xf8:0xb9:0x30],addrType=1
05-27 19:07:52.800 28437 28493 D ANWAPI  : (28437|0xFF195CB0)[BTAPI] AnWBT_BLE_GetFirstRandomAddr end,btaddr=[0xaa:0x1b:0x95:0xf8:0xb9:0x30]
05-27 19:07:52.800 28437 28493 D ANWAPI  : (28437|0xFF195CB0)[BTAPI] send_BLE_discoveryHandler_Message event type: 0x3
05-27 19:07:52.800 28437 28493 D ANWAPI  : 
05-27 19:07:52.800 28437 28493 D ANW bt_btif: send_BLE_discoveryHandler_Message cod is 0x000000
05-27 19:07:52.800 28437 28493 D ANW bt_btif: btif_storage_add_remote_device, AnW
05-27 19:07:52.801 13911 14183 I SentryImuMcuAngleSender: 179.97899rollDeg
05-27 19:07:52.801 28437 28493 D ANW bt_btif: in, bd addr:30:b9:f8:95:1b:aa, prop type:255, len:6
05-27 19:07:52.801 28437 28493 D ANW bt_btif: btif_in_fetch_bonded_device, AnW
05-27 19:07:52.801 28437 28493 D ANW bt_btif: btif_in_fetch_bonded_ble_device Found a LE device: 30:b9:f8:95:1b:aa
05-27 19:07:52.801 28437 28493 D ANW bt_btif: btif_storage_get_remote_addr_type, AnW
05-27 19:07:52.801 28437 28493 D ANW bt_btif: btif_in_fetch_bonded_ble_device, AnW key_not_found
05-27 19:07:52.801 13911 14183 I SentryImuMcuAngleSender: 1,0,0
05-27 19:07:52.801 28437 28493 D ANW bt_btif: Remote device:30:b9:f8:95:1b:aa, no link key or ble key found
05-27 19:07:52.801 28437 28493 D ANW bt_btif: in, bd addr:30:b9:f8:95:1b:aa, prop type:5, len:4
05-27 19:07:52.801 28437 28493 D ANW bt_btif: btif_in_fetch_bonded_device, AnW
05-27 19:07:52.801 28437 28493 D ANW bt_btif: btif_in_fetch_bonded_ble_device Found a LE device: 30:b9:f8:95:1b:aa
05-27 19:07:52.801 28437 28493 D ANW bt_btif: btif_storage_get_remote_addr_type, AnW
05-27 19:07:52.801 28437 28493 D ANW bt_btif: btif_in_fetch_bonded_ble_device, AnW key_not_found
05-27 19:07:52.801 28437 28493 D ANW bt_btif: Remote device:30:b9:f8:95:1b:aa, no link key or ble key found
05-27 19:07:52.801 28437 28493 D ANW bt_btif: in, bd addr:30:b9:f8:95:1b:aa, prop type:11, len:1
05-27 19:07:52.801 28437 28493 D ANW bt_btif: btif_in_fetch_bonded_device, AnW
05-27 19:07:52.801 28437 28493 D ANW bt_btif: btif_in_fetch_bonded_ble_device Found a LE device: 30:b9:f8:95:1b:aa
05-27 19:07:52.801 28437 28493 D ANW bt_btif: btif_storage_get_remote_addr_type, AnW
05-27 19:07:52.801 28437 28493 D ANW bt_btif: btif_in_fetch_bonded_ble_device, AnW key_not_found
05-27 19:07:52.802 28437 28493 D ANW bt_btif: Remote device:30:b9:f8:95:1b:aa, no link key or ble key found
05-27 19:07:52.802 28437 28493 D ANW bt_btif: btif_storage_set_remote_addr_type, AnW
05-27 19:07:52.802 28437 28493 I ANW bt_btif: onScanResult, address_type=1, primary_phy= 0, secondary_phy=0, ad size= 31
05-27 19:07:52.802 28437 28493 I ANW bt_btif: onScanResult: HAL bt_gatt_callbacks->scanner->scan_result_cb
05-27 19:07:52.802   536   536 D commservice260303: msg.id = 1028,0
05-27 19:07:52.802   536   536 D commservice260303: i = 170, msgid = 8A000404
05-27 19:07:52.802   536   536 D commservice260303: msgid = -1979710460,did=138
05-27 19:07:52.802   536   536 D commservice260303: CommProtocolLibCmdBaseI2C::dataproc {"command":{"id":"imu_status","sub":""},"content":{"TimeStamp":11,"FrameCounter":280766,"GD_X":-0.011070843786001205,"GD_Y":0.005420989356935024,"GD_Z":0.0020608289632946253,"AD_X":8.51556658744812E-4,"AD_Y":0.0019966948311775923,"AD_Z":-0.1707286834716797,"TempDsp":0,"Status":0,"CalibState":1,"SigAmpInvalid":0}},-1979710460
05-27 19:07:52.802   536   536 D commservice260303: send2Cluster len:314, 7B22636F6D6D616E64223A7B226964223A22696D755F737461747573222C22737562223A22227D2C22636F6E74656E74223A7B2254696D655374616D70223A31312C224672616D65436F756E746572223A3238303736362C2247445F58223A2D302E3031313037303834333738363030313230352C2247445F59223A302E3030353432303938393335363933353032342C2247445F5A223A302E303032303630383238393633323934363235332C2241445F58223A382E3531353536363538373434383132452D342C2241445F59223A302E303031393936363934383331313737353932332C2241445F5A223A2D302E313730373238363833343731363739372C2254656D70447370223A302C22537461747573223A302C2243616C69625374617465223A312C22536967416D70496E76616C6964223A307D7D, 138 
05-27 19:07:52.802   536   536 D commservice260303: Push Message into SendPool fn=-41221120
05-27 19:07:52.802   536   536 D commservice260303: ComProtocolLibSend2Cluster::send2ClusterRaw fn=-41221120 , len=330
05-27 19:07:52.802   536   536 D commservice260303: sendCmdToPort :330!!!
05-27 19:07:52.803   536   536 D commservice260303: send Cmd To Port ++++5AA501468A0100048BFD6A16D0887B22636F6D6D616E64223A7B226964223A22696D755F737461747573222C22737562223A22227D2C22636F6E74656E74223A7B2254696D655374616D70223A31312C224672616D65436F756E746572223A3238303736362C2247445F58223A2D302E3031313037303834333738363030313230352C2247445F59223A302E3030353432303938393335363933353032342C2247445F5A223A302E303032303630383238393633323934363235332C2241445F58223A382E3531353536363538373434383132452D342C2241445F59223A302E303031393936363934383331313737353932332C2241445F5A223A2D302E313730373238363833343731363739372C2254656D70447370223A302C22537461747573223A302C2243616C69625374617465223A312C22536967416D70496E76616C6964223A307D7D4076
05-27 19:07:52.803   581   581 I SpiService: fgesysctrl_getGPIO_status success val=1
05-27 19:07:52.803   536   536 D commservice260303: bufferevent_write retrun value = 0
05-27 19:07:52.803   536   560 D commservice260303: client datas send succeed,send finish
05-27 19:07:52.803 13911 14192 D Sentinelmode_1.2.5.17_sentry: <SentryImuClusterFgeSender>imu_status sent to Linux, frame=280766, tsNs=11940037, tsMs=11, intervalMs=42, ad=(8.5155666E-4,0.0019966948,-0.17072868), gd=(-0.011070844,0.0054209894,0.002060829)
05-27 19:07:52.804   572   622 I Sensors : 230 AccelSensor: x:-0.173239,y:0.006710,z:-9.979600
05-27 19:07:52.807 30773 30786 I dvr_service_: CameraX 0  audioOK: 41536000,audios:650
05-27 19:07:52.808   581   581 I SpiService: fgesysctrl_getGPIO_status success val=1
05-27 19:07:52.811 13549 13549 I ADAYO_LOG_: handleMessage(UsbFunc.java:352)copyQnx = 0
05-27 19:07:52.811 13549 13549 I ADAYO_LOG_: handleMessage(UsbFunc.java:404)copyState = 2
05-27 19:07:52.812 29114 29114 D CompatibilityChangeReporter: Compat change id reported: 171979766; UID 1000; state: ENABLED
05-27 19:07:52.813   581   581 I SpiService: fgesysctrl_getGPIO_status success val=1
05-27 19:07:52.819   581   581 I SpiService: fgesysctrl_getGPIO_status success val=0
05-27 19:07:52.825 13911 14183 I SentryImuMcuAngleSender: 179.96147rollDeg
05-27 19:07:52.825 13911 14183 I SentryImuMcuAngleSender: 1,0,0
05-27 19:07:52.833 29114 29114 D CompatibilityInfo: applyToConfigurationCompat inoutConfig.densityDpi= 160
05-27 19:07:52.833   581   581 I SpiService: fgesysctrl_getGPIO_status success val=1
05-27 08:59:01.798   581   581 D spi_rst_gpio_get_output: GPIO 145 value: 1
05-27 08:59:01.798   581   581 D spidev_ioctl: gpio status=1)
05-27 19:07:52.838   581   581 I SpiService: fgesysctrl_getGPIO_status success val=1
05-27 08:59:01.803   581   581 D spi_rst_gpio_get_output: GPIO 145 value: 1
05-27 08:59:01.803   581   581 D spidev_ioctl: gpio status=1)
05-27 19:07:52.842   536   536 D commservice260303: msg.id = 1028,0
05-27 19:07:52.842   536   536 D commservice260303: i = 170, msgid = 8A000404
05-27 19:07:52.842   536   536 D commservice260303: msgid = -1979710460,did=138
05-27 19:07:52.842   536   536 D commservice260303: CommProtocolLibCmdBaseI2C::dataproc {"command":{"id":"imu_status","sub":""},"content":{"TimeStamp":11,"FrameCounter":280767,"GD_X":-0.011759000830352306,"GD_Y":0.005420989356935024,"GD_Z":0.0023671966046094894,"AD_X":-0.005819886922836304,"AD_Y":0.005599255207926035,"AD_Z":-0.1670694351196289,"TempDsp":0,"Status":0,"CalibState":1,"SigAmpInvalid":0}},-1979710460
