05-27 19:07:52.842   536   536 D commservice260303: send2Cluster len:315, 7B22636F6D6D616E64223A7B226964223A22696D755F737461747573222C22737562223A22227D2C22636F6E74656E74223A7B2254696D655374616D70223A31312C224672616D65436F756E746572223A3238303736372C2247445F58223A2D302E3031313735393030303833303335323330362C2247445F59223A302E3030353432303938393335363933353032342C2247445F5A223A302E303032333637313936363034363039343839342C2241445F58223A2D302E3030353831393838363932323833363330342C2241445F59223A302E3030353539393235353230373932363033352C2241445F5A223A2D302E313637303639343335313139363238392C2254656D70447370223A302C22537461747573223A302C2243616C69625374617465223A312C22536967416D70496E76616C6964223A307D7D, 138 
05-27 19:07:52.842   536   536 D commservice260303: Push Message into SendPool fn=-24443904
05-27 19:07:52.842   536   536 D commservice260303: ComProtocolLibSend2Cluster::send2ClusterRaw fn=-24443904 , len=331
05-27 19:07:52.842   536   536 D commservice260303: sendCmdToPort :331!!!
05-27 19:07:52.842   536   536 D commservice260303: send Cmd To Port ++++5AA501478A0100048BFE6A16D0887B22636F6D6D616E64223A7B226964223A22696D755F737461747573222C22737562223A22227D2C22636F6E74656E74223A7B2254696D655374616D70223A31312C224672616D65436F756E746572223A3238303736372C2247445F58223A2D302E3031313735393030303833303335323330362C2247445F59223A302E3030353432303938393335363933353032342C2247445F5A223A302E303032333637313936363034363039343839342C2241445F58223A2D302E3030353831393838363932323833363330342C2241445F59223A302E3030353539393235353230373932363033352C2241445F5A223A2D302E313637303639343335313139363238392C2254656D70447370223A302C22537461747573223A302C2243616C69625374617465223A312C22536967416D70496E76616C6964223A307D7D2A80
05-27 19:07:52.842   536   536 D commservice260303: bufferevent_write retrun value = 0
05-27 19:07:52.843 13911 14192 D Sentinelmode_1.2.5.17_sentry: <SentryImuClusterFgeSender>imu_status sent to Linux, frame=280767, tsNs=11940091, tsMs=11, intervalMs=39, ad=(-0.005819887,0.005599255,-0.16706944), gd=(-0.011759001,0.0054209894,0.0023671966)
05-27 19:07:52.843   536   560 D commservice260303: client datas send succeed,send finish
05-27 19:07:52.844   581   581 I SpiService: fgesysctrl_getGPIO_status success val=1
05-27 08:59:01.808   581   581 D spi_rst_gpio_get_output: GPIO 145 value: 1
05-27 08:59:01.808   581   581 D spidev_ioctl: gpio status=1)
05-27 19:07:52.845 13911 14183 I SentryImuMcuAngleSender: 179.95795rollDeg
05-27 19:07:52.846 13911 14183 I SentryImuMcuAngleSender: 1,0,0
05-27 08:59:01.813     1     1 I init    : Service 'trace_resource' (pid 29132) exited with status 127
05-27 08:59:01.813     1     1 I init    : Sending signal 9 to service 'trace_resource' (pid 29132) process group...
05-27 08:59:01.813     1     1 I libprocessgroup: Successfully killed process cgroup uid 0 pid 29132 in 0ms
05-27 08:59:01.814   581   581 D spi_rst_gpio_get_output: GPIO 145 value: 1
05-27 08:59:01.814   581   581 D spidev_ioctl: gpio status=1)
05-27 19:07:52.849   581   581 I SpiService: fgesysctrl_getGPIO_status success val=1
05-27 19:07:52.854   536   560 D commservice260303: recv len:87, 5AA500530600000046286A16D0887B22636F6D6D616E64223A7B226964223A2268656172745F42656174222C22737562223A22227D2C22636F6E74656E74223A7B2274797065223A322C2276616C7565223A307D7D5A0A from server
05-27 19:07:52.854   581   581 I SpiService: fgesysctrl_getGPIO_status success val=1
05-27 19:07:52.855   536  2578 D commservice260303: mcuDataAnalyzeHandle templen:87,len:87,pos:0, 5AA500530600000046286A16D0887B22636F6D6D616E64223A7B226964223A2268656172745F42656174222C22737562223A22227D2C22636F6E74656E74223A7B2274797065223A322C2276616C7565223A307D7D5A0A 
05-27 19:07:52.855   536  2578 I commservice260303: checksumCal = 23050
05-27 19:07:52.855   536  2578 D commservice260303: CommProtocolLibCmdBaseC2I::dataproc {"command":{"id":"heart_Beat","sub":""},"content":{"type":2,"value":0}},6
05-27 19:07:52.855   536  2578 D commservice260303: mcuCommMessageManager::notifyMsgToClient hwbinder OK
05-27 19:07:52.855   536  2578 D commservice260303: McuProtocolLibSend2Service::send2Service ret=1
05-27 19:07:52.855 12246 12440 D ivicomm_CommManager: fgeComServiceCallback: {"command":{"id":"heart_Beat","sub":""},"content":{"type":2,"value":0}}
05-27 19:07:52.855 12246 12440 D ivicomm_ConnectStateManager: registerCallback HEART_BEAT: {"type":2,"value":0}
05-27 19:07:52.856 12246 12440 D ivicomm_ConnectStateManager: notifyState newState=0curState=0
05-27 08:59:01.819   581   581 D spi_rst_gpio_get_output: GPIO 145 value: 1
05-27 08:59:01.819   581   581 D spidev_ioctl: gpio status=1)
05-27 19:07:52.860   581   581 I SpiService: fgesysctrl_getGPIO_status success val=0
05-27 08:59:01.824   581   581 D spi_rst_gpio_get_output: GPIO 145 value: 0
05-27 08:59:01.824   581   581 D spidev_ioctl: gpio status=0)
05-27 19:07:52.863 29114 29114 D adservices: Registering AdServices's TopicsManager.
05-27 19:07:52.866 13911 14183 I SentryImuMcuAngleSender: 179.97197rollDeg
05-27 19:07:52.866 13911 14183 I SentryImuMcuAngleSender: 1,0,0
05-27 19:07:52.866 30773 30786 I dvr_service_: CameraX 1  audioOK: 41536000,audios:650
05-27 19:07:52.867 29114 29114 D CompatibilityInfo: applyToConfigurationCompat inoutConfig.densityDpi= 160
05-27 19:07:52.872 28437 28493 D ANWStack: [  11940123][ANWBT] HCI Rx: LE Meta Event, HCI_evLEADVERTISINGREPORT, subevent_code=0x2 Num_Reports=1
05-27 19:07:52.872 28437 28493 D ANWStack: 
05-27 19:07:52.872 28437 28493 D ANWAPI  : (28437|0xFF195CB0)[BTAPI] AnwhciEventCallback 62 2
05-27 19:07:52.872 28437 28493 D ANWAPI  : (28437|0xFF195CB0)[BTAPI] btsdk_le_DiscoveryCallback eventtype[0]
05-27 19:07:52.872 28437 28493 D ANWAPI  : (28437|0xFF195CB0)[BTAPI] anwbt_ble_le_discoveryHandler
05-27 19:07:52.872 28437 28493 D ANWAPI  : 
05-27 19:07:52.872 28437 28493 D ANWAPI  : (28437|0xFF195CB0)[BTAPI] anwbt_ble_le_discoveryHandler newDevice=0xb4000073fd7df39a,status=0,idx=255,scanLen=0,len=27,RSSI[-72]
05-27 19:07:52.872 28437 28493 D ANWAPI  : (28437|0xFF195CB0)[BTAPI] AnWBT_BLE_GetFirstRandomAddr start,btaddr=[0x2f:0xe1:0x3c:0xff:0x9f:0x54],addrType=1
05-27 19:07:52.872 28437 28493 D ANWAPI  : (28437|0xFF195CB0)[BTAPI] AnWBT_BLE_GetFirstRandomAddr end,btaddr=[0x2f:0xe1:0x3c:0xff:0x9f:0x54]
05-27 19:07:52.872 28437 28493 D ANWAPI  : (28437|0xFF195CB0)[BTAPI] send_BLE_discoveryHandler_Message event type: 0x0
05-27 19:07:52.872 28437 28493 D ANWAPI  : 
05-27 19:07:52.872 28437 28493 D ANWAPI  : (28437|0xFF195CB0)[BTAPI] Random address, treat device as LE only
05-27 19:07:52.872 28437 28493 D ANWAPI  : 
05-27 19:07:52.872 28437 28493 D ANW bt_btif: send_BLE_discoveryHandler_Message cod is 0x000000
05-27 19:07:52.873 28437 28493 D ANW bt_btif: btif_storage_add_remote_device, AnW
05-27 19:07:52.873 28437 28493 D ANW bt_btif: in, bd addr:54:9f:ff:3c:e1:2f, prop type:255, len:6
05-27 19:07:52.873 28437 28493 D ANW bt_btif: btif_in_fetch_bonded_device, AnW
05-27 19:07:52.873 28437 28493 D ANW bt_btif: btif_in_fetch_bonded_ble_device Found a LE device: 54:9f:ff:3c:e1:2f
05-27 19:07:52.873 28437 28493 D ANW bt_btif: btif_storage_get_remote_addr_type, AnW
05-27 19:07:52.873 28437 28493 D ANW bt_btif: btif_in_fetch_bonded_ble_device, AnW key_not_found
05-27 19:07:52.873 28437 28493 D ANW bt_btif: Remote device:54:9f:ff:3c:e1:2f, no link key or ble key found
05-27 19:07:52.873 28437 28493 D ANW bt_btif: in, bd addr:54:9f:ff:3c:e1:2f, prop type:5, len:4
05-27 19:07:52.873 11344 11344 E SystemUI_NavBarFragment: SysUIConfig.icCarServiceConnected：false
05-27 19:07:52.873 28437 28493 D ANW bt_btif: btif_in_fetch_bonded_device, AnW
05-27 19:07:52.873 28437 28493 D ANW bt_btif: btif_in_fetch_bonded_ble_device Found a LE device: 54:9f:ff:3c:e1:2f
05-27 19:07:52.873 28437 28493 D ANW bt_btif: btif_storage_get_remote_addr_type, AnW
05-27 19:07:52.873 28437 28493 D ANW bt_btif: btif_in_fetch_bonded_ble_device, AnW key_not_found
05-27 19:07:52.873 28437 28493 D ANW bt_btif: Remote device:54:9f:ff:3c:e1:2f, no link key or ble key found
05-27 19:07:52.873 28437 28493 D ANW bt_btif: in, bd addr:54:9f:ff:3c:e1:2f, prop type:11, len:1
05-27 19:07:52.873 28437 28493 D ANW bt_btif: btif_in_fetch_bonded_device, AnW
05-27 19:07:52.873 28437 28493 D ANW bt_btif: btif_in_fetch_bonded_ble_device Found a LE device: 54:9f:ff:3c:e1:2f
05-27 19:07:52.874   581   581 I SpiService: fgesysctrl_getGPIO_status success val=1
05-27 19:07:52.874 28437 28493 D ANW bt_btif: btif_storage_get_remote_addr_type, AnW
05-27 19:07:52.874 28437 28493 D ANW bt_btif: btif_in_fetch_bonded_ble_device, AnW key_not_found
05-27 19:07:52.874 28437 28493 D ANW bt_btif: Remote device:54:9f:ff:3c:e1:2f, no link key or ble key found
05-27 19:07:52.874 28437 28493 D ANW bt_btif: btif_storage_set_remote_addr_type, AnW
05-27 19:07:52.875 28437 28493 I ANW bt_btif: onScanResult, address_type=1, primary_phy= 0, secondary_phy=0, ad size= 27
05-27 19:07:52.875 28437 28493 I ANW bt_btif: onScanResult: HAL bt_gatt_callbacks->scanner->scan_result_cb
05-27 19:07:52.875 28437 28493 D ANWStack: [  11940126][ANWBT] HCI Rx: LE Meta Event, HCI_evLEADVERTISINGREPORT, subevent_code=0x2 Num_Reports=1
05-27 19:07:52.875 28437 28493 D ANWStack: 
05-27 19:07:52.875 28437 28493 D ANWAPI  : (28437|0xFF195CB0)[BTAPI] AnwhciEventCallback 62 2
05-27 19:07:52.875 28437 28493 D ANWAPI  : (28437|0xFF195CB0)[BTAPI] btsdk_le_DiscoveryCallback eventtype[4]
05-27 19:07:52.875 28437 28493 D ANWAPI  : (28437|0xFF195CB0)[BTAPI] anwbt_ble_le_discoveryHandler
05-27 19:07:52.875 28437 28493 D ANWAPI  : 
05-27 19:07:52.875 28437 28493 D ANWAPI  : (28437|0xFF195CB0)[BTAPI] anwbt_ble_le_discoveryHandler newDevice=0xb4000073fd7de1aa,status=0,idx=255,scanLen=0,len=21,RSSI[-70]
05-27 19:07:52.875 28437 28493 D ANWAPI  : (28437|0xFF195CB0)[BTAPI] AnWBT_BLE_GetFirstRandomAddr start,btaddr=[0x2f:0xe1:0x3c:0xff:0x9f:0x54],addrType=1
05-27 19:07:52.875 28437 28493 D ANWAPI  : (28437|0xFF195CB0)[BTAPI] AnWBT_BLE_GetFirstRandomAddr end,btaddr=[0x2f:0xe1:0x3c:0xff:0x9f:0x54]
05-27 19:07:52.875 28437 28493 D ANWAPI  : (28437|0xFF195CB0)[BTAPI] send_BLE_discoveryHandler_Message event type: 0x4
05-27 19:07:52.875 28437 28493 D ANWAPI  : 
05-27 19:07:52.875 28437 28493 D ANW bt_btif: send_BLE_discoveryHandler_Message cod is 0x000000
05-27 19:07:52.875 28437 28493 D ANW bt_btif: btif_storage_add_remote_device, AnW
05-27 19:07:52.876 28437 28493 D ANW bt_btif: in, bd addr:54:9f:ff:3c:e1:2f, prop type:255, len:6
05-27 19:07:52.876 28437 28493 D ANW bt_btif: btif_in_fetch_bonded_device, AnW
05-27 19:07:52.876 28437 28493 D ANW bt_btif: btif_in_fetch_bonded_ble_device Found a LE device: 54:9f:ff:3c:e1:2f
05-27 19:07:52.876 28437 28493 D ANW bt_btif: btif_storage_get_remote_addr_type, AnW
05-27 19:07:52.876 28437 28493 D ANW bt_btif: btif_in_fetch_bonded_ble_device, AnW key_not_found
05-27 19:07:52.876 28437 28493 D ANW bt_btif: Remote device:54:9f:ff:3c:e1:2f, no link key or ble key found
05-27 19:07:52.876 28437 28493 D ANW bt_btif: in, bd addr:54:9f:ff:3c:e1:2f, prop type:5, len:4
05-27 19:07:52.876 28437 28493 D ANW bt_btif: btif_in_fetch_bonded_device, AnW
05-27 19:07:52.876 28437 28493 D ANW bt_btif: btif_in_fetch_bonded_ble_device Found a LE device: 54:9f:ff:3c:e1:2f
05-27 19:07:52.876 28437 28493 D ANW bt_btif: btif_storage_get_remote_addr_type, AnW
05-27 19:07:52.876 28437 28493 D ANW bt_btif: btif_in_fetch_bonded_ble_device, AnW key_not_found
05-27 19:07:52.876 28437 28493 D ANW bt_btif: Remote device:54:9f:ff:3c:e1:2f, no link key or ble key found
05-27 19:07:52.876 28437 28493 D ANW bt_btif: in, bd addr:54:9f:ff:3c:e1:2f, prop type:11, len:1
05-27 19:07:52.876 28437 28493 D ANW bt_btif: btif_in_fetch_bonded_device, AnW
05-27 19:07:52.876 28437 28493 D ANW bt_btif: btif_in_fetch_bonded_ble_device Found a LE device: 54:9f:ff:3c:e1:2f
05-27 19:07:52.876 28437 28493 D ANW bt_btif: btif_storage_get_remote_addr_type, AnW
05-27 19:07:52.876 28437 28493 D ANW bt_btif: btif_in_fetch_bonded_ble_device, AnW key_not_found
05-27 19:07:52.876 28437 28493 D ANW bt_btif: Remote device:54:9f:ff:3c:e1:2f, no link key or ble key found
05-27 19:07:52.876 28437 28493 D ANW bt_btif: btif_storage_set_remote_addr_type, AnW
05-27 19:07:52.876 28437 28493 I ANW bt_btif: onScanResult, address_type=1, primary_phy= 0, secondary_phy=0, ad size= 21
05-27 19:07:52.876 28437 28493 I ANW bt_btif: onScanResult: HAL bt_gatt_callbacks->scanner->scan_result_cb
05-27 19:07:52.877 28437 28493 D ANWStack: [  11940127][ANWBT] HCI Rx: LE Meta Event, HCI_evLEADVERTISINGREPORT, subevent_code=0x2 Num_Reports=1
05-27 19:07:52.877 28437 28493 D ANWStack: 
05-27 19:07:52.877 28437 28493 D ANWAPI  : (28437|0xFF195CB0)[BTAPI] AnwhciEventCallback 62 2
05-27 19:07:52.877 28437 28493 D ANWAPI  : (28437|0xFF195CB0)[BTAPI] btsdk_le_DiscoveryCallback eventtype[3]
05-27 19:07:52.877 28437 28493 D ANWAPI  : (28437|0xFF195CB0)[BTAPI] anwbt_ble_le_discoveryHandler
05-27 19:07:52.877 28437 28493 D ANWAPI  : 
05-27 19:07:52.877 28437 28493 D ANWAPI  : (28437|0xFF195CB0)[BTAPI] anwbt_ble_le_discoveryHandler newDevice=0xb4000073fd7df39a,status=0,idx=255,scanLen=0,len=31,RSSI[-65]
05-27 19:07:52.877 28437 28493 D ANWAPI  : (28437|0xFF195CB0)[BTAPI] AnWBT_BLE_GetFirstRandomAddr start,btaddr=[0x3d:0x91:0x3:0xe5:0x2b:0x3b],addrType=1
05-27 19:07:52.877 28437 28493 D ANWAPI  : (28437|0xFF195CB0)[BTAPI] AnWBT_BLE_GetFirstRandomAddr end,btaddr=[0x3d:0x91:0x3:0xe5:0x2b:0x3b]
05-27 19:07:52.877 28437 28493 D ANWAPI  : (28437|0xFF195CB0)[BTAPI] send_BLE_discoveryHandler_Message event type: 0x3
05-27 19:07:52.877 28437 28493 D ANWAPI  : 
05-27 19:07:52.877 28437 28493 D ANW bt_btif: send_BLE_discoveryHandler_Message cod is 0x000000
05-27 19:07:52.877 28437 28493 D ANW bt_btif: btif_storage_add_remote_device, AnW
05-27 19:07:52.877 28437 28493 D ANW bt_btif: in, bd addr:3b:2b:e5:03:91:3d, prop type:255, len:6
05-27 19:07:52.877 28437 28493 D ANW bt_btif: btif_in_fetch_bonded_device, AnW
05-27 19:07:52.877 28437 28493 D ANW bt_btif: btif_in_fetch_bonded_ble_device Found a LE device: 3b:2b:e5:03:91:3d
05-27 19:07:52.877 28437 28493 D ANW bt_btif: btif_storage_get_remote_addr_type, AnW
05-27 19:07:52.878 28437 28493 D ANW bt_btif: btif_in_fetch_bonded_ble_device, AnW key_not_found
05-27 19:07:52.878 28437 28493 D ANW bt_btif: Remote device:3b:2b:e5:03:91:3d, no link key or ble key found
05-27 19:07:52.878 28437 28493 D ANW bt_btif: in, bd addr:3b:2b:e5:03:91:3d, prop type:5, len:4
05-27 19:07:52.878 28437 28493 D ANW bt_btif: btif_in_fetch_bonded_device, AnW
05-27 19:07:52.878 28437 28493 D ANW bt_btif: btif_in_fetch_bonded_ble_device Found a LE device: 3b:2b:e5:03:91:3d
05-27 19:07:52.878 28437 28493 D ANW bt_btif: btif_storage_get_remote_addr_type, AnW
05-27 19:07:52.878 28437 28493 D ANW bt_btif: btif_in_fetch_bonded_ble_device, AnW key_not_found
05-27 19:07:52.878 28437 28493 D ANW bt_btif: Remote device:3b:2b:e5:03:91:3d, no link key or ble key found
05-27 19:07:52.878 28437 28493 D ANW bt_btif: in, bd addr:3b:2b:e5:03:91:3d, prop type:11, len:1
05-27 19:07:52.878 28437 28493 D ANW bt_btif: btif_in_fetch_bonded_device, AnW
05-27 19:07:52.878 28437 28493 D ANW bt_btif: btif_in_fetch_bonded_ble_device Found a LE device: 3b:2b:e5:03:91:3d
05-27 19:07:52.878 28437 28493 D ANW bt_btif: btif_storage_get_remote_addr_type, AnW
05-27 19:07:52.878 28437 28493 D ANW bt_btif: btif_in_fetch_bonded_ble_device, AnW key_not_found
05-27 19:07:52.878 28437 28493 D ANW bt_btif: Remote device:3b:2b:e5:03:91:3d, no link key or ble key found
05-27 19:07:52.878 28437 28493 D ANW bt_btif: btif_storage_set_remote_addr_type, AnW
05-27 19:07:52.878   283   307 I rvcservice: t.code = 3, t.value = 0
05-27 19:07:52.878 28437 28493 I ANW bt_btif: onScanResult, address_type=1, primary_phy= 0, secondary_phy=0, ad size= 31
05-27 19:07:52.878 28437 28493 I ANW bt_btif: onScanResult: HAL bt_gatt_callbacks->scanner->scan_result_cb
05-27 19:07:52.879 10188  6599 I DexManager: com.anwsdk.service loads from null-0 : 0 : /system/framework/javax.obex.jar
05-27 19:07:52.879 10188  6599 I DexManager: Could not find owning package for dex file: /system/framework/javax.obex.jar
05-27 08:59:01.838   581   581 D spi_rst_gpio_get_output: GPIO 145 value: 1
05-27 08:59:01.838   581   581 D spidev_ioctl: gpio status=1)
05-27 19:07:52.880   581   581 I SpiService: fgesysctrl_getGPIO_status success val=1
05-27 08:59:01.844   581   581 D spi_rst_gpio_get_output: GPIO 145 value: 1
05-27 08:59:01.844   581   581 D spidev_ioctl: gpio status=1)
05-27 19:07:52.884   536   536 W commservice260303: [FgeComService::getAQConnectStatus:378]
05-27 08:59:01.850   581   581 D spi_rst_gpio_get_output: GPIO 145 value: 1
05-27 08:59:01.850   581   581 D spidev_ioctl: gpio status=1)
05-27 19:07:52.884   536   536 W commservice260303: [mcuCommFunctionTcp::getAQConnectStatus:406] 1
05-27 19:07:52.884   536   536 W commservice260303: [FgeComService::getAQConnectStatus:380] status:1
05-27 19:07:52.884 12246 12246 E ivicomm_CommManager: getA2lConnectStatus aqConnectStatus:1
05-27 19:07:52.884 12246 12246 D ivicomm_ConnectStateManager: notifyState newState=1curState=1
05-27 19:07:52.885   581   581 I SpiService: fgesysctrl_getGPIO_status success val=1
05-27 19:07:52.886 28437 28493 D ANWStack: [  11940137][ANWBT] HCI Rx: LE Meta Event, HCI_evLEADVERTISINGREPORT, subevent_code=0x2 Num_Reports=1
05-27 19:07:52.886 28437 28493 D ANWStack: 
05-27 19:07:52.886 28437 28493 D ANWAPI  : (28437|0xFF195CB0)[BTAPI] AnwhciEventCallback 62 2
05-27 19:07:52.886 28437 28493 D ANWAPI  : (28437|0xFF195CB0)[BTAPI] btsdk_le_DiscoveryCallback eventtype[3]
05-27 19:07:52.886 28437 28493 D ANWAPI  : (28437|0xFF195CB0)[BTAPI] anwbt_ble_le_discoveryHandler
05-27 19:07:52.886 28437 28493 D ANWAPI  : 
05-27 19:07:52.886 28437 28493 D ANWAPI  : (28437|0xFF195CB0)[BTAPI] anwbt_ble_le_discoveryHandler newDevice=0xb4000073fd7df39a,status=0,idx=255,scanLen=0,len=31,RSSI[-84]
05-27 19:07:52.886 28437 28493 D ANWAPI  : (28437|0xFF195CB0)[BTAPI] AnWBT_BLE_GetFirstRandomAddr start,btaddr=[0xd:0x76:0xef:0x9c:0xba:0x1d],addrType=1
05-27 19:07:52.886 28437 28493 D ANWAPI  : (28437|0xFF195CB0)[BTAPI] AnWBT_BLE_GetFirstRandomAddr end,btaddr=[0xd:0x76:0xef:0x9c:0xba:0x1d]
05-27 19:07:52.886 28437 28493 D ANWAPI  : (28437|0xFF195CB0)[BTAPI] send_BLE_discoveryHandler_Message event type: 0x3
05-27 19:07:52.886 28437 28493 D ANWAPI  : 
05-27 19:07:52.886 28437 28493 D ANW bt_btif: send_BLE_discoveryHandler_Message cod is 0x000000
05-27 19:07:52.886 28437 28493 D ANW bt_btif: btif_storage_add_remote_device, AnW
05-27 19:07:52.886 28437 28493 D ANW bt_btif: in, bd addr:1d:ba:9c:ef:76:0d, prop type:255, len:6
05-27 19:07:52.886 28437 28493 D ANW bt_btif: btif_in_fetch_bonded_device, AnW
05-27 19:07:52.886 28437 28493 D ANW bt_btif: btif_in_fetch_bonded_ble_device Found a LE device: 1d:ba:9c:ef:76:0d
05-27 19:07:52.886 28437 28493 D ANW bt_btif: btif_storage_get_remote_addr_type, AnW
05-27 19:07:52.886 28437 28493 D ANW bt_btif: btif_in_fetch_bonded_ble_device, AnW key_not_found
05-27 19:07:52.886 28437 28493 D ANW bt_btif: Remote device:1d:ba:9c:ef:76:0d, no link key or ble key found
05-27 19:07:52.886 28437 28493 D ANW bt_btif: in, bd addr:1d:ba:9c:ef:76:0d, prop type:5, len:4
05-27 19:07:52.886 28437 28493 D ANW bt_btif: btif_in_fetch_bonded_device, AnW
05-27 19:07:52.886 28437 28493 D ANW bt_btif: btif_in_fetch_bonded_ble_device Found a LE device: 1d:ba:9c:ef:76:0d
05-27 19:07:52.887 28437 28493 D ANW bt_btif: btif_storage_get_remote_addr_type, AnW
05-27 19:07:52.887 28437 28493 D ANW bt_btif: btif_in_fetch_bonded_ble_device, AnW key_not_found
05-27 19:07:52.887 28437 28493 D ANW bt_btif: Remote device:1d:ba:9c:ef:76:0d, no link key or ble key found
05-27 19:07:52.887 28437 28493 D ANW bt_btif: in, bd addr:1d:ba:9c:ef:76:0d, prop type:11, len:1
05-27 19:07:52.887 28437 28493 D ANW bt_btif: btif_in_fetch_bonded_device, AnW
05-27 19:07:52.887 28437 28493 D ANW bt_btif: btif_in_fetch_bonded_ble_device Found a LE device: 1d:ba:9c:ef:76:0d
05-27 19:07:52.887 28437 28493 D ANW bt_btif: btif_storage_get_remote_addr_type, AnW
05-27 19:07:52.887 28437 28493 D ANW bt_btif: btif_in_fetch_bonded_ble_device, AnW key_not_found
05-27 19:07:52.887 28437 28493 D ANW bt_btif: Remote device:1d:ba:9c:ef:76:0d, no link key or ble key found
05-27 19:07:52.887 28437 28493 D ANW bt_btif: btif_storage_set_remote_addr_type, AnW
05-27 19:07:52.887 13911 14183 I SentryImuMcuAngleSender: 179.993rollDeg
05-27 19:07:52.887 28437 28493 I ANW bt_btif: onScanResult, address_type=1, primary_phy= 0, secondary_phy=0, ad size= 31
05-27 19:07:52.887 28437 28493 I ANW bt_btif: onScanResult: HAL bt_gatt_callbacks->scanner->scan_result_cb
05-27 19:07:52.887 13911 14183 I SentryImuMcuAngleSender: 1,0,0
05-27 19:07:52.888   536   536 D commservice260303: msg.id = 1028,0
05-27 19:07:52.888   536   536 D commservice260303: i = 170, msgid = 8A000404
05-27 19:07:52.888   536   536 D commservice260303: msgid = -1979710460,did=138
05-27 19:07:52.888   536   536 D commservice260303: CommProtocolLibCmdBaseI2C::dataproc {"command":{"id":"imu_status","sub":""},"content":{"TimeStamp":11,"FrameCounter":280768,"GD_X":-0.011682018637657166,"GD_Y":0.004733873065561056,"GD_Z":0.0029768107924610376,"AD_X":-0.003986343741416931,"AD_Y":-5.079766269773245E-4,"AD_Z":-0.17316913604736328,"TempDsp":0,"Status":0,"CalibState":1,"SigAmpInvalid":0}},-1979710460
05-27 19:07:52.889   536   536 D commservice260303: send2Cluster len:317, 7B22636F6D6D616E64223A7B226964223A22696D755F737461747573222C22737562223A22227D2C22636F6E74656E74223A7B2254696D655374616D70223A31312C224672616D65436F756E746572223A3238303736382C2247445F58223A2D302E3031313638323031383633373635373136362C2247445F59223A302E3030343733333837333036353536313035362C2247445F5A223A302E303032393736383130373932343631303337362C2241445F58223A2D302E3030333938363334333734313431363933312C2241445F59223A2D352E303739373636323639373733323435452D342C2241445F5A223A2D302E31373331363931333630343733363332382C2254656D70447370223A302C22537461747573223A302C2243616C69625374617465223A312C22536967416D70496E76616C6964223A307D7D, 138 
05-27 19:07:52.889   536   536 D commservice260303: Push Message into SendPool fn=-7666688
05-27 08:59:01.860   581   581 D spi_rst_gpio_get_output: GPIO 145 value: 1
05-27 08:59:01.860   581   581 D spidev_ioctl: gpio status=1)
05-27 19:07:52.889   536   536 D commservice260303: ComProtocolLibSend2Cluster::send2ClusterRaw fn=-7666688 , len=333
05-27 19:07:52.889   536   536 D commservice260303: sendCmdToPort :333!!!
05-27 19:07:52.889   536   536 D commservice260303: send Cmd To Port ++++5AA501498A0100048BFF6A16D0887B22636F6D6D616E64223A7B226964223A22696D755F737461747573222C22737562223A22227D2C22636F6E74656E74223A7B2254696D655374616D70223A31312C224672616D65436F756E746572223A3238303736382C2247445F58223A2D302E3031313638323031383633373635373136362C2247445F59223A302E3030343733333837333036353536313035362C2247445F5A223A302E303032393736383130373932343631303337362C2241445F58223A2D302E3030333938363334333734313431363933312C2241445F59223A2D352E303739373636323639373733323435452D342C2241445F5A223A2D302E31373331363931333630343733363332382C2254656D70447370223A302C22537461747573223A302C2243616C69625374617465223A312C22536967416D70496E76616C6964223A307D7D52EE
05-27 19:07:52.889   536   536 D commservice260303: bufferevent_write retrun value = 0
05-27 19:07:52.889   536   560 D commservice260303: client datas send succeed,send finish
05-27 19:07:52.889 13911 14192 D Sentinelmode_1.2.5.17_sentry: <SentryImuClusterFgeSender>imu_status sent to Linux, frame=280768, tsNs=11940126, tsMs=11, intervalMs=47, ad=(-0.0039863437,-5.079766E-4,-0.17316914), gd=(-0.011682019,0.004733873,0.0029768108)
05-27 19:07:52.890   581   581 I SpiService: fgesysctrl_getGPIO_status success val=1
05-27 19:07:52.891 28437 28493 D ANWStack: [  11940142][ANWBT] HCI Rx: LE Meta Event, HCI_evLEADVERTISINGREPORT, subevent_code=0x2 Num_Reports=1
05-27 19:07:52.891 28437 28493 D ANWStack: 
05-27 19:07:52.891 28437 28493 D ANWAPI  : (28437|0xFF195CB0)[BTAPI] AnwhciEventCallback 62 2
05-27 19:07:52.891 28437 28493 D ANWAPI  : (28437|0xFF195CB0)[BTAPI] btsdk_le_DiscoveryCallback eventtype[3]
05-27 19:07:52.891 28437 28493 D ANWAPI  : (28437|0xFF195CB0)[BTAPI] anwbt_ble_le_discoveryHandler
05-27 19:07:52.891 28437 28493 D ANWAPI  : 
05-27 19:07:52.891 28437 28493 D ANWAPI  : (28437|0xFF195CB0)[BTAPI] anwbt_ble_le_discoveryHandler newDevice=0xb4000073fd7df39a,status=0,idx=255,scanLen=0,len=31,RSSI[-77]
05-27 19:07:52.891 28437 28493 D ANWAPI  : (28437|0xFF195CB0)[BTAPI] AnWBT_BLE_GetFirstRandomAddr start,btaddr=[0xb2:0x8f:0x89:0x28:0x3d:0x8],addrType=1
05-27 19:07:52.891 28437 28493 D ANWAPI  : (28437|0xFF195CB0)[BTAPI] AnWBT_BLE_GetFirstRandomAddr end,btaddr=[0xb2:0x8f:0x89:0x28:0x3d:0x8]
05-27 19:07:52.892 28437 28493 D ANWAPI  : (28437|0xFF195CB0)[BTAPI] send_BLE_discoveryHandler_Message event type: 0x3
05-27 19:07:52.892 28437 28493 D ANWAPI  : 
05-27 19:07:52.892 28437 28493 D ANW bt_btif: send_BLE_discoveryHandler_Message cod is 0x000000
05-27 19:07:52.892 28437 28493 D ANW bt_btif: btif_storage_add_remote_device, AnW
05-27 19:07:52.892 28437 28493 D ANW bt_btif: in, bd addr:08:3d:28:89:8f:b2, prop type:255, len:6
05-27 19:07:52.892 28437 28493 D ANW bt_btif: btif_in_fetch_bonded_device, AnW
05-27 19:07:52.892 28437 28493 D ANW bt_btif: btif_in_fetch_bonded_ble_device Found a LE device: 08:3d:28:89:8f:b2
05-27 19:07:52.892 28437 28493 D ANW bt_btif: btif_storage_get_remote_addr_type, AnW
05-27 19:07:52.892 28437 28493 D ANW bt_btif: btif_in_fetch_bonded_ble_device, AnW key_not_found
05-27 19:07:52.892 28437 28493 D ANW bt_btif: Remote device:08:3d:28:89:8f:b2, no link key or ble key found
05-27 19:07:52.892 28437 28493 D ANW bt_btif: in, bd addr:08:3d:28:89:8f:b2, prop type:5, len:4
05-27 19:07:52.892 28437 28493 D ANW bt_btif: btif_in_fetch_bonded_device, AnW
05-27 19:07:52.892 28437 28493 D ANW bt_btif: btif_in_fetch_bonded_ble_device Found a LE device: 08:3d:28:89:8f:b2
05-27 19:07:52.892 28437 28493 D ANW bt_btif: btif_storage_get_remote_addr_type, AnW
05-27 19:07:52.892 28437 28493 D ANW bt_btif: btif_in_fetch_bonded_ble_device, AnW key_not_found
05-27 19:07:52.892 28437 28493 D ANW bt_btif: Remote device:08:3d:28:89:8f:b2, no link key or ble key found
05-27 19:07:52.892 28437 28493 D ANW bt_btif: in, bd addr:08:3d:28:89:8f:b2, prop type:11, len:1
05-27 19:07:52.892 28437 28493 D ANW bt_btif: btif_in_fetch_bonded_device, AnW
05-27 19:07:52.892 28437 28493 D ANW bt_btif: btif_in_fetch_bonded_ble_device Found a LE device: 08:3d:28:89:8f:b2
05-27 19:07:52.892 28437 28493 D ANW bt_btif: btif_storage_get_remote_addr_type, AnW
05-27 19:07:52.892 28437 28493 D ANW bt_btif: btif_in_fetch_bonded_ble_device, AnW key_not_found
05-27 19:07:52.892 28437 28493 D ANW bt_btif: Remote device:08:3d:28:89:8f:b2, no link key or ble key found
05-27 19:07:52.892 28437 28493 D ANW bt_btif: btif_storage_set_remote_addr_type, AnW
05-27 19:07:52.892 28437 28493 I ANW bt_btif: onScanResult, address_type=1, primary_phy= 0, secondary_phy=0, ad size= 31
05-27 19:07:52.892 28437 28493 I ANW bt_btif: onScanResult: HAL bt_gatt_callbacks->scanner->scan_result_cb
05-27 19:07:52.892 29114 29114 W .service:remote: ClassLoaderContext shared library size mismatch. Expected=0, found=1 (PCL[] | PCL[]{PCL[/system/framework/javax.obex.jar*2267184930]})
05-27 19:07:52.892 28437 28493 D ANWStack: [  11940143][ANWBT] HCI Rx: LE Meta Event, HCI_evLEADVERTISINGREPORT, subevent_code=0x2 Num_Reports=1
05-27 19:07:52.892 28437 28493 D ANWStack: 
05-27 19:07:52.892 28437 28493 D ANWAPI  : (28437|0xFF195CB0)[BTAPI] AnwhciEventCallback 62 2
05-27 19:07:52.892 28437 28493 D ANWAPI  : (28437|0xFF195CB0)[BTAPI] btsdk_le_DiscoveryCallback eventtype[3]
05-27 19:07:52.893 28437 28493 D ANWAPI  : (28437|0xFF195CB0)[BTAPI] anwbt_ble_le_discoveryHandler
05-27 19:07:52.893 28437 28493 D ANWAPI  : 
05-27 19:07:52.893 28437 28493 D ANWAPI  : (28437|0xFF195CB0)[BTAPI] anwbt_ble_le_discoveryHandler newDevice=0xb4000073fd7df39a,status=0,idx=255,scanLen=0,len=31,RSSI[-86]
05-27 19:07:52.893 28437 28493 D ANWAPI  : (28437|0xFF195CB0)[BTAPI] AnWBT_BLE_GetFirstRandomAddr start,btaddr=[0x76:0xfe:0x93:0x35:0x7c:0x14],addrType=1
05-27 19:07:52.893 28437 28493 D ANWAPI  : (28437|0xFF195CB0)[BTAPI] AnWBT_BLE_GetFirstRandomAddr end,btaddr=[0x76:0xfe:0x93:0x35:0x7c:0x14]
05-27 19:07:52.893 28437 28493 D ANWAPI  : (28437|0xFF195CB0)[BTAPI] send_BLE_discoveryHandler_Message event type: 0x3
05-27 19:07:52.893 28437 28493 D ANWAPI  : 
05-27 19:07:52.893 28437 28493 D ANW bt_btif: send_BLE_discoveryHandler_Message cod is 0x000000
05-27 19:07:52.893   572   622 I Sensors : 230 GyroSensor: x:-0.011835,y:0.005192,z:0.002825
05-27 19:07:52.893 28437 28493 D ANW bt_btif: btif_storage_add_remote_device, AnW
05-27 19:07:52.893 28437 28493 D ANW bt_btif: in, bd addr:14:7c:35:93:fe:76, prop type:255, len:6
05-27 19:07:52.893 28437 28493 D ANW bt_btif: btif_in_fetch_bonded_device, AnW
05-27 19:07:52.893 28437 28493 D ANW bt_btif: btif_in_fetch_bonded_ble_device Found a LE device: 14:7c:35:93:fe:76
05-27 19:07:52.893 28437 28493 D ANW bt_btif: btif_storage_get_remote_addr_type, AnW
05-27 19:07:52.893 28437 28493 D ANW bt_btif: btif_in_fetch_bonded_ble_device, AnW key_not_found
05-27 19:07:52.893 28437 28493 D ANW bt_btif: Remote device:14:7c:35:93:fe:76, no link key or ble key found
05-27 19:07:52.893 28437 28493 D ANW bt_btif: in, bd addr:14:7c:35:93:fe:76, prop type:5, len:4
05-27 19:07:52.893 28437 28493 D ANW bt_btif: btif_in_fetch_bonded_device, AnW
05-27 19:07:52.893 28437 28493 D ANW bt_btif: btif_in_fetch_bonded_ble_device Found a LE device: 14:7c:35:93:fe:76
05-27 19:07:52.893 28437 28493 D ANW bt_btif: btif_storage_get_remote_addr_type, AnW
05-27 08:59:01.866   581   581 D spi_rst_gpio_get_output: GPIO 145 value: 0
05-27 08:59:01.866   581   581 D spidev_ioctl: gpio status=0)
05-27 19:07:52.893 28437 28493 D ANW bt_btif: btif_in_fetch_bonded_ble_device, AnW key_not_found
05-27 19:07:52.893 28437 28493 D ANW bt_btif: Remote device:14:7c:35:93:fe:76, no link key or ble key found
05-27 19:07:52.893 28437 28493 D ANW bt_btif: in, bd addr:14:7c:35:93:fe:76, prop type:11, len:1
05-27 19:07:52.893 28437 28493 D ANW bt_btif: btif_in_fetch_bonded_device, AnW
05-27 19:07:52.893 28437 28493 D ANW bt_btif: btif_in_fetch_bonded_ble_device Found a LE device: 14:7c:35:93:fe:76
05-27 19:07:52.893 28437 28493 D ANW bt_btif: btif_storage_get_remote_addr_type, AnW
05-27 19:07:52.893 28437 28493 D ANW bt_btif: btif_in_fetch_bonded_ble_device, AnW key_not_found
05-27 19:07:52.894 28437 28493 D ANW bt_btif: Remote device:14:7c:35:93:fe:76, no link key or ble key found
05-27 19:07:52.894 28437 28493 D ANW bt_btif: btif_storage_set_remote_addr_type, AnW
05-27 19:07:52.894 28437 28493 I ANW bt_btif: onScanResult, address_type=1, primary_phy= 0, secondary_phy=0, ad size= 31
05-27 19:07:52.894 28437 28493 I ANW bt_btif: onScanResult: HAL bt_gatt_callbacks->scanner->scan_result_cb
05-27 19:07:52.896   581   581 I SpiService: fgesysctrl_getGPIO_status success val=1
05-27 19:07:52.898 10188  6599 I DexManager: com.anwsdk.service loads from com.anwsdk.service-1 : 0 : /system/app/BluetoothExt/BluetoothExt.apk
05-27 19:07:52.901   581   581 I SpiService: fgesysctrl_getGPIO_status success val=0
05-27 19:07:52.908 13911 14183 I SentryImuMcuAngleSender: 179.99649rollDeg
05-27 19:07:52.908 13911 14183 I SentryImuMcuAngleSender: 1,0,0
05-27 19:07:52.911 29114 29114 D CompatibilityInfo: applyToConfigurationCompat inoutConfig.densityDpi= 160
05-27 19:07:52.915   581   581 I SpiService: fgesysctrl_getGPIO_status success val=1
05-27 08:59:01.880   581   581 D spi_rst_gpio_get_output: GPIO 145 value: 1
05-27 08:59:01.880   581   581 D spidev_ioctl: gpio status=1)
05-27 19:07:52.921   581   581 I SpiService: fgesysctrl_getGPIO_status success val=1
05-27 19:07:52.923   536   536 D commservice260303: msg.id = 1028,0
05-27 19:07:52.923   536   536 D commservice260303: i = 170, msgid = 8A000404
05-27 19:07:52.923   536   536 D commservice260303: msgid = -1979710460,did=138
05-27 19:07:52.923   536   536 D commservice260303: CommProtocolLibCmdBaseI2C::dataproc {"command":{"id":"imu_status","sub":""},"content":{"TimeStamp":11,"FrameCounter":280769,"GD_X":-0.011834942735731602,"GD_Y":0.0059551820158958435,"GD_Z":0.0020608289632946253,"AD_X":-0.0015508532524108887,"AD_Y":7.127787685021758E-4,"AD_Z":-0.1695089340209961,"TempDsp":0,"Status":0,"CalibState":1,"SigAmpInvalid":0}},-1979710460
05-27 19:07:52.923   536   536 D commservice260303: send2Cluster len:317, 7B22636F6D6D616E64223A7B226964223A22696D755F737461747573222C22737562223A22227D2C22636F6E74656E74223A7B2254696D655374616D70223A31312C224672616D65436F756E746572223A3238303736392C2247445F58223A2D302E3031313833343934323733353733313630322C2247445F59223A302E303035393535313832303135383935383433352C2247445F5A223A302E303032303630383238393633323934363235332C2241445F58223A2D302E303031353530383533323532343130383838372C2241445F59223A372E313237373837363835303231373538452D342C2241445F5A223A2D302E313639353038393334303230393936312C2254656D70447370223A302C22537461747573223A302C2243616C69625374617465223A312C22536967416D70496E76616C6964223A307D7D, 138 
05-27 19:07:52.923   536   536 D commservice260303: Push Message into SendPool fn=9176064
05-27 19:07:52.923   536   536 D commservice260303: ComProtocolLibSend2Cluster::send2ClusterRaw fn=9176064 , len=333
05-27 19:07:52.923   536   536 D commservice260303: sendCmdToPort :333!!!
05-27 19:07:52.924   536   536 D commservice260303: send Cmd To Port ++++5AA501498A0100048C006A16D0887B22636F6D6D616E64223A7B226964223A22696D755F737461747573222C22737562223A22227D2C22636F6E74656E74223A7B2254696D655374616D70223A31312C224672616D65436F756E746572223A3238303736392C2247445F58223A2D302E3031313833343934323733353733313630322C2247445F59223A302E303035393535313832303135383935383433352C2247445F5A223A302E303032303630383238393633323934363235332C2241445F58223A2D302E303031353530383533323532343130383838372C2241445F59223A372E313237373837363835303231373538452D342C2241445F5A223A2D302E313639353038393334303230393936312C2254656D70447370223A302C22537461747573223A302C2243616C69625374617465223A312C22536967416D70496E76616C6964223A307D7D0101
05-27 19:07:52.924   536   536 D commservice260303: bufferevent_write retrun value = 0
05-27 19:07:52.924   536   560 D commservice260303: client datas send succeed,send finish
05-27 19:07:52.924 13911 14192 D Sentinelmode_1.2.5.17_sentry: <SentryImuClusterFgeSender>imu_status sent to Linux, frame=280769, tsNs=11940162, tsMs=11, intervalMs=35, ad=(-0.0015508533,7.1277877E-4,-0.16950893), gd=(-0.011834943,0.005955182,0.002060829)
05-27 19:07:52.924 29114 29114 D libEGL  : <.service:remote>[setCacheFilename]: file=/data/user_de/0/com.anwsdk.service/code_cache/com.android.opengl.shaders_cache
05-27 08:59:01.886   581   581 D spi_rst_gpio_get_output: GPIO 145 value: 1
05-27 08:59:01.886   581   581 D spidev_ioctl: gpio status=1)
05-27 19:07:52.927   581   581 I SpiService: fgesysctrl_getGPIO_status success val=1
05-27 19:07:52.928 13911 14183 I SentryImuMcuAngleSender: 179.986rollDeg
05-27 19:07:52.928 13911 14183 I SentryImuMcuAngleSender: 1,0,0
05-27 08:59:01.891   581   581 D spi_rst_gpio_get_output: GPIO 145 value: 1
05-27 08:59:01.891   581   581 D spidev_ioctl: gpio status=1)
05-27 19:07:52.932   581   581 I SpiService: fgesysctrl_getGPIO_status success val=1
05-27 08:59:01.897   581   581 D spi_rst_gpio_get_output: GPIO 145 value: 1
05-27 08:59:01.897   581   581 D spidev_ioctl: gpio status=1)
05-27 19:07:52.935 29114 29114 D NetworkSecurityConfig: No Network Security Config specified, using platform default
05-27 19:07:52.936 29114 29114 D NetworkSecurityConfig: No Network Security Config specified, using platform default
05-27 19:07:52.938   581   581 I SpiService: fgesysctrl_getGPIO_status success val=0
05-27 19:07:52.940   536   560 D commservice260303: recv len:77, 5AA500490600000046296A16D0887B22636F6D6D616E64223A7B226964223A226473695F6C7578222C22737562223A22227D2C22636F6E74656E74223A7B2276616C7565223A3230307D7D0CD7 from server
05-27 19:07:52.940   536  2578 D commservice260303: mcuDataAnalyzeHandle templen:77,len:77,pos:0, 5AA500490600000046296A16D0887B22636F6D6D616E64223A7B226964223A226473695F6C7578222C22737562223A22227D2C22636F6E74656E74223A7B2276616C7565223A3230307D7D0CD7 
05-27 19:07:52.940   536  2578 I commservice260303: checksumCal = 3287
05-27 19:07:52.940   536  2578 D commservice260303: CommProtocolLibCmdBaseC2I::dataproc {"command":{"id":"dsi_lux","sub":""},"content":{"value":200}},6
05-27 19:07:52.940   536  2578 D commservice260303: mcuCommMessageManager::notifyMsgToClient hwbinder OK
05-27 19:07:52.940   536  2578 D commservice260303: McuProtocolLibSend2Service::send2Service ret=1
05-27 08:59:01.903   581   581 D spi_rst_gpio_get_output: GPIO 145 value: 0
05-27 08:59:01.903   581   581 D spidev_ioctl: gpio status=0)
05-27 19:07:52.941 12246 12440 D ivicomm_CommManager: fgeComServiceCallback: {"command":{"id":"dsi_lux","sub":""},"content":{"value":200}}
05-27 19:07:52.941 12246 12440 D ivicomm_CallbackManager: registerCallback DSI_LUX: {"value":200} mCommStateCallbackMap size:4
05-27 19:07:52.942 11579 11619 D NSLogUtils_VehicleService: L2A comm state: id=dsi_lux, value=200
05-27 19:07:52.945 11344 12421 D SystemUI_SystemSettingsControllerService: onCommState: commandID = dsi_lux; value = 200
05-27 08:59:01.909   303   303 I [Audio:SBLCK] p_tt: 1543715,1543715
05-27 19:07:52.948 13911 14183 I SentryImuMcuAngleSender: 179.96495rollDeg
05-27 19:07:52.948 13911 14183 I SentryImuMcuAngleSender: 1,0,0
05-27 19:07:52.953   581   581 I SpiService: fgesysctrl_getGPIO_status success val=1
05-27 08:59:01.918   581   581 D spi_rst_gpio_get_output: GPIO 145 value: 1
05-27 08:59:01.918   581   581 D spidev_ioctl: gpio status=1)
05-27 19:07:52.959   581   581 I SpiService: fgesysctrl_getGPIO_status success val=1
05-27 08:59:01.923   581   581 D spi_rst_gpio_get_output: GPIO 145 value: 1
05-27 08:59:01.923   581   581 D spidev_ioctl: gpio status=1)
05-27 19:07:52.962 28437 28493 D ANWStack: [  11940213][ANWBT] HCI Rx: LE Meta Event, HCI_evLEADVERTISINGREPORT, subevent_code=0x2 Num_Reports=1
05-27 19:07:52.962 28437 28493 D ANWStack: 
05-27 19:07:52.962 28437 28493 D ANWAPI  : (28437|0xFF195CB0)[BTAPI] AnwhciEventCallback 62 2
05-27 19:07:52.962 28437 28493 D ANWAPI  : (28437|0xFF195CB0)[BTAPI] btsdk_le_DiscoveryCallback eventtype[3]
05-27 19:07:52.962 28437 28493 D ANWAPI  : (28437|0xFF195CB0)[BTAPI] anwbt_ble_le_discoveryHandler
05-27 19:07:52.962 28437 28493 D ANWAPI  : 
05-27 19:07:52.962 28437 28493 D ANWAPI  : (28437|0xFF195CB0)[BTAPI] anwbt_ble_le_discoveryHandler newDevice=0xb4000073fd7df39a,status=0,idx=255,scanLen=0,len=31,RSSI[-65]
05-27 19:07:52.962 28437 28493 D ANWAPI  : (28437|0xFF195CB0)[BTAPI] AnWBT_BLE_GetFirstRandomAddr start,btaddr=[0xea:0x1f:0xa8:0xa1:0x1e:0xe],addrType=1
05-27 19:07:52.963 28437 28493 D ANWAPI  : (28437|0xFF195CB0)[BTAPI] AnWBT_BLE_GetFirstRandomAddr end,btaddr=[0xea:0x1f:0xa8:0xa1:0x1e:0xe]
05-27 19:07:52.963 28437 28493 D ANWAPI  : (28437|0xFF195CB0)[BTAPI] send_BLE_discoveryHandler_Message event type: 0x3
05-27 19:07:52.963 28437 28493 D ANWAPI  : 
05-27 19:07:52.963 28437 28493 D ANW bt_btif: send_BLE_discoveryHandler_Message cod is 0x000000
05-27 19:07:52.963 28437 28493 D ANW bt_btif: btif_storage_add_remote_device, AnW
05-27 19:07:52.963 28437 28493 D ANW bt_btif: in, bd addr:0e:1e:a1:a8:1f:ea, prop type:255, len:6
05-27 19:07:52.963 28437 28493 D ANW bt_btif: btif_in_fetch_bonded_device, AnW
05-27 19:07:52.963 28437 28493 D ANW bt_btif: btif_in_fetch_bonded_ble_device Found a LE device: 0e:1e:a1:a8:1f:ea
05-27 19:07:52.963 28437 28493 D ANW bt_btif: btif_storage_get_remote_addr_type, AnW
05-27 19:07:52.963 28437 28493 D ANW bt_btif: btif_in_fetch_bonded_ble_device, AnW key_not_found
05-27 08:59:01.929   581   581 D spi_rst_gpio_get_output: GPIO 145 value: 1
05-27 08:59:01.929   581   581 D spidev_ioctl: gpio status=1)
05-27 19:07:52.964 28437 28493 D ANW bt_btif: Remote device:0e:1e:a1:a8:1f:ea, no link key or ble key found
05-27 19:07:52.964 28437 28493 D ANW bt_btif: in, bd addr:0e:1e:a1:a8:1f:ea, prop type:5, len:4
05-27 19:07:52.964 28437 28493 D ANW bt_btif: btif_in_fetch_bonded_device, AnW
05-27 19:07:52.964 28437 28493 D ANW bt_btif: btif_in_fetch_bonded_ble_device Found a LE device: 0e:1e:a1:a8:1f:ea
05-27 19:07:52.964 28437 28493 D ANW bt_btif: btif_storage_get_remote_addr_type, AnW
05-27 19:07:52.964 28437 28493 D ANW bt_btif: btif_in_fetch_bonded_ble_device, AnW key_not_found
05-27 19:07:52.964 28437 28493 D ANW bt_btif: Remote device:0e:1e:a1:a8:1f:ea, no link key or ble key found
05-27 19:07:52.964 28437 28493 D ANW bt_btif: in, bd addr:0e:1e:a1:a8:1f:ea, prop type:11, len:1
05-27 19:07:52.964   536   536 D commservice260303: msg.id = 1028,1
05-27 19:07:52.965   581   581 I SpiService: fgesysctrl_getGPIO_status success val=1
05-27 19:07:52.965   536   536 D commservice260303: i = 170, msgid = 8A000404
05-27 08:59:01.935   581   581 D spi_rst_gpio_get_output: GPIO 145 value: 1
05-27 19:07:52.965   536   536 D commservice260303: msgid = -1979710460,did=138
05-27 19:07:52.965 28437 28493 D ANW bt_btif: btif_in_fetch_bonded_device, AnW
05-27 19:07:52.965 28437 28493 D ANW bt_btif: btif_in_fetch_bonded_ble_device Found a LE device: 0e:1e:a1:a8:1f:ea
05-27 19:07:52.965 28437 28493 D ANW bt_btif: btif_storage_get_remote_addr_type, AnW
05-27 19:07:52.965 28437 28493 D ANW bt_btif: btif_in_fetch_bonded_ble_device, AnW key_not_found
05-27 19:07:52.966 28437 28493 D ANW bt_btif: Remote device:0e:1e:a1:a8:1f:ea, no link key or ble key found
05-27 19:07:52.966   536   536 D commservice260303: CommProtocolLibCmdBaseI2C::dataproc {"command":{"id":"imu_status","sub":""},"content":{"TimeStamp":11,"FrameCounter":280770,"GD_X":-0.011453153565526009,"GD_Y":0.004580949433147907,"GD_Z":0.002519079949706793,"AD_X":8.647143840789795E-4,"AD_Y":0.007385403383523226,"AD_Z":-0.1707286834716797,"TempDsp":0,"Status":0,"CalibState":1,"SigAmpInvalid":0}},-1979710460
05-27 19:07:52.966 28437 28493 D ANW bt_btif: btif_storage_set_remote_addr_type, AnW
05-27 19:07:52.966 28437 28493 I ANW bt_btif: onScanResult, address_type=1, primary_phy= 0, secondary_phy=0, ad size= 31
05-27 19:07:52.966 28437 28493 I ANW bt_btif: onScanResult: HAL bt_gatt_callbacks->scanner->scan_result_cb
05-27 19:07:52.966   536   536 D commservice260303: send2Cluster len:313, 7B22636F6D6D616E64223A7B226964223A22696D755F737461747573222C22737562223A22227D2C22636F6E74656E74223A7B2254696D655374616D70223A31312C224672616D65436F756E746572223A3238303737302C2247445F58223A2D302E3031313435333135333536353532363030392C2247445F59223A302E3030343538303934393433333134373930372C2247445F5A223A302E3030323531393037393934393730363739332C2241445F58223A382E363437313433383430373839373935452D342C2241445F59223A302E3030373338353430333338333532333232362C2241445F5A223A2D302E313730373238363833343731363739372C2254656D70447370223A302C22537461747573223A302C2243616C69625374617465223A312C22536967416D70496E76616C6964223A307D7D, 138 
05-27 19:07:52.966   536   536 D commservice260303: Push Message into SendPool fn=25953280
05-27 19:07:52.966   536   536 D commservice260303: ComProtocolLibSend2Cluster::send2ClusterRaw fn=25953280 , len=329
05-27 19:07:52.966   536   536 D commservice260303: sendCmdToPort :329!!!
05-27 19:07:52.966   536   536 D commservice260303: send Cmd To Port ++++5AA501458A0100048C016A16D0887B22636F6D6D616E64223A7B226964223A22696D755F737461747573222C22737562223A22227D2C22636F6E74656E74223A7B2254696D655374616D70223A31312C224672616D65436F756E746572223A3238303737302C2247445F58223A2D302E3031313435333135333536353532363030392C2247445F59223A302E3030343538303934393433333134373930372C2247445F5A223A302E3030323531393037393934393730363739332C2241445F58223A382E363437313433383430373839373935452D342C2241445F59223A302E3030373338353430333338333532333232362C2241445F5A223A2D302E313730373238363833343731363739372C2254656D70447370223A302C22537461747573223A302C2243616C69625374617465223A312C22536967416D70496E76616C6964223A307D7D6DC7
05-27 19:07:52.966   536   536 D commservice260303: bufferevent_write retrun value = 0
05-27 19:07:52.967   536   560 D commservice260303: client datas send succeed,send finish
05-27 19:07:52.968 28437 28493 D ANWStack: [  11940219][ANWBT] HCI Rx: LE Meta Event, HCI_evLEADVERTISINGREPORT, subevent_code=0x2 Num_Reports=1
05-27 19:07:52.968 28437 28493 D ANWStack: 
05-27 19:07:52.968 28437 28493 D ANWAPI  : (28437|0xFF195CB0)[BTAPI] AnwhciEventCallback 62 2
05-27 19:07:52.968 28437 28493 D ANWAPI  : (28437|0xFF195CB0)[BTAPI] btsdk_le_DiscoveryCallback eventtype[3]
05-27 19:07:52.968 28437 28493 D ANWAPI  : (28437|0xFF195CB0)[BTAPI] anwbt_ble_le_discoveryHandler
05-27 19:07:52.968 28437 28493 D ANWAPI  : 
05-27 19:07:52.968 28437 28493 D ANWAPI  : (28437|0xFF195CB0)[BTAPI] anwbt_ble_le_discoveryHandler newDevice=0xb4000073fd7df39a,status=0,idx=255,scanLen=0,len=31,RSSI[-75]
05-27 19:07:52.969 28437 28493 D ANWAPI  : (28437|0xFF195CB0)[BTAPI] AnWBT_BLE_GetFirstRandomAddr start,btaddr=[0xad:0xb1:0xa:0x18:0x46:0x30],addrType=1
05-27 19:07:52.969 28437 28493 D ANWAPI  : (28437|0xFF195CB0)[BTAPI] AnWBT_BLE_GetFirstRandomAddr end,btaddr=[0xad:0xb1:0xa:0x18:0x46:0x30]
05-27 19:07:52.969 28437 28493 D ANWAPI  : (28437|0xFF195CB0)[BTAPI] send_BLE_discoveryHandler_Message event type: 0x3
05-27 19:07:52.969 28437 28493 D ANWAPI  : 
05-27 19:07:52.969 28437 28493 D ANW bt_btif: send_BLE_discoveryHandler_Message cod is 0x000000
05-27 19:07:52.969 28437 28493 D ANW bt_btif: btif_storage_add_remote_device, AnW
05-27 19:07:52.969 28437 28493 D ANW bt_btif: in, bd addr:30:46:18:0a:b1:ad, prop type:255, len:6
05-27 19:07:52.969 28437 28493 D ANW bt_btif: btif_in_fetch_bonded_device, AnW
05-27 19:07:52.969 28437 28493 D ANW bt_btif: btif_in_fetch_bonded_ble_device Found a LE device: 30:46:18:0a:b1:ad
05-27 08:59:01.935   581   581 D spidev_ioctl: gpio status=1)
05-27 19:07:52.969 28437 28493 D ANW bt_btif: btif_storage_get_remote_addr_type, AnW
05-27 19:07:52.970 28437 28493 D ANW bt_btif: btif_in_fetch_bonded_ble_device, AnW key_not_found
05-27 19:07:52.970 28437 28493 D ANW bt_btif: Remote device:30:46:18:0a:b1:ad, no link key or ble key found
05-27 19:07:52.970 28437 28493 D ANW bt_btif: in, bd addr:30:46:18:0a:b1:ad, prop type:5, len:4
05-27 19:07:52.970 28437 28493 D ANW bt_btif: btif_in_fetch_bonded_device, AnW
05-27 19:07:52.970 28437 28493 D ANW bt_btif: btif_in_fetch_bonded_ble_device Found a LE device: 30:46:18:0a:b1:ad
05-27 19:07:52.970 28437 28493 D ANW bt_btif: btif_storage_get_remote_addr_type, AnW
05-27 19:07:52.970 28437 28493 D ANW bt_btif: btif_in_fetch_bonded_ble_device, AnW key_not_found
05-27 19:07:52.970 13911 14183 I SentryImuMcuAngleSender: 179.94745rollDeg
05-27 19:07:52.970   581   581 I SpiService: fgesysctrl_getGPIO_status success val=1
05-27 19:07:52.971 13911 14183 I SentryImuMcuAngleSender: 1,0,0
05-27 19:07:52.971 28437 28493 D ANW bt_btif: Remote device:30:46:18:0a:b1:ad, no link key or ble key found
05-27 19:07:52.971 28437 28493 D ANW bt_btif: in, bd addr:30:46:18:0a:b1:ad, prop type:11, len:1
05-27 19:07:52.971 28437 28493 D ANW bt_btif: btif_in_fetch_bonded_device, AnW
05-27 19:07:52.971 28437 28493 D ANW bt_btif: btif_in_fetch_bonded_ble_device Found a LE device: 30:46:18:0a:b1:ad
05-27 19:07:52.971 28437 28493 D ANW bt_btif: btif_storage_get_remote_addr_type, AnW
05-27 19:07:52.972 28437 28493 D ANW bt_btif: btif_in_fetch_bonded_ble_device, AnW key_not_found
05-27 19:07:52.972 28437 28493 D ANW bt_btif: Remote device:30:46:18:0a:b1:ad, no link key or ble key found
05-27 19:07:52.972 13911 14192 D Sentinelmode_1.2.5.17_sentry: <SentryImuClusterFgeSender>imu_status sent to Linux, frame=280770, tsNs=11940199, tsMs=11, intervalMs=47, ad=(8.647144E-4,0.0073854034,-0.17072868), gd=(-0.011453154,0.0045809494,0.00251908)
05-27 19:07:52.972 28437 28493 D ANW bt_btif: btif_storage_set_remote_addr_type, AnW
05-27 19:07:52.972 28437 28493 I ANW bt_btif: onScanResult, address_type=1, primary_phy= 0, secondary_phy=0, ad size= 31
05-27 19:07:52.972 28437 28493 I ANW bt_btif: onScanResult: HAL bt_gatt_callbacks->scanner->scan_result_cb
05-27 19:07:52.973 28437 28493 D ANWStack: [  11940223][ANWBT] HCI Rx: LE Meta Event, HCI_evLEADVERTISINGREPORT, subevent_code=0x2 Num_Reports=1
05-27 19:07:52.973 28437 28493 D ANWStack: 
05-27 19:07:52.973 28437 28493 D ANWAPI  : (28437|0xFF195CB0)[BTAPI] AnwhciEventCallback 62 2
05-27 19:07:52.973 28437 28493 D ANWAPI  : (28437|0xFF195CB0)[BTAPI] btsdk_le_DiscoveryCallback eventtype[0]
05-27 19:07:52.973 28437 28493 D ANWAPI  : (28437|0xFF195CB0)[BTAPI] anwbt_ble_le_discoveryHandler
05-27 19:07:52.973 28437 28493 D ANWAPI  : 
05-27 19:07:52.973 28437 28493 D ANWAPI  : (28437|0xFF195CB0)[BTAPI] anwbt_ble_le_discoveryHandler newDevice=0xb4000073fd7df39a,status=0,idx=255,scanLen=0,len=31,RSSI[-87]
05-27 19:07:52.973 28437 28493 D ANWAPI  : (28437|0xFF195CB0)[BTAPI] nameLen:8,devicename[D1538947]
05-27 19:07:52.973 28437 28493 D ANWAPI  : 
05-27 19:07:52.973 28437 28493 D ANWAPI  : (28437|0xFF195CB0)[BTAPI] AnWBT_BLE_GetFirstRandomAddr start,btaddr=[0x21:0x64:0x3c:0x50:0xa0:0x0],addrType=0
05-27 19:07:52.973 28437 28493 D ANWAPI  : (28437|0xFF195CB0)[BTAPI] AnWBT_BLE_GetFirstRandomAddr end,btaddr=[0x21:0x64:0x3c:0x50:0xa0:0x0]
05-27 19:07:52.973 28437 28493 D ANWAPI  : (28437|0xFF195CB0)[BTAPI] send_BLE_discoveryHandler_Message event type: 0x0
05-27 19:07:52.973 28437 28493 D ANWAPI  : 
05-27 19:07:52.973 28437 28493 D ANWAPI  : (28437|0xFF195CB0)[BTAPI] NOT_BR/EDR support bit set, treat device as LE only
05-27 19:07:52.973 28437 28493 D ANWAPI  : 
05-27 19:07:52.974 28437 28493 D ANW bt_btif: send_BLE_discoveryHandler_Message cod is 0x000000
05-27 19:07:52.974 28437 28493 D ANW bt_btif: btif_storage_add_remote_device, AnW
05-27 19:07:52.974 28437 28493 D ANW bt_btif: in, bd addr:00:a0:50:3c:64:21, prop type:255, len:6
