05-27 19:07:52.486 28437 28493 D ANW bt_btif: btif_storage_set_remote_addr_type, AnW
05-27 19:07:52.486 28437 28493 I ANW bt_btif: onScanResult, address_type=1, primary_phy= 0, secondary_phy=0, ad size= 31
05-27 19:07:52.486 28437 28493 I ANW bt_btif: onScanResult: HAL bt_gatt_callbacks->scanner->scan_result_cb
05-27 19:07:52.487 28437 28493 D ANWStack: [  11939737][ANWBT] HCI Rx: LE Meta Event, HCI_evLEADVERTISINGREPORT, subevent_code=0x2 Num_Reports=1
05-27 19:07:52.487 28437 28493 D ANWStack: 
05-27 19:07:52.487 28437 28493 D ANWAPI  : (28437|0xFF195CB0)[BTAPI] AnwhciEventCallback 62 2
05-27 19:07:52.487 28437 28493 D ANWAPI  : (28437|0xFF195CB0)[BTAPI] btsdk_le_DiscoveryCallback eventtype[3]
05-27 19:07:52.487 28437 28493 D ANWAPI  : (28437|0xFF195CB0)[BTAPI] anwbt_ble_le_discoveryHandler
05-27 19:07:52.487 28437 28493 D ANWAPI  : 
05-27 19:07:52.487 28437 28493 D ANWAPI  : (28437|0xFF195CB0)[BTAPI] anwbt_ble_le_discoveryHandler newDevice=0xb4000073fd7df39a,status=0,idx=255,scanLen=0,len=31,RSSI[-75]
05-27 19:07:52.487 28437 28493 D ANWAPI  : (28437|0xFF195CB0)[BTAPI] AnWBT_BLE_GetFirstRandomAddr start,btaddr=[0xaa:0x1b:0x95:0xf8:0xb9:0x30],addrType=1
05-27 19:07:52.487 28437 28493 D ANWAPI  : (28437|0xFF195CB0)[BTAPI] AnWBT_BLE_GetFirstRandomAddr end,btaddr=[0xaa:0x1b:0x95:0xf8:0xb9:0x30]
05-27 19:07:52.487 28437 28493 D ANWAPI  : (28437|0xFF195CB0)[BTAPI] send_BLE_discoveryHandler_Message event type: 0x3
05-27 19:07:52.487 28437 28493 D ANWAPI  : 
05-27 19:07:52.487 28437 28493 D ANW bt_btif: send_BLE_discoveryHandler_Message cod is 0x000000
05-27 19:07:52.487 28437 28493 D ANW bt_btif: btif_storage_add_remote_device, AnW
05-27 19:07:52.487 28437 28493 D ANW bt_btif: in, bd addr:30:b9:f8:95:1b:aa, prop type:255, len:6
05-27 19:07:52.487 28437 28493 D ANW bt_btif: btif_in_fetch_bonded_device, AnW
05-27 19:07:52.487 28437 28493 D ANW bt_btif: btif_in_fetch_bonded_ble_device Found a LE device: 30:b9:f8:95:1b:aa
05-27 19:07:52.487 28437 28493 D ANW bt_btif: btif_storage_get_remote_addr_type, AnW
05-27 19:07:52.487 28437 28493 D ANW bt_btif: btif_in_fetch_bonded_ble_device, AnW key_not_found
05-27 19:07:52.487 28437 28493 D ANW bt_btif: Remote device:30:b9:f8:95:1b:aa, no link key or ble key found
05-27 19:07:52.487 28437 28493 D ANW bt_btif: in, bd addr:30:b9:f8:95:1b:aa, prop type:5, len:4
05-27 19:07:52.487 28437 28493 D ANW bt_btif: btif_in_fetch_bonded_device, AnW
05-27 19:07:52.487 28437 28493 D ANW bt_btif: btif_in_fetch_bonded_ble_device Found a LE device: 30:b9:f8:95:1b:aa
05-27 19:07:52.487 28437 28493 D ANW bt_btif: btif_storage_get_remote_addr_type, AnW
05-27 19:07:52.487 28437 28493 D ANW bt_btif: btif_in_fetch_bonded_ble_device, AnW key_not_found
05-27 19:07:52.487 28437 28493 D ANW bt_btif: Remote device:30:b9:f8:95:1b:aa, no link key or ble key found
05-27 19:07:52.487 28437 28493 D ANW bt_btif: in, bd addr:30:b9:f8:95:1b:aa, prop type:11, len:1
05-27 19:07:52.487 28437 28493 D ANW bt_btif: btif_in_fetch_bonded_device, AnW
05-27 19:07:52.487 28437 28493 D ANW bt_btif: btif_in_fetch_bonded_ble_device Found a LE device: 30:b9:f8:95:1b:aa
05-27 19:07:52.487 28437 28493 D ANW bt_btif: btif_storage_get_remote_addr_type, AnW
05-27 19:07:52.487 28437 28493 D ANW bt_btif: btif_in_fetch_bonded_ble_device, AnW key_not_found
05-27 19:07:52.488 28437 28493 D ANW bt_btif: Remote device:30:b9:f8:95:1b:aa, no link key or ble key found
05-27 19:07:52.488 28437 28493 D ANW bt_btif: btif_storage_set_remote_addr_type, AnW
05-27 19:07:52.488 28437 28493 I ANW bt_btif: onScanResult, address_type=1, primary_phy= 0, secondary_phy=0, ad size= 31
05-27 19:07:52.488 28437 28493 I ANW bt_btif: onScanResult: HAL bt_gatt_callbacks->scanner->scan_result_cb
05-27 08:59:01.451   581   581 D spi_rst_gpio_get_output: GPIO 145 value: 1
05-27 08:59:01.451   581   581 D spidev_ioctl: gpio status=1)
05-27 19:07:52.490 28437 28493 D ANWStack: [  11939741][ANWBT] HCI Rx: LE Meta Event, HCI_evLEADVERTISINGREPORT, subevent_code=0x2 Num_Reports=1
05-27 19:07:52.490 28437 28493 D ANWStack: 
05-27 19:07:52.491 28437 28493 D ANWAPI  : (28437|0xFF195CB0)[BTAPI] AnwhciEventCallback 62 2
05-27 19:07:52.491 28437 28493 D ANWAPI  : (28437|0xFF195CB0)[BTAPI] btsdk_le_DiscoveryCallback eventtype[3]
05-27 19:07:52.491 28437 28493 D ANWAPI  : (28437|0xFF195CB0)[BTAPI] anwbt_ble_le_discoveryHandler
05-27 19:07:52.491 28437 28493 D ANWAPI  : 
05-27 19:07:52.491 28437 28493 D ANWAPI  : (28437|0xFF195CB0)[BTAPI] anwbt_ble_le_discoveryHandler newDevice=0xb4000073fd7df39a,status=0,idx=255,scanLen=0,len=31,RSSI[-63]
05-27 19:07:52.491 28437 28493 D ANWAPI  : (28437|0xFF195CB0)[BTAPI] AnWBT_BLE_GetFirstRandomAddr start,btaddr=[0x5a:0xbc:0xa2:0x4b:0xea:0x1a],addrType=1
05-27 19:07:52.491 28437 28493 D ANWAPI  : (28437|0xFF195CB0)[BTAPI] AnWBT_BLE_GetFirstRandomAddr end,btaddr=[0x5a:0xbc:0xa2:0x4b:0xea:0x1a]
05-27 19:07:52.492 28437 28493 D ANWAPI  : (28437|0xFF195CB0)[BTAPI] send_BLE_discoveryHandler_Message event type: 0x3
05-27 19:07:52.492 28437 28493 D ANWAPI  : 
05-27 19:07:52.492 28437 28493 D ANW bt_btif: send_BLE_discoveryHandler_Message cod is 0x000000
05-27 19:07:52.492   581   581 I SpiService: fgesysctrl_getGPIO_status success val=0
05-27 19:07:52.492 28437 28493 D ANW bt_btif: btif_storage_add_remote_device, AnW
05-27 19:07:52.492   481   597 I mcuc    : send SPI:6AA60083C100050412010000A0
05-27 19:07:52.492 28437 28493 D ANW bt_btif: in, bd addr:1a:ea:4b:a2:bc:5a, prop type:255, len:6
05-27 19:07:52.492 28437 28493 D ANW bt_btif: btif_in_fetch_bonded_device, AnW
05-27 19:07:52.492 28437 28493 D ANW bt_btif: btif_in_fetch_bonded_ble_device Found a LE device: 1a:ea:4b:a2:bc:5a
05-27 19:07:52.492 28437 28493 D ANW bt_btif: btif_storage_get_remote_addr_type, AnW
05-27 19:07:52.493 28437 28493 D ANW bt_btif: btif_in_fetch_bonded_ble_device, AnW key_not_found
05-27 19:07:52.493 28437 28493 D ANW bt_btif: Remote device:1a:ea:4b:a2:bc:5a, no link key or ble key found
05-27 08:59:01.456   581   581 D spi_rst_gpio_get_output: GPIO 145 value: 0
05-27 08:59:01.456   581   581 D spidev_ioctl: gpio status=0)
05-27 19:07:52.493 28437 28493 D ANW bt_btif: in, bd addr:1a:ea:4b:a2:bc:5a, prop type:5, len:4
05-27 19:07:52.493 28437 28493 D ANW bt_btif: btif_in_fetch_bonded_device, AnW
05-27 19:07:52.493 28437 28493 D ANW bt_btif: btif_in_fetch_bonded_ble_device Found a LE device: 1a:ea:4b:a2:bc:5a
05-27 19:07:52.493 28437 28493 D ANW bt_btif: btif_storage_get_remote_addr_type, AnW
05-27 19:07:52.493 28437 28493 D ANW bt_btif: btif_in_fetch_bonded_ble_device, AnW key_not_found
05-27 19:07:52.493 28437 28493 D ANW bt_btif: Remote device:1a:ea:4b:a2:bc:5a, no link key or ble key found
05-27 19:07:52.493 28437 28493 D ANW bt_btif: in, bd addr:1a:ea:4b:a2:bc:5a, prop type:11, len:1
05-27 19:07:52.494 28437 28493 D ANW bt_btif: btif_in_fetch_bonded_device, AnW
05-27 19:07:52.494 28437 28493 D ANW bt_btif: btif_in_fetch_bonded_ble_device Found a LE device: 1a:ea:4b:a2:bc:5a
05-27 19:07:52.494 28437 28493 D ANW bt_btif: btif_storage_get_remote_addr_type, AnW
05-27 19:07:52.494 28437 28493 D ANW bt_btif: btif_in_fetch_bonded_ble_device, AnW key_not_found
05-27 19:07:52.494 28437 28493 D ANW bt_btif: Remote device:1a:ea:4b:a2:bc:5a, no link key or ble key found
05-27 19:07:52.494 28437 28493 D ANW bt_btif: btif_storage_set_remote_addr_type, AnW
05-27 19:07:52.494 28437 28493 I ANW bt_btif: onScanResult, address_type=1, primary_phy= 0, secondary_phy=0, ad size= 31
05-27 19:07:52.494 28437 28493 I ANW bt_btif: onScanResult: HAL bt_gatt_callbacks->scanner->scan_result_cb
05-27 19:07:52.494 28437 28493 D ANWStack: [  11939745][ANWBT] HCI Rx: LE Meta Event, HCI_evLEADVERTISINGREPORT, subevent_code=0x2 Num_Reports=1
05-27 19:07:52.494 28437 28493 D ANWStack: 
05-27 19:07:52.495 28437 28493 D ANWAPI  : (28437|0xFF195CB0)[BTAPI] AnwhciEventCallback 62 2
05-27 19:07:52.495 28437 28493 D ANWAPI  : (28437|0xFF195CB0)[BTAPI] btsdk_le_DiscoveryCallback eventtype[0]
05-27 19:07:52.495 28437 28493 D ANWAPI  : (28437|0xFF195CB0)[BTAPI] anwbt_ble_le_discoveryHandler
05-27 19:07:52.495 28437 28493 D ANWAPI  : 
05-27 19:07:52.495 28437 28493 D ANWAPI  : (28437|0xFF195CB0)[BTAPI] anwbt_ble_le_discoveryHandler newDevice=0xb4000073fd7df39a,status=0,idx=255,scanLen=0,len=31,RSSI[-89]
05-27 19:07:52.495 28437 28493 D ANWAPI  : (28437|0xFF195CB0)[BTAPI] nameLen:8,devicename[D1538947]
05-27 19:07:52.495 28437 28493 D ANWAPI  : 
05-27 19:07:52.495 28437 28493 D ANWAPI  : (28437|0xFF195CB0)[BTAPI] AnWBT_BLE_GetFirstRandomAddr start,btaddr=[0x21:0x64:0x3c:0x50:0xa0:0x0],addrType=0
05-27 19:07:52.495 28437 28493 D ANWAPI  : (28437|0xFF195CB0)[BTAPI] AnWBT_BLE_GetFirstRandomAddr end,btaddr=[0x21:0x64:0x3c:0x50:0xa0:0x0]
05-27 19:07:52.495 28437 28493 D ANWAPI  : (28437|0xFF195CB0)[BTAPI] send_BLE_discoveryHandler_Message event type: 0x0
05-27 19:07:52.495 28437 28493 D ANWAPI  : 
05-27 19:07:52.495 28437 28493 D ANWAPI  : (28437|0xFF195CB0)[BTAPI] NOT_BR/EDR support bit set, treat device as LE only
05-27 19:07:52.495 28437 28493 D ANWAPI  : 
05-27 19:07:52.495 28437 28493 D ANW bt_btif: send_BLE_discoveryHandler_Message cod is 0x000000
05-27 19:07:52.496 28437 28493 D ANW bt_btif: btif_storage_add_remote_device, AnW
05-27 19:07:52.496 28437 28493 D ANW bt_btif: in, bd addr:00:a0:50:3c:64:21, prop type:255, len:6
05-27 19:07:52.496 28437 28493 D ANW bt_btif: btif_in_fetch_bonded_device, AnW
05-27 19:07:52.496 28437 28493 D ANW bt_btif: btif_in_fetch_bonded_ble_device Found a LE device: 00:a0:50:3c:64:21
05-27 19:07:52.496 28437 28493 D ANW bt_btif: btif_storage_get_remote_addr_type, AnW
05-27 19:07:52.496 28437 28493 D ANW bt_btif: btif_in_fetch_bonded_ble_device, AnW key_not_found
05-27 19:07:52.496 28437 28493 D ANW bt_btif: Remote device:00:a0:50:3c:64:21, no link key or ble key found
05-27 19:07:52.496 28437 28493 D ANW bt_btif: in, bd addr:00:a0:50:3c:64:21, prop type:1, len:8
05-27 19:07:52.496 28437 28493 D ANW bt_btif: btif_in_fetch_bonded_device, AnW
05-27 19:07:52.496 28437 28493 D ANW bt_btif: btif_in_fetch_bonded_ble_device Found a LE device: 00:a0:50:3c:64:21
05-27 19:07:52.496 28437 28493 D ANW bt_btif: btif_storage_get_remote_addr_type, AnW
05-27 19:07:52.496 28437 28493 D ANW bt_btif: btif_in_fetch_bonded_ble_device, AnW key_not_found
05-27 19:07:52.497 28437 28493 D ANW bt_btif: Remote device:00:a0:50:3c:64:21, no link key or ble key found
05-27 19:07:52.497 28437 28493 D ANW bt_btif: in, bd addr:00:a0:50:3c:64:21, prop type:5, len:4
05-27 19:07:52.497 28437 28493 D ANW bt_btif: btif_in_fetch_bonded_device, AnW
05-27 19:07:52.497 28437 28493 D ANW bt_btif: btif_in_fetch_bonded_ble_device Found a LE device: 00:a0:50:3c:64:21
05-27 19:07:52.497 28437 28493 D ANW bt_btif: btif_storage_get_remote_addr_type, AnW
05-27 19:07:52.497 28437 28493 D ANW bt_btif: btif_in_fetch_bonded_ble_device, AnW key_not_found
05-27 19:07:52.497 28437 28493 D ANW bt_btif: Remote device:00:a0:50:3c:64:21, no link key or ble key found
05-27 19:07:52.497 28437 28493 D ANW bt_btif: in, bd addr:00:a0:50:3c:64:21, prop type:11, len:1
05-27 19:07:52.498 28437 28493 D ANW bt_btif: btif_in_fetch_bonded_device, AnW
05-27 19:07:52.498 28437 28493 D ANW bt_btif: btif_in_fetch_bonded_ble_device Found a LE device: 00:a0:50:3c:64:21
05-27 19:07:52.498 28437 28493 D ANW bt_btif: btif_storage_get_remote_addr_type, AnW
05-27 19:07:52.498 28437 28493 D ANW bt_btif: btif_in_fetch_bonded_ble_device, AnW key_not_found
05-27 19:07:52.498 28437 28493 D ANW bt_btif: Remote device:00:a0:50:3c:64:21, no link key or ble key found
05-27 19:07:52.498 28437 28493 D ANW bt_btif: btif_storage_set_remote_addr_type, AnW
05-27 19:07:52.498 28437 28493 I ANW bt_btif: send_BLE_discoveryHandler_Message: HAL bt_hal_cbacks->device_found_cb
05-27 19:07:52.498 28437 28493 D BluetoothRemoteDevices: Property type: 2
05-27 19:07:52.499 28437 28493 D BluetoothRemoteDevices: Remote Address is:00:A0:50:3C:64:21
05-27 19:07:52.499 28437 28493 D BluetoothRemoteDevices: Property type: 1
05-27 19:07:52.499 28437 28493 D BluetoothRemoteDevices: Skip name update for 00:A0:50:3C:64:21
05-27 19:07:52.499 28437 28493 D BluetoothRemoteDevices: Property type: 5
05-27 19:07:52.499 28437 28493 D BluetoothRemoteDevices: Property type: 11
05-27 19:07:52.499 28437 28493 D BluetoothRemoteDevices: deviceFoundCallback: Remote Address is:00:A0:50:3C:64:21
05-27 19:07:52.501   572   622 I Sensors : 230 GyroSensor: x:-0.010690,y:0.005268,z:0.002519
05-27 19:07:52.503 10188  6599 D BroadcastQueue: Add broadcast <BroadcastRecord{fa8b204 u0 android.bluetooth.device.action.FOUND}> into [parallel | background], pending size 0
05-27 19:07:52.504 10188 10660 D BroadcastQueue: Done with parallel broadcast [background] [BroadcastRecord{fa8b204 u0 android.bluetooth.device.action.FOUND}]
05-27 19:07:52.506 28437 28493 I ANW bt_btif: onScanResult, address_type=0, primary_phy= 0, secondary_phy=0, ad size= 31
05-27 19:07:52.506 28437 28493 I ANW bt_btif: onScanResult: HAL bt_gatt_callbacks->scanner->scan_result_cb
05-27 19:07:52.507   581   581 I SpiService: fgesysctrl_getGPIO_status success val=1
05-27 19:07:52.507 28437 28493 D ANWStack: [  11939757][ANWBT] HCI Rx: LE Meta Event, HCI_evLEADVERTISINGREPORT, subevent_code=0x2 Num_Reports=1
05-27 19:07:52.507 28437 28493 D ANWStack: 
05-27 19:07:52.507 28437 28493 D ANWAPI  : (28437|0xFF195CB0)[BTAPI] AnwhciEventCallback 62 2
05-27 19:07:52.507 28437 28493 D ANWAPI  : (28437|0xFF195CB0)[BTAPI] btsdk_le_DiscoveryCallback eventtype[4]
05-27 19:07:52.507 28437 28493 D ANWAPI  : (28437|0xFF195CB0)[BTAPI] anwbt_ble_le_discoveryHandler
05-27 19:07:52.507 28437 28493 D ANWAPI  : 
05-27 19:07:52.507 28437 28493 D ANWAPI  : (28437|0xFF195CB0)[BTAPI] anwbt_ble_le_discoveryHandler newDevice=0xb4000073fd7df39a,status=0,idx=255,scanLen=0,len=0,RSSI[-89]
05-27 19:07:52.507 28437 28493 D ANWAPI  : (28437|0xFF195CB0)[BTAPI] AnWBT_BLE_GetFirstRandomAddr start,btaddr=[0x21:0x64:0x3c:0x50:0xa0:0x0],addrType=0
05-27 19:07:52.507 28437 28493 D ANWAPI  : (28437|0xFF195CB0)[BTAPI] AnWBT_BLE_GetFirstRandomAddr end,btaddr=[0x21:0x64:0x3c:0x50:0xa0:0x0]
05-27 19:07:52.507 28437 28493 D ANWAPI  : (28437|0xFF195CB0)[BTAPI] send_BLE_discoveryHandler_Message event type: 0x4
05-27 19:07:52.507 28437 28493 D ANWAPI  : 
05-27 19:07:52.508 28437 28493 D ANW bt_btif: send_BLE_discoveryHandler_Message cod is 0x000000
05-27 19:07:52.508 28437 28493 D ANW bt_btif: btif_storage_add_remote_device, AnW
05-27 19:07:52.508 28437 28493 D ANW bt_btif: in, bd addr:00:a0:50:3c:64:21, prop type:255, len:6
05-27 19:07:52.508 28437 28493 D ANW bt_btif: btif_in_fetch_bonded_device, AnW
05-27 19:07:52.508 28437 28493 D ANW bt_btif: btif_in_fetch_bonded_ble_device Found a LE device: 00:a0:50:3c:64:21
05-27 08:59:01.471   581   581 D spi_rst_gpio_get_output: GPIO 145 value: 1
05-27 08:59:01.471   581   581 D spidev_ioctl: gpio status=1)
05-27 19:07:52.508 28437 28493 D ANW bt_btif: btif_storage_get_remote_addr_type, AnW
05-27 19:07:52.508 28437 28493 D ANW bt_btif: btif_in_fetch_bonded_ble_device, AnW key_not_found
05-27 19:07:52.508 28437 28493 D ANW bt_btif: Remote device:00:a0:50:3c:64:21, no link key or ble key found
05-27 19:07:52.508 28437 28493 D ANW bt_btif: in, bd addr:00:a0:50:3c:64:21, prop type:5, len:4
05-27 19:07:52.508 28437 28493 D ANW bt_btif: btif_in_fetch_bonded_device, AnW
05-27 19:07:52.508 28437 28493 D ANW bt_btif: btif_in_fetch_bonded_ble_device Found a LE device: 00:a0:50:3c:64:21
05-27 19:07:52.508 28437 28493 D ANW bt_btif: btif_storage_get_remote_addr_type, AnW
05-27 19:07:52.509 28437 28493 D ANW bt_btif: btif_in_fetch_bonded_ble_device, AnW key_not_found
05-27 19:07:52.509 28437 28493 D ANW bt_btif: Remote device:00:a0:50:3c:64:21, no link key or ble key found
05-27 19:07:52.509 28437 28493 D ANW bt_btif: in, bd addr:00:a0:50:3c:64:21, prop type:11, len:1
05-27 19:07:52.509 28437 28493 D ANW bt_btif: btif_in_fetch_bonded_device, AnW
05-27 19:07:52.509 28437 28493 D ANW bt_btif: btif_in_fetch_bonded_ble_device Found a LE device: 00:a0:50:3c:64:21
05-27 19:07:52.509 28437 28493 D ANW bt_btif: btif_storage_get_remote_addr_type, AnW
05-27 19:07:52.509 28437 28493 D ANW bt_btif: btif_in_fetch_bonded_ble_device, AnW key_not_found
05-27 19:07:52.509 28437 28493 D ANW bt_btif: Remote device:00:a0:50:3c:64:21, no link key or ble key found
05-27 19:07:52.509 28437 28493 D ANW bt_btif: btif_storage_set_remote_addr_type, AnW
05-27 19:07:52.509 28437 28493 I ANW bt_btif: onScanResult, address_type=0, primary_phy= 0, secondary_phy=0, ad size= 0
05-27 19:07:52.510 28437 28493 I ANW bt_btif: onScanResult: HAL bt_gatt_callbacks->scanner->scan_result_cb
05-27 19:07:52.510 28437 28493 D ANWStack: [  11939761][ANWBT] HCI Rx: LE Meta Event, HCI_evLEADVERTISINGREPORT, subevent_code=0x2 Num_Reports=1
05-27 19:07:52.510 28437 28493 D ANWStack: 
05-27 19:07:52.510 13911 14183 I SentryImuMcuAngleSender: 179.98598rollDeg
05-27 19:07:52.510 28437 28493 D ANWAPI  : (28437|0xFF195CB0)[BTAPI] AnwhciEventCallback 62 2
05-27 19:07:52.510 13911 14183 I SentryImuMcuAngleSender: 1,0,0
05-27 19:07:52.510 28437 28493 D ANWAPI  : (28437|0xFF195CB0)[BTAPI] btsdk_le_DiscoveryCallback eventtype[0]
05-27 19:07:52.510 28437 28493 D ANWAPI  : (28437|0xFF195CB0)[BTAPI] anwbt_ble_le_discoveryHandler
05-27 19:07:52.510 28437 28493 D ANWAPI  : 
05-27 19:07:52.510 28437 28493 D ANWAPI  : (28437|0xFF195CB0)[BTAPI] anwbt_ble_le_discoveryHandler newDevice=0xb4000073fd7df39a,status=0,idx=255,scanLen=0,len=27,RSSI[-67]
05-27 19:07:52.510 28437 28493 D ANWAPI  : (28437|0xFF195CB0)[BTAPI] AnWBT_BLE_GetFirstRandomAddr start,btaddr=[0x2f:0xe1:0x3c:0xff:0x9f:0x54],addrType=1
05-27 19:07:52.510 28437 28493 D ANWAPI  : (28437|0xFF195CB0)[BTAPI] AnWBT_BLE_GetFirstRandomAddr end,btaddr=[0x2f:0xe1:0x3c:0xff:0x9f:0x54]
05-27 19:07:52.510 28437 28493 D ANWAPI  : (28437|0xFF195CB0)[BTAPI] send_BLE_discoveryHandler_Message event type: 0x0
05-27 19:07:52.510 28437 28493 D ANWAPI  : 
05-27 19:07:52.510 28437 28493 D ANWAPI  : (28437|0xFF195CB0)[BTAPI] Random address, treat device as LE only
05-27 19:07:52.510 28437 28493 D ANWAPI  : 
05-27 19:07:52.511 28437 28493 D ANW bt_btif: send_BLE_discoveryHandler_Message cod is 0x000000
05-27 19:07:52.511 28437 28493 D ANW bt_btif: btif_storage_add_remote_device, AnW
05-27 19:07:52.511 28437 28493 D ANW bt_btif: in, bd addr:54:9f:ff:3c:e1:2f, prop type:255, len:6
05-27 19:07:52.511 28437 28493 D ANW bt_btif: btif_in_fetch_bonded_device, AnW
05-27 19:07:52.511 28437 28493 D ANW bt_btif: btif_in_fetch_bonded_ble_device Found a LE device: 54:9f:ff:3c:e1:2f
05-27 19:07:52.511 28437 28493 D ANW bt_btif: btif_storage_get_remote_addr_type, AnW
05-27 19:07:52.511 28437 28493 D ANW bt_btif: btif_in_fetch_bonded_ble_device, AnW key_not_found
05-27 19:07:52.511 28437 28493 D ANW bt_btif: Remote device:54:9f:ff:3c:e1:2f, no link key or ble key found
05-27 19:07:52.511 28437 28493 D ANW bt_btif: in, bd addr:54:9f:ff:3c:e1:2f, prop type:5, len:4
05-27 19:07:52.511 28437 28493 D ANW bt_btif: btif_in_fetch_bonded_device, AnW
05-27 19:07:52.511 28437 28493 D ANW bt_btif: btif_in_fetch_bonded_ble_device Found a LE device: 54:9f:ff:3c:e1:2f
05-27 19:07:52.511 28437 28493 D ANW bt_btif: btif_storage_get_remote_addr_type, AnW
05-27 19:07:52.512 28437 28493 D ANW bt_btif: btif_in_fetch_bonded_ble_device, AnW key_not_found
05-27 19:07:52.512 28437 28493 D ANW bt_btif: Remote device:54:9f:ff:3c:e1:2f, no link key or ble key found
05-27 19:07:52.512 28437 28493 D ANW bt_btif: in, bd addr:54:9f:ff:3c:e1:2f, prop type:11, len:1
05-27 19:07:52.512 28437 28493 D ANW bt_btif: btif_in_fetch_bonded_device, AnW
05-27 19:07:52.512 29010 29042 D ANWStack: Realtek Bluetooth :01 01 10 00
05-27 19:07:52.512 28437 28493 D ANW bt_btif: btif_in_fetch_bonded_ble_device Found a LE device: 54:9f:ff:3c:e1:2f
05-27 19:07:52.512 28437 28493 D ANW bt_btif: btif_storage_get_remote_addr_type, AnW
05-27 19:07:52.512 28437 28493 D ANW bt_btif: btif_in_fetch_bonded_ble_device, AnW key_not_found
05-27 19:07:52.513 28437 28493 D ANW bt_btif: Remote device:54:9f:ff:3c:e1:2f, no link key or ble key found
05-27 19:07:52.513 28437 28493 D ANW bt_btif: btif_storage_set_remote_addr_type, AnW
05-27 19:07:52.513 28437 28493 I ANW bt_btif: onScanResult, address_type=1, primary_phy= 0, secondary_phy=0, ad size= 27
05-27 19:07:52.513   581   581 I SpiService: fgesysctrl_getGPIO_status success val=1
05-27 19:07:52.513 28437 28493 I ANW bt_btif: onScanResult: HAL bt_gatt_callbacks->scanner->scan_result_cb
05-27 19:07:52.513 28437 28493 D ANWStack: [  11939764][ANWBT] HCI Rx: LE Meta Event, HCI_evLEADVERTISINGREPORT, subevent_code=0x2 Num_Reports=1
05-27 19:07:52.513 28437 28493 D ANWStack: 
05-27 19:07:52.514 28437 28493 D ANWAPI  : (28437|0xFF195CB0)[BTAPI] AnwhciEventCallback 62 2
05-27 19:07:52.514 28437 28493 D ANWAPI  : (28437|0xFF195CB0)[BTAPI] btsdk_le_DiscoveryCallback eventtype[4]
05-27 19:07:52.514 28437 28493 D ANWAPI  : (28437|0xFF195CB0)[BTAPI] anwbt_ble_le_discoveryHandler
05-27 19:07:52.514 28437 28493 D ANWAPI  : 
05-27 19:07:52.514 28437 28493 D ANWAPI  : (28437|0xFF195CB0)[BTAPI] anwbt_ble_le_discoveryHandler newDevice=0xb4000073fd7de1aa,status=0,idx=255,scanLen=0,len=21,RSSI[-67]
05-27 19:07:52.514 28437 28493 D ANWAPI  : (28437|0xFF195CB0)[BTAPI] AnWBT_BLE_GetFirstRandomAddr start,btaddr=[0x2f:0xe1:0x3c:0xff:0x9f:0x54],addrType=1
05-27 19:07:52.514 28437 28493 D ANWAPI  : (28437|0xFF195CB0)[BTAPI] AnWBT_BLE_GetFirstRandomAddr end,btaddr=[0x2f:0xe1:0x3c:0xff:0x9f:0x54]
05-27 19:07:52.514 28437 28493 D ANWAPI  : (28437|0xFF195CB0)[BTAPI] send_BLE_discoveryHandler_Message event type: 0x4
05-27 19:07:52.514 28437 28493 D ANWAPI  : 
05-27 19:07:52.514 28437 28493 D ANW bt_btif: send_BLE_discoveryHandler_Message cod is 0x000000
05-27 19:07:52.514 28437 28493 D ANW bt_btif: btif_storage_add_remote_device, AnW
05-27 19:07:52.514 28437 28493 D ANW bt_btif: in, bd addr:54:9f:ff:3c:e1:2f, prop type:255, len:6
05-27 19:07:52.514 28437 28493 D ANW bt_btif: btif_in_fetch_bonded_device, AnW
05-27 19:07:52.514 28437 28493 D ANW bt_btif: btif_in_fetch_bonded_ble_device Found a LE device: 54:9f:ff:3c:e1:2f
05-27 19:07:52.515 28437 28493 D ANW bt_btif: btif_storage_get_remote_addr_type, AnW
05-27 19:07:52.515 28437 28493 D ANW bt_btif: btif_in_fetch_bonded_ble_device, AnW key_not_found
05-27 19:07:52.515 28437 28493 D ANW bt_btif: Remote device:54:9f:ff:3c:e1:2f, no link key or ble key found
05-27 19:07:52.515 28437 28493 D ANW bt_btif: in, bd addr:54:9f:ff:3c:e1:2f, prop type:5, len:4
05-27 19:07:52.515 28437 28493 D ANW bt_btif: btif_in_fetch_bonded_device, AnW
05-27 19:07:52.515 28437 28493 D ANW bt_btif: btif_in_fetch_bonded_ble_device Found a LE device: 54:9f:ff:3c:e1:2f
05-27 19:07:52.515 28437 28493 D ANW bt_btif: btif_storage_get_remote_addr_type, AnW
05-27 19:07:52.516 28437 28493 D ANW bt_btif: btif_in_fetch_bonded_ble_device, AnW key_not_found
05-27 19:07:52.516 28437 28493 D ANW bt_btif: Remote device:54:9f:ff:3c:e1:2f, no link key or ble key found
05-27 19:07:52.516 28437 28493 D ANW bt_btif: in, bd addr:54:9f:ff:3c:e1:2f, prop type:11, len:1
05-27 19:07:52.516 28437 28493 D ANW bt_btif: btif_in_fetch_bonded_device, AnW
05-27 19:07:52.516 28437 28493 D ANW bt_btif: btif_in_fetch_bonded_ble_device Found a LE device: 54:9f:ff:3c:e1:2f
05-27 19:07:52.516 28437 28493 D ANW bt_btif: btif_storage_get_remote_addr_type, AnW
05-27 19:07:52.516 28437 28493 D ANW bt_btif: btif_in_fetch_bonded_ble_device, AnW key_not_found
05-27 19:07:52.516 28437 28493 D ANW bt_btif: Remote device:54:9f:ff:3c:e1:2f, no link key or ble key found
05-27 19:07:52.516 28437 28493 D ANW bt_btif: btif_storage_set_remote_addr_type, AnW
05-27 19:07:52.516 28437 28493 I ANW bt_btif: onScanResult, address_type=1, primary_phy= 0, secondary_phy=0, ad size= 21
05-27 08:59:01.477   581   581 D spi_rst_gpio_get_output: GPIO 145 value: 1
05-27 08:59:01.477   581   581 D spidev_ioctl: gpio status=1)
05-27 19:07:52.516 28437 28493 I ANW bt_btif: onScanResult: HAL bt_gatt_callbacks->scanner->scan_result_cb
05-27 19:07:52.517 28437 28493 D ANWStack: [  11939767][ANWBT] HCI Rx: LE Meta Event, HCI_evLEADVERTISINGREPORT, subevent_code=0x2 Num_Reports=1
05-27 19:07:52.517 28437 28493 D ANWStack: 
05-27 19:07:52.517 28437 28493 D ANWAPI  : (28437|0xFF195CB0)[BTAPI] AnwhciEventCallback 62 2
05-27 19:07:52.517 28437 28493 D ANWAPI  : (28437|0xFF195CB0)[BTAPI] btsdk_le_DiscoveryCallback eventtype[3]
05-27 19:07:52.517 28437 28493 D ANWAPI  : (28437|0xFF195CB0)[BTAPI] anwbt_ble_le_discoveryHandler
05-27 19:07:52.517 28437 28493 D ANWAPI  : 
05-27 19:07:52.517 28437 28493 D ANWAPI  : (28437|0xFF195CB0)[BTAPI] anwbt_ble_le_discoveryHandler newDevice=0xb4000073fd7df39a,status=0,idx=255,scanLen=0,len=31,RSSI[-76]
05-27 19:07:52.517 28437 28493 D ANWAPI  : (28437|0xFF195CB0)[BTAPI] AnWBT_BLE_GetFirstRandomAddr start,btaddr=[0xa1:0xca:0x7d:0xdb:0x97:0x3f],addrType=1
05-27 19:07:52.517 28437 28493 D ANWAPI  : (28437|0xFF195CB0)[BTAPI] AnWBT_BLE_GetFirstRandomAddr end,btaddr=[0xa1:0xca:0x7d:0xdb:0x97:0x3f]
05-27 19:07:52.517 28437 28493 D ANWAPI  : (28437|0xFF195CB0)[BTAPI] send_BLE_discoveryHandler_Message event type: 0x3
05-27 19:07:52.517 28437 28493 D ANWAPI  : 
05-27 19:07:52.518 28437 28493 D ANW bt_btif: send_BLE_discoveryHandler_Message cod is 0x000000
05-27 19:07:52.518 28437 28493 D ANW bt_btif: btif_storage_add_remote_device, AnW
05-27 19:07:52.518 28437 28493 D ANW bt_btif: in, bd addr:3f:97:db:7d:ca:a1, prop type:255, len:6
05-27 19:07:52.518 28437 28493 D ANW bt_btif: btif_in_fetch_bonded_device, AnW
05-27 19:07:52.518 28437 28493 D ANW bt_btif: btif_in_fetch_bonded_ble_device Found a LE device: 3f:97:db:7d:ca:a1
05-27 19:07:52.518 28437 28493 D ANW bt_btif: btif_storage_get_remote_addr_type, AnW
05-27 19:07:52.518 28437 28493 D ANW bt_btif: btif_in_fetch_bonded_ble_device, AnW key_not_found
05-27 19:07:52.518 28437 28493 D ANW bt_btif: Remote device:3f:97:db:7d:ca:a1, no link key or ble key found
05-27 19:07:52.518   581   581 I SpiService: fgesysctrl_getGPIO_status success val=1
05-27 19:07:52.518 28437 28493 D ANW bt_btif: in, bd addr:3f:97:db:7d:ca:a1, prop type:5, len:4
05-27 19:07:52.519 28437 28493 D ANW bt_btif: btif_in_fetch_bonded_device, AnW
05-27 19:07:52.519 28437 28493 D ANW bt_btif: btif_in_fetch_bonded_ble_device Found a LE device: 3f:97:db:7d:ca:a1
05-27 19:07:52.519 28437 28493 D ANW bt_btif: btif_storage_get_remote_addr_type, AnW
05-27 19:07:52.519 28437 28493 D ANW bt_btif: btif_in_fetch_bonded_ble_device, AnW key_not_found
05-27 19:07:52.519 28437 28493 D ANW bt_btif: Remote device:3f:97:db:7d:ca:a1, no link key or ble key found
05-27 19:07:52.519 28437 28493 D ANW bt_btif: in, bd addr:3f:97:db:7d:ca:a1, prop type:11, len:1
05-27 19:07:52.519 28437 28493 D ANW bt_btif: btif_in_fetch_bonded_device, AnW
05-27 19:07:52.519 28437 28493 D ANW bt_btif: btif_in_fetch_bonded_ble_device Found a LE device: 3f:97:db:7d:ca:a1
05-27 19:07:52.519 28437 28493 D ANW bt_btif: btif_storage_get_remote_addr_type, AnW
05-27 19:07:52.519 28437 28493 D ANW bt_btif: btif_in_fetch_bonded_ble_device, AnW key_not_found
05-27 19:07:52.520 28437 28493 D ANW bt_btif: Remote device:3f:97:db:7d:ca:a1, no link key or ble key found
05-27 19:07:52.520 28437 28493 D ANW bt_btif: btif_storage_set_remote_addr_type, AnW
05-27 19:07:52.520 28437 28493 I ANW bt_btif: onScanResult, address_type=1, primary_phy= 0, secondary_phy=0, ad size= 31
05-27 19:07:52.520 28437 28493 I ANW bt_btif: onScanResult: HAL bt_gatt_callbacks->scanner->scan_result_cb
05-27 19:07:52.524   581   581 I SpiService: fgesysctrl_getGPIO_status success val=1
05-27 08:59:01.483   581   581 D spi_rst_gpio_get_output: GPIO 145 value: 1
05-27 08:59:01.483   581   581 D spidev_ioctl: gpio status=1)
05-27 08:59:01.489   581   581 D spi_rst_gpio_get_output: GPIO 145 value: 1
05-27 08:59:01.489   581   581 D spidev_ioctl: gpio status=1)
05-27 19:07:52.526   536   536 D commservice260303: msg.id = 1028,0
05-27 19:07:52.526   536   536 D commservice260303: i = 170, msgid = 8A000404
05-27 19:07:52.526   536   536 D commservice260303: msgid = -1979710460,did=138
05-27 19:07:52.526   536   536 D commservice260303: CommProtocolLibCmdBaseI2C::dataproc {"command":{"id":"imu_status","sub":""},"content":{"TimeStamp":11,"FrameCounter":280759,"GD_X":-0.010690094903111458,"GD_Y":0.005268065724521875,"GD_Z":0.002519079949706793,"AD_X":-8.625388145446777E-4,"AD_Y":0.004405930172652006,"AD_Z":-0.17316913604736328,"TempDsp":0,"Status":0,"CalibState":1,"SigAmpInvalid":0}},-1979710460
05-27 19:07:52.527   536   536 D commservice260303: send2Cluster len:315, 7B22636F6D6D616E64223A7B226964223A22696D755F737461747573222C22737562223A22227D2C22636F6E74656E74223A7B2254696D655374616D70223A31312C224672616D65436F756E746572223A3238303735392C2247445F58223A2D302E3031303639303039343930333131313435382C2247445F59223A302E3030353236383036353732343532313837352C2247445F5A223A302E3030323531393037393934393730363739332C2241445F58223A2D382E363235333838313435343436373737452D342C2241445F59223A302E3030343430353933303137323635323030362C2241445F5A223A2D302E31373331363931333630343733363332382C2254656D70447370223A302C22537461747573223A302C2243616C69625374617465223A312C22536967416D70496E76616C6964223A307D7D, 138 
05-27 19:07:52.527   536   536 D commservice260303: Push Message into SendPool fn=-158661632
05-27 19:07:52.527   536   536 D commservice260303: ComProtocolLibSend2Cluster::send2ClusterRaw fn=-158661632 , len=331
05-27 19:07:52.527   536   536 D commservice260303: sendCmdToPort :331!!!
05-27 19:07:52.527   536   536 D commservice260303: send Cmd To Port ++++5AA501478A0100048BF66A16D0887B22636F6D6D616E64223A7B226964223A22696D755F737461747573222C22737562223A22227D2C22636F6E74656E74223A7B2254696D655374616D70223A31312C224672616D65436F756E746572223A3238303735392C2247445F58223A2D302E3031303639303039343930333131313435382C2247445F59223A302E3030353236383036353732343532313837352C2247445F5A223A302E3030323531393037393934393730363739332C2241445F58223A2D382E363235333838313435343436373737452D342C2241445F59223A302E3030343430353933303137323635323030362C2241445F5A223A2D302E31373331363931333630343733363332382C2254656D70447370223A302C22537461747573223A302C2243616C69625374617465223A312C22536967416D70496E76616C6964223A307D7DDD38
05-27 19:07:52.527   536   536 D commservice260303: bufferevent_write retrun value = 0
05-27 19:07:52.527 13911 14192 D Sentinelmode_1.2.5.17_sentry: <SentryImuClusterFgeSender>imu_status sent to Linux, frame=280759, tsNs=11939752, tsMs=11, intervalMs=47, ad=(-8.625388E-4,0.00440593,-0.17316914), gd=(-0.010690095,0.0052680657,0.00251908)
05-27 19:07:52.528   536   560 D commservice260303: client datas send succeed,send finish
05-27 19:07:52.530   581   581 I SpiService: fgesysctrl_getGPIO_status success val=0
05-27 19:07:52.531 13911 14183 I SentryImuMcuAngleSender: 179.979rollDeg
05-27 19:07:52.531 13911 14183 I SentryImuMcuAngleSender: 1,0,0
05-27 08:59:01.494   581   581 D spi_rst_gpio_get_output: GPIO 145 value: 0
05-27 08:59:01.494   581   581 D spidev_ioctl: gpio status=0)
05-27 19:07:52.544   536   760 I commservice260303: [mcuCommFunctionTcp::ProtocolCheckConnectTimeOutProc:613] keyID:256,tcpEvent:5,tcpcount:0,heartbeat:1,noHeartBeatNumber:0,endispatch:0,strState:0
05-27 19:07:52.544   536   760 D commservice260303: ProtocolCheckConnectTimeOutProc,629,clear heartbeat
05-27 19:07:52.545   581   581 I SpiService: fgesysctrl_getGPIO_status success val=1
05-27 08:59:01.509   581   581 D spi_rst_gpio_get_output: GPIO 145 value: 1
05-27 08:59:01.509   581   581 D spidev_ioctl: gpio status=1)
05-27 08:59:01.515   581   581 D spi_rst_gpio_get_output: GPIO 145 value: 1
05-27 08:59:01.515   581   581 D spidev_ioctl: gpio status=1)
05-27 19:07:52.551   581   581 I SpiService: fgesysctrl_getGPIO_status success val=1
05-27 19:07:52.552 13911 14183 I SentryImuMcuAngleSender: -179.97548rollDeg
05-27 19:07:52.552 13911 14183 I SentryImuMcuAngleSender: 1,0,0
05-27 19:07:52.553   586   614 I liblog  : 5
05-27 19:07:52.553   586   614 D vendor.sprd.hardware.aprd-service: GPS Get GPSver failed No such file or directory
05-27 19:07:52.554   586   614 D vendor.sprd.hardware.aprd-service: GE xmlDoc is NULL, may not set GPS on.
05-27 19:07:52.556   581   581 I SpiService: fgesysctrl_getGPIO_status success val=1
05-27 08:59:01.521   581   581 D spi_rst_gpio_get_output: GPIO 145 value: 1
05-27 08:59:01.521   581   581 D spidev_ioctl: gpio status=1)
05-27 08:59:01.527   581   581 D spi_rst_gpio_get_output: GPIO 145 value: 1
05-27 19:07:52.560   536   536 D commservice260303: msg.id = 1028,0
05-27 19:07:52.560   536   536 D commservice260303: i = 170, msgid = 8A000404
05-27 19:07:52.560   536   536 D commservice260303: msgid = -1979710460,did=138
05-27 19:07:52.560   536   536 D commservice260303: CommProtocolLibCmdBaseI2C::dataproc {"command":{"id":"imu_status","sub":""},"content":{"TimeStamp":11,"FrameCounter":280760,"GD_X":-0.011147825978696346,"GD_Y":0.004352083895355463,"GD_Z":0.002213752595707774,"AD_X":0.007002890110015869,"AD_Y":-0.006539152003824711,"AD_Z":-0.16218852996826172,"TempDsp":0,"Status":0,"CalibState":1,"SigAmpInvalid":0}},-1979710460
05-27 19:07:52.561   536   536 D commservice260303: send2Cluster len:315, 7B22636F6D6D616E64223A7B226964223A22696D755F737461747573222C22737562223A22227D2C22636F6E74656E74223A7B2254696D655374616D70223A31312C224672616D65436F756E746572223A3238303736302C2247445F58223A2D302E3031313134373832353937383639363334362C2247445F59223A302E3030343335323038333839353335353436332C2247445F5A223A302E3030323231333735323539353730373737342C2241445F58223A302E3030373030323839303131303031353836392C2241445F59223A2D302E3030363533393135323030333832343731312C2241445F5A223A2D302E31363231383835323939363832363137322C2254656D70447370223A302C22537461747573223A302C2243616C69625374617465223A312C22536967416D70496E76616C6964223A307D7D, 138 
05-27 19:07:52.562   581   581 I SpiService: fgesysctrl_getGPIO_status success val=1
05-27 19:07:52.563   536   536 D commservice260303: Push Message into SendPool fn=-141884416
05-27 19:07:52.563   536   536 D commservice260303: ComProtocolLibSend2Cluster::send2ClusterRaw fn=-141884416 , len=331
05-27 19:07:52.563   536   536 D commservice260303: sendCmdToPort :331!!!
05-27 19:07:52.564   536   536 D commservice260303: send Cmd To Port ++++5AA501478A0100048BF76A16D0887B22636F6D6D616E64223A7B226964223A22696D755F737461747573222C22737562223A22227D2C22636F6E74656E74223A7B2254696D655374616D70223A31312C224672616D65436F756E746572223A3238303736302C2247445F58223A2D302E3031313134373832353937383639363334362C2247445F59223A302E3030343335323038333839353335353436332C2247445F5A223A302E3030323231333735323539353730373737342C2241445F58223A302E3030373030323839303131303031353836392C2241445F59223A2D302E3030363533393135323030333832343731312C2241445F5A223A2D302E31363231383835323939363832363137322C2254656D70447370223A302C22537461747573223A302C2243616C69625374617465223A312C22536967416D70496E76616C6964223A307D7D29FE
05-27 19:07:52.564   536   536 D commservice260303: bufferevent_write retrun value = 0
05-27 19:07:52.565   536   560 D commservice260303: client datas send succeed,send finish
05-27 19:07:52.565 13911 14192 D Sentinelmode_1.2.5.17_sentry: <SentryImuClusterFgeSender>imu_status sent to Linux, frame=280760, tsNs=11939805, tsMs=11, intervalMs=37, ad=(0.00700289,-0.006539152,-0.16218853), gd=(-0.011147826,0.004352084,0.0022137526)
05-27 19:07:52.569   581   581 I SpiService: fgesysctrl_getGPIO_status success val=1
05-27 08:59:01.533   581   581 D spi_rst_gpio_get_output: GPIO 145 value: 1
05-27 08:59:01.533   581   581 D spidev_ioctl: gpio status=1)
05-27 19:07:52.573 13911 14183 I SentryImuMcuAngleSender: -179.97195rollDeg
05-27 19:07:52.573 13911 14183 I SentryImuMcuAngleSender: 1,0,0
05-27 08:59:01.539   581   581 D spi_rst_gpio_get_output: GPIO 145 value: 0
05-27 08:59:01.539   581   581 D spidev_ioctl: gpio status=0)
05-27 19:07:52.574   581   581 I SpiService: fgesysctrl_getGPIO_status success val=0
05-27 19:07:52.578   283   307 I rvcservice: t.code = 3, t.value = 0
05-27 19:07:52.582 28437 28493 D ANWStack: [  11939833][ANWBT] HCI Rx: LE Meta Event, HCI_evLEADVERTISINGREPORT, subevent_code=0x2 Num_Reports=1
05-27 19:07:52.582 28437 28493 D ANWStack: 
05-27 19:07:52.582 28437 28493 D ANWAPI  : (28437|0xFF195CB0)[BTAPI] AnwhciEventCallback 62 2
05-27 19:07:52.582 28437 28493 D ANWAPI  : (28437|0xFF195CB0)[BTAPI] btsdk_le_DiscoveryCallback eventtype[3]
05-27 19:07:52.582 28437 28493 D ANWAPI  : (28437|0xFF195CB0)[BTAPI] anwbt_ble_le_discoveryHandler
05-27 19:07:52.582 28437 28493 D ANWAPI  : 
05-27 19:07:52.582 28437 28493 D ANWAPI  : (28437|0xFF195CB0)[BTAPI] anwbt_ble_le_discoveryHandler newDevice=0xb4000073fd7df39a,status=0,idx=255,scanLen=0,len=31,RSSI[-88]
05-27 19:07:52.583 28437 28493 D ANWAPI  : (28437|0xFF195CB0)[BTAPI] AnWBT_BLE_GetFirstRandomAddr start,btaddr=[0x60:0x5f:0x36:0x7e:0x18:0x26],addrType=1
05-27 19:07:52.583 28437 28493 D ANWAPI  : (28437|0xFF195CB0)[BTAPI] AnWBT_BLE_GetFirstRandomAddr end,btaddr=[0x60:0x5f:0x36:0x7e:0x18:0x26]
05-27 19:07:52.583 28437 28493 D ANWAPI  : (28437|0xFF195CB0)[BTAPI] send_BLE_discoveryHandler_Message event type: 0x3
05-27 19:07:52.583 28437 28493 D ANWAPI  : 
05-27 19:07:52.583 28437 28493 D ANW bt_btif: send_BLE_discoveryHandler_Message cod is 0x000000
05-27 19:07:52.583 28437 28493 D ANW bt_btif: btif_storage_add_remote_device, AnW
05-27 19:07:52.583 28437 28493 D ANW bt_btif: in, bd addr:26:18:7e:36:5f:60, prop type:255, len:6
05-27 19:07:52.583 28437 28493 D ANW bt_btif: btif_in_fetch_bonded_device, AnW
05-27 19:07:52.583 28437 28493 D ANW bt_btif: btif_in_fetch_bonded_ble_device Found a LE device: 26:18:7e:36:5f:60
05-27 19:07:52.583 28437 28493 D ANW bt_btif: btif_storage_get_remote_addr_type, AnW
05-27 19:07:52.583 28437 28493 D ANW bt_btif: btif_in_fetch_bonded_ble_device, AnW key_not_found
05-27 19:07:52.584 28437 28493 D ANW bt_btif: Remote device:26:18:7e:36:5f:60, no link key or ble key found
05-27 19:07:52.584 28437 28493 D ANW bt_btif: in, bd addr:26:18:7e:36:5f:60, prop type:5, len:4
05-27 19:07:52.584 28437 28493 D ANW bt_btif: btif_in_fetch_bonded_device, AnW
05-27 19:07:52.584 28437 28493 D ANW bt_btif: btif_in_fetch_bonded_ble_device Found a LE device: 26:18:7e:36:5f:60
05-27 19:07:52.584 28437 28493 D ANW bt_btif: btif_storage_get_remote_addr_type, AnW
05-27 19:07:52.584 28437 28493 D ANW bt_btif: btif_in_fetch_bonded_ble_device, AnW key_not_found
05-27 19:07:52.584 28437 28493 D ANW bt_btif: Remote device:26:18:7e:36:5f:60, no link key or ble key found
05-27 19:07:52.584 28437 28493 D ANW bt_btif: in, bd addr:26:18:7e:36:5f:60, prop type:11, len:1
05-27 19:07:52.585 28437 28493 D ANW bt_btif: btif_in_fetch_bonded_device, AnW
05-27 19:07:52.585 28437 28493 D ANW bt_btif: btif_in_fetch_bonded_ble_device Found a LE device: 26:18:7e:36:5f:60
05-27 19:07:52.585 28437 28493 D ANW bt_btif: btif_storage_get_remote_addr_type, AnW
05-27 19:07:52.585 28437 28493 D ANW bt_btif: btif_in_fetch_bonded_ble_device, AnW key_not_found
05-27 19:07:52.585 28437 28493 D ANW bt_btif: Remote device:26:18:7e:36:5f:60, no link key or ble key found
05-27 19:07:52.585 28437 28493 D ANW bt_btif: btif_storage_set_remote_addr_type, AnW
05-27 19:07:52.585 28437 28493 I ANW bt_btif: onScanResult, address_type=1, primary_phy= 0, secondary_phy=0, ad size= 31
05-27 19:07:52.585 28437 28493 I ANW bt_btif: onScanResult: HAL bt_gatt_callbacks->scanner->scan_result_cb
05-27 19:07:52.585 28437 28493 D ANWStack: [  11939836][ANWBT] HCI Rx: LE Meta Event, HCI_evLEADVERTISINGREPORT, subevent_code=0x2 Num_Reports=1
05-27 19:07:52.585 28437 28493 D ANWStack: 
05-27 19:07:52.586 28437 28493 D ANWAPI  : (28437|0xFF195CB0)[BTAPI] AnwhciEventCallback 62 2
05-27 19:07:52.586 28437 28493 D ANWAPI  : (28437|0xFF195CB0)[BTAPI] btsdk_le_DiscoveryCallback eventtype[3]
05-27 19:07:52.586 28437 28493 D ANWAPI  : (28437|0xFF195CB0)[BTAPI] anwbt_ble_le_discoveryHandler
05-27 19:07:52.586 28437 28493 D ANWAPI  : 
05-27 19:07:52.586 28437 28493 D ANWAPI  : (28437|0xFF195CB0)[BTAPI] anwbt_ble_le_discoveryHandler newDevice=0xb4000073fd7df39a,status=0,idx=255,scanLen=0,len=31,RSSI[-83]
05-27 19:07:52.586 28437 28493 D ANWAPI  : (28437|0xFF195CB0)[BTAPI] AnWBT_BLE_GetFirstRandomAddr start,btaddr=[0xac:0x53:0x29:0x3e:0x24:0x3b],addrType=1
05-27 19:07:52.586 28437 28493 D ANWAPI  : (28437|0xFF195CB0)[BTAPI] AnWBT_BLE_GetFirstRandomAddr end,btaddr=[0xac:0x53:0x29:0x3e:0x24:0x3b]
05-27 19:07:52.586 28437 28493 D ANWAPI  : (28437|0xFF195CB0)[BTAPI] send_BLE_discoveryHandler_Message event type: 0x3
05-27 19:07:52.586 28437 28493 D ANWAPI  : 
05-27 19:07:52.586 28437 28493 D ANW bt_btif: send_BLE_discoveryHandler_Message cod is 0x000000
05-27 19:07:52.586 28437 28493 D ANW bt_btif: btif_storage_add_remote_device, AnW
05-27 19:07:52.586 28437 28493 D ANW bt_btif: in, bd addr:3b:24:3e:29:53:ac, prop type:255, len:6
05-27 19:07:52.587 28437 28493 D ANW bt_btif: btif_in_fetch_bonded_device, AnW
05-27 19:07:52.587 28437 28493 D ANW bt_btif: btif_in_fetch_bonded_ble_device Found a LE device: 3b:24:3e:29:53:ac
05-27 19:07:52.587 28437 28493 D ANW bt_btif: btif_storage_get_remote_addr_type, AnW
05-27 19:07:52.587 28437 28493 D ANW bt_btif: btif_in_fetch_bonded_ble_device, AnW key_not_found
05-27 19:07:52.587 28437 28493 D ANW bt_btif: Remote device:3b:24:3e:29:53:ac, no link key or ble key found
05-27 19:07:52.587 28437 28493 D ANW bt_btif: in, bd addr:3b:24:3e:29:53:ac, prop type:5, len:4
05-27 19:07:52.587 28437 28493 D ANW bt_btif: btif_in_fetch_bonded_device, AnW
05-27 19:07:52.587 28437 28493 D ANW bt_btif: btif_in_fetch_bonded_ble_device Found a LE device: 3b:24:3e:29:53:ac
05-27 19:07:52.587 28437 28493 D ANW bt_btif: btif_storage_get_remote_addr_type, AnW
05-27 19:07:52.587 28437 28493 D ANW bt_btif: btif_in_fetch_bonded_ble_device, AnW key_not_found
05-27 19:07:52.587 28437 28493 D ANW bt_btif: Remote device:3b:24:3e:29:53:ac, no link key or ble key found
05-27 19:07:52.588 28437 28493 D ANW bt_btif: in, bd addr:3b:24:3e:29:53:ac, prop type:11, len:1
05-27 19:07:52.588 28437 28493 D ANW bt_btif: btif_in_fetch_bonded_device, AnW
05-27 19:07:52.588 28437 28493 D ANW bt_btif: btif_in_fetch_bonded_ble_device Found a LE device: 3b:24:3e:29:53:ac
05-27 19:07:52.588 28437 28493 D ANW bt_btif: btif_storage_get_remote_addr_type, AnW
05-27 19:07:52.588 28437 28493 D ANW bt_btif: btif_in_fetch_bonded_ble_device, AnW key_not_found
05-27 19:07:52.588 28437 28493 D ANW bt_btif: Remote device:3b:24:3e:29:53:ac, no link key or ble key found
05-27 19:07:52.588 28437 28493 D ANW bt_btif: btif_storage_set_remote_addr_type, AnW
05-27 19:07:52.588 28437 28493 I ANW bt_btif: onScanResult, address_type=1, primary_phy= 0, secondary_phy=0, ad size= 31
05-27 19:07:52.588 28437 28493 I ANW bt_btif: onScanResult: HAL bt_gatt_callbacks->scanner->scan_result_cb
05-27 19:07:52.589 28437 28493 D ANWStack: [  11939839][ANWBT] HCI Rx: LE Meta Event, HCI_evLEADVERTISINGREPORT, subevent_code=0x2 Num_Reports=1
05-27 19:07:52.589 28437 28493 D ANWStack: 
05-27 19:07:52.589 28437 28493 D ANWAPI  : (28437|0xFF195CB0)[BTAPI] AnwhciEventCallback 62 2
05-27 19:07:52.589 28437 28493 D ANWAPI  : (28437|0xFF195CB0)[BTAPI] btsdk_le_DiscoveryCallback eventtype[3]
05-27 19:07:52.589 28437 28493 D ANWAPI  : (28437|0xFF195CB0)[BTAPI] anwbt_ble_le_discoveryHandler
05-27 19:07:52.589 28437 28493 D ANWAPI  : 
05-27 19:07:52.589 28437 28493 D ANWAPI  : (28437|0xFF195CB0)[BTAPI] anwbt_ble_le_discoveryHandler newDevice=0xb4000073fd7df39a,status=0,idx=255,scanLen=0,len=31,RSSI[-73]
05-27 19:07:52.589 28437 28493 D ANWAPI  : (28437|0xFF195CB0)[BTAPI] AnWBT_BLE_GetFirstRandomAddr start,btaddr=[0xc9:0x8:0x87:0xaa:0x32:0x11],addrType=1
05-27 19:07:52.589 28437 28493 D ANWAPI  : (28437|0xFF195CB0)[BTAPI] AnWBT_BLE_GetFirstRandomAddr end,btaddr=[0xc9:0x8:0x87:0xaa:0x32:0x11]
05-27 19:07:52.590   581   581 I SpiService: fgesysctrl_getGPIO_status success val=1
05-27 19:07:52.590 28437 28493 D ANWAPI  : (28437|0xFF195CB0)[BTAPI] send_BLE_discoveryHandler_Message event type: 0x3
05-27 19:07:52.590 28437 28493 D ANWAPI  : 
05-27 19:07:52.590 28437 28493 D ANW bt_btif: send_BLE_discoveryHandler_Message cod is 0x000000
05-27 19:07:52.590 28437 28493 D ANW bt_btif: btif_storage_add_remote_device, AnW
05-27 19:07:52.590 28437 28493 D ANW bt_btif: in, bd addr:11:32:aa:87:08:c9, prop type:255, len:6
05-27 19:07:52.590 28437 28493 D ANW bt_btif: btif_in_fetch_bonded_device, AnW
05-27 19:07:52.590 28437 28493 D ANW bt_btif: btif_in_fetch_bonded_ble_device Found a LE device: 11:32:aa:87:08:c9
05-27 19:07:52.590 28437 28493 D ANW bt_btif: btif_storage_get_remote_addr_type, AnW
05-27 19:07:52.590 28437 28493 D ANW bt_btif: btif_in_fetch_bonded_ble_device, AnW key_not_found
05-27 19:07:52.590 28437 28493 D ANW bt_btif: Remote device:11:32:aa:87:08:c9, no link key or ble key found
05-27 19:07:52.590 28437 28493 D ANW bt_btif: in, bd addr:11:32:aa:87:08:c9, prop type:5, len:4
05-27 19:07:52.591 28437 28493 D ANW bt_btif: btif_in_fetch_bonded_device, AnW
05-27 19:07:52.591 28437 28493 D ANW bt_btif: btif_in_fetch_bonded_ble_device Found a LE device: 11:32:aa:87:08:c9
05-27 19:07:52.591 28437 28493 D ANW bt_btif: btif_storage_get_remote_addr_type, AnW
05-27 19:07:52.591 28437 28493 D ANW bt_btif: btif_in_fetch_bonded_ble_device, AnW key_not_found
05-27 19:07:52.591 28437 28493 D ANW bt_btif: Remote device:11:32:aa:87:08:c9, no link key or ble key found
05-27 19:07:52.591 28437 28493 D ANW bt_btif: in, bd addr:11:32:aa:87:08:c9, prop type:11, len:1
05-27 19:07:52.591 28437 28493 D ANW bt_btif: btif_in_fetch_bonded_device, AnW
05-27 19:07:52.591 28437 28493 D ANW bt_btif: btif_in_fetch_bonded_ble_device Found a LE device: 11:32:aa:87:08:c9
05-27 19:07:52.591 28437 28493 D ANW bt_btif: btif_storage_get_remote_addr_type, AnW
05-27 19:07:52.591 28437 28493 D ANW bt_btif: btif_in_fetch_bonded_ble_device, AnW key_not_found
05-27 19:07:52.591 28437 28493 D ANW bt_btif: Remote device:11:32:aa:87:08:c9, no link key or ble key found
05-27 19:07:52.592 28437 28493 D ANW bt_btif: btif_storage_set_remote_addr_type, AnW
05-27 19:07:52.592 28437 28493 I ANW bt_btif: onScanResult, address_type=1, primary_phy= 0, secondary_phy=0, ad size= 31
05-27 19:07:52.592 28437 28493 I ANW bt_btif: onScanResult: HAL bt_gatt_callbacks->scanner->scan_result_cb
05-27 19:07:52.592 28437 28493 D ANWStack: [  11939843][ANWBT] HCI Rx: LE Meta Event, HCI_evLEADVERTISINGREPORT, subevent_code=0x2 Num_Reports=1
05-27 19:07:52.592 28437 28493 D ANWStack: 
05-27 19:07:52.592 28437 28493 D ANWAPI  : (28437|0xFF195CB0)[BTAPI] AnwhciEventCallback 62 2
05-27 19:07:52.592 28437 28493 D ANWAPI  : (28437|0xFF195CB0)[BTAPI] btsdk_le_DiscoveryCallback eventtype[3]
05-27 19:07:52.592 28437 28493 D ANWAPI  : (28437|0xFF195CB0)[BTAPI] anwbt_ble_le_discoveryHandler
05-27 19:07:52.592 28437 28493 D ANWAPI  : 
05-27 19:07:52.592 28437 28493 D ANWAPI  : (28437|0xFF195CB0)[BTAPI] anwbt_ble_le_discoveryHandler newDevice=0xb4000073fd7df39a,status=0,idx=255,scanLen=0,len=31,RSSI[-81]
05-27 19:07:52.592 28437 28493 D ANWAPI  : (28437|0xFF195CB0)[BTAPI] AnWBT_BLE_GetFirstRandomAddr start,btaddr=[0xaa:0x1b:0x95:0xf8:0xb9:0x30],addrType=1
05-27 19:07:52.593 28437 28493 D ANWAPI  : (28437|0xFF195CB0)[BTAPI] AnWBT_BLE_GetFirstRandomAddr end,btaddr=[0xaa:0x1b:0x95:0xf8:0xb9:0x30]
05-27 08:59:01.554   581   581 D spi_rst_gpio_get_output: GPIO 145 value: 1
05-27 08:59:01.554   581   581 D spidev_ioctl: gpio status=1)
05-27 19:07:52.593 28437 28493 D ANWAPI  : (28437|0xFF195CB0)[BTAPI] send_BLE_discoveryHandler_Message event type: 0x3
05-27 19:07:52.593 28437 28493 D ANWAPI  : 
05-27 19:07:52.593 28437 28493 D ANW bt_btif: send_BLE_discoveryHandler_Message cod is 0x000000
05-27 19:07:52.593 28437 28493 D ANW bt_btif: btif_storage_add_remote_device, AnW
05-27 19:07:52.593 28437 28493 D ANW bt_btif: in, bd addr:30:b9:f8:95:1b:aa, prop type:255, len:6
05-27 19:07:52.593 28437 28493 D ANW bt_btif: btif_in_fetch_bonded_device, AnW
05-27 19:07:52.593 28437 28493 D ANW bt_btif: btif_in_fetch_bonded_ble_device Found a LE device: 30:b9:f8:95:1b:aa
05-27 19:07:52.593 28437 28493 D ANW bt_btif: btif_storage_get_remote_addr_type, AnW
05-27 19:07:52.593 28437 28493 D ANW bt_btif: btif_in_fetch_bonded_ble_device, AnW key_not_found
05-27 19:07:52.593 28437 28493 D ANW bt_btif: Remote device:30:b9:f8:95:1b:aa, no link key or ble key found
05-27 19:07:52.594 28437 28493 D ANW bt_btif: in, bd addr:30:b9:f8:95:1b:aa, prop type:5, len:4
05-27 19:07:52.594 28437 28493 D ANW bt_btif: btif_in_fetch_bonded_device, AnW
05-27 19:07:52.594 28437 28493 D ANW bt_btif: btif_in_fetch_bonded_ble_device Found a LE device: 30:b9:f8:95:1b:aa
05-27 19:07:52.594 28437 28493 D ANW bt_btif: btif_storage_get_remote_addr_type, AnW
05-27 19:07:52.594 28437 28493 D ANW bt_btif: btif_in_fetch_bonded_ble_device, AnW key_not_found
05-27 19:07:52.594 28437 28493 D ANW bt_btif: Remote device:30:b9:f8:95:1b:aa, no link key or ble key found
05-27 19:07:52.594 28437 28493 D ANW bt_btif: in, bd addr:30:b9:f8:95:1b:aa, prop type:11, len:1
05-27 19:07:52.594 28437 28493 D ANW bt_btif: btif_in_fetch_bonded_device, AnW
05-27 19:07:52.594 28437 28493 D ANW bt_btif: btif_in_fetch_bonded_ble_device Found a LE device: 30:b9:f8:95:1b:aa
05-27 19:07:52.594 28437 28493 D ANW bt_btif: btif_storage_get_remote_addr_type, AnW
05-27 19:07:52.594 28437 28493 D ANW bt_btif: btif_in_fetch_bonded_ble_device, AnW key_not_found
05-27 19:07:52.594 28437 28493 D ANW bt_btif: Remote device:30:b9:f8:95:1b:aa, no link key or ble key found
05-27 19:07:52.594 28437 28493 D ANW bt_btif: btif_storage_set_remote_addr_type, AnW
05-27 19:07:52.594 13911 14183 I SentryImuMcuAngleSender: 179.96497rollDeg
05-27 19:07:52.595 28437 28493 I ANW bt_btif: onScanResult, address_type=1, primary_phy= 0, secondary_phy=0, ad size= 31
05-27 19:07:52.595 13911 14183 I SentryImuMcuAngleSender: 1,0,0
05-27 19:07:52.595 28437 28493 I ANW bt_btif: onScanResult: HAL bt_gatt_callbacks->scanner->scan_result_cb
